[INFO] fetching crate rgbds-obj 0.1.0...
[INFO] testing rgbds-obj-0.1.0 against 1.54.0 for beta-1.55-1
[INFO] extracting crate rgbds-obj 0.1.0 into /workspace/builds/worker-41/source
[INFO] validating manifest of crates.io crate rgbds-obj 0.1.0 on toolchain 1.54.0
[INFO] running `Command { std: "/workspace/cargo-home/bin/cargo" "+1.54.0" "metadata" "--manifest-path" "Cargo.toml" "--no-deps", kill_on_drop: false }`
[INFO] started tweaking crates.io crate rgbds-obj 0.1.0
[INFO] finished tweaking crates.io crate rgbds-obj 0.1.0
[INFO] tweaked toml for crates.io crate rgbds-obj 0.1.0 written to /workspace/builds/worker-41/source/Cargo.toml
[INFO] running `Command { std: "/workspace/cargo-home/bin/cargo" "+1.54.0" "generate-lockfile" "--manifest-path" "Cargo.toml" "-Zno-index-update", kill_on_drop: false }`
[INFO] [stderr]     Blocking waiting for file lock on package cache
[INFO] running `Command { std: "/workspace/cargo-home/bin/cargo" "+1.54.0" "fetch" "--manifest-path" "Cargo.toml", kill_on_drop: false }`
[INFO] [stderr]     Blocking waiting for file lock on package cache
[INFO] [stderr]     Blocking waiting for file lock on package cache
[INFO] running `Command { std: "docker" "create" "-v" "/var/lib/crater-agent-workspace/builds/worker-41/target:/opt/rustwide/target:rw,Z" "-v" "/var/lib/crater-agent-workspace/builds/worker-41/source:/opt/rustwide/workdir:ro,Z" "-v" "/var/lib/crater-agent-workspace/cargo-home:/opt/rustwide/cargo-home:ro,Z" "-v" "/var/lib/crater-agent-workspace/rustup-home:/opt/rustwide/rustup-home:ro,Z" "-e" "SOURCE_DIR=/opt/rustwide/workdir" "-e" "CARGO_TARGET_DIR=/opt/rustwide/target" "-e" "CARGO_HOME=/opt/rustwide/cargo-home" "-e" "RUSTUP_HOME=/opt/rustwide/rustup-home" "-w" "/opt/rustwide/workdir" "-m" "1610612736" "--user" "0:0" "--network" "none" "ghcr.io/rust-lang/crates-build-env/linux@sha256:34b6a614d2c27851fe6cbf88fbd1137609cefab8b10d0615aaeb6fd47975d74e" "/opt/rustwide/cargo-home/bin/cargo" "+1.54.0" "metadata" "--no-deps" "--format-version=1", kill_on_drop: false }`
[INFO] [stdout] c36b947bb6fe190b06c7ea7e137000735c04b80ab8256caf9ce2377482cc71d9
[INFO] running `Command { std: "docker" "start" "-a" "c36b947bb6fe190b06c7ea7e137000735c04b80ab8256caf9ce2377482cc71d9", kill_on_drop: false }`
[INFO] running `Command { std: "docker" "inspect" "c36b947bb6fe190b06c7ea7e137000735c04b80ab8256caf9ce2377482cc71d9", kill_on_drop: false }`
[INFO] running `Command { std: "docker" "rm" "-f" "c36b947bb6fe190b06c7ea7e137000735c04b80ab8256caf9ce2377482cc71d9", kill_on_drop: false }`
[INFO] [stdout] c36b947bb6fe190b06c7ea7e137000735c04b80ab8256caf9ce2377482cc71d9
[INFO] running `Command { std: "docker" "create" "-v" "/var/lib/crater-agent-workspace/builds/worker-41/target:/opt/rustwide/target:rw,Z" "-v" "/var/lib/crater-agent-workspace/builds/worker-41/source:/opt/rustwide/workdir:ro,Z" "-v" "/var/lib/crater-agent-workspace/cargo-home:/opt/rustwide/cargo-home:ro,Z" "-v" "/var/lib/crater-agent-workspace/rustup-home:/opt/rustwide/rustup-home:ro,Z" "-e" "SOURCE_DIR=/opt/rustwide/workdir" "-e" "CARGO_TARGET_DIR=/opt/rustwide/target" "-e" "CARGO_INCREMENTAL=0" "-e" "RUST_BACKTRACE=full" "-e" "RUSTFLAGS=--cap-lints=warn" "-e" "CARGO_HOME=/opt/rustwide/cargo-home" "-e" "RUSTUP_HOME=/opt/rustwide/rustup-home" "-w" "/opt/rustwide/workdir" "-m" "1610612736" "--user" "0:0" "--network" "none" "ghcr.io/rust-lang/crates-build-env/linux@sha256:34b6a614d2c27851fe6cbf88fbd1137609cefab8b10d0615aaeb6fd47975d74e" "/opt/rustwide/cargo-home/bin/cargo" "+1.54.0" "build" "--frozen" "--message-format=json", kill_on_drop: false }`
[INFO] [stdout] 8d8e2538d966826c2f1284c48acd345e52034978087e6c07ab823a1871e09f04
[INFO] running `Command { std: "docker" "start" "-a" "8d8e2538d966826c2f1284c48acd345e52034978087e6c07ab823a1871e09f04", kill_on_drop: false }`
[INFO] [stderr]    Compiling rgbds-obj v0.1.0 (/opt/rustwide/workdir)
[INFO] [stderr]     Finished dev [unoptimized + debuginfo] target(s) in 1.71s
[INFO] running `Command { std: "docker" "inspect" "8d8e2538d966826c2f1284c48acd345e52034978087e6c07ab823a1871e09f04", kill_on_drop: false }`
[INFO] running `Command { std: "docker" "rm" "-f" "8d8e2538d966826c2f1284c48acd345e52034978087e6c07ab823a1871e09f04", kill_on_drop: false }`
[INFO] [stdout] 8d8e2538d966826c2f1284c48acd345e52034978087e6c07ab823a1871e09f04
[INFO] running `Command { std: "docker" "create" "-v" "/var/lib/crater-agent-workspace/builds/worker-41/target:/opt/rustwide/target:rw,Z" "-v" "/var/lib/crater-agent-workspace/builds/worker-41/source:/opt/rustwide/workdir:ro,Z" "-v" "/var/lib/crater-agent-workspace/cargo-home:/opt/rustwide/cargo-home:ro,Z" "-v" "/var/lib/crater-agent-workspace/rustup-home:/opt/rustwide/rustup-home:ro,Z" "-e" "SOURCE_DIR=/opt/rustwide/workdir" "-e" "CARGO_TARGET_DIR=/opt/rustwide/target" "-e" "CARGO_INCREMENTAL=0" "-e" "RUST_BACKTRACE=full" "-e" "RUSTFLAGS=--cap-lints=warn" "-e" "CARGO_HOME=/opt/rustwide/cargo-home" "-e" "RUSTUP_HOME=/opt/rustwide/rustup-home" "-w" "/opt/rustwide/workdir" "-m" "1610612736" "--user" "0:0" "--network" "none" "ghcr.io/rust-lang/crates-build-env/linux@sha256:34b6a614d2c27851fe6cbf88fbd1137609cefab8b10d0615aaeb6fd47975d74e" "/opt/rustwide/cargo-home/bin/cargo" "+1.54.0" "test" "--frozen" "--no-run" "--message-format=json", kill_on_drop: false }`
[INFO] [stdout] 1f09e9cf545de9d94f0701b0221ca322934d9e763c3911a47b6145691a50265e
[INFO] running `Command { std: "docker" "start" "-a" "1f09e9cf545de9d94f0701b0221ca322934d9e763c3911a47b6145691a50265e", kill_on_drop: false }`
[INFO] [stderr]     Blocking waiting for file lock on package cache
[INFO] [stderr]    Compiling rgbds-obj v0.1.0 (/opt/rustwide/workdir)
[INFO] [stderr]     Finished test [unoptimized + debuginfo] target(s) in 3.26s
[INFO] running `Command { std: "docker" "inspect" "1f09e9cf545de9d94f0701b0221ca322934d9e763c3911a47b6145691a50265e", kill_on_drop: false }`
[INFO] running `Command { std: "docker" "rm" "-f" "1f09e9cf545de9d94f0701b0221ca322934d9e763c3911a47b6145691a50265e", kill_on_drop: false }`
[INFO] [stdout] 1f09e9cf545de9d94f0701b0221ca322934d9e763c3911a47b6145691a50265e
[INFO] running `Command { std: "docker" "create" "-v" "/var/lib/crater-agent-workspace/builds/worker-41/target:/opt/rustwide/target:rw,Z" "-v" "/var/lib/crater-agent-workspace/builds/worker-41/source:/opt/rustwide/workdir:ro,Z" "-v" "/var/lib/crater-agent-workspace/cargo-home:/opt/rustwide/cargo-home:ro,Z" "-v" "/var/lib/crater-agent-workspace/rustup-home:/opt/rustwide/rustup-home:ro,Z" "-e" "SOURCE_DIR=/opt/rustwide/workdir" "-e" "CARGO_TARGET_DIR=/opt/rustwide/target" "-e" "CARGO_INCREMENTAL=0" "-e" "RUST_BACKTRACE=full" "-e" "RUSTFLAGS=--cap-lints=warn" "-e" "CARGO_HOME=/opt/rustwide/cargo-home" "-e" "RUSTUP_HOME=/opt/rustwide/rustup-home" "-w" "/opt/rustwide/workdir" "-m" "1610612736" "--user" "0:0" "--network" "none" "ghcr.io/rust-lang/crates-build-env/linux@sha256:34b6a614d2c27851fe6cbf88fbd1137609cefab8b10d0615aaeb6fd47975d74e" "/opt/rustwide/cargo-home/bin/cargo" "+1.54.0" "test" "--frozen", kill_on_drop: false }`
[INFO] [stdout] c2ae87cde710e598f02e9982f48b44266443c1b8d037bfe5b579054d0ed1fe51
[INFO] running `Command { std: "docker" "start" "-a" "c2ae87cde710e598f02e9982f48b44266443c1b8d037bfe5b579054d0ed1fe51", kill_on_drop: false }`
[INFO] [stderr]     Finished test [unoptimized + debuginfo] target(s) in 0.11s
[INFO] [stderr]      Running unittests (/opt/rustwide/target/debug/deps/rgbds_obj-69c9e9640ec52c29)
[INFO] [stdout] 
[INFO] [stdout] running 0 tests
[INFO] [stdout] 
[INFO] [stdout] test result: ok. 0 passed; 0 failed; 0 ignored; 0 measured; 0 filtered out; finished in 0.00s
[INFO] [stdout] 
[INFO] [stderr]    Doc-tests rgbds-obj
[INFO] [stdout] 
[INFO] [stdout] running 1 test
[INFO] [stdout] test src/lib.rs - Object::walk_nodes (line 159) - compile ... FAILED
[INFO] [stdout] 
[INFO] [stdout] failures:
[INFO] [stdout] 
[INFO] [stdout] ---- src/lib.rs - Object::walk_nodes (line 159) stdout ----
[INFO] [stdout] error: expected one of `!`, `.`, `::`, `;`, `?`, `{`, `}`, or an operator, found `,`
[INFO] [stdout]  --> src/lib.rs:161:29
[INFO] [stdout]   |
[INFO] [stdout] 4 | object.walk_nodes<Infallible, _>(0, |node| println!("{:?}", node));
[INFO] [stdout]   |                             ^ expected one of 8 possible tokens
[INFO] [stdout]   |
[INFO] [stdout] help: use `::<...>` instead of `<...>` to specify type or const arguments
[INFO] [stdout]   |
[INFO] [stdout] 4 | object.walk_nodes::<Infallible, _>(0, |node| println!("{:?}", node));
[INFO] [stdout]   |                  ^^
[INFO] [stdout] 
[INFO] [stdout] error[E0433]: failed to resolve: use of undeclared type `Object`
[INFO] [stdout]  --> src/lib.rs:160:14
[INFO] [stdout]   |
[INFO] [stdout] 3 | let object = Object::read_from(&[0u8]);
[INFO] [stdout]   |              ^^^^^^ not found in this scope
[INFO] [stdout]   |
[INFO] [stdout] help: consider importing this struct
[INFO] [stdout]   |
[INFO] [stdout] 2 | use rgbds_obj::Object;
[INFO] [stdout]   |
[INFO] [stdout] 
[INFO] [stdout] error: aborting due to 2 previous errors
[INFO] [stdout] 
[INFO] [stdout] For more information about this error, try `rustc --explain E0433`.
[INFO] [stdout] Couldn't compile the test.
[INFO] [stdout] 
[INFO] [stdout] failures:
[INFO] [stdout]     src/lib.rs - Object::walk_nodes (line 159)
[INFO] [stdout] 
[INFO] [stdout] test result: FAILED. 0 passed; 1 failed; 0 ignored; 0 measured; 0 filtered out; finished in 0.15s
[INFO] [stdout] 
[INFO] [stderr] error: test failed, to rerun pass '--doc'
[INFO] running `Command { std: "docker" "inspect" "c2ae87cde710e598f02e9982f48b44266443c1b8d037bfe5b579054d0ed1fe51", kill_on_drop: false }`
[INFO] running `Command { std: "docker" "rm" "-f" "c2ae87cde710e598f02e9982f48b44266443c1b8d037bfe5b579054d0ed1fe51", kill_on_drop: false }`
[INFO] [stdout] c2ae87cde710e598f02e9982f48b44266443c1b8d037bfe5b579054d0ed1fe51
