[INFO] fetching crate rev 0.4.1...
[INFO] testing rev-0.4.1 against 1.54.0 for beta-1.55-1
[INFO] extracting crate rev 0.4.1 into /workspace/builds/worker-3/source
[INFO] validating manifest of crates.io crate rev 0.4.1 on toolchain 1.54.0
[INFO] running `Command { std: "/workspace/cargo-home/bin/cargo" "+1.54.0" "metadata" "--manifest-path" "Cargo.toml" "--no-deps", kill_on_drop: false }`
[INFO] started tweaking crates.io crate rev 0.4.1
[INFO] finished tweaking crates.io crate rev 0.4.1
[INFO] tweaked toml for crates.io crate rev 0.4.1 written to /workspace/builds/worker-3/source/Cargo.toml
[INFO] running `Command { std: "/workspace/cargo-home/bin/cargo" "+1.54.0" "generate-lockfile" "--manifest-path" "Cargo.toml" "-Zno-index-update", kill_on_drop: false }`
[INFO] [stderr]     Blocking waiting for file lock on package cache
[INFO] running `Command { std: "/workspace/cargo-home/bin/cargo" "+1.54.0" "fetch" "--manifest-path" "Cargo.toml", kill_on_drop: false }`
[INFO] [stderr]     Blocking waiting for file lock on package cache
[INFO] [stderr]     Blocking waiting for file lock on package cache
[INFO] running `Command { std: "docker" "create" "-v" "/var/lib/crater-agent-workspace/builds/worker-3/target:/opt/rustwide/target:rw,Z" "-v" "/var/lib/crater-agent-workspace/builds/worker-3/source:/opt/rustwide/workdir:ro,Z" "-v" "/var/lib/crater-agent-workspace/cargo-home:/opt/rustwide/cargo-home:ro,Z" "-v" "/var/lib/crater-agent-workspace/rustup-home:/opt/rustwide/rustup-home:ro,Z" "-e" "SOURCE_DIR=/opt/rustwide/workdir" "-e" "CARGO_TARGET_DIR=/opt/rustwide/target" "-e" "CARGO_HOME=/opt/rustwide/cargo-home" "-e" "RUSTUP_HOME=/opt/rustwide/rustup-home" "-w" "/opt/rustwide/workdir" "-m" "1610612736" "--user" "0:0" "--network" "none" "ghcr.io/rust-lang/crates-build-env/linux@sha256:34b6a614d2c27851fe6cbf88fbd1137609cefab8b10d0615aaeb6fd47975d74e" "/opt/rustwide/cargo-home/bin/cargo" "+1.54.0" "metadata" "--no-deps" "--format-version=1", kill_on_drop: false }`
[INFO] [stdout] 9f4f61972ef11ccfe21bd913e7bf23295e55654c829b8caad5c5975afc3bb174
[INFO] running `Command { std: "docker" "start" "-a" "9f4f61972ef11ccfe21bd913e7bf23295e55654c829b8caad5c5975afc3bb174", kill_on_drop: false }`
[INFO] running `Command { std: "docker" "inspect" "9f4f61972ef11ccfe21bd913e7bf23295e55654c829b8caad5c5975afc3bb174", kill_on_drop: false }`
[INFO] running `Command { std: "docker" "rm" "-f" "9f4f61972ef11ccfe21bd913e7bf23295e55654c829b8caad5c5975afc3bb174", kill_on_drop: false }`
[INFO] [stdout] 9f4f61972ef11ccfe21bd913e7bf23295e55654c829b8caad5c5975afc3bb174
[INFO] running `Command { std: "docker" "create" "-v" "/var/lib/crater-agent-workspace/builds/worker-3/target:/opt/rustwide/target:rw,Z" "-v" "/var/lib/crater-agent-workspace/builds/worker-3/source:/opt/rustwide/workdir:ro,Z" "-v" "/var/lib/crater-agent-workspace/cargo-home:/opt/rustwide/cargo-home:ro,Z" "-v" "/var/lib/crater-agent-workspace/rustup-home:/opt/rustwide/rustup-home:ro,Z" "-e" "SOURCE_DIR=/opt/rustwide/workdir" "-e" "CARGO_TARGET_DIR=/opt/rustwide/target" "-e" "CARGO_INCREMENTAL=0" "-e" "RUST_BACKTRACE=full" "-e" "RUSTFLAGS=--cap-lints=warn" "-e" "CARGO_HOME=/opt/rustwide/cargo-home" "-e" "RUSTUP_HOME=/opt/rustwide/rustup-home" "-w" "/opt/rustwide/workdir" "-m" "1610612736" "--user" "0:0" "--network" "none" "ghcr.io/rust-lang/crates-build-env/linux@sha256:34b6a614d2c27851fe6cbf88fbd1137609cefab8b10d0615aaeb6fd47975d74e" "/opt/rustwide/cargo-home/bin/cargo" "+1.54.0" "build" "--frozen" "--message-format=json", kill_on_drop: false }`
[INFO] [stdout] 1146f6131f8fe7e5f9218896c5ff0346c78bcaf896234c3243e6ff98284980c6
[INFO] running `Command { std: "docker" "start" "-a" "1146f6131f8fe7e5f9218896c5ff0346c78bcaf896234c3243e6ff98284980c6", kill_on_drop: false }`
[INFO] [stderr]    Compiling rev v0.4.1 (/opt/rustwide/workdir)
[INFO] [stderr]     Finished dev [unoptimized + debuginfo] target(s) in 1.22s
[INFO] running `Command { std: "docker" "inspect" "1146f6131f8fe7e5f9218896c5ff0346c78bcaf896234c3243e6ff98284980c6", kill_on_drop: false }`
[INFO] running `Command { std: "docker" "rm" "-f" "1146f6131f8fe7e5f9218896c5ff0346c78bcaf896234c3243e6ff98284980c6", kill_on_drop: false }`
[INFO] [stdout] 1146f6131f8fe7e5f9218896c5ff0346c78bcaf896234c3243e6ff98284980c6
[INFO] running `Command { std: "docker" "create" "-v" "/var/lib/crater-agent-workspace/builds/worker-3/target:/opt/rustwide/target:rw,Z" "-v" "/var/lib/crater-agent-workspace/builds/worker-3/source:/opt/rustwide/workdir:ro,Z" "-v" "/var/lib/crater-agent-workspace/cargo-home:/opt/rustwide/cargo-home:ro,Z" "-v" "/var/lib/crater-agent-workspace/rustup-home:/opt/rustwide/rustup-home:ro,Z" "-e" "SOURCE_DIR=/opt/rustwide/workdir" "-e" "CARGO_TARGET_DIR=/opt/rustwide/target" "-e" "CARGO_INCREMENTAL=0" "-e" "RUST_BACKTRACE=full" "-e" "RUSTFLAGS=--cap-lints=warn" "-e" "CARGO_HOME=/opt/rustwide/cargo-home" "-e" "RUSTUP_HOME=/opt/rustwide/rustup-home" "-w" "/opt/rustwide/workdir" "-m" "1610612736" "--user" "0:0" "--network" "none" "ghcr.io/rust-lang/crates-build-env/linux@sha256:34b6a614d2c27851fe6cbf88fbd1137609cefab8b10d0615aaeb6fd47975d74e" "/opt/rustwide/cargo-home/bin/cargo" "+1.54.0" "test" "--frozen" "--no-run" "--message-format=json", kill_on_drop: false }`
[INFO] [stdout] 4e8fc681e2d333669be4172e49d20fca9e907166cf29c54dcd77e289e7847122
[INFO] running `Command { std: "docker" "start" "-a" "4e8fc681e2d333669be4172e49d20fca9e907166cf29c54dcd77e289e7847122", kill_on_drop: false }`
[INFO] [stderr]    Compiling rev v0.4.1 (/opt/rustwide/workdir)
[INFO] [stderr]     Finished test [unoptimized + debuginfo] target(s) in 0.47s
[INFO] running `Command { std: "docker" "inspect" "4e8fc681e2d333669be4172e49d20fca9e907166cf29c54dcd77e289e7847122", kill_on_drop: false }`
[INFO] running `Command { std: "docker" "rm" "-f" "4e8fc681e2d333669be4172e49d20fca9e907166cf29c54dcd77e289e7847122", kill_on_drop: false }`
[INFO] [stdout] 4e8fc681e2d333669be4172e49d20fca9e907166cf29c54dcd77e289e7847122
[INFO] running `Command { std: "docker" "create" "-v" "/var/lib/crater-agent-workspace/builds/worker-3/target:/opt/rustwide/target:rw,Z" "-v" "/var/lib/crater-agent-workspace/builds/worker-3/source:/opt/rustwide/workdir:ro,Z" "-v" "/var/lib/crater-agent-workspace/cargo-home:/opt/rustwide/cargo-home:ro,Z" "-v" "/var/lib/crater-agent-workspace/rustup-home:/opt/rustwide/rustup-home:ro,Z" "-e" "SOURCE_DIR=/opt/rustwide/workdir" "-e" "CARGO_TARGET_DIR=/opt/rustwide/target" "-e" "CARGO_INCREMENTAL=0" "-e" "RUST_BACKTRACE=full" "-e" "RUSTFLAGS=--cap-lints=warn" "-e" "CARGO_HOME=/opt/rustwide/cargo-home" "-e" "RUSTUP_HOME=/opt/rustwide/rustup-home" "-w" "/opt/rustwide/workdir" "-m" "1610612736" "--user" "0:0" "--network" "none" "ghcr.io/rust-lang/crates-build-env/linux@sha256:34b6a614d2c27851fe6cbf88fbd1137609cefab8b10d0615aaeb6fd47975d74e" "/opt/rustwide/cargo-home/bin/cargo" "+1.54.0" "test" "--frozen", kill_on_drop: false }`
[INFO] [stdout] 40e90c5b8d03390f2594164f11b17ab67b8e585ec2a510ef9700bcc9dfa14cd3
[INFO] running `Command { std: "docker" "start" "-a" "40e90c5b8d03390f2594164f11b17ab67b8e585ec2a510ef9700bcc9dfa14cd3", kill_on_drop: false }`
[INFO] [stderr]     Finished test [unoptimized + debuginfo] target(s) in 0.01s
[INFO] [stderr]      Running unittests (/opt/rustwide/target/debug/deps/rev-b21f1712fb1e4a7d)
[INFO] [stdout] 
[INFO] [stderr]    Doc-tests rev
[INFO] [stdout] running 0 tests
[INFO] [stdout] 
[INFO] [stdout] test result: ok. 0 passed; 0 failed; 0 ignored; 0 measured; 0 filtered out; finished in 0.00s
[INFO] [stdout] 
[INFO] [stdout] 
[INFO] [stdout] running 1 test
[INFO] [stdout] test src/lib.rs - Rev::rev (line 10) ... FAILED
[INFO] [stdout] 
[INFO] [stdout] failures:
[INFO] [stdout] 
[INFO] [stdout] ---- src/lib.rs - Rev::rev (line 10) stdout ----
[INFO] [stdout] error[E0308]: mismatched types
[INFO] [stdout]  --> src/lib.rs:14:38
[INFO] [stdout]   |
[INFO] [stdout] 7 | let d: Vec<i32> = x.into_iter().map(|&x| x).collect();
[INFO] [stdout]   |                                      ^--
[INFO] [stdout]   |                                      ||
[INFO] [stdout]   |                                      |expected due to this
[INFO] [stdout]   |                                      expected integer, found reference
[INFO] [stdout]   |                                      help: did you mean `x`: `&{integer}`
[INFO] [stdout]   |
[INFO] [stdout]   = note:   expected type `{integer}`
[INFO] [stdout]           found reference `&_`
[INFO] [stdout] 
[INFO] [stdout] error: aborting due to previous error
[INFO] [stdout] 
[INFO] [stdout] For more information about this error, try `rustc --explain E0308`.
[INFO] [stdout] Couldn't compile the test.
[INFO] [stdout] 
[INFO] [stdout] failures:
[INFO] [stdout]     src/lib.rs - Rev::rev (line 10)
[INFO] [stdout] 
[INFO] [stdout] test result: FAILED. 0 passed; 1 failed; 0 ignored; 0 measured; 0 filtered out; finished in 0.07s
[INFO] [stdout] 
[INFO] [stderr] error: test failed, to rerun pass '--doc'
[INFO] running `Command { std: "docker" "inspect" "40e90c5b8d03390f2594164f11b17ab67b8e585ec2a510ef9700bcc9dfa14cd3", kill_on_drop: false }`
[INFO] running `Command { std: "docker" "rm" "-f" "40e90c5b8d03390f2594164f11b17ab67b8e585ec2a510ef9700bcc9dfa14cd3", kill_on_drop: false }`
[INFO] [stdout] 40e90c5b8d03390f2594164f11b17ab67b8e585ec2a510ef9700bcc9dfa14cd3
