[INFO] fetching crate reuse-notifications 0.1.1...
[INFO] testing reuse-notifications-0.1.1 against beta-2021-08-01 for beta-1.55-1
[INFO] extracting crate reuse-notifications 0.1.1 into /workspace/builds/worker-113/source
[INFO] validating manifest of crates.io crate reuse-notifications 0.1.1 on toolchain beta-2021-08-01
[INFO] running `Command { std: "/workspace/cargo-home/bin/cargo" "+beta-2021-08-01" "metadata" "--manifest-path" "Cargo.toml" "--no-deps", kill_on_drop: false }`
[INFO] started tweaking crates.io crate reuse-notifications 0.1.1
[INFO] finished tweaking crates.io crate reuse-notifications 0.1.1
[INFO] tweaked toml for crates.io crate reuse-notifications 0.1.1 written to /workspace/builds/worker-113/source/Cargo.toml
[INFO] running `Command { std: "/workspace/cargo-home/bin/cargo" "+beta-2021-08-01" "generate-lockfile" "--manifest-path" "Cargo.toml" "-Zno-index-update", kill_on_drop: false }`
[INFO] [stderr]     Blocking waiting for file lock on package cache
[INFO] running `Command { std: "/workspace/cargo-home/bin/cargo" "+beta-2021-08-01" "fetch" "--manifest-path" "Cargo.toml", kill_on_drop: false }`
[INFO] [stderr]     Blocking waiting for file lock on package cache
[INFO] [stderr]     Blocking waiting for file lock on package cache
[INFO] [stderr]  Downloading crates ...
[INFO] [stderr]   Downloaded mac-notification-sys v0.3.0
[INFO] [stderr]   Downloaded libdbus-sys v0.2.1
[INFO] [stderr]   Downloaded notify-rust v3.6.3
[INFO] [stderr]   Downloaded dbus v0.6.5
[INFO] running `Command { std: "docker" "create" "-v" "/var/lib/crater-agent-workspace/builds/worker-113/target:/opt/rustwide/target:rw,Z" "-v" "/var/lib/crater-agent-workspace/builds/worker-113/source:/opt/rustwide/workdir:ro,Z" "-v" "/var/lib/crater-agent-workspace/cargo-home:/opt/rustwide/cargo-home:ro,Z" "-v" "/var/lib/crater-agent-workspace/rustup-home:/opt/rustwide/rustup-home:ro,Z" "-e" "SOURCE_DIR=/opt/rustwide/workdir" "-e" "CARGO_TARGET_DIR=/opt/rustwide/target" "-e" "CARGO_HOME=/opt/rustwide/cargo-home" "-e" "RUSTUP_HOME=/opt/rustwide/rustup-home" "-w" "/opt/rustwide/workdir" "-m" "1610612736" "--user" "0:0" "--network" "none" "ghcr.io/rust-lang/crates-build-env/linux@sha256:34b6a614d2c27851fe6cbf88fbd1137609cefab8b10d0615aaeb6fd47975d74e" "/opt/rustwide/cargo-home/bin/cargo" "+beta-2021-08-01" "metadata" "--no-deps" "--format-version=1", kill_on_drop: false }`
[INFO] [stdout] 18ad1c5c7803d64f6c8baf6eb678536a655ba774309b379afee6e4b924cb3c5c
[INFO] running `Command { std: "docker" "start" "-a" "18ad1c5c7803d64f6c8baf6eb678536a655ba774309b379afee6e4b924cb3c5c", kill_on_drop: false }`
[INFO] running `Command { std: "docker" "inspect" "18ad1c5c7803d64f6c8baf6eb678536a655ba774309b379afee6e4b924cb3c5c", kill_on_drop: false }`
[INFO] running `Command { std: "docker" "rm" "-f" "18ad1c5c7803d64f6c8baf6eb678536a655ba774309b379afee6e4b924cb3c5c", kill_on_drop: false }`
[INFO] [stdout] 18ad1c5c7803d64f6c8baf6eb678536a655ba774309b379afee6e4b924cb3c5c
[INFO] running `Command { std: "docker" "create" "-v" "/var/lib/crater-agent-workspace/builds/worker-113/target:/opt/rustwide/target:rw,Z" "-v" "/var/lib/crater-agent-workspace/builds/worker-113/source:/opt/rustwide/workdir:ro,Z" "-v" "/var/lib/crater-agent-workspace/cargo-home:/opt/rustwide/cargo-home:ro,Z" "-v" "/var/lib/crater-agent-workspace/rustup-home:/opt/rustwide/rustup-home:ro,Z" "-e" "SOURCE_DIR=/opt/rustwide/workdir" "-e" "CARGO_TARGET_DIR=/opt/rustwide/target" "-e" "CARGO_INCREMENTAL=0" "-e" "RUST_BACKTRACE=full" "-e" "RUSTFLAGS=--cap-lints=warn" "-e" "CARGO_HOME=/opt/rustwide/cargo-home" "-e" "RUSTUP_HOME=/opt/rustwide/rustup-home" "-w" "/opt/rustwide/workdir" "-m" "1610612736" "--user" "0:0" "--network" "none" "ghcr.io/rust-lang/crates-build-env/linux@sha256:34b6a614d2c27851fe6cbf88fbd1137609cefab8b10d0615aaeb6fd47975d74e" "/opt/rustwide/cargo-home/bin/cargo" "+beta-2021-08-01" "build" "--frozen" "--message-format=json", kill_on_drop: false }`
[INFO] [stdout] cb8a39b45c2d0903837235147d31aa54cc94751df961dfd384d8c5c24cf9b5ee
[INFO] running `Command { std: "docker" "start" "-a" "cb8a39b45c2d0903837235147d31aa54cc94751df961dfd384d8c5c24cf9b5ee", kill_on_drop: false }`
[INFO] [stderr]    Compiling libdbus-sys v0.2.1
[INFO] [stderr]    Compiling rand v0.4.6
[INFO] [stderr]    Compiling dbus v0.6.5
[INFO] [stderr]    Compiling notify-rust v3.6.3
[INFO] [stderr]    Compiling reuse-notifications v0.1.1 (/opt/rustwide/workdir)
[INFO] [stdout] warning: trait objects without an explicit `dyn` are deprecated
[INFO] [stdout]   --> src/lib.rs:91:6
[INFO] [stdout]    |
[INFO] [stdout] 91 | impl ReuseNotification {
[INFO] [stdout]    |      ^^^^^^^^^^^^^^^^^ help: use `dyn`: `dyn ReuseNotification`
[INFO] [stdout]    |
[INFO] [stdout]    = note: `#[warn(bare_trait_objects)]` on by default
[INFO] [stdout]    = warning: this is accepted in the current edition (Rust 2015) but is a hard error in Rust 2021!
[INFO] [stdout]    = note: for more information, see issue #80165 <https://github.com/rust-lang/rust/issues/80165>
[INFO] [stdout] 
[INFO] [stdout] 
[INFO] [stdout] warning: trait objects without an explicit `dyn` are deprecated
[INFO] [stdout]   --> src/lib.rs:81:9
[INFO] [stdout]    |
[INFO] [stdout] 81 |         ReuseNotification::display_reusing_id(self, &internal_id)
[INFO] [stdout]    |         ^^^^^^^^^^^^^^^^^ help: use `dyn`: `<dyn ReuseNotification>`
[INFO] [stdout]    |
[INFO] [stdout]    = warning: this is accepted in the current edition (Rust 2015) but is a hard error in Rust 2021!
[INFO] [stdout]    = note: for more information, see issue #80165 <https://github.com/rust-lang/rust/issues/80165>
[INFO] [stdout] 
[INFO] [stdout] 
[INFO] [stdout] warning: trait objects without an explicit `dyn` are deprecated
[INFO] [stdout]   --> src/lib.rs:87:9
[INFO] [stdout]    |
[INFO] [stdout] 87 |         ReuseNotification::display_reusing_id(self, &internal_id)
[INFO] [stdout]    |         ^^^^^^^^^^^^^^^^^ help: use `dyn`: `<dyn ReuseNotification>`
[INFO] [stdout]    |
[INFO] [stdout]    = warning: this is accepted in the current edition (Rust 2015) but is a hard error in Rust 2021!
[INFO] [stdout]    = note: for more information, see issue #80165 <https://github.com/rust-lang/rust/issues/80165>
[INFO] [stdout] 
[INFO] [stdout] 
[INFO] [stdout] warning: 3 warnings emitted
[INFO] [stdout] 
[INFO] [stdout] 
[INFO] [stderr]     Finished dev [unoptimized + debuginfo] target(s) in 8.39s
[INFO] running `Command { std: "docker" "inspect" "cb8a39b45c2d0903837235147d31aa54cc94751df961dfd384d8c5c24cf9b5ee", kill_on_drop: false }`
[INFO] running `Command { std: "docker" "rm" "-f" "cb8a39b45c2d0903837235147d31aa54cc94751df961dfd384d8c5c24cf9b5ee", kill_on_drop: false }`
[INFO] [stdout] cb8a39b45c2d0903837235147d31aa54cc94751df961dfd384d8c5c24cf9b5ee
[INFO] running `Command { std: "docker" "create" "-v" "/var/lib/crater-agent-workspace/builds/worker-113/target:/opt/rustwide/target:rw,Z" "-v" "/var/lib/crater-agent-workspace/builds/worker-113/source:/opt/rustwide/workdir:ro,Z" "-v" "/var/lib/crater-agent-workspace/cargo-home:/opt/rustwide/cargo-home:ro,Z" "-v" "/var/lib/crater-agent-workspace/rustup-home:/opt/rustwide/rustup-home:ro,Z" "-e" "SOURCE_DIR=/opt/rustwide/workdir" "-e" "CARGO_TARGET_DIR=/opt/rustwide/target" "-e" "CARGO_INCREMENTAL=0" "-e" "RUST_BACKTRACE=full" "-e" "RUSTFLAGS=--cap-lints=warn" "-e" "CARGO_HOME=/opt/rustwide/cargo-home" "-e" "RUSTUP_HOME=/opt/rustwide/rustup-home" "-w" "/opt/rustwide/workdir" "-m" "1610612736" "--user" "0:0" "--network" "none" "ghcr.io/rust-lang/crates-build-env/linux@sha256:34b6a614d2c27851fe6cbf88fbd1137609cefab8b10d0615aaeb6fd47975d74e" "/opt/rustwide/cargo-home/bin/cargo" "+beta-2021-08-01" "test" "--frozen" "--no-run" "--message-format=json", kill_on_drop: false }`
[INFO] [stdout] d2eb77688f7309e7a9b4ac4ba0c24e0cdbd80f322f99ed847c95d5a48ec3432a
[INFO] running `Command { std: "docker" "start" "-a" "d2eb77688f7309e7a9b4ac4ba0c24e0cdbd80f322f99ed847c95d5a48ec3432a", kill_on_drop: false }`
[INFO] [stdout] warning: trait objects without an explicit `dyn` are deprecated
[INFO] [stdout]   --> src/lib.rs:91:6
[INFO] [stdout]    |
[INFO] [stdout] 91 | impl ReuseNotification {
[INFO] [stdout]    |      ^^^^^^^^^^^^^^^^^ help: use `dyn`: `dyn ReuseNotification`
[INFO] [stdout]    |
[INFO] [stdout]    = note: `#[warn(bare_trait_objects)]` on by default
[INFO] [stdout]    = warning: this is accepted in the current edition (Rust 2015) but is a hard error in Rust 2021!
[INFO] [stdout]    = note: for more information, see issue #80165 <https://github.com/rust-lang/rust/issues/80165>
[INFO] [stdout] 
[INFO] [stdout] 
[INFO] [stderr]    Compiling reuse-notifications v0.1.1 (/opt/rustwide/workdir)
[INFO] [stdout] warning: trait objects without an explicit `dyn` are deprecated
[INFO] [stdout]   --> src/lib.rs:81:9
[INFO] [stdout]    |
[INFO] [stdout] 81 |         ReuseNotification::display_reusing_id(self, &internal_id)
[INFO] [stdout]    |         ^^^^^^^^^^^^^^^^^ help: use `dyn`: `<dyn ReuseNotification>`
[INFO] [stdout]    |
[INFO] [stdout]    = warning: this is accepted in the current edition (Rust 2015) but is a hard error in Rust 2021!
[INFO] [stdout]    = note: for more information, see issue #80165 <https://github.com/rust-lang/rust/issues/80165>
[INFO] [stdout] 
[INFO] [stdout] 
[INFO] [stdout] warning: trait objects without an explicit `dyn` are deprecated
[INFO] [stdout]   --> src/lib.rs:87:9
[INFO] [stdout]    |
[INFO] [stdout] 87 |         ReuseNotification::display_reusing_id(self, &internal_id)
[INFO] [stdout]    |         ^^^^^^^^^^^^^^^^^ help: use `dyn`: `<dyn ReuseNotification>`
[INFO] [stdout]    |
[INFO] [stdout]    = warning: this is accepted in the current edition (Rust 2015) but is a hard error in Rust 2021!
[INFO] [stdout]    = note: for more information, see issue #80165 <https://github.com/rust-lang/rust/issues/80165>
[INFO] [stdout] 
[INFO] [stdout] 
[INFO] [stdout] warning: 3 warnings emitted
[INFO] [stdout] 
[INFO] [stdout] 
[INFO] [stdout] warning: trait objects without an explicit `dyn` are deprecated
[INFO] [stdout]   --> src/lib.rs:91:6
[INFO] [stdout]    |
[INFO] [stdout] 91 | impl ReuseNotification {
[INFO] [stdout]    |      ^^^^^^^^^^^^^^^^^ help: use `dyn`: `dyn ReuseNotification`
[INFO] [stdout]    |
[INFO] [stdout]    = note: `#[warn(bare_trait_objects)]` on by default
[INFO] [stdout]    = warning: this is accepted in the current edition (Rust 2015) but is a hard error in Rust 2021!
[INFO] [stdout]    = note: for more information, see issue #80165 <https://github.com/rust-lang/rust/issues/80165>
[INFO] [stdout] 
[INFO] [stdout] 
[INFO] [stdout] warning: trait objects without an explicit `dyn` are deprecated
[INFO] [stdout]   --> src/lib.rs:81:9
[INFO] [stdout]    |
[INFO] [stdout] 81 |         ReuseNotification::display_reusing_id(self, &internal_id)
[INFO] [stdout]    |         ^^^^^^^^^^^^^^^^^ help: use `dyn`: `<dyn ReuseNotification>`
[INFO] [stdout]    |
[INFO] [stdout]    = warning: this is accepted in the current edition (Rust 2015) but is a hard error in Rust 2021!
[INFO] [stdout]    = note: for more information, see issue #80165 <https://github.com/rust-lang/rust/issues/80165>
[INFO] [stdout] 
[INFO] [stdout] 
[INFO] [stdout] warning: trait objects without an explicit `dyn` are deprecated
[INFO] [stdout]   --> src/lib.rs:87:9
[INFO] [stdout]    |
[INFO] [stdout] 87 |         ReuseNotification::display_reusing_id(self, &internal_id)
[INFO] [stdout]    |         ^^^^^^^^^^^^^^^^^ help: use `dyn`: `<dyn ReuseNotification>`
[INFO] [stdout]    |
[INFO] [stdout]    = warning: this is accepted in the current edition (Rust 2015) but is a hard error in Rust 2021!
[INFO] [stdout]    = note: for more information, see issue #80165 <https://github.com/rust-lang/rust/issues/80165>
[INFO] [stdout] 
[INFO] [stdout] 
[INFO] [stdout] warning: 3 warnings emitted
[INFO] [stdout] 
[INFO] [stdout] 
[INFO] [stderr]     Finished test [unoptimized + debuginfo] target(s) in 0.63s
[INFO] running `Command { std: "docker" "inspect" "d2eb77688f7309e7a9b4ac4ba0c24e0cdbd80f322f99ed847c95d5a48ec3432a", kill_on_drop: false }`
[INFO] running `Command { std: "docker" "rm" "-f" "d2eb77688f7309e7a9b4ac4ba0c24e0cdbd80f322f99ed847c95d5a48ec3432a", kill_on_drop: false }`
[INFO] [stdout] d2eb77688f7309e7a9b4ac4ba0c24e0cdbd80f322f99ed847c95d5a48ec3432a
[INFO] running `Command { std: "docker" "create" "-v" "/var/lib/crater-agent-workspace/builds/worker-113/target:/opt/rustwide/target:rw,Z" "-v" "/var/lib/crater-agent-workspace/builds/worker-113/source:/opt/rustwide/workdir:ro,Z" "-v" "/var/lib/crater-agent-workspace/cargo-home:/opt/rustwide/cargo-home:ro,Z" "-v" "/var/lib/crater-agent-workspace/rustup-home:/opt/rustwide/rustup-home:ro,Z" "-e" "SOURCE_DIR=/opt/rustwide/workdir" "-e" "CARGO_TARGET_DIR=/opt/rustwide/target" "-e" "CARGO_INCREMENTAL=0" "-e" "RUST_BACKTRACE=full" "-e" "RUSTFLAGS=--cap-lints=warn" "-e" "CARGO_HOME=/opt/rustwide/cargo-home" "-e" "RUSTUP_HOME=/opt/rustwide/rustup-home" "-w" "/opt/rustwide/workdir" "-m" "1610612736" "--user" "0:0" "--network" "none" "ghcr.io/rust-lang/crates-build-env/linux@sha256:34b6a614d2c27851fe6cbf88fbd1137609cefab8b10d0615aaeb6fd47975d74e" "/opt/rustwide/cargo-home/bin/cargo" "+beta-2021-08-01" "test" "--frozen", kill_on_drop: false }`
[INFO] [stdout] 8545ce0103f3baad0ad5b75232f48720a8212153a4bc188afcdbe48d51f634a9
[INFO] running `Command { std: "docker" "start" "-a" "8545ce0103f3baad0ad5b75232f48720a8212153a4bc188afcdbe48d51f634a9", kill_on_drop: false }`
[INFO] [stderr]     Blocking waiting for file lock on package cache
[INFO] [stderr] warning: trait objects without an explicit `dyn` are deprecated
[INFO] [stderr]   --> src/lib.rs:91:6
[INFO] [stderr]    |
[INFO] [stderr] 91 | impl ReuseNotification {
[INFO] [stderr]    |      ^^^^^^^^^^^^^^^^^ help: use `dyn`: `dyn ReuseNotification`
[INFO] [stderr]    |
[INFO] [stderr]    = note: `#[warn(bare_trait_objects)]` on by default
[INFO] [stderr]    = warning: this is accepted in the current edition (Rust 2015) but is a hard error in Rust 2021!
[INFO] [stderr]    = note: for more information, see issue #80165 <https://github.com/rust-lang/rust/issues/80165>
[INFO] [stderr] 
[INFO] [stderr] warning: trait objects without an explicit `dyn` are deprecated
[INFO] [stderr]   --> src/lib.rs:81:9
[INFO] [stderr]    |
[INFO] [stderr] 81 |         ReuseNotification::display_reusing_id(self, &internal_id)
[INFO] [stderr]    |         ^^^^^^^^^^^^^^^^^ help: use `dyn`: `<dyn ReuseNotification>`
[INFO] [stderr]    |
[INFO] [stderr]    = warning: this is accepted in the current edition (Rust 2015) but is a hard error in Rust 2021!
[INFO] [stderr]    = note: for more information, see issue #80165 <https://github.com/rust-lang/rust/issues/80165>
[INFO] [stderr] 
[INFO] [stderr] warning: trait objects without an explicit `dyn` are deprecated
[INFO] [stderr]   --> src/lib.rs:87:9
[INFO] [stderr]    |
[INFO] [stderr] 87 |         ReuseNotification::display_reusing_id(self, &internal_id)
[INFO] [stderr]    |         ^^^^^^^^^^^^^^^^^ help: use `dyn`: `<dyn ReuseNotification>`
[INFO] [stderr]    |
[INFO] [stderr]    = warning: this is accepted in the current edition (Rust 2015) but is a hard error in Rust 2021!
[INFO] [stderr]    = note: for more information, see issue #80165 <https://github.com/rust-lang/rust/issues/80165>
[INFO] [stderr] 
[INFO] [stderr] warning: `reuse-notifications` (lib) generated 3 warnings
[INFO] [stderr] warning: `reuse-notifications` (lib test) generated 3 warnings (3 duplicates)
[INFO] [stderr]     Finished test [unoptimized + debuginfo] target(s) in 0.45s
[INFO] [stderr]      Running unittests (/opt/rustwide/target/debug/deps/reuse_notifications-99b9b9a164952938)
[INFO] [stdout] 
[INFO] [stderr]    Doc-tests reuse-notifications
[INFO] [stdout] running 0 tests
[INFO] [stdout] 
[INFO] [stdout] test result: ok. 0 passed; 0 failed; 0 ignored; 0 measured; 0 filtered out; finished in 0.00s
[INFO] [stdout] 
[INFO] [stdout] 
[INFO] [stdout] running 2 tests
[INFO] [stdout] test src/lib.rs - (line 28) - compile ... FAILED
[INFO] [stdout] test src/lib.rs - (line 8) - compile ... FAILED
[INFO] [stdout] 
[INFO] [stdout] failures:
[INFO] [stdout] 
[INFO] [stdout] ---- src/lib.rs - (line 28) stdout ----
[INFO] [stdout] error[E0432]: unresolved import `notify_rust`
[INFO] [stdout]  --> src/lib.rs:29:5
[INFO] [stdout]   |
[INFO] [stdout] 3 | use notify_rust::*;
[INFO] [stdout]   |     ^^^^^^^^^^^ maybe a missing crate `notify_rust`?
[INFO] [stdout] 
[INFO] [stdout] error[E0432]: unresolved import `reuse_notification`
[INFO] [stdout]  --> src/lib.rs:30:5
[INFO] [stdout]   |
[INFO] [stdout] 4 | use reuse_notification::ReuseNotification;
[INFO] [stdout]   |     ^^^^^^^^^^^^^^^^^^ maybe a missing crate `reuse_notification`?
[INFO] [stdout] 
[INFO] [stdout] error[E0433]: failed to resolve: use of undeclared type `Notification`
[INFO] [stdout]  --> src/lib.rs:32:1
[INFO] [stdout]   |
[INFO] [stdout] 6 | Notification::new()
[INFO] [stdout]   | ^^^^^^^^^^^^ use of undeclared type `Notification`
[INFO] [stdout] 
[INFO] [stdout] error[E0433]: failed to resolve: use of undeclared type `Timeout`
[INFO] [stdout]   --> src/lib.rs:36:14
[INFO] [stdout]    |
[INFO] [stdout] 10 |     .timeout(Timeout::Milliseconds(6000))
[INFO] [stdout]    |              ^^^^^^^ use of undeclared type `Timeout`
[INFO] [stdout] 
[INFO] [stdout] error[E0433]: failed to resolve: use of undeclared type `Notification`
[INFO] [stdout]   --> src/lib.rs:40:1
[INFO] [stdout]    |
[INFO] [stdout] 14 | Notification::new()
[INFO] [stdout]    | ^^^^^^^^^^^^ use of undeclared type `Notification`
[INFO] [stdout] 
[INFO] [stdout] error[E0433]: failed to resolve: use of undeclared type `Timeout`
[INFO] [stdout]   --> src/lib.rs:44:14
[INFO] [stdout]    |
[INFO] [stdout] 18 |     .timeout(Timeout::Milliseconds(6000))
[INFO] [stdout]    |              ^^^^^^^ use of undeclared type `Timeout`
[INFO] [stdout] 
[INFO] [stdout] error[E0433]: failed to resolve: use of undeclared type `Notification`
[INFO] [stdout]   --> src/lib.rs:48:1
[INFO] [stdout]    |
[INFO] [stdout] 22 | Notification::new()
[INFO] [stdout]    | ^^^^^^^^^^^^ use of undeclared type `Notification`
[INFO] [stdout] 
[INFO] [stdout] error[E0433]: failed to resolve: use of undeclared type `Timeout`
[INFO] [stdout]   --> src/lib.rs:52:14
[INFO] [stdout]    |
[INFO] [stdout] 26 |     .timeout(Timeout::Milliseconds(6000))
[INFO] [stdout]    |              ^^^^^^^ use of undeclared type `Timeout`
[INFO] [stdout] 
[INFO] [stdout] error: aborting due to 8 previous errors
[INFO] [stdout] 
[INFO] [stdout] Some errors have detailed explanations: E0432, E0433.
[INFO] [stdout] For more information about an error, try `rustc --explain E0432`.
[INFO] [stdout] Couldn't compile the test.
[INFO] [stdout] ---- src/lib.rs - (line 8) stdout ----
[INFO] [stdout] error[E0432]: unresolved import `notify_rust`
[INFO] [stdout]  --> src/lib.rs:9:5
[INFO] [stdout]   |
[INFO] [stdout] 3 | use notify_rust::*;
[INFO] [stdout]   |     ^^^^^^^^^^^ maybe a missing crate `notify_rust`?
[INFO] [stdout] 
[INFO] [stdout] error[E0432]: unresolved import `reuse_notification`
[INFO] [stdout]  --> src/lib.rs:10:5
[INFO] [stdout]   |
[INFO] [stdout] 4 | use reuse_notification::ReuseNotification;
[INFO] [stdout]   |     ^^^^^^^^^^^^^^^^^^ maybe a missing crate `reuse_notification`?
[INFO] [stdout] 
[INFO] [stdout] error[E0433]: failed to resolve: use of undeclared type `Notification`
[INFO] [stdout]  --> src/lib.rs:12:1
[INFO] [stdout]   |
[INFO] [stdout] 6 | Notification::new()
[INFO] [stdout]   | ^^^^^^^^^^^^ use of undeclared type `Notification`
[INFO] [stdout] 
[INFO] [stdout] error[E0433]: failed to resolve: use of undeclared type `Timeout`
[INFO] [stdout]   --> src/lib.rs:16:14
[INFO] [stdout]    |
[INFO] [stdout] 10 |     .timeout(Timeout::Milliseconds(6000))
[INFO] [stdout]    |              ^^^^^^^ use of undeclared type `Timeout`
[INFO] [stdout] 
[INFO] [stdout] error: aborting due to 4 previous errors
[INFO] [stdout] 
[INFO] [stdout] Some errors have detailed explanations: E0432, E0433.
[INFO] [stdout] For more information about an error, try `rustc --explain E0432`.
[INFO] [stdout] Couldn't compile the test.
[INFO] [stdout] 
[INFO] [stdout] failures:
[INFO] [stdout]     src/lib.rs - (line 28)
[INFO] [stdout]     src/lib.rs - (line 8)
[INFO] [stdout] 
[INFO] [stdout] test result: FAILED. 0 passed; 2 failed; 0 ignored; 0 measured; 0 filtered out; finished in 0.15s
[INFO] [stdout] 
[INFO] [stderr] error: test failed, to rerun pass '--doc'
[INFO] running `Command { std: "docker" "inspect" "8545ce0103f3baad0ad5b75232f48720a8212153a4bc188afcdbe48d51f634a9", kill_on_drop: false }`
[INFO] running `Command { std: "docker" "rm" "-f" "8545ce0103f3baad0ad5b75232f48720a8212153a4bc188afcdbe48d51f634a9", kill_on_drop: false }`
[INFO] [stdout] 8545ce0103f3baad0ad5b75232f48720a8212153a4bc188afcdbe48d51f634a9
