[INFO] fetching crate restq 0.5.0...
[INFO] testing restq-0.5.0 against 1.54.0 for beta-1.55-1
[INFO] extracting crate restq 0.5.0 into /workspace/builds/worker-88/source
[INFO] validating manifest of crates.io crate restq 0.5.0 on toolchain 1.54.0
[INFO] running `Command { std: "/workspace/cargo-home/bin/cargo" "+1.54.0" "metadata" "--manifest-path" "Cargo.toml" "--no-deps", kill_on_drop: false }`
[INFO] started tweaking crates.io crate restq 0.5.0
[INFO] finished tweaking crates.io crate restq 0.5.0
[INFO] tweaked toml for crates.io crate restq 0.5.0 written to /workspace/builds/worker-88/source/Cargo.toml
[INFO] running `Command { std: "/workspace/cargo-home/bin/cargo" "+1.54.0" "generate-lockfile" "--manifest-path" "Cargo.toml" "-Zno-index-update", kill_on_drop: false }`
[INFO] running `Command { std: "/workspace/cargo-home/bin/cargo" "+1.54.0" "fetch" "--manifest-path" "Cargo.toml", kill_on_drop: false }`
[INFO] running `Command { std: "docker" "create" "-v" "/var/lib/crater-agent-workspace/builds/worker-88/target:/opt/rustwide/target:rw,Z" "-v" "/var/lib/crater-agent-workspace/builds/worker-88/source:/opt/rustwide/workdir:ro,Z" "-v" "/var/lib/crater-agent-workspace/cargo-home:/opt/rustwide/cargo-home:ro,Z" "-v" "/var/lib/crater-agent-workspace/rustup-home:/opt/rustwide/rustup-home:ro,Z" "-e" "SOURCE_DIR=/opt/rustwide/workdir" "-e" "CARGO_TARGET_DIR=/opt/rustwide/target" "-e" "CARGO_HOME=/opt/rustwide/cargo-home" "-e" "RUSTUP_HOME=/opt/rustwide/rustup-home" "-w" "/opt/rustwide/workdir" "-m" "1610612736" "--user" "0:0" "--network" "none" "ghcr.io/rust-lang/crates-build-env/linux@sha256:34b6a614d2c27851fe6cbf88fbd1137609cefab8b10d0615aaeb6fd47975d74e" "/opt/rustwide/cargo-home/bin/cargo" "+1.54.0" "metadata" "--no-deps" "--format-version=1", kill_on_drop: false }`
[INFO] [stdout] f7053f3021e1fbc566391eb74a519a951659c4a6033d3e571a51fdf2b95499c5
[INFO] running `Command { std: "docker" "start" "-a" "f7053f3021e1fbc566391eb74a519a951659c4a6033d3e571a51fdf2b95499c5", kill_on_drop: false }`
[INFO] running `Command { std: "docker" "inspect" "f7053f3021e1fbc566391eb74a519a951659c4a6033d3e571a51fdf2b95499c5", kill_on_drop: false }`
[INFO] running `Command { std: "docker" "rm" "-f" "f7053f3021e1fbc566391eb74a519a951659c4a6033d3e571a51fdf2b95499c5", kill_on_drop: false }`
[INFO] [stdout] f7053f3021e1fbc566391eb74a519a951659c4a6033d3e571a51fdf2b95499c5
[INFO] running `Command { std: "docker" "create" "-v" "/var/lib/crater-agent-workspace/builds/worker-88/target:/opt/rustwide/target:rw,Z" "-v" "/var/lib/crater-agent-workspace/builds/worker-88/source:/opt/rustwide/workdir:ro,Z" "-v" "/var/lib/crater-agent-workspace/cargo-home:/opt/rustwide/cargo-home:ro,Z" "-v" "/var/lib/crater-agent-workspace/rustup-home:/opt/rustwide/rustup-home:ro,Z" "-e" "SOURCE_DIR=/opt/rustwide/workdir" "-e" "CARGO_TARGET_DIR=/opt/rustwide/target" "-e" "CARGO_INCREMENTAL=0" "-e" "RUST_BACKTRACE=full" "-e" "RUSTFLAGS=--cap-lints=warn" "-e" "CARGO_HOME=/opt/rustwide/cargo-home" "-e" "RUSTUP_HOME=/opt/rustwide/rustup-home" "-w" "/opt/rustwide/workdir" "-m" "1610612736" "--user" "0:0" "--network" "none" "ghcr.io/rust-lang/crates-build-env/linux@sha256:34b6a614d2c27851fe6cbf88fbd1137609cefab8b10d0615aaeb6fd47975d74e" "/opt/rustwide/cargo-home/bin/cargo" "+1.54.0" "build" "--frozen" "--message-format=json", kill_on_drop: false }`
[INFO] [stdout] 21686fdeac8dd50be8d5f8268fe300c1c16c14eb77bd71881ec70293eb272c00
[INFO] running `Command { std: "docker" "start" "-a" "21686fdeac8dd50be8d5f8268fe300c1c16c14eb77bd71881ec70293eb272c00", kill_on_drop: false }`
[INFO] [stderr]    Compiling memchr v2.4.0
[INFO] [stderr]    Compiling tinyvec_macros v0.1.0
[INFO] [stderr]    Compiling matches v0.1.8
[INFO] [stderr]    Compiling syn v1.0.74
[INFO] [stderr]    Compiling log v0.4.14
[INFO] [stderr]    Compiling regex-automata v0.1.10
[INFO] [stderr]    Compiling percent-encoding v2.1.0
[INFO] [stderr]    Compiling byteorder v1.4.3
[INFO] [stderr]    Compiling itoa v0.4.7
[INFO] [stderr]    Compiling safemem v0.3.3
[INFO] [stderr]    Compiling pom v3.2.0
[INFO] [stderr]    Compiling either v1.6.1
[INFO] [stderr]    Compiling num-traits v0.2.14
[INFO] [stderr]    Compiling num-integer v0.1.44
[INFO] [stderr]    Compiling time v0.1.43
[INFO] [stderr]    Compiling getrandom v0.2.3
[INFO] [stderr]    Compiling tinyvec v1.3.1
[INFO] [stderr]    Compiling unicode-bidi v0.3.5
[INFO] [stderr]    Compiling form_urlencoded v1.0.1
[INFO] [stderr]    Compiling uuid v0.8.2
[INFO] [stderr]    Compiling base64 v0.9.3
[INFO] [stderr]    Compiling sql-ast v0.7.5
[INFO] [stderr]    Compiling unicode-normalization v0.1.19
[INFO] [stderr]    Compiling csv-core v0.1.10
[INFO] [stderr]    Compiling bstr v0.2.16
[INFO] [stderr]    Compiling csv v1.1.6
[INFO] [stderr]    Compiling chrono v0.4.19
[INFO] [stderr]    Compiling idna v0.2.3
[INFO] [stderr]    Compiling url v2.2.2
[INFO] [stderr]    Compiling thiserror-impl v1.0.26
[INFO] [stderr]    Compiling thiserror v1.0.26
[INFO] [stderr]    Compiling restq v0.5.0 (/opt/rustwide/workdir)
[INFO] [stderr]     Finished dev [unoptimized + debuginfo] target(s) in 13.61s
[INFO] running `Command { std: "docker" "inspect" "21686fdeac8dd50be8d5f8268fe300c1c16c14eb77bd71881ec70293eb272c00", kill_on_drop: false }`
[INFO] running `Command { std: "docker" "rm" "-f" "21686fdeac8dd50be8d5f8268fe300c1c16c14eb77bd71881ec70293eb272c00", kill_on_drop: false }`
[INFO] [stdout] 21686fdeac8dd50be8d5f8268fe300c1c16c14eb77bd71881ec70293eb272c00
[INFO] running `Command { std: "docker" "create" "-v" "/var/lib/crater-agent-workspace/builds/worker-88/target:/opt/rustwide/target:rw,Z" "-v" "/var/lib/crater-agent-workspace/builds/worker-88/source:/opt/rustwide/workdir:ro,Z" "-v" "/var/lib/crater-agent-workspace/cargo-home:/opt/rustwide/cargo-home:ro,Z" "-v" "/var/lib/crater-agent-workspace/rustup-home:/opt/rustwide/rustup-home:ro,Z" "-e" "SOURCE_DIR=/opt/rustwide/workdir" "-e" "CARGO_TARGET_DIR=/opt/rustwide/target" "-e" "CARGO_INCREMENTAL=0" "-e" "RUST_BACKTRACE=full" "-e" "RUSTFLAGS=--cap-lints=warn" "-e" "CARGO_HOME=/opt/rustwide/cargo-home" "-e" "RUSTUP_HOME=/opt/rustwide/rustup-home" "-w" "/opt/rustwide/workdir" "-m" "1610612736" "--user" "0:0" "--network" "none" "ghcr.io/rust-lang/crates-build-env/linux@sha256:34b6a614d2c27851fe6cbf88fbd1137609cefab8b10d0615aaeb6fd47975d74e" "/opt/rustwide/cargo-home/bin/cargo" "+1.54.0" "test" "--frozen" "--no-run" "--message-format=json", kill_on_drop: false }`
[INFO] [stdout] 094e6adfeae221998655f8af50118a89a8cf7d1e657f1ba48b584493cfe1c9e3
[INFO] running `Command { std: "docker" "start" "-a" "094e6adfeae221998655f8af50118a89a8cf7d1e657f1ba48b584493cfe1c9e3", kill_on_drop: false }`
[INFO] [stderr]     Blocking waiting for file lock on package cache
[INFO] [stderr]    Compiling restq v0.5.0 (/opt/rustwide/workdir)
[INFO] [stdout] warning: unused imports: `*`, `ddl::*`, `dml::*`
[INFO] [stdout]  --> tests/select.rs:3:9
[INFO] [stdout]   |
[INFO] [stdout] 3 |         ddl::*,
[INFO] [stdout]   |         ^^^^^^
[INFO] [stdout] 4 |         dml::*,
[INFO] [stdout]   |         ^^^^^^
[INFO] [stdout] 5 |         *,
[INFO] [stdout]   |         ^
[INFO] [stdout]   |
[INFO] [stdout]   = note: `#[warn(unused_imports)]` on by default
[INFO] [stdout] 
[INFO] [stdout] 
[INFO] [stdout] warning: unused import: `dml::*`
[INFO] [stdout]  --> tests/table_def.rs:4:9
[INFO] [stdout]   |
[INFO] [stdout] 4 |         dml::*,
[INFO] [stdout]   |         ^^^^^^
[INFO] [stdout]   |
[INFO] [stdout]   = note: `#[warn(unused_imports)]` on by default
[INFO] [stdout] 
[INFO] [stdout] 
[INFO] [stdout] warning: 1 warning emitted
[INFO] [stdout] 
[INFO] [stdout] 
[INFO] [stdout] warning: 1 warning emitted
[INFO] [stdout] 
[INFO] [stdout] 
[INFO] [stderr]     Finished test [unoptimized + debuginfo] target(s) in 6.88s
[INFO] running `Command { std: "docker" "inspect" "094e6adfeae221998655f8af50118a89a8cf7d1e657f1ba48b584493cfe1c9e3", kill_on_drop: false }`
[INFO] running `Command { std: "docker" "rm" "-f" "094e6adfeae221998655f8af50118a89a8cf7d1e657f1ba48b584493cfe1c9e3", kill_on_drop: false }`
[INFO] [stdout] 094e6adfeae221998655f8af50118a89a8cf7d1e657f1ba48b584493cfe1c9e3
[INFO] running `Command { std: "docker" "create" "-v" "/var/lib/crater-agent-workspace/builds/worker-88/target:/opt/rustwide/target:rw,Z" "-v" "/var/lib/crater-agent-workspace/builds/worker-88/source:/opt/rustwide/workdir:ro,Z" "-v" "/var/lib/crater-agent-workspace/cargo-home:/opt/rustwide/cargo-home:ro,Z" "-v" "/var/lib/crater-agent-workspace/rustup-home:/opt/rustwide/rustup-home:ro,Z" "-e" "SOURCE_DIR=/opt/rustwide/workdir" "-e" "CARGO_TARGET_DIR=/opt/rustwide/target" "-e" "CARGO_INCREMENTAL=0" "-e" "RUST_BACKTRACE=full" "-e" "RUSTFLAGS=--cap-lints=warn" "-e" "CARGO_HOME=/opt/rustwide/cargo-home" "-e" "RUSTUP_HOME=/opt/rustwide/rustup-home" "-w" "/opt/rustwide/workdir" "-m" "1610612736" "--user" "0:0" "--network" "none" "ghcr.io/rust-lang/crates-build-env/linux@sha256:34b6a614d2c27851fe6cbf88fbd1137609cefab8b10d0615aaeb6fd47975d74e" "/opt/rustwide/cargo-home/bin/cargo" "+1.54.0" "test" "--frozen", kill_on_drop: false }`
[INFO] [stdout] 9637fed969304d46fb7d9eee617902a6ddc62e5d18d91aa6199b0ebd87184d9f
[INFO] running `Command { std: "docker" "start" "-a" "9637fed969304d46fb7d9eee617902a6ddc62e5d18d91aa6199b0ebd87184d9f", kill_on_drop: false }`
[INFO] [stderr] warning: unused import: `dml::*`
[INFO] [stderr]  --> tests/table_def.rs:4:9
[INFO] [stderr]   |
[INFO] [stderr] 4 |         dml::*,
[INFO] [stderr]   |         ^^^^^^
[INFO] [stderr]   |
[INFO] [stderr]   = note: `#[warn(unused_imports)]` on by default
[INFO] [stderr] 
[INFO] [stderr] warning: 1 warning emitted
[INFO] [stderr] 
[INFO] [stderr] warning: unused imports: `*`, `ddl::*`, `dml::*`
[INFO] [stderr]  --> tests/select.rs:3:9
[INFO] [stderr]   |
[INFO] [stderr] 3 |         ddl::*,
[INFO] [stderr]   |         ^^^^^^
[INFO] [stderr] 4 |         dml::*,
[INFO] [stderr]   |         ^^^^^^
[INFO] [stderr] 5 |         *,
[INFO] [stderr]   |         ^
[INFO] [stderr]   |
[INFO] [stderr]   = note: `#[warn(unused_imports)]` on by default
[INFO] [stderr] 
[INFO] [stderr] warning: 1 warning emitted
[INFO] [stderr] 
[INFO] [stderr]     Finished test [unoptimized + debuginfo] target(s) in 0.11s
[INFO] [stdout] 
[INFO] [stderr]      Running unittests (/opt/rustwide/target/debug/deps/restq-86dcf4b5a4ca61e1)
[INFO] [stdout] running 119 tests
[INFO] [stdout] test ast::ddl::tests::display_column_def2 ... ok
[INFO] [stdout] test ast::ddl::tests::parse_actor_table_with_invalid_data_type ... ok
[INFO] [stdout] test ast::ddl::tests::parse_actor_table ... ok
[INFO] [stdout] test ast::ddl::tests::parse_column_def ... ok
[INFO] [stdout] test ast::ddl::tests::displa_actor_table ... ok
[INFO] [stdout] test ast::ddl::tests::display_column_def ... ok
[INFO] [stdout] test ast::ddl::tests::parse_alter_operation_simple ... ok
[INFO] [stdout] test ast::ddl::tests::parse_data_type_def_opt_default ... ok
[INFO] [stdout] test ast::ddl::tests::parse_data_type_def_opt ... ok
[INFO] [stdout] test ast::ddl::tests::parse_drop_table ... ok
[INFO] [stdout] test ast::ddl::tests::parse_data_type_def_default ... ok
[INFO] [stdout] test ast::ddl::tests::parse_data_type_def ... ok
[INFO] [stdout] test ast::ddl::tests::parse_alter_operation ... ok
[INFO] [stdout] test ast::ddl::tests::parse_column_def_with_foreign ... ok
[INFO] [stdout] test ast::ddl::tests::test_column_def_list ... ok
[INFO] [stdout] test ast::ddl::tests::test_invalid_data_type_def ... ok
[INFO] [stdout] test ast::dml::tests::test_bulk_update ... ok
[INFO] [stdout] test ast::ddl::tests::test_invalid_column_def_list_2 ... ok
[INFO] [stdout] test ast::dml::tests::test_insert ... ok
[INFO] [stdout] test ast::ddl::tests::test_invalid_column_def_list_3 ... ok
[INFO] [stdout] test ast::parser::test_private::test_add_operation ... ok
[INFO] [stdout] test ast::ddl::tests::test_invalid_column_def_list ... ok
[INFO] [stdout] test ast::parser::test_private::test_binary_operation ... ok
[INFO] [stdout] test ast::parser::test_private::test_math_operation ... ok
[INFO] [stdout] test ast::parser::tests::test_column ... ok
[INFO] [stdout] test ast::parser::tests::test_column_name_with_table_dot ... ok
[INFO] [stdout] test ast::parser::tests::test_column_with_not_order ... ok
[INFO] [stdout] test ast::parser::tests::test_column_with_order ... ok
[INFO] [stdout] test ast::parser::tests::test_condition_lte ... ok
[INFO] [stdout] test ast::parser::tests::test_description ... ok
[INFO] [stdout] test ast::parser::tests::test_ascension ... ok
[INFO] [stdout] test ast::dml::tests::test_delete ... ok
[INFO] [stdout] test ast::parser::tests::test_condition_gt ... ok
[INFO] [stdout] test ast::parser::tests::test_complex_filter_with_many_parens ... ok
[INFO] [stdout] test ast::parser::test_private::test_complex_filter_grouped_of_grouped ... ok
[INFO] [stdout] test ast::parser::tests::test_condition_default_eq ... ok
[INFO] [stdout] test ast::dml::tests::test_bulk_delete ... ok
[INFO] [stdout] test ast::parser::tests::test_bool_expr ... ok
[INFO] [stdout] test ast::parser::test_private::test_binary_operation_grouped ... ok
[INFO] [stdout] test ast::ddl::tests::parse_invalid_column_def ... ok
[INFO] [stdout] test ast::parser::tests::test_complex_filter1 ... ok
[INFO] [stdout] test ast::parser::test_private::test_complex_filter_grouped ... ok
[INFO] [stdout] test ast::parser::tests::test_expr_no_rename ... ok
[INFO] [stdout] test ast::parser::tests::test_expr_with_renames ... ok
[INFO] [stdout] test ast::parser::tests::test_expr_list ... ok
[INFO] [stdout] test ast::parser::tests::test_expr_with_renames2 ... ok
[INFO] [stdout] test ast::parser::test_private::test_complex_expr_rev ... ok
[INFO] [stdout] test ast::parser::tests::test_expr_selection ... ok
[INFO] [stdout] test ast::parser::tests::test_filter_simple_filter_and ... ok
[INFO] [stdout] test ast::parser::test_private::test_complex_expr ... ok
[INFO] [stdout] test ast::parser::tests::test_from_inner_join ... ok
[INFO] [stdout] test ast::parser::tests::test_from_left_join ... ok
[INFO] [stdout] test ast::parser::tests::test_from_right_join ... ok
[INFO] [stdout] test ast::parser::tests::test_filter_simple_filter_or ... ok
[INFO] [stdout] test ast::parser::tests::test_from_table ... ok
[INFO] [stdout] test ast::parser::tests::test_filter_simple_filter_with_group_by ... ok
[INFO] [stdout] test ast::parser::tests::test_from_full_join ... ok
[INFO] [stdout] test ast::parser::tests::test_function ... ok
[INFO] [stdout] test ast::parser::tests::test_function_expr ... ok
[INFO] [stdout] test ast::parser::tests::test_iregular_string ... ok
[INFO] [stdout] test ast::parser::tests::test_null_expr ... ok
[INFO] [stdout] test ast::parser::tests::test_order ... ok
[INFO] [stdout] test ast::parser::tests::test_range_using_limit ... ok
[INFO] [stdout] test ast::parser::tests::test_grouped_filter ... ok
[INFO] [stdout] test ast::parser::tests::test_filter_simple_filter_one_grouped ... ok
[INFO] [stdout] test ast::parser::tests::test_value_single_quoted_string ... ok
[INFO] [stdout] test ast::parser::tests::test_page_with_size ... ok
[INFO] [stdout] test ast::parser::tests::test_strict_column ... ok
[INFO] [stdout] test ast::parser::tests::test_value_string ... ok
[INFO] [stdout] test ast::parser::tests::test_value_value ... ok
[INFO] [stdout] test ast::parser::tests::test_value_single_quoted_string_with_apostrophe ... ok
[INFO] [stdout] test data_type::tests::all_data_types ... ok
[INFO] [stdout] test data_type::tests::test_data_type ... ok
[INFO] [stdout] test data_type::tests::test_invalid_data_type ... ok
[INFO] [stdout] test data_type::tests::test_invalid_more_data_type ... ok
[INFO] [stdout] test data_value::test::parse_dates ... ok
[INFO] [stdout] test data_value::test::parse_simple_date ... ok
[INFO] [stdout] test ast::parser::tests::test_more_complex_filter2 ... ok
[INFO] [stdout] test ast::parser::tests::test_select_with_no_selection ... ok
[INFO] [stdout] test plain_data::tests::test_plain_data ... ok
[INFO] [stdout] test ast::dml::tests::test_update ... ok
[INFO] [stdout] test ast::parser::tests::test_expr_rename ... ok
[INFO] [stdout] test ast::parser::tests::test_filter_simple_filter_one ... ok
[INFO] [stdout] test ast::parser::tests::test_expect_table - should panic ... ok
[INFO] [stdout] test ast::parser::tests::test_expect_valid_table_after_join - should panic ... ok
[INFO] [stdout] test ast::parser::tests::test_limit ... ok
[INFO] [stdout] test ast::parser::tests::test_range_using_page ... ok
[INFO] [stdout] test multi_stmt::tests::test_multi_statement_with_multiple_empty_lines ... ok
[INFO] [stdout] test ast::parser::tests::test_strict_ident ... ok
[INFO] [stdout] test ast::parser::tests::test_string ... ok
[INFO] [stdout] test ast::parser::tests::test_value_bool ... ok
[INFO] [stdout] test ast::parser::tests::test_value_bool2 ... ok
[INFO] [stdout] test ast::parser::tests::test_value_number ... ok
[INFO] [stdout] test ast::parser::tests::test_right_join_table ... ok
[INFO] [stdout] test ast::parser::tests::test_value_quoted_string_with_inner_quote ... ok
[INFO] [stdout] test ast::parser::tests::test_value_quoted_string2 ... ok
[INFO] [stdout] test ast::parser::tests::test_value_single_quoted_string2 ... ok
[INFO] [stdout] test ast::parser::tests::test_value_number2 ... ok
[INFO] [stdout] test ast::parser::tests::test_limit_with_offset ... ok
[INFO] [stdout] test ast::parser::tests::test_value_quoted_string ... ok
[INFO] [stdout] test stmt_data::parser::tests::test_select_and_paging ... ok
[INFO] [stdout] test ast::parser::tests::test_filter_simple_filter_2_grouped ... ok
[INFO] [stdout] test ast::parser::tests::test_fail_strict_ident2 - should panic ... ok
[INFO] [stdout] test ast::parser::tests::test_fail_strict_ident - should panic ... ok
[INFO] [stdout] test ast::parser::tests::test_complex_query ... FAILED
[INFO] [stdout] test ast::parser::tests::test_page_with_size_invalid - should panic ... ok
[INFO] [stdout] test ast::parser::tests::test_value_restricted_ident - should panic ... ok
[INFO] [stdout] test ast::parser::tests::test_table_query_with_range_only ... FAILED
[INFO] [stdout] test ast::parser::tests::test_complex_query_with_multiple_join_full_join ... FAILED
[INFO] [stdout] test ast::parser::tests::test_complex_query_with_multiple_join ... FAILED
[INFO] [stdout] test multi_stmt::tests::test_multi_statement ... ok
[INFO] [stdout] test ast::parser::tests::test_page_invalid - should panic ... ok
[INFO] [stdout] test ast::parser::tests::test_strict_column_fail - should panic ... ok
[INFO] [stdout] test ast::parser::tests::test_complex_query_with_join ... FAILED
[INFO] [stdout] test ast::parser::tests::test_simple_select_to_sql ... ok
[INFO] [stdout] test stmt_data::parser::tests::test_statement_with_method_prefix_no_space ... ok
[INFO] [stdout] test stmt_data::tests::test_csv_data ... ok
[INFO] [stdout] test ast::parser::tests::test_simple_select ... ok
[INFO] [stdout] test stmt_data::parser::tests::test_statement_with_method_prefix ... ok
[INFO] [stdout] 
[INFO] [stdout] failures:
[INFO] [stdout] 
[INFO] [stdout] ---- ast::parser::tests::test_complex_query stdout ----
[INFO] [stdout] SELECT name, age, class FROM person WHERE (age > 42 AND student = true) OR (gender = 'M' AND is_active = true) GROUP BY sum(age), grade, gender HAVING min(age) >= 42 ORDER BY age DESC, height ASC LIMIT 10 OFFSET 10
[INFO] [stdout] thread 'ast::parser::tests::test_complex_query' panicked at 'assertion failed: `(left == right)`
[INFO] [stdout]   left: `"SELECT name, age, class FROM person WHERE (age > 42 AND student = true) OR (gender = 'M' AND is_active = true) GROUP BY sum(age), grade, gender HAVING min(age) >= 42 ORDER BY age DESC, height ASC LIMIT 10 OFFSET 10"`,
[INFO] [stdout]  right: `"SELECT name, age, class FROM person WHERE (age > 42 AND student = true) OR (gender = 'M' AND is_active = true) GROUP BY sum(age), grade, gender HAVING min(age) >= 42 ORDER BY age DESC, height ASC LIMIT 10 OFFSET 10 ROWS"`', src/ast/parser/tests.rs:301:5
[INFO] [stdout] stack backtrace:
[INFO] [stdout]    0:     0x55723158fd00 - std::backtrace_rs::backtrace::libunwind::trace::h34055254b57d8e79
[INFO] [stdout]                                at /rustc/a178d0322ce20e33eac124758e837cbd80a6f633/library/std/src/../../backtrace/src/backtrace/libunwind.rs:90:5
[INFO] [stdout]    1:     0x55723158fd00 - std::backtrace_rs::backtrace::trace_unsynchronized::h8f1e3fbd9afff6ec
[INFO] [stdout]                                at /rustc/a178d0322ce20e33eac124758e837cbd80a6f633/library/std/src/../../backtrace/src/backtrace/mod.rs:66:5
[INFO] [stdout]    2:     0x55723158fd00 - std::sys_common::backtrace::_print_fmt::h3a99a796b770c360
[INFO] [stdout]                                at /rustc/a178d0322ce20e33eac124758e837cbd80a6f633/library/std/src/sys_common/backtrace.rs:67:5
[INFO] [stdout]    3:     0x55723158fd00 - <std::sys_common::backtrace::_print::DisplayBacktrace as core::fmt::Display>::fmt::h32d1f94a80615d18
[INFO] [stdout]                                at /rustc/a178d0322ce20e33eac124758e837cbd80a6f633/library/std/src/sys_common/backtrace.rs:46:22
[INFO] [stdout]    4:     0x5572315b420c - core::fmt::write::h306731c068f7162c
[INFO] [stdout]                                at /rustc/a178d0322ce20e33eac124758e837cbd80a6f633/library/core/src/fmt/mod.rs:1110:17
[INFO] [stdout]    5:     0x55723158bc75 - std::io::Write::write_fmt::h87f19b0a2cd190bc
[INFO] [stdout]                                at /rustc/a178d0322ce20e33eac124758e837cbd80a6f633/library/std/src/io/mod.rs:1588:15
[INFO] [stdout]    6:     0x557231591e6b - std::sys_common::backtrace::_print::h5abaa2601a852287
[INFO] [stdout]                                at /rustc/a178d0322ce20e33eac124758e837cbd80a6f633/library/std/src/sys_common/backtrace.rs:49:5
[INFO] [stdout]    7:     0x557231591e6b - std::sys_common::backtrace::print::h8d81445442bb638f
[INFO] [stdout]                                at /rustc/a178d0322ce20e33eac124758e837cbd80a6f633/library/std/src/sys_common/backtrace.rs:36:9
[INFO] [stdout]    8:     0x557231591e6b - std::panicking::default_hook::{{closure}}::hcfe804496a9fa747
[INFO] [stdout]                                at /rustc/a178d0322ce20e33eac124758e837cbd80a6f633/library/std/src/panicking.rs:208:50
[INFO] [stdout]    9:     0x55723159197c - std::panicking::default_hook::hbea8e3ccf2ba8901
[INFO] [stdout]                                at /rustc/a178d0322ce20e33eac124758e837cbd80a6f633/library/std/src/panicking.rs:222:9
[INFO] [stdout]   10:     0x557231592534 - std::panicking::rust_panic_with_hook::h7ee9e1a2d0f8975a
[INFO] [stdout]                                at /rustc/a178d0322ce20e33eac124758e837cbd80a6f633/library/std/src/panicking.rs:622:17
[INFO] [stdout]   11:     0x557231592017 - std::panicking::begin_panic_handler::{{closure}}::h8ab3b4491718b2c7
[INFO] [stdout]                                at /rustc/a178d0322ce20e33eac124758e837cbd80a6f633/library/std/src/panicking.rs:519:13
[INFO] [stdout]   12:     0x5572315901fc - std::sys_common::backtrace::__rust_end_short_backtrace::hd489062ffa586a9f
[INFO] [stdout]                                at /rustc/a178d0322ce20e33eac124758e837cbd80a6f633/library/std/src/sys_common/backtrace.rs:141:18
[INFO] [stdout]   13:     0x557231591f79 - rust_begin_unwind
[INFO] [stdout]                                at /rustc/a178d0322ce20e33eac124758e837cbd80a6f633/library/std/src/panicking.rs:515:5
[INFO] [stdout]   14:     0x55723135e6d1 - core::panicking::panic_fmt::hca6330e3e14086b4
[INFO] [stdout]                                at /rustc/a178d0322ce20e33eac124758e837cbd80a6f633/library/core/src/panicking.rs:92:14
[INFO] [stdout]   15:     0x5572315b22b8 - core::panicking::assert_failed_inner::h33b45280069a80ed
[INFO] [stdout]   16:     0x5572313e978e - core::panicking::assert_failed::ha562c051077282c8
[INFO] [stdout]                                at /rustc/a178d0322ce20e33eac124758e837cbd80a6f633/library/core/src/panicking.rs:117:5
[INFO] [stdout]   17:     0x5572313f452f - restq::ast::parser::tests::test_complex_query::hcaf760035449b7da
[INFO] [stdout]                                at /opt/rustwide/workdir/src/ast/parser/tests.rs:301:5
[INFO] [stdout]   18:     0x5572313f41ea - restq::ast::parser::tests::test_complex_query::{{closure}}::hce2cf145eebbfd96
[INFO] [stdout]                                at /opt/rustwide/workdir/src/ast/parser/tests.rs:296:1
[INFO] [stdout]   19:     0x5572313cefce - core::ops::function::FnOnce::call_once::hefa4999de69d1ae1
[INFO] [stdout]                                at /rustc/a178d0322ce20e33eac124758e837cbd80a6f633/library/core/src/ops/function.rs:227:5
[INFO] [stdout]   20:     0x5572314c8d83 - core::ops::function::FnOnce::call_once::h152e7e439ff59e19
[INFO] [stdout]                                at /rustc/a178d0322ce20e33eac124758e837cbd80a6f633/library/core/src/ops/function.rs:227:5
[INFO] [stdout]   21:     0x5572314c8d83 - test::__rust_begin_short_backtrace::h0908f3b1fdbb72ab
[INFO] [stdout]                                at /rustc/a178d0322ce20e33eac124758e837cbd80a6f633/library/test/src/lib.rs:577:5
[INFO] [stdout]   22:     0x5572314c7840 - <alloc::boxed::Box<F,A> as core::ops::function::FnOnce<Args>>::call_once::hf6d2a51e5587546c
[INFO] [stdout]                                at /rustc/a178d0322ce20e33eac124758e837cbd80a6f633/library/alloc/src/boxed.rs:1575:9
[INFO] [stdout]   23:     0x5572314c7840 - <std::panic::AssertUnwindSafe<F> as core::ops::function::FnOnce<()>>::call_once::h8af660f3a89ef593
[INFO] [stdout]                                at /rustc/a178d0322ce20e33eac124758e837cbd80a6f633/library/std/src/panic.rs:347:9
[INFO] [stdout]   24:     0x5572314c7840 - std::panicking::try::do_call::hd36aef60f84b6d36
[INFO] [stdout]                                at /rustc/a178d0322ce20e33eac124758e837cbd80a6f633/library/std/src/panicking.rs:401:40
[INFO] [stdout]   25:     0x5572314c7840 - std::panicking::try::h9932b4480e69817c
[INFO] [stdout]                                at /rustc/a178d0322ce20e33eac124758e837cbd80a6f633/library/std/src/panicking.rs:365:19
[INFO] [stdout]   26:     0x5572314c7840 - std::panic::catch_unwind::h6aa177099cfff5f8
[INFO] [stdout]                                at /rustc/a178d0322ce20e33eac124758e837cbd80a6f633/library/std/src/panic.rs:434:14
[INFO] [stdout]   27:     0x5572314c7840 - test::run_test_in_process::h5884d6f2d99e20c3
[INFO] [stdout]                                at /rustc/a178d0322ce20e33eac124758e837cbd80a6f633/library/test/src/lib.rs:600:18
[INFO] [stdout]   28:     0x5572314c7840 - test::run_test::run_test_inner::{{closure}}::h6fdc58c6d5f5b6e3
[INFO] [stdout]                                at /rustc/a178d0322ce20e33eac124758e837cbd80a6f633/library/test/src/lib.rs:492:39
[INFO] [stdout]   29:     0x5572314a0ef2 - test::run_test::run_test_inner::{{closure}}::h408365d67a78ade8
[INFO] [stdout]                                at /rustc/a178d0322ce20e33eac124758e837cbd80a6f633/library/test/src/lib.rs:519:37
[INFO] [stdout]   30:     0x5572314a0ef2 - std::sys_common::backtrace::__rust_begin_short_backtrace::hb560b77c4f701523
[INFO] [stdout]                                at /rustc/a178d0322ce20e33eac124758e837cbd80a6f633/library/std/src/sys_common/backtrace.rs:125:18
[INFO] [stdout]   31:     0x5572314a4aa8 - std::thread::Builder::spawn_unchecked::{{closure}}::{{closure}}::hf2e7831dad93c597
[INFO] [stdout]                                at /rustc/a178d0322ce20e33eac124758e837cbd80a6f633/library/std/src/thread/mod.rs:481:17
[INFO] [stdout]   32:     0x5572314a4aa8 - <std::panic::AssertUnwindSafe<F> as core::ops::function::FnOnce<()>>::call_once::hd2e08783d8be4d02
[INFO] [stdout]                                at /rustc/a178d0322ce20e33eac124758e837cbd80a6f633/library/std/src/panic.rs:347:9
[INFO] [stdout]   33:     0x5572314a4aa8 - std::panicking::try::do_call::h062597b7acfd6b82
[INFO] [stdout]                                at /rustc/a178d0322ce20e33eac124758e837cbd80a6f633/library/std/src/panicking.rs:401:40
[INFO] [stdout]   34:     0x5572314a4aa8 - std::panicking::try::h0d7b79db04c14552
[INFO] [stdout]                                at /rustc/a178d0322ce20e33eac124758e837cbd80a6f633/library/std/src/panicking.rs:365:19
[INFO] [stdout]   35:     0x5572314a4aa8 - std::panic::catch_unwind::hb01a0b5e7c8cd43b
[INFO] [stdout]                                at /rustc/a178d0322ce20e33eac124758e837cbd80a6f633/library/std/src/panic.rs:434:14
[INFO] [stdout]   36:     0x5572314a4aa8 - std::thread::Builder::spawn_unchecked::{{closure}}::h5bde48cc887e0d1e
[INFO] [stdout]                                at /rustc/a178d0322ce20e33eac124758e837cbd80a6f633/library/std/src/thread/mod.rs:480:30
[INFO] [stdout]   37:     0x5572314a4aa8 - core::ops::function::FnOnce::call_once{{vtable.shim}}::h745ea30807a29e55
[INFO] [stdout]                                at /rustc/a178d0322ce20e33eac124758e837cbd80a6f633/library/core/src/ops/function.rs:227:5
[INFO] [stdout]   38:     0x557231597027 - <alloc::boxed::Box<F,A> as core::ops::function::FnOnce<Args>>::call_once::h7ece6cfefaff1005
[INFO] [stdout]                                at /rustc/a178d0322ce20e33eac124758e837cbd80a6f633/library/alloc/src/boxed.rs:1575:9
[INFO] [stdout]   39:     0x557231597027 - <alloc::boxed::Box<F,A> as core::ops::function::FnOnce<Args>>::call_once::hb8b48e55c21f193e
[INFO] [stdout]                                at /rustc/a178d0322ce20e33eac124758e837cbd80a6f633/library/alloc/src/boxed.rs:1575:9
[INFO] [stdout]   40:     0x557231597027 - std::sys::unix::thread::Thread::new::thread_start::h8c7c4450dba62914
[INFO] [stdout]                                at /rustc/a178d0322ce20e33eac124758e837cbd80a6f633/library/std/src/sys/unix/thread.rs:71:17
[INFO] [stdout]   41:     0x7f58b9099609 - start_thread
[INFO] [stdout]   42:     0x7f58b8e6b293 - clone
[INFO] [stdout]   43:                0x0 - <unknown>
[INFO] [stdout] 
[INFO] [stdout] ---- ast::parser::tests::test_table_query_with_range_only stdout ----
[INFO] [stdout] SELECT * FROM person LIMIT 20 OFFSET 0
[INFO] [stdout] thread 'ast::parser::tests::test_table_query_with_range_only' panicked at 'assertion failed: `(left == right)`
[INFO] [stdout]   left: `"SELECT * FROM person LIMIT 20 OFFSET 0"`,
[INFO] [stdout]  right: `"SELECT * FROM person LIMIT 20 OFFSET 0 ROWS"`', src/ast/parser/tests.rs:288:5
[INFO] [stdout] stack backtrace:
[INFO] [stdout]    0:     0x55723158fd00 - std::backtrace_rs::backtrace::libunwind::trace::h34055254b57d8e79
[INFO] [stdout]                                at /rustc/a178d0322ce20e33eac124758e837cbd80a6f633/library/std/src/../../backtrace/src/backtrace/libunwind.rs:90:5
[INFO] [stdout]    1:     0x55723158fd00 - std::backtrace_rs::backtrace::trace_unsynchronized::h8f1e3fbd9afff6ec
[INFO] [stdout]                                at /rustc/a178d0322ce20e33eac124758e837cbd80a6f633/library/std/src/../../backtrace/src/backtrace/mod.rs:66:5
[INFO] [stdout]    2:     0x55723158fd00 - std::sys_common::backtrace::_print_fmt::h3a99a796b770c360
[INFO] [stdout]                                at /rustc/a178d0322ce20e33eac124758e837cbd80a6f633/library/std/src/sys_common/backtrace.rs:67:5
[INFO] [stdout]    3:     0x55723158fd00 - <std::sys_common::backtrace::_print::DisplayBacktrace as core::fmt::Display>::fmt::h32d1f94a80615d18
[INFO] [stdout]                                at /rustc/a178d0322ce20e33eac124758e837cbd80a6f633/library/std/src/sys_common/backtrace.rs:46:22
[INFO] [stdout]    4:     0x5572315b420c - core::fmt::write::h306731c068f7162c
[INFO] [stdout]                                at /rustc/a178d0322ce20e33eac124758e837cbd80a6f633/library/core/src/fmt/mod.rs:1110:17
[INFO] [stdout]    5:     0x55723158bc75 - std::io::Write::write_fmt::h87f19b0a2cd190bc
[INFO] [stdout]                                at /rustc/a178d0322ce20e33eac124758e837cbd80a6f633/library/std/src/io/mod.rs:1588:15
[INFO] [stdout]    6:     0x557231591e6b - std::sys_common::backtrace::_print::h5abaa2601a852287
[INFO] [stdout]                                at /rustc/a178d0322ce20e33eac124758e837cbd80a6f633/library/std/src/sys_common/backtrace.rs:49:5
[INFO] [stdout]    7:     0x557231591e6b - std::sys_common::backtrace::print::h8d81445442bb638f
[INFO] [stdout]                                at /rustc/a178d0322ce20e33eac124758e837cbd80a6f633/library/std/src/sys_common/backtrace.rs:36:9
[INFO] [stdout]    8:     0x557231591e6b - std::panicking::default_hook::{{closure}}::hcfe804496a9fa747
[INFO] [stdout]                                at /rustc/a178d0322ce20e33eac124758e837cbd80a6f633/library/std/src/panicking.rs:208:50
[INFO] [stdout]    9:     0x55723159197c - std::panicking::default_hook::hbea8e3ccf2ba8901
[INFO] [stdout]                                at /rustc/a178d0322ce20e33eac124758e837cbd80a6f633/library/std/src/panicking.rs:222:9
[INFO] [stdout]   10:     0x557231592534 - std::panicking::rust_panic_with_hook::h7ee9e1a2d0f8975a
[INFO] [stdout]                                at /rustc/a178d0322ce20e33eac124758e837cbd80a6f633/library/std/src/panicking.rs:622:17
[INFO] [stdout]   11:     0x557231592017 - std::panicking::begin_panic_handler::{{closure}}::h8ab3b4491718b2c7
[INFO] [stdout]                                at /rustc/a178d0322ce20e33eac124758e837cbd80a6f633/library/std/src/panicking.rs:519:13
[INFO] [stdout]   12:     0x5572315901fc - std::sys_common::backtrace::__rust_end_short_backtrace::hd489062ffa586a9f
[INFO] [stdout]                                at /rustc/a178d0322ce20e33eac124758e837cbd80a6f633/library/std/src/sys_common/backtrace.rs:141:18
[INFO] [stdout]   13:     0x557231591f79 - rust_begin_unwind
[INFO] [stdout]                                at /rustc/a178d0322ce20e33eac124758e837cbd80a6f633/library/std/src/panicking.rs:515:5
[INFO] [stdout]   14:     0x55723135e6d1 - core::panicking::panic_fmt::hca6330e3e14086b4
[INFO] [stdout]                                at /rustc/a178d0322ce20e33eac124758e837cbd80a6f633/library/core/src/panicking.rs:92:14
[INFO] [stdout]   15:     0x5572315b22b8 - core::panicking::assert_failed_inner::h33b45280069a80ed
[INFO] [stdout]   16:     0x5572313e978e - core::panicking::assert_failed::ha562c051077282c8
[INFO] [stdout]                                at /rustc/a178d0322ce20e33eac124758e837cbd80a6f633/library/core/src/panicking.rs:117:5
[INFO] [stdout]   17:     0x5572313f418f - restq::ast::parser::tests::test_table_query_with_range_only::hcdc99696d45bd468
[INFO] [stdout]                                at /opt/rustwide/workdir/src/ast/parser/tests.rs:288:5
[INFO] [stdout]   18:     0x5572313f3e4a - restq::ast::parser::tests::test_table_query_with_range_only::{{closure}}::h10c73465a661b516
[INFO] [stdout]                                at /opt/rustwide/workdir/src/ast/parser/tests.rs:283:1
[INFO] [stdout]   19:     0x5572313cb58e - core::ops::function::FnOnce::call_once::h95758dfbb6fc0754
[INFO] [stdout]                                at /rustc/a178d0322ce20e33eac124758e837cbd80a6f633/library/core/src/ops/function.rs:227:5
[INFO] [stdout]   20:     0x5572314c8d83 - core::ops::function::FnOnce::call_once::h152e7e439ff59e19
[INFO] [stdout]                                at /rustc/a178d0322ce20e33eac124758e837cbd80a6f633/library/core/src/ops/function.rs:227:5
[INFO] [stdout]   21:     0x5572314c8d83 - test::__rust_begin_short_backtrace::h0908f3b1fdbb72ab
[INFO] [stdout]                                at /rustc/a178d0322ce20e33eac124758e837cbd80a6f633/library/test/src/lib.rs:577:5
[INFO] [stdout]   22:     0x5572314c7840 - <alloc::boxed::Box<F,A> as core::ops::function::FnOnce<Args>>::call_once::hf6d2a51e5587546c
[INFO] [stdout]                                at /rustc/a178d0322ce20e33eac124758e837cbd80a6f633/library/alloc/src/boxed.rs:1575:9
[INFO] [stdout]   23:     0x5572314c7840 - <std::panic::AssertUnwindSafe<F> as core::ops::function::FnOnce<()>>::call_once::h8af660f3a89ef593
[INFO] [stdout]                                at /rustc/a178d0322ce20e33eac124758e837cbd80a6f633/library/std/src/panic.rs:347:9
[INFO] [stdout]   24:     0x5572314c7840 - std::panicking::try::do_call::hd36aef60f84b6d36
[INFO] [stdout]                                at /rustc/a178d0322ce20e33eac124758e837cbd80a6f633/library/std/src/panicking.rs:401:40
[INFO] [stdout]   25:     0x5572314c7840 - std::panicking::try::h9932b4480e69817c
[INFO] [stdout]                                at /rustc/a178d0322ce20e33eac124758e837cbd80a6f633/library/std/src/panicking.rs:365:19
[INFO] [stdout]   26:     0x5572314c7840 - std::panic::catch_unwind::h6aa177099cfff5f8
[INFO] [stdout]                                at /rustc/a178d0322ce20e33eac124758e837cbd80a6f633/library/std/src/panic.rs:434:14
[INFO] [stdout]   27:     0x5572314c7840 - test::run_test_in_process::h5884d6f2d99e20c3
[INFO] [stdout]                                at /rustc/a178d0322ce20e33eac124758e837cbd80a6f633/library/test/src/lib.rs:600:18
[INFO] [stdout]   28:     0x5572314c7840 - test::run_test::run_test_inner::{{closure}}::h6fdc58c6d5f5b6e3
[INFO] [stdout]                                at /rustc/a178d0322ce20e33eac124758e837cbd80a6f633/library/test/src/lib.rs:492:39
[INFO] [stdout]   29:     0x5572314a0ef2 - test::run_test::run_test_inner::{{closure}}::h408365d67a78ade8
[INFO] [stdout]                                at /rustc/a178d0322ce20e33eac124758e837cbd80a6f633/library/test/src/lib.rs:519:37
[INFO] [stdout]   30:     0x5572314a0ef2 - std::sys_common::backtrace::__rust_begin_short_backtrace::hb560b77c4f701523
[INFO] [stdout]                                at /rustc/a178d0322ce20e33eac124758e837cbd80a6f633/library/std/src/sys_common/backtrace.rs:125:18
[INFO] [stdout]   31:     0x5572314a4aa8 - std::thread::Builder::spawn_unchecked::{{closure}}::{{closure}}::hf2e7831dad93c597
[INFO] [stdout]                                at /rustc/a178d0322ce20e33eac124758e837cbd80a6f633/library/std/src/thread/mod.rs:481:17
[INFO] [stdout]   32:     0x5572314a4aa8 - <std::panic::AssertUnwindSafe<F> as core::ops::function::FnOnce<()>>::call_once::hd2e08783d8be4d02
[INFO] [stdout]                                at /rustc/a178d0322ce20e33eac124758e837cbd80a6f633/library/std/src/panic.rs:347:9
[INFO] [stdout]   33:     0x5572314a4aa8 - std::panicking::try::do_call::h062597b7acfd6b82
[INFO] [stdout]                                at /rustc/a178d0322ce20e33eac124758e837cbd80a6f633/library/std/src/panicking.rs:401:40
[INFO] [stdout]   34:     0x5572314a4aa8 - std::panicking::try::h0d7b79db04c14552
[INFO] [stdout]                                at /rustc/a178d0322ce20e33eac124758e837cbd80a6f633/library/std/src/panicking.rs:365:19
[INFO] [stdout]   35:     0x5572314a4aa8 - std::panic::catch_unwind::hb01a0b5e7c8cd43b
[INFO] [stdout]                                at /rustc/a178d0322ce20e33eac124758e837cbd80a6f633/library/std/src/panic.rs:434:14
[INFO] [stdout]   36:     0x5572314a4aa8 - std::thread::Builder::spawn_unchecked::{{closure}}::h5bde48cc887e0d1e
[INFO] [stdout]                                at /rustc/a178d0322ce20e33eac124758e837cbd80a6f633/library/std/src/thread/mod.rs:480:30
[INFO] [stdout]   37:     0x5572314a4aa8 - core::ops::function::FnOnce::call_once{{vtable.shim}}::h745ea30807a29e55
[INFO] [stdout]                                at /rustc/a178d0322ce20e33eac124758e837cbd80a6f633/library/core/src/ops/function.rs:227:5
[INFO] [stdout]   38:     0x557231597027 - <alloc::boxed::Box<F,A> as core::ops::function::FnOnce<Args>>::call_once::h7ece6cfefaff1005
[INFO] [stdout]                                at /rustc/a178d0322ce20e33eac124758e837cbd80a6f633/library/alloc/src/boxed.rs:1575:9
[INFO] [stdout]   39:     0x557231597027 - <alloc::boxed::Box<F,A> as core::ops::function::FnOnce<Args>>::call_once::hb8b48e55c21f193e
[INFO] [stdout]                                at /rustc/a178d0322ce20e33eac124758e837cbd80a6f633/library/alloc/src/boxed.rs:1575:9
[INFO] [stdout]   40:     0x557231597027 - std::sys::unix::thread::Thread::new::thread_start::h8c7c4450dba62914
[INFO] [stdout]                                at /rustc/a178d0322ce20e33eac124758e837cbd80a6f633/library/std/src/sys/unix/thread.rs:71:17
[INFO] [stdout]   41:     0x7f58b9099609 - start_thread
[INFO] [stdout]   42:     0x7f58b8e6b293 - clone
[INFO] [stdout]   43:                0x0 - <unknown>
[INFO] [stdout] 
[INFO] [stdout] ---- ast::parser::tests::test_complex_query_with_multiple_join_full_join stdout ----
[INFO] [stdout] ret: SELECT name, age, class FROM person RIGHT JOIN users ON users.person_id = person.id FULL JOIN student ON student.user_id = users.user_id WHERE (age > 42 AND student = true) OR (gender = 'M' AND is_active = true) GROUP BY sum(age), grade, gender HAVING min(age) >= 42 ORDER BY age DESC, height ASC LIMIT 10 OFFSET 10
[INFO] [stdout] thread 'ast::parser::tests::test_complex_query_with_multiple_join_full_join' panicked at 'assertion failed: `(left == right)`
[INFO] [stdout]   left: `"SELECT name, age, class FROM person RIGHT JOIN users ON users.person_id = person.id FULL JOIN student ON student.user_id = users.user_id WHERE (age > 42 AND student = true) OR (gender = 'M' AND is_active = true) GROUP BY sum(age), grade, gender HAVING min(age) >= 42 ORDER BY age DESC, height ASC LIMIT 10 OFFSET 10"`,
[INFO] [stdout]  right: `"SELECT name, age, class FROM person RIGHT JOIN users ON users.person_id = person.id FULL JOIN student ON student.user_id = users.user_id WHERE (age > 42 AND student = true) OR (gender = 'M' AND is_active = true) GROUP BY sum(age), grade, gender HAVING min(age) >= 42 ORDER BY age DESC, height ASC LIMIT 10 OFFSET 10 ROWS"`', src/ast/parser/tests.rs:548:5
[INFO] [stdout] stack backtrace:
[INFO] [stdout]    0:     0x55723158fd00 - std::backtrace_rs::backtrace::libunwind::trace::h34055254b57d8e79
[INFO] [stdout]                                at /rustc/a178d0322ce20e33eac124758e837cbd80a6f633/library/std/src/../../backtrace/src/backtrace/libunwind.rs:90:5
[INFO] [stdout]    1:     0x55723158fd00 - std::backtrace_rs::backtrace::trace_unsynchronized::h8f1e3fbd9afff6ec
[INFO] [stdout]                                at /rustc/a178d0322ce20e33eac124758e837cbd80a6f633/library/std/src/../../backtrace/src/backtrace/mod.rs:66:5
[INFO] [stdout]    2:     0x55723158fd00 - std::sys_common::backtrace::_print_fmt::h3a99a796b770c360
[INFO] [stdout]                                at /rustc/a178d0322ce20e33eac124758e837cbd80a6f633/library/std/src/sys_common/backtrace.rs:67:5
[INFO] [stdout]    3:     0x55723158fd00 - <std::sys_common::backtrace::_print::DisplayBacktrace as core::fmt::Display>::fmt::h32d1f94a80615d18
[INFO] [stdout]                                at /rustc/a178d0322ce20e33eac124758e837cbd80a6f633/library/std/src/sys_common/backtrace.rs:46:22
[INFO] [stdout]    4:     0x5572315b420c - core::fmt::write::h306731c068f7162c
[INFO] [stdout]                                at /rustc/a178d0322ce20e33eac124758e837cbd80a6f633/library/core/src/fmt/mod.rs:1110:17
[INFO] [stdout]    5:     0x55723158bc75 - std::io::Write::write_fmt::h87f19b0a2cd190bc
[INFO] [stdout]                                at /rustc/a178d0322ce20e33eac124758e837cbd80a6f633/library/std/src/io/mod.rs:1588:15
[INFO] [stdout]    6:     0x557231591e6b - std::sys_common::backtrace::_print::h5abaa2601a852287
[INFO] [stdout]                                at /rustc/a178d0322ce20e33eac124758e837cbd80a6f633/library/std/src/sys_common/backtrace.rs:49:5
[INFO] [stdout]    7:     0x557231591e6b - std::sys_common::backtrace::print::h8d81445442bb638f
[INFO] [stdout]                                at /rustc/a178d0322ce20e33eac124758e837cbd80a6f633/library/std/src/sys_common/backtrace.rs:36:9
[INFO] [stdout]    8:     0x557231591e6b - std::panicking::default_hook::{{closure}}::hcfe804496a9fa747
[INFO] [stdout]                                at /rustc/a178d0322ce20e33eac124758e837cbd80a6f633/library/std/src/panicking.rs:208:50
[INFO] [stdout]    9:     0x55723159197c - std::panicking::default_hook::hbea8e3ccf2ba8901
[INFO] [stdout]                                at /rustc/a178d0322ce20e33eac124758e837cbd80a6f633/library/std/src/panicking.rs:222:9
[INFO] [stdout]   10:     0x557231592534 - std::panicking::rust_panic_with_hook::h7ee9e1a2d0f8975a
[INFO] [stdout]                                at /rustc/a178d0322ce20e33eac124758e837cbd80a6f633/library/std/src/panicking.rs:622:17
[INFO] [stdout]   11:     0x557231592017 - std::panicking::begin_panic_handler::{{closure}}::h8ab3b4491718b2c7
[INFO] [stdout]                                at /rustc/a178d0322ce20e33eac124758e837cbd80a6f633/library/std/src/panicking.rs:519:13
[INFO] [stdout]   12:     0x5572315901fc - std::sys_common::backtrace::__rust_end_short_backtrace::hd489062ffa586a9f
[INFO] [stdout]                                at /rustc/a178d0322ce20e33eac124758e837cbd80a6f633/library/std/src/sys_common/backtrace.rs:141:18
[INFO] [stdout]   13:     0x557231591f79 - rust_begin_unwind
[INFO] [stdout]                                at /rustc/a178d0322ce20e33eac124758e837cbd80a6f633/library/std/src/panicking.rs:515:5
[INFO] [stdout]   14:     0x55723135e6d1 - core::panicking::panic_fmt::hca6330e3e14086b4
[INFO] [stdout]                                at /rustc/a178d0322ce20e33eac124758e837cbd80a6f633/library/core/src/panicking.rs:92:14
[INFO] [stdout]   15:     0x5572315b22b8 - core::panicking::assert_failed_inner::h33b45280069a80ed
[INFO] [stdout]   16:     0x5572313e978e - core::panicking::assert_failed::ha562c051077282c8
[INFO] [stdout]                                at /rustc/a178d0322ce20e33eac124758e837cbd80a6f633/library/core/src/panicking.rs:117:5
[INFO] [stdout]   17:     0x5572313f7617 - restq::ast::parser::tests::test_complex_query_with_multiple_join_full_join::h7f5ff523cd6000ce
[INFO] [stdout]                                at /opt/rustwide/workdir/src/ast/parser/tests.rs:548:5
[INFO] [stdout]   18:     0x5572313f642a - restq::ast::parser::tests::test_complex_query_with_multiple_join_full_join::{{closure}}::hf3d1851228e15614
[INFO] [stdout]                                at /opt/rustwide/workdir/src/ast/parser/tests.rs:467:1
[INFO] [stdout]   19:     0x5572313c89ee - core::ops::function::FnOnce::call_once::h5701f66436439007
[INFO] [stdout]                                at /rustc/a178d0322ce20e33eac124758e837cbd80a6f633/library/core/src/ops/function.rs:227:5
[INFO] [stdout]   20:     0x5572314c8d83 - core::ops::function::FnOnce::call_once::h152e7e439ff59e19
[INFO] [stdout]                                at /rustc/a178d0322ce20e33eac124758e837cbd80a6f633/library/core/src/ops/function.rs:227:5
[INFO] [stdout]   21:     0x5572314c8d83 - test::__rust_begin_short_backtrace::h0908f3b1fdbb72ab
[INFO] [stdout]                                at /rustc/a178d0322ce20e33eac124758e837cbd80a6f633/library/test/src/lib.rs:577:5
[INFO] [stdout]   22:     0x5572314c7840 - <alloc::boxed::Box<F,A> as core::ops::function::FnOnce<Args>>::call_once::hf6d2a51e5587546c
[INFO] [stdout]                                at /rustc/a178d0322ce20e33eac124758e837cbd80a6f633/library/alloc/src/boxed.rs:1575:9
[INFO] [stdout]   23:     0x5572314c7840 - <std::panic::AssertUnwindSafe<F> as core::ops::function::FnOnce<()>>::call_once::h8af660f3a89ef593
[INFO] [stdout]                                at /rustc/a178d0322ce20e33eac124758e837cbd80a6f633/library/std/src/panic.rs:347:9
[INFO] [stdout]   24:     0x5572314c7840 - std::panicking::try::do_call::hd36aef60f84b6d36
[INFO] [stdout]                                at /rustc/a178d0322ce20e33eac124758e837cbd80a6f633/library/std/src/panicking.rs:401:40
[INFO] [stdout]   25:     0x5572314c7840 - std::panicking::try::h9932b4480e69817c
[INFO] [stdout]                                at /rustc/a178d0322ce20e33eac124758e837cbd80a6f633/library/std/src/panicking.rs:365:19
[INFO] [stdout]   26:     0x5572314c7840 - std::panic::catch_unwind::h6aa177099cfff5f8
[INFO] [stdout]                                at /rustc/a178d0322ce20e33eac124758e837cbd80a6f633/library/std/src/panic.rs:434:14
[INFO] [stdout]   27:     0x5572314c7840 - test::run_test_in_process::h5884d6f2d99e20c3
[INFO] [stdout]                                at /rustc/a178d0322ce20e33eac124758e837cbd80a6f633/library/test/src/lib.rs:600:18
[INFO] [stdout]   28:     0x5572314c7840 - test::run_test::run_test_inner::{{closure}}::h6fdc58c6d5f5b6e3
[INFO] [stdout]                                at /rustc/a178d0322ce20e33eac124758e837cbd80a6f633/library/test/src/lib.rs:492:39
[INFO] [stdout]   29:     0x5572314a0ef2 - test::run_test::run_test_inner::{{closure}}::h408365d67a78ade8
[INFO] [stdout]                                at /rustc/a178d0322ce20e33eac124758e837cbd80a6f633/library/test/src/lib.rs:519:37
[INFO] [stdout]   30:     0x5572314a0ef2 - std::sys_common::backtrace::__rust_begin_short_backtrace::hb560b77c4f701523
[INFO] [stdout]                                at /rustc/a178d0322ce20e33eac124758e837cbd80a6f633/library/std/src/sys_common/backtrace.rs:125:18
[INFO] [stdout]   31:     0x5572314a4aa8 - std::thread::Builder::spawn_unchecked::{{closure}}::{{closure}}::hf2e7831dad93c597
[INFO] [stdout]                                at /rustc/a178d0322ce20e33eac124758e837cbd80a6f633/library/std/src/thread/mod.rs:481:17
[INFO] [stdout]   32:     0x5572314a4aa8 - <std::panic::AssertUnwindSafe<F> as core::ops::function::FnOnce<()>>::call_once::hd2e08783d8be4d02
[INFO] [stdout]                                at /rustc/a178d0322ce20e33eac124758e837cbd80a6f633/library/std/src/panic.rs:347:9
[INFO] [stdout]   33:     0x5572314a4aa8 - std::panicking::try::do_call::h062597b7acfd6b82
[INFO] [stdout]                                at /rustc/a178d0322ce20e33eac124758e837cbd80a6f633/library/std/src/panicking.rs:401:40
[INFO] [stdout]   34:     0x5572314a4aa8 - std::panicking::try::h0d7b79db04c14552
[INFO] [stdout]                                at /rustc/a178d0322ce20e33eac124758e837cbd80a6f633/library/std/src/panicking.rs:365:19
[INFO] [stdout]   35:     0x5572314a4aa8 - std::panic::catch_unwind::hb01a0b5e7c8cd43b
[INFO] [stdout]                                at /rustc/a178d0322ce20e33eac124758e837cbd80a6f633/library/std/src/panic.rs:434:14
[INFO] [stdout]   36:     0x5572314a4aa8 - std::thread::Builder::spawn_unchecked::{{closure}}::h5bde48cc887e0d1e
[INFO] [stdout]                                at /rustc/a178d0322ce20e33eac124758e837cbd80a6f633/library/std/src/thread/mod.rs:480:30
[INFO] [stdout]   37:     0x5572314a4aa8 - core::ops::function::FnOnce::call_once{{vtable.shim}}::h745ea30807a29e55
[INFO] [stdout]                                at /rustc/a178d0322ce20e33eac124758e837cbd80a6f633/library/core/src/ops/function.rs:227:5
[INFO] [stdout]   38:     0x557231597027 - <alloc::boxed::Box<F,A> as core::ops::function::FnOnce<Args>>::call_once::h7ece6cfefaff1005
[INFO] [stdout]                                at /rustc/a178d0322ce20e33eac124758e837cbd80a6f633/library/alloc/src/boxed.rs:1575:9
[INFO] [stdout]   39:     0x557231597027 - <alloc::boxed::Box<F,A> as core::ops::function::FnOnce<Args>>::call_once::hb8b48e55c21f193e
[INFO] [stdout]                                at /rustc/a178d0322ce20e33eac124758e837cbd80a6f633/library/alloc/src/boxed.rs:1575:9
[INFO] [stdout]   40:     0x557231597027 - std::sys::unix::thread::Thread::new::thread_start::h8c7c4450dba62914
[INFO] [stdout]                                at /rustc/a178d0322ce20e33eac124758e837cbd80a6f633/library/std/src/sys/unix/thread.rs:71:17
[INFO] [stdout]   41:     0x7f58b9099609 - start_thread
[INFO] [stdout]   42:     0x7f58b8e6b293 - clone
[INFO] [stdout]   43:                0x0 - <unknown>
[INFO] [stdout] 
[INFO] [stdout] ---- ast::parser::tests::test_complex_query_with_multiple_join stdout ----
[INFO] [stdout] ret: SELECT name, age, class FROM person RIGHT JOIN users ON users.person_id = person.id LEFT JOIN student ON student.user_id = users.user_id WHERE (age > 42 AND student = true) OR (gender = 'M' AND is_active = true) GROUP BY sum(age), grade, gender HAVING min(age) >= 42 ORDER BY age DESC, height ASC LIMIT 10 OFFSET 10
[INFO] [stdout] thread 'ast::parser::tests::test_complex_query_with_multiple_join' panicked at 'assertion failed: `(left == right)`
[INFO] [stdout]   left: `"SELECT name, age, class FROM person RIGHT JOIN users ON users.person_id = person.id LEFT JOIN student ON student.user_id = users.user_id WHERE (age > 42 AND student = true) OR (gender = 'M' AND is_active = true) GROUP BY sum(age), grade, gender HAVING min(age) >= 42 ORDER BY age DESC, height ASC LIMIT 10 OFFSET 10"`,
[INFO] [stdout]  right: `"SELECT name, age, class FROM person RIGHT JOIN users ON users.person_id = person.id LEFT JOIN student ON student.user_id = users.user_id WHERE (age > 42 AND student = true) OR (gender = 'M' AND is_active = true) GROUP BY sum(age), grade, gender HAVING min(age) >= 42 ORDER BY age DESC, height ASC LIMIT 10 OFFSET 10 ROWS"`', src/ast/parser/tests.rs:453:5
[INFO] [stdout] stack backtrace:
[INFO] [stdout]    0:     0x55723158fd00 - std::backtrace_rs::backtrace::libunwind::trace::h34055254b57d8e79
[INFO] [stdout]                                at /rustc/a178d0322ce20e33eac124758e837cbd80a6f633/library/std/src/../../backtrace/src/backtrace/libunwind.rs:90:5
[INFO] [stdout]    1:     0x55723158fd00 - std::backtrace_rs::backtrace::trace_unsynchronized::h8f1e3fbd9afff6ec
[INFO] [stdout]                                at /rustc/a178d0322ce20e33eac124758e837cbd80a6f633/library/std/src/../../backtrace/src/backtrace/mod.rs:66:5
[INFO] [stdout]    2:     0x55723158fd00 - std::sys_common::backtrace::_print_fmt::h3a99a796b770c360
[INFO] [stdout]                                at /rustc/a178d0322ce20e33eac124758e837cbd80a6f633/library/std/src/sys_common/backtrace.rs:67:5
[INFO] [stdout]    3:     0x55723158fd00 - <std::sys_common::backtrace::_print::DisplayBacktrace as core::fmt::Display>::fmt::h32d1f94a80615d18
[INFO] [stdout]                                at /rustc/a178d0322ce20e33eac124758e837cbd80a6f633/library/std/src/sys_common/backtrace.rs:46:22
[INFO] [stdout]    4:     0x5572315b420c - core::fmt::write::h306731c068f7162c
[INFO] [stdout]                                at /rustc/a178d0322ce20e33eac124758e837cbd80a6f633/library/core/src/fmt/mod.rs:1110:17
[INFO] [stdout]    5:     0x55723158bc75 - std::io::Write::write_fmt::h87f19b0a2cd190bc
[INFO] [stdout]                                at /rustc/a178d0322ce20e33eac124758e837cbd80a6f633/library/std/src/io/mod.rs:1588:15
[INFO] [stdout]    6:     0x557231591e6b - std::sys_common::backtrace::_print::h5abaa2601a852287
[INFO] [stdout]                                at /rustc/a178d0322ce20e33eac124758e837cbd80a6f633/library/std/src/sys_common/backtrace.rs:49:5
[INFO] [stdout]    7:     0x557231591e6b - std::sys_common::backtrace::print::h8d81445442bb638f
[INFO] [stdout]                                at /rustc/a178d0322ce20e33eac124758e837cbd80a6f633/library/std/src/sys_common/backtrace.rs:36:9
[INFO] [stdout]    8:     0x557231591e6b - std::panicking::default_hook::{{closure}}::hcfe804496a9fa747
[INFO] [stdout]                                at /rustc/a178d0322ce20e33eac124758e837cbd80a6f633/library/std/src/panicking.rs:208:50
[INFO] [stdout]    9:     0x55723159197c - std::panicking::default_hook::hbea8e3ccf2ba8901
[INFO] [stdout]                                at /rustc/a178d0322ce20e33eac124758e837cbd80a6f633/library/std/src/panicking.rs:222:9
[INFO] [stdout]   10:     0x557231592534 - std::panicking::rust_panic_with_hook::h7ee9e1a2d0f8975a
[INFO] [stdout]                                at /rustc/a178d0322ce20e33eac124758e837cbd80a6f633/library/std/src/panicking.rs:622:17
[INFO] [stdout]   11:     0x557231592017 - std::panicking::begin_panic_handler::{{closure}}::h8ab3b4491718b2c7
[INFO] [stderr] error: test failed, to rerun pass '--lib'
[INFO] [stdout]                                at /rustc/a178d0322ce20e33eac124758e837cbd80a6f633/library/std/src/panicking.rs:519:13
[INFO] [stdout]   12:     0x5572315901fc - std::sys_common::backtrace::__rust_end_short_backtrace::hd489062ffa586a9f
[INFO] [stdout]                                at /rustc/a178d0322ce20e33eac124758e837cbd80a6f633/library/std/src/sys_common/backtrace.rs:141:18
[INFO] [stdout]   13:     0x557231591f79 - rust_begin_unwind
[INFO] [stdout]                                at /rustc/a178d0322ce20e33eac124758e837cbd80a6f633/library/std/src/panicking.rs:515:5
[INFO] [stdout]   14:     0x55723135e6d1 - core::panicking::panic_fmt::hca6330e3e14086b4
[INFO] [stdout]                                at /rustc/a178d0322ce20e33eac124758e837cbd80a6f633/library/core/src/panicking.rs:92:14
[INFO] [stdout]   15:     0x5572315b22b8 - core::panicking::assert_failed_inner::h33b45280069a80ed
[INFO] [stdout]   16:     0x5572313e978e - core::panicking::assert_failed::ha562c051077282c8
[INFO] [stdout]                                at /rustc/a178d0322ce20e33eac124758e837cbd80a6f633/library/core/src/panicking.rs:117:5
[INFO] [stdout]   17:     0x5572313f6367 - restq::ast::parser::tests::test_complex_query_with_multiple_join::h5c696ede3e009b78
[INFO] [stdout]                                at /opt/rustwide/workdir/src/ast/parser/tests.rs:453:5
[INFO] [stdout]   18:     0x5572313f517a - restq::ast::parser::tests::test_complex_query_with_multiple_join::{{closure}}::hbd09f51e1c199f45
[INFO] [stdout]                                at /opt/rustwide/workdir/src/ast/parser/tests.rs:372:1
[INFO] [stdout]   19:     0x5572313cbace - core::ops::function::FnOnce::call_once::h9f61d5317ae36616
[INFO] [stdout]                                at /rustc/a178d0322ce20e33eac124758e837cbd80a6f633/library/core/src/ops/function.rs:227:5
[INFO] [stdout]   20:     0x5572314c8d83 - core::ops::function::FnOnce::call_once::h152e7e439ff59e19
[INFO] [stdout]                                at /rustc/a178d0322ce20e33eac124758e837cbd80a6f633/library/core/src/ops/function.rs:227:5
[INFO] [stdout]   21:     0x5572314c8d83 - test::__rust_begin_short_backtrace::h0908f3b1fdbb72ab
[INFO] [stdout]                                at /rustc/a178d0322ce20e33eac124758e837cbd80a6f633/library/test/src/lib.rs:577:5
[INFO] [stdout]   22:     0x5572314c7840 - <alloc::boxed::Box<F,A> as core::ops::function::FnOnce<Args>>::call_once::hf6d2a51e5587546c
[INFO] [stdout]                                at /rustc/a178d0322ce20e33eac124758e837cbd80a6f633/library/alloc/src/boxed.rs:1575:9
[INFO] [stdout]   23:     0x5572314c7840 - <std::panic::AssertUnwindSafe<F> as core::ops::function::FnOnce<()>>::call_once::h8af660f3a89ef593
[INFO] [stdout]                                at /rustc/a178d0322ce20e33eac124758e837cbd80a6f633/library/std/src/panic.rs:347:9
[INFO] [stdout]   24:     0x5572314c7840 - std::panicking::try::do_call::hd36aef60f84b6d36
[INFO] [stdout]                                at /rustc/a178d0322ce20e33eac124758e837cbd80a6f633/library/std/src/panicking.rs:401:40
[INFO] [stdout]   25:     0x5572314c7840 - std::panicking::try::h9932b4480e69817c
[INFO] [stdout]                                at /rustc/a178d0322ce20e33eac124758e837cbd80a6f633/library/std/src/panicking.rs:365:19
[INFO] [stdout]   26:     0x5572314c7840 - std::panic::catch_unwind::h6aa177099cfff5f8
[INFO] [stdout]                                at /rustc/a178d0322ce20e33eac124758e837cbd80a6f633/library/std/src/panic.rs:434:14
[INFO] [stdout]   27:     0x5572314c7840 - test::run_test_in_process::h5884d6f2d99e20c3
[INFO] [stdout]                                at /rustc/a178d0322ce20e33eac124758e837cbd80a6f633/library/test/src/lib.rs:600:18
[INFO] [stdout]   28:     0x5572314c7840 - test::run_test::run_test_inner::{{closure}}::h6fdc58c6d5f5b6e3
[INFO] [stdout]                                at /rustc/a178d0322ce20e33eac124758e837cbd80a6f633/library/test/src/lib.rs:492:39
[INFO] [stdout]   29:     0x5572314a0ef2 - test::run_test::run_test_inner::{{closure}}::h408365d67a78ade8
[INFO] [stdout]                                at /rustc/a178d0322ce20e33eac124758e837cbd80a6f633/library/test/src/lib.rs:519:37
[INFO] [stdout]   30:     0x5572314a0ef2 - std::sys_common::backtrace::__rust_begin_short_backtrace::hb560b77c4f701523
[INFO] [stdout]                                at /rustc/a178d0322ce20e33eac124758e837cbd80a6f633/library/std/src/sys_common/backtrace.rs:125:18
[INFO] [stdout]   31:     0x5572314a4aa8 - std::thread::Builder::spawn_unchecked::{{closure}}::{{closure}}::hf2e7831dad93c597
[INFO] [stdout]                                at /rustc/a178d0322ce20e33eac124758e837cbd80a6f633/library/std/src/thread/mod.rs:481:17
[INFO] [stdout]   32:     0x5572314a4aa8 - <std::panic::AssertUnwindSafe<F> as core::ops::function::FnOnce<()>>::call_once::hd2e08783d8be4d02
[INFO] [stdout]                                at /rustc/a178d0322ce20e33eac124758e837cbd80a6f633/library/std/src/panic.rs:347:9
[INFO] [stdout]   33:     0x5572314a4aa8 - std::panicking::try::do_call::h062597b7acfd6b82
[INFO] [stdout]                                at /rustc/a178d0322ce20e33eac124758e837cbd80a6f633/library/std/src/panicking.rs:401:40
[INFO] [stdout]   34:     0x5572314a4aa8 - std::panicking::try::h0d7b79db04c14552
[INFO] [stdout]                                at /rustc/a178d0322ce20e33eac124758e837cbd80a6f633/library/std/src/panicking.rs:365:19
[INFO] [stdout]   35:     0x5572314a4aa8 - std::panic::catch_unwind::hb01a0b5e7c8cd43b
[INFO] [stdout]                                at /rustc/a178d0322ce20e33eac124758e837cbd80a6f633/library/std/src/panic.rs:434:14
[INFO] [stdout]   36:     0x5572314a4aa8 - std::thread::Builder::spawn_unchecked::{{closure}}::h5bde48cc887e0d1e
[INFO] [stdout]                                at /rustc/a178d0322ce20e33eac124758e837cbd80a6f633/library/std/src/thread/mod.rs:480:30
[INFO] [stdout]   37:     0x5572314a4aa8 - core::ops::function::FnOnce::call_once{{vtable.shim}}::h745ea30807a29e55
[INFO] [stdout]                                at /rustc/a178d0322ce20e33eac124758e837cbd80a6f633/library/core/src/ops/function.rs:227:5
[INFO] [stdout]   38:     0x557231597027 - <alloc::boxed::Box<F,A> as core::ops::function::FnOnce<Args>>::call_once::h7ece6cfefaff1005
[INFO] [stdout]                                at /rustc/a178d0322ce20e33eac124758e837cbd80a6f633/library/alloc/src/boxed.rs:1575:9
[INFO] [stdout]   39:     0x557231597027 - <alloc::boxed::Box<F,A> as core::ops::function::FnOnce<Args>>::call_once::hb8b48e55c21f193e
[INFO] [stdout]                                at /rustc/a178d0322ce20e33eac124758e837cbd80a6f633/library/alloc/src/boxed.rs:1575:9
[INFO] [stdout]   40:     0x557231597027 - std::sys::unix::thread::Thread::new::thread_start::h8c7c4450dba62914
[INFO] [stdout]                                at /rustc/a178d0322ce20e33eac124758e837cbd80a6f633/library/std/src/sys/unix/thread.rs:71:17
[INFO] [stdout]   41:     0x7f58b9099609 - start_thread
[INFO] [stdout]   42:     0x7f58b8e6b293 - clone
[INFO] [stdout]   43:                0x0 - <unknown>
[INFO] [stdout] 
[INFO] [stdout] ---- ast::parser::tests::test_complex_query_with_join stdout ----
[INFO] [stdout] ret: SELECT name, age, class FROM person RIGHT JOIN users ON users.person_id = person.id WHERE (age > 42 AND student = true) OR (gender = 'M' AND is_active = true) GROUP BY sum(age), grade, gender HAVING min(age) >= 42 ORDER BY age DESC, height ASC LIMIT 10 OFFSET 10
[INFO] [stdout] thread 'ast::parser::tests::test_complex_query_with_join' panicked at 'assertion failed: `(left == right)`
[INFO] [stdout]   left: `"SELECT name, age, class FROM person RIGHT JOIN users ON users.person_id = person.id WHERE (age > 42 AND student = true) OR (gender = 'M' AND is_active = true) GROUP BY sum(age), grade, gender HAVING min(age) >= 42 ORDER BY age DESC, height ASC LIMIT 10 OFFSET 10"`,
[INFO] [stdout]  right: `"SELECT name, age, class FROM person RIGHT JOIN users ON users.person_id = person.id WHERE (age > 42 AND student = true) OR (gender = 'M' AND is_active = true) GROUP BY sum(age), grade, gender HAVING min(age) >= 42 ORDER BY age DESC, height ASC LIMIT 10 OFFSET 10 ROWS"`', src/ast/parser/tests.rs:359:5
[INFO] [stdout] stack backtrace:
[INFO] [stdout]    0:     0x55723158fd00 - std::backtrace_rs::backtrace::libunwind::trace::h34055254b57d8e79
[INFO] [stdout]                                at /rustc/a178d0322ce20e33eac124758e837cbd80a6f633/library/std/src/../../backtrace/src/backtrace/libunwind.rs:90:5
[INFO] [stdout]    1:     0x55723158fd00 - std::backtrace_rs::backtrace::trace_unsynchronized::h8f1e3fbd9afff6ec
[INFO] [stdout]                                at /rustc/a178d0322ce20e33eac124758e837cbd80a6f633/library/std/src/../../backtrace/src/backtrace/mod.rs:66:5
[INFO] [stdout]    2:     0x55723158fd00 - std::sys_common::backtrace::_print_fmt::h3a99a796b770c360
[INFO] [stdout]                                at /rustc/a178d0322ce20e33eac124758e837cbd80a6f633/library/std/src/sys_common/backtrace.rs:67:5
[INFO] [stdout]    3:     0x55723158fd00 - <std::sys_common::backtrace::_print::DisplayBacktrace as core::fmt::Display>::fmt::h32d1f94a80615d18
[INFO] [stdout]                                at /rustc/a178d0322ce20e33eac124758e837cbd80a6f633/library/std/src/sys_common/backtrace.rs:46:22
[INFO] [stdout]    4:     0x5572315b420c - core::fmt::write::h306731c068f7162c
[INFO] [stdout]                                at /rustc/a178d0322ce20e33eac124758e837cbd80a6f633/library/core/src/fmt/mod.rs:1110:17
[INFO] [stdout]    5:     0x55723158bc75 - std::io::Write::write_fmt::h87f19b0a2cd190bc
[INFO] [stdout]                                at /rustc/a178d0322ce20e33eac124758e837cbd80a6f633/library/std/src/io/mod.rs:1588:15
[INFO] [stdout]    6:     0x557231591e6b - std::sys_common::backtrace::_print::h5abaa2601a852287
[INFO] [stdout]                                at /rustc/a178d0322ce20e33eac124758e837cbd80a6f633/library/std/src/sys_common/backtrace.rs:49:5
[INFO] [stdout]    7:     0x557231591e6b - std::sys_common::backtrace::print::h8d81445442bb638f
[INFO] [stdout]                                at /rustc/a178d0322ce20e33eac124758e837cbd80a6f633/library/std/src/sys_common/backtrace.rs:36:9
[INFO] [stdout]    8:     0x557231591e6b - std::panicking::default_hook::{{closure}}::hcfe804496a9fa747
[INFO] [stdout]                                at /rustc/a178d0322ce20e33eac124758e837cbd80a6f633/library/std/src/panicking.rs:208:50
[INFO] [stdout]    9:     0x55723159197c - std::panicking::default_hook::hbea8e3ccf2ba8901
[INFO] [stdout]                                at /rustc/a178d0322ce20e33eac124758e837cbd80a6f633/library/std/src/panicking.rs:222:9
[INFO] [stdout]   10:     0x557231592534 - std::panicking::rust_panic_with_hook::h7ee9e1a2d0f8975a
[INFO] [stdout]                                at /rustc/a178d0322ce20e33eac124758e837cbd80a6f633/library/std/src/panicking.rs:622:17
[INFO] [stdout]   11:     0x557231592017 - std::panicking::begin_panic_handler::{{closure}}::h8ab3b4491718b2c7
[INFO] [stdout]                                at /rustc/a178d0322ce20e33eac124758e837cbd80a6f633/library/std/src/panicking.rs:519:13
[INFO] [stdout]   12:     0x5572315901fc - std::sys_common::backtrace::__rust_end_short_backtrace::hd489062ffa586a9f
[INFO] [stdout]                                at /rustc/a178d0322ce20e33eac124758e837cbd80a6f633/library/std/src/sys_common/backtrace.rs:141:18
[INFO] [stdout]   13:     0x557231591f79 - rust_begin_unwind
[INFO] [stdout]                                at /rustc/a178d0322ce20e33eac124758e837cbd80a6f633/library/std/src/panicking.rs:515:5
[INFO] [stdout]   14:     0x55723135e6d1 - core::panicking::panic_fmt::hca6330e3e14086b4
[INFO] [stdout]                                at /rustc/a178d0322ce20e33eac124758e837cbd80a6f633/library/core/src/panicking.rs:92:14
[INFO] [stdout]   15:     0x5572315b22b8 - core::panicking::assert_failed_inner::h33b45280069a80ed
[INFO] [stdout]   16:     0x5572313e978e - core::panicking::assert_failed::ha562c051077282c8
[INFO] [stdout]                                at /rustc/a178d0322ce20e33eac124758e837cbd80a6f633/library/core/src/panicking.rs:117:5
[INFO] [stdout]   17:     0x5572313f50e3 - restq::ast::parser::tests::test_complex_query_with_join::h76f6d598569febbe
[INFO] [stdout]                                at /opt/rustwide/workdir/src/ast/parser/tests.rs:359:5
[INFO] [stdout]   18:     0x5572313f458a - restq::ast::parser::tests::test_complex_query_with_join::{{closure}}::hcd4ed328bcf8ade5
[INFO] [stdout]                                at /opt/rustwide/workdir/src/ast/parser/tests.rs:312:1
[INFO] [stdout]   19:     0x5572313cc51e - core::ops::function::FnOnce::call_once::hacf684e151deaf85
[INFO] [stdout]                                at /rustc/a178d0322ce20e33eac124758e837cbd80a6f633/library/core/src/ops/function.rs:227:5
[INFO] [stdout]   20:     0x5572314c8d83 - core::ops::function::FnOnce::call_once::h152e7e439ff59e19
[INFO] [stdout]                                at /rustc/a178d0322ce20e33eac124758e837cbd80a6f633/library/core/src/ops/function.rs:227:5
[INFO] [stdout]   21:     0x5572314c8d83 - test::__rust_begin_short_backtrace::h0908f3b1fdbb72ab
[INFO] [stdout]                                at /rustc/a178d0322ce20e33eac124758e837cbd80a6f633/library/test/src/lib.rs:577:5
[INFO] [stdout]   22:     0x5572314c7840 - <alloc::boxed::Box<F,A> as core::ops::function::FnOnce<Args>>::call_once::hf6d2a51e5587546c
[INFO] [stdout]                                at /rustc/a178d0322ce20e33eac124758e837cbd80a6f633/library/alloc/src/boxed.rs:1575:9
[INFO] [stdout]   23:     0x5572314c7840 - <std::panic::AssertUnwindSafe<F> as core::ops::function::FnOnce<()>>::call_once::h8af660f3a89ef593
[INFO] [stdout]                                at /rustc/a178d0322ce20e33eac124758e837cbd80a6f633/library/std/src/panic.rs:347:9
[INFO] [stdout]   24:     0x5572314c7840 - std::panicking::try::do_call::hd36aef60f84b6d36
[INFO] [stdout]                                at /rustc/a178d0322ce20e33eac124758e837cbd80a6f633/library/std/src/panicking.rs:401:40
[INFO] [stdout]   25:     0x5572314c7840 - std::panicking::try::h9932b4480e69817c
[INFO] [stdout]                                at /rustc/a178d0322ce20e33eac124758e837cbd80a6f633/library/std/src/panicking.rs:365:19
[INFO] [stdout]   26:     0x5572314c7840 - std::panic::catch_unwind::h6aa177099cfff5f8
[INFO] [stdout]                                at /rustc/a178d0322ce20e33eac124758e837cbd80a6f633/library/std/src/panic.rs:434:14
[INFO] [stdout]   27:     0x5572314c7840 - test::run_test_in_process::h5884d6f2d99e20c3
[INFO] [stdout]                                at /rustc/a178d0322ce20e33eac124758e837cbd80a6f633/library/test/src/lib.rs:600:18
[INFO] [stdout]   28:     0x5572314c7840 - test::run_test::run_test_inner::{{closure}}::h6fdc58c6d5f5b6e3
[INFO] [stdout]                                at /rustc/a178d0322ce20e33eac124758e837cbd80a6f633/library/test/src/lib.rs:492:39
[INFO] [stdout]   29:     0x5572314a0ef2 - test::run_test::run_test_inner::{{closure}}::h408365d67a78ade8
[INFO] [stdout]                                at /rustc/a178d0322ce20e33eac124758e837cbd80a6f633/library/test/src/lib.rs:519:37
[INFO] [stdout]   30:     0x5572314a0ef2 - std::sys_common::backtrace::__rust_begin_short_backtrace::hb560b77c4f701523
[INFO] [stdout]                                at /rustc/a178d0322ce20e33eac124758e837cbd80a6f633/library/std/src/sys_common/backtrace.rs:125:18
[INFO] [stdout]   31:     0x5572314a4aa8 - std::thread::Builder::spawn_unchecked::{{closure}}::{{closure}}::hf2e7831dad93c597
[INFO] [stdout]                                at /rustc/a178d0322ce20e33eac124758e837cbd80a6f633/library/std/src/thread/mod.rs:481:17
[INFO] [stdout]   32:     0x5572314a4aa8 - <std::panic::AssertUnwindSafe<F> as core::ops::function::FnOnce<()>>::call_once::hd2e08783d8be4d02
[INFO] [stdout]                                at /rustc/a178d0322ce20e33eac124758e837cbd80a6f633/library/std/src/panic.rs:347:9
[INFO] [stdout]   33:     0x5572314a4aa8 - std::panicking::try::do_call::h062597b7acfd6b82
[INFO] [stdout]                                at /rustc/a178d0322ce20e33eac124758e837cbd80a6f633/library/std/src/panicking.rs:401:40
[INFO] [stdout]   34:     0x5572314a4aa8 - std::panicking::try::h0d7b79db04c14552
[INFO] [stdout]                                at /rustc/a178d0322ce20e33eac124758e837cbd80a6f633/library/std/src/panicking.rs:365:19
[INFO] [stdout]   35:     0x5572314a4aa8 - std::panic::catch_unwind::hb01a0b5e7c8cd43b
[INFO] [stdout]                                at /rustc/a178d0322ce20e33eac124758e837cbd80a6f633/library/std/src/panic.rs:434:14
[INFO] [stdout]   36:     0x5572314a4aa8 - std::thread::Builder::spawn_unchecked::{{closure}}::h5bde48cc887e0d1e
[INFO] [stdout]                                at /rustc/a178d0322ce20e33eac124758e837cbd80a6f633/library/std/src/thread/mod.rs:480:30
[INFO] [stdout]   37:     0x5572314a4aa8 - core::ops::function::FnOnce::call_once{{vtable.shim}}::h745ea30807a29e55
[INFO] [stdout]                                at /rustc/a178d0322ce20e33eac124758e837cbd80a6f633/library/core/src/ops/function.rs:227:5
[INFO] [stdout]   38:     0x557231597027 - <alloc::boxed::Box<F,A> as core::ops::function::FnOnce<Args>>::call_once::h7ece6cfefaff1005
[INFO] [stdout]                                at /rustc/a178d0322ce20e33eac124758e837cbd80a6f633/library/alloc/src/boxed.rs:1575:9
[INFO] [stdout]   39:     0x557231597027 - <alloc::boxed::Box<F,A> as core::ops::function::FnOnce<Args>>::call_once::hb8b48e55c21f193e
[INFO] [stdout]                                at /rustc/a178d0322ce20e33eac124758e837cbd80a6f633/library/alloc/src/boxed.rs:1575:9
[INFO] [stdout]   40:     0x557231597027 - std::sys::unix::thread::Thread::new::thread_start::h8c7c4450dba62914
[INFO] [stdout]                                at /rustc/a178d0322ce20e33eac124758e837cbd80a6f633/library/std/src/sys/unix/thread.rs:71:17
[INFO] [stdout]   41:     0x7f58b9099609 - start_thread
[INFO] [stdout]   42:     0x7f58b8e6b293 - clone
[INFO] [stdout]   43:                0x0 - <unknown>
[INFO] [stdout] 
[INFO] [stdout] 
[INFO] [stdout] failures:
[INFO] [stdout]     ast::parser::tests::test_complex_query
[INFO] [stdout]     ast::parser::tests::test_complex_query_with_join
[INFO] [stdout]     ast::parser::tests::test_complex_query_with_multiple_join
[INFO] [stdout]     ast::parser::tests::test_complex_query_with_multiple_join_full_join
[INFO] [stdout]     ast::parser::tests::test_table_query_with_range_only
[INFO] [stdout] 
[INFO] [stdout] test result: FAILED. 114 passed; 5 failed; 0 ignored; 0 measured; 0 filtered out; finished in 0.22s
[INFO] [stdout] 
[INFO] running `Command { std: "docker" "inspect" "9637fed969304d46fb7d9eee617902a6ddc62e5d18d91aa6199b0ebd87184d9f", kill_on_drop: false }`
[INFO] running `Command { std: "docker" "rm" "-f" "9637fed969304d46fb7d9eee617902a6ddc62e5d18d91aa6199b0ebd87184d9f", kill_on_drop: false }`
[INFO] [stdout] 9637fed969304d46fb7d9eee617902a6ddc62e5d18d91aa6199b0ebd87184d9f
