[INFO] fetching crate restq-http 0.5.0...
[INFO] testing restq-http-0.5.0 against beta-2021-08-01 for beta-1.55-1
[INFO] extracting crate restq-http 0.5.0 into /workspace/builds/worker-118/source
[INFO] validating manifest of crates.io crate restq-http 0.5.0 on toolchain beta-2021-08-01
[INFO] running `Command { std: "/workspace/cargo-home/bin/cargo" "+beta-2021-08-01" "metadata" "--manifest-path" "Cargo.toml" "--no-deps", kill_on_drop: false }`
[INFO] started tweaking crates.io crate restq-http 0.5.0
[INFO] finished tweaking crates.io crate restq-http 0.5.0
[INFO] tweaked toml for crates.io crate restq-http 0.5.0 written to /workspace/builds/worker-118/source/Cargo.toml
[INFO] running `Command { std: "/workspace/cargo-home/bin/cargo" "+beta-2021-08-01" "generate-lockfile" "--manifest-path" "Cargo.toml" "-Zno-index-update", kill_on_drop: false }`
[INFO] running `Command { std: "/workspace/cargo-home/bin/cargo" "+beta-2021-08-01" "fetch" "--manifest-path" "Cargo.toml", kill_on_drop: false }`
[INFO] [stderr]     Blocking waiting for file lock on package cache
[INFO] [stderr]     Blocking waiting for file lock on package cache
[INFO] [stderr]  Downloading crates ...
[INFO] [stderr]   Downloaded pom v3.2.0
[INFO] [stderr]   Downloaded sql-ast v0.7.5
[INFO] [stderr]   Downloaded uuid v0.8.2
[INFO] [stderr]   Downloaded restq v0.5.0
[INFO] running `Command { std: "docker" "create" "-v" "/var/lib/crater-agent-workspace/builds/worker-118/target:/opt/rustwide/target:rw,Z" "-v" "/var/lib/crater-agent-workspace/builds/worker-118/source:/opt/rustwide/workdir:ro,Z" "-v" "/var/lib/crater-agent-workspace/cargo-home:/opt/rustwide/cargo-home:ro,Z" "-v" "/var/lib/crater-agent-workspace/rustup-home:/opt/rustwide/rustup-home:ro,Z" "-e" "SOURCE_DIR=/opt/rustwide/workdir" "-e" "CARGO_TARGET_DIR=/opt/rustwide/target" "-e" "CARGO_HOME=/opt/rustwide/cargo-home" "-e" "RUSTUP_HOME=/opt/rustwide/rustup-home" "-w" "/opt/rustwide/workdir" "-m" "1610612736" "--user" "0:0" "--network" "none" "ghcr.io/rust-lang/crates-build-env/linux@sha256:34b6a614d2c27851fe6cbf88fbd1137609cefab8b10d0615aaeb6fd47975d74e" "/opt/rustwide/cargo-home/bin/cargo" "+beta-2021-08-01" "metadata" "--no-deps" "--format-version=1", kill_on_drop: false }`
[INFO] [stdout] ff453c7df809bc654946db55fc51ddf3ce893d20919289b384d59d0a7e39689b
[INFO] running `Command { std: "docker" "start" "-a" "ff453c7df809bc654946db55fc51ddf3ce893d20919289b384d59d0a7e39689b", kill_on_drop: false }`
[INFO] running `Command { std: "docker" "inspect" "ff453c7df809bc654946db55fc51ddf3ce893d20919289b384d59d0a7e39689b", kill_on_drop: false }`
[INFO] running `Command { std: "docker" "rm" "-f" "ff453c7df809bc654946db55fc51ddf3ce893d20919289b384d59d0a7e39689b", kill_on_drop: false }`
[INFO] [stdout] ff453c7df809bc654946db55fc51ddf3ce893d20919289b384d59d0a7e39689b
[INFO] running `Command { std: "docker" "create" "-v" "/var/lib/crater-agent-workspace/builds/worker-118/target:/opt/rustwide/target:rw,Z" "-v" "/var/lib/crater-agent-workspace/builds/worker-118/source:/opt/rustwide/workdir:ro,Z" "-v" "/var/lib/crater-agent-workspace/cargo-home:/opt/rustwide/cargo-home:ro,Z" "-v" "/var/lib/crater-agent-workspace/rustup-home:/opt/rustwide/rustup-home:ro,Z" "-e" "SOURCE_DIR=/opt/rustwide/workdir" "-e" "CARGO_TARGET_DIR=/opt/rustwide/target" "-e" "CARGO_INCREMENTAL=0" "-e" "RUST_BACKTRACE=full" "-e" "RUSTFLAGS=--cap-lints=warn" "-e" "CARGO_HOME=/opt/rustwide/cargo-home" "-e" "RUSTUP_HOME=/opt/rustwide/rustup-home" "-w" "/opt/rustwide/workdir" "-m" "1610612736" "--user" "0:0" "--network" "none" "ghcr.io/rust-lang/crates-build-env/linux@sha256:34b6a614d2c27851fe6cbf88fbd1137609cefab8b10d0615aaeb6fd47975d74e" "/opt/rustwide/cargo-home/bin/cargo" "+beta-2021-08-01" "build" "--frozen" "--message-format=json", kill_on_drop: false }`
[INFO] [stdout] 016df5e05eed651370e9881fd1d0a4e7c44e6738f983c320be82fc99c55e4d83
[INFO] running `Command { std: "docker" "start" "-a" "016df5e05eed651370e9881fd1d0a4e7c44e6738f983c320be82fc99c55e4d83", kill_on_drop: false }`
[INFO] [stderr]    Compiling memchr v2.4.0
[INFO] [stderr]    Compiling serde v1.0.127
[INFO] [stderr]    Compiling syn v1.0.74
[INFO] [stderr]    Compiling log v0.4.14
[INFO] [stderr]    Compiling itoa v0.4.7
[INFO] [stderr]    Compiling regex-automata v0.1.10
[INFO] [stderr]    Compiling pom v3.2.0
[INFO] [stderr]    Compiling either v1.6.1
[INFO] [stderr]    Compiling bytes v1.0.1
[INFO] [stderr]    Compiling num-traits v0.2.14
[INFO] [stderr]    Compiling num-integer v0.1.44
[INFO] [stderr]    Compiling form_urlencoded v1.0.1
[INFO] [stderr]    Compiling getrandom v0.2.3
[INFO] [stderr]    Compiling idna v0.2.3
[INFO] [stderr]    Compiling time v0.1.43
[INFO] [stderr]    Compiling uuid v0.8.2
[INFO] [stderr]    Compiling sql-ast v0.7.5
[INFO] [stderr]    Compiling http v0.2.4
[INFO] [stderr]    Compiling url v2.2.2
[INFO] [stderr]    Compiling csv-core v0.1.10
[INFO] [stderr]    Compiling chrono v0.4.19
[INFO] [stderr]    Compiling bstr v0.2.16
[INFO] [stderr]    Compiling csv v1.1.6
[INFO] [stderr]    Compiling thiserror-impl v1.0.26
[INFO] [stderr]    Compiling thiserror v1.0.26
[INFO] [stderr]    Compiling restq v0.5.0
[INFO] [stderr]    Compiling restq-http v0.5.0 (/opt/rustwide/workdir)
[INFO] [stderr]     Finished dev [unoptimized + debuginfo] target(s) in 13.03s
[INFO] running `Command { std: "docker" "inspect" "016df5e05eed651370e9881fd1d0a4e7c44e6738f983c320be82fc99c55e4d83", kill_on_drop: false }`
[INFO] running `Command { std: "docker" "rm" "-f" "016df5e05eed651370e9881fd1d0a4e7c44e6738f983c320be82fc99c55e4d83", kill_on_drop: false }`
[INFO] [stdout] 016df5e05eed651370e9881fd1d0a4e7c44e6738f983c320be82fc99c55e4d83
[INFO] running `Command { std: "docker" "create" "-v" "/var/lib/crater-agent-workspace/builds/worker-118/target:/opt/rustwide/target:rw,Z" "-v" "/var/lib/crater-agent-workspace/builds/worker-118/source:/opt/rustwide/workdir:ro,Z" "-v" "/var/lib/crater-agent-workspace/cargo-home:/opt/rustwide/cargo-home:ro,Z" "-v" "/var/lib/crater-agent-workspace/rustup-home:/opt/rustwide/rustup-home:ro,Z" "-e" "SOURCE_DIR=/opt/rustwide/workdir" "-e" "CARGO_TARGET_DIR=/opt/rustwide/target" "-e" "CARGO_INCREMENTAL=0" "-e" "RUST_BACKTRACE=full" "-e" "RUSTFLAGS=--cap-lints=warn" "-e" "CARGO_HOME=/opt/rustwide/cargo-home" "-e" "RUSTUP_HOME=/opt/rustwide/rustup-home" "-w" "/opt/rustwide/workdir" "-m" "1610612736" "--user" "0:0" "--network" "none" "ghcr.io/rust-lang/crates-build-env/linux@sha256:34b6a614d2c27851fe6cbf88fbd1137609cefab8b10d0615aaeb6fd47975d74e" "/opt/rustwide/cargo-home/bin/cargo" "+beta-2021-08-01" "test" "--frozen" "--no-run" "--message-format=json", kill_on_drop: false }`
[INFO] [stdout] 3337c5cb3895671763c2a7ad9cdd7ad332e9236d52c1030a6223fafbc5a4c047
[INFO] running `Command { std: "docker" "start" "-a" "3337c5cb3895671763c2a7ad9cdd7ad332e9236d52c1030a6223fafbc5a4c047", kill_on_drop: false }`
[INFO] [stderr]    Compiling restq-http v0.5.0 (/opt/rustwide/workdir)
[INFO] [stderr]     Finished test [unoptimized + debuginfo] target(s) in 2.26s
[INFO] running `Command { std: "docker" "inspect" "3337c5cb3895671763c2a7ad9cdd7ad332e9236d52c1030a6223fafbc5a4c047", kill_on_drop: false }`
[INFO] running `Command { std: "docker" "rm" "-f" "3337c5cb3895671763c2a7ad9cdd7ad332e9236d52c1030a6223fafbc5a4c047", kill_on_drop: false }`
[INFO] [stdout] 3337c5cb3895671763c2a7ad9cdd7ad332e9236d52c1030a6223fafbc5a4c047
[INFO] running `Command { std: "docker" "create" "-v" "/var/lib/crater-agent-workspace/builds/worker-118/target:/opt/rustwide/target:rw,Z" "-v" "/var/lib/crater-agent-workspace/builds/worker-118/source:/opt/rustwide/workdir:ro,Z" "-v" "/var/lib/crater-agent-workspace/cargo-home:/opt/rustwide/cargo-home:ro,Z" "-v" "/var/lib/crater-agent-workspace/rustup-home:/opt/rustwide/rustup-home:ro,Z" "-e" "SOURCE_DIR=/opt/rustwide/workdir" "-e" "CARGO_TARGET_DIR=/opt/rustwide/target" "-e" "CARGO_INCREMENTAL=0" "-e" "RUST_BACKTRACE=full" "-e" "RUSTFLAGS=--cap-lints=warn" "-e" "CARGO_HOME=/opt/rustwide/cargo-home" "-e" "RUSTUP_HOME=/opt/rustwide/rustup-home" "-w" "/opt/rustwide/workdir" "-m" "1610612736" "--user" "0:0" "--network" "none" "ghcr.io/rust-lang/crates-build-env/linux@sha256:34b6a614d2c27851fe6cbf88fbd1137609cefab8b10d0615aaeb6fd47975d74e" "/opt/rustwide/cargo-home/bin/cargo" "+beta-2021-08-01" "test" "--frozen", kill_on_drop: false }`
[INFO] [stdout] 5a92f0913c6b5453bb828ee33c81ff98baea875e59aaa0c51a00dd5afe5f8866
[INFO] running `Command { std: "docker" "start" "-a" "5a92f0913c6b5453bb828ee33c81ff98baea875e59aaa0c51a00dd5afe5f8866", kill_on_drop: false }`
[INFO] [stderr]     Finished test [unoptimized + debuginfo] target(s) in 0.06s
[INFO] [stderr]      Running unittests (/opt/rustwide/target/debug/deps/restq_http-edfe9d4910b3b0f9)
[INFO] [stdout] 
[INFO] [stdout] running 2 tests
[INFO] [stdout] test tests::test_parse_create_statement ... ok
[INFO] [stderr] error: test failed, to rerun pass '--lib'
[INFO] [stdout] test tests::test_parse_select_statement ... FAILED
[INFO] [stdout] 
[INFO] [stdout] failures:
[INFO] [stdout] 
[INFO] [stdout] ---- tests::test_parse_select_statement stdout ----
[INFO] [stdout] url_with_body: GET /person-^^-users(name,age,class)?(age=gt.42&student=eq.true)|(gender=eq.`M`&is_active=true)&group_by=sum(age),grade,gender&having=min(age)=gte.42&order_by=age.desc,height.asc&page=2&page_size=10
[INFO] [stdout] 
[INFO] [stdout] statement: Select(
[INFO] [stdout]     Select {
[INFO] [stdout]         from_table: FromTable {
[INFO] [stdout]             from: TableName {
[INFO] [stdout]                 name: "person",
[INFO] [stdout]             },
[INFO] [stdout]             join: Some(
[INFO] [stdout]                 (
[INFO] [stdout]                     InnerJoin,
[INFO] [stdout]                     FromTable {
[INFO] [stdout]                         from: TableName {
[INFO] [stdout]                             name: "users",
[INFO] [stdout]                         },
[INFO] [stdout]                         join: None,
[INFO] [stdout]                     },
[INFO] [stdout]                 ),
[INFO] [stdout]             ),
[INFO] [stdout]         },
[INFO] [stdout]         filter: Some(
[INFO] [stdout]             BinaryOperation(
[INFO] [stdout]                 BinaryOperation {
[INFO] [stdout]                     left: Nested(
[INFO] [stdout]                         BinaryOperation(
[INFO] [stdout]                             BinaryOperation {
[INFO] [stdout]                                 left: BinaryOperation(
[INFO] [stdout]                                     BinaryOperation {
[INFO] [stdout]                                         left: Column(
[INFO] [stdout]                                             ColumnName {
[INFO] [stdout]                                                 name: "age",
[INFO] [stdout]                                             },
[INFO] [stdout]                                         ),
[INFO] [stdout]                                         operator: Gt,
[INFO] [stdout]                                         right: Value(
[INFO] [stdout]                                             Number(
[INFO] [stdout]                                                 42.0,
[INFO] [stdout]                                             ),
[INFO] [stdout]                                         ),
[INFO] [stdout]                                     },
[INFO] [stdout]                                 ),
[INFO] [stdout]                                 operator: And,
[INFO] [stdout]                                 right: BinaryOperation(
[INFO] [stdout]                                     BinaryOperation {
[INFO] [stdout]                                         left: Column(
[INFO] [stdout]                                             ColumnName {
[INFO] [stdout]                                                 name: "student",
[INFO] [stdout]                                             },
[INFO] [stdout]                                         ),
[INFO] [stdout]                                         operator: Eq,
[INFO] [stdout]                                         right: Value(
[INFO] [stdout]                                             Bool(
[INFO] [stdout]                                                 true,
[INFO] [stdout]                                             ),
[INFO] [stdout]                                         ),
[INFO] [stdout]                                     },
[INFO] [stdout]                                 ),
[INFO] [stdout]                             },
[INFO] [stdout]                         ),
[INFO] [stdout]                     ),
[INFO] [stdout]                     operator: Or,
[INFO] [stdout]                     right: Nested(
[INFO] [stdout]                         BinaryOperation(
[INFO] [stdout]                             BinaryOperation {
[INFO] [stdout]                                 left: BinaryOperation(
[INFO] [stdout]                                     BinaryOperation {
[INFO] [stdout]                                         left: Column(
[INFO] [stdout]                                             ColumnName {
[INFO] [stdout]                                                 name: "gender",
[INFO] [stdout]                                             },
[INFO] [stdout]                                         ),
[INFO] [stdout]                                         operator: Eq,
[INFO] [stdout]                                         right: Value(
[INFO] [stdout]                                             String(
[INFO] [stdout]                                                 "M",
[INFO] [stdout]                                             ),
[INFO] [stdout]                                         ),
[INFO] [stdout]                                     },
[INFO] [stdout]                                 ),
[INFO] [stdout]                                 operator: And,
[INFO] [stdout]                                 right: BinaryOperation(
[INFO] [stdout]                                     BinaryOperation {
[INFO] [stdout]                                         left: Column(
[INFO] [stdout]                                             ColumnName {
[INFO] [stdout]                                                 name: "is_active",
[INFO] [stdout]                                             },
[INFO] [stdout]                                         ),
[INFO] [stdout]                                         operator: Eq,
[INFO] [stdout]                                         right: Value(
[INFO] [stdout]                                             Bool(
[INFO] [stdout]                                                 true,
[INFO] [stdout]                                             ),
[INFO] [stdout]                                         ),
[INFO] [stdout]                                     },
[INFO] [stdout]                                 ),
[INFO] [stdout]                             },
[INFO] [stdout]                         ),
[INFO] [stdout]                     ),
[INFO] [stdout]                 },
[INFO] [stdout]             ),
[INFO] [stdout]         ),
[INFO] [stdout]         group_by: Some(
[INFO] [stdout]             [
[INFO] [stdout]                 Function(
[INFO] [stdout]                     Function {
[INFO] [stdout]                         name: "sum",
[INFO] [stdout]                         params: [
[INFO] [stdout]                             Column(
[INFO] [stdout]                                 ColumnName {
[INFO] [stdout]                                     name: "age",
[INFO] [stdout]                                 },
[INFO] [stdout]                             ),
[INFO] [stdout]                         ],
[INFO] [stdout]                     },
[INFO] [stdout]                 ),
[INFO] [stdout]                 Column(
[INFO] [stdout]                     ColumnName {
[INFO] [stdout]                         name: "grade",
[INFO] [stdout]                     },
[INFO] [stdout]                 ),
[INFO] [stdout]                 Column(
[INFO] [stdout]                     ColumnName {
[INFO] [stdout]                         name: "gender",
[INFO] [stdout]                     },
[INFO] [stdout]                 ),
[INFO] [stdout]             ],
[INFO] [stdout]         ),
[INFO] [stdout]         having: Some(
[INFO] [stdout]             BinaryOperation(
[INFO] [stdout]                 BinaryOperation {
[INFO] [stdout]                     left: Function(
[INFO] [stdout]                         Function {
[INFO] [stdout]                             name: "min",
[INFO] [stdout]                             params: [
[INFO] [stdout]                                 Column(
[INFO] [stdout]                                     ColumnName {
[INFO] [stdout]                                         name: "age",
[INFO] [stdout]                                     },
[INFO] [stdout]                                 ),
[INFO] [stdout]                             ],
[INFO] [stdout]                         },
[INFO] [stdout]                     ),
[INFO] [stdout]                     operator: Gte,
[INFO] [stdout]                     right: Value(
[INFO] [stdout]                         Number(
[INFO] [stdout]                             42.0,
[INFO] [stdout]                         ),
[INFO] [stdout]                     ),
[INFO] [stdout]                 },
[INFO] [stdout]             ),
[INFO] [stdout]         ),
[INFO] [stdout]         projection: Some(
[INFO] [stdout]             [
[INFO] [stdout]                 ExprRename {
[INFO] [stdout]                     expr: Column(
[INFO] [stdout]                         ColumnName {
[INFO] [stdout]                             name: "name",
[INFO] [stdout]                         },
[INFO] [stdout]                     ),
[INFO] [stdout]                     rename: None,
[INFO] [stdout]                 },
[INFO] [stdout]                 ExprRename {
[INFO] [stdout]                     expr: Column(
[INFO] [stdout]                         ColumnName {
[INFO] [stdout]                             name: "age",
[INFO] [stdout]                         },
[INFO] [stdout]                     ),
[INFO] [stdout]                     rename: None,
[INFO] [stdout]                 },
[INFO] [stdout]                 ExprRename {
[INFO] [stdout]                     expr: Column(
[INFO] [stdout]                         ColumnName {
[INFO] [stdout]                             name: "class",
[INFO] [stdout]                         },
[INFO] [stdout]                     ),
[INFO] [stdout]                     rename: None,
[INFO] [stdout]                 },
[INFO] [stdout]             ],
[INFO] [stdout]         ),
[INFO] [stdout]         order_by: Some(
[INFO] [stdout]             [
[INFO] [stdout]                 Order {
[INFO] [stdout]                     expr: Column(
[INFO] [stdout]                         ColumnName {
[INFO] [stdout]                             name: "age",
[INFO] [stdout]                         },
[INFO] [stdout]                     ),
[INFO] [stdout]                     direction: Some(
[INFO] [stdout]                         Desc,
[INFO] [stdout]                     ),
[INFO] [stdout]                 },
[INFO] [stdout]                 Order {
[INFO] [stdout]                     expr: Column(
[INFO] [stdout]                         ColumnName {
[INFO] [stdout]                             name: "height",
[INFO] [stdout]                         },
[INFO] [stdout]                     ),
[INFO] [stdout]                     direction: Some(
[INFO] [stdout]                         Asc,
[INFO] [stdout]                     ),
[INFO] [stdout]                 },
[INFO] [stdout]             ],
[INFO] [stdout]         ),
[INFO] [stdout]         range: Some(
[INFO] [stdout]             Page(
[INFO] [stdout]                 Page {
[INFO] [stdout]                     page: 2,
[INFO] [stdout]                     page_size: 10,
[INFO] [stdout]                 },
[INFO] [stdout]             ),
[INFO] [stdout]         ),
[INFO] [stdout]     },
[INFO] [stdout] )
[INFO] [stdout] thread 'tests::test_parse_select_statement' panicked at 'assertion failed: `(left == right)`
[INFO] [stdout]   left: `"SELECT name, age, class FROM person JOIN users ON users.person_id = person.id WHERE (age > 42 AND student = true) OR (gender = 'M' AND is_active = true) GROUP BY sum(age), grade, gender HAVING min(age) >= 42 ORDER BY age DESC, height ASC LIMIT 10 OFFSET 10"`,
[INFO] [stdout]  right: `"SELECT name, age, class FROM person JOIN users ON users.person_id = person.id WHERE (age > 42 AND student = true) OR (gender = 'M' AND is_active = true) GROUP BY sum(age), grade, gender HAVING min(age) >= 42 ORDER BY age DESC, height ASC LIMIT 10 OFFSET 10 ROWS"`', src/lib.rs:234:9
[INFO] [stdout] stack backtrace:
[INFO] [stdout]    0:     0x565005b92f60 - std::backtrace_rs::backtrace::libunwind::trace::hff4d1766e93f64f1
[INFO] [stdout]                                at /rustc/53fd98ca776cb875bc9e5514f56b52eb74f9e7a9/library/std/src/../../backtrace/src/backtrace/libunwind.rs:90:5
[INFO] [stdout]    1:     0x565005b92f60 - std::backtrace_rs::backtrace::trace_unsynchronized::h56bbc8eb78770bcb
[INFO] [stdout]                                at /rustc/53fd98ca776cb875bc9e5514f56b52eb74f9e7a9/library/std/src/../../backtrace/src/backtrace/mod.rs:66:5
[INFO] [stdout]    2:     0x565005b92f60 - std::sys_common::backtrace::_print_fmt::h5c8e75464faca780
[INFO] [stdout]                                at /rustc/53fd98ca776cb875bc9e5514f56b52eb74f9e7a9/library/std/src/sys_common/backtrace.rs:67:5
[INFO] [stdout]    3:     0x565005b92f60 - <std::sys_common::backtrace::_print::DisplayBacktrace as core::fmt::Display>::fmt::h48b88277def8b362
[INFO] [stdout]                                at /rustc/53fd98ca776cb875bc9e5514f56b52eb74f9e7a9/library/std/src/sys_common/backtrace.rs:46:22
[INFO] [stdout]    4:     0x565005bb701c - core::fmt::write::h3381b3176fe2b3d3
[INFO] [stdout]                                at /rustc/53fd98ca776cb875bc9e5514f56b52eb74f9e7a9/library/core/src/fmt/mod.rs:1115:17
[INFO] [stdout]    5:     0x565005b8ef15 - std::io::Write::write_fmt::h5f34a676f60246b5
[INFO] [stdout]                                at /rustc/53fd98ca776cb875bc9e5514f56b52eb74f9e7a9/library/std/src/io/mod.rs:1665:15
[INFO] [stdout]    6:     0x565005b950db - std::sys_common::backtrace::_print::ha537687d6c17dd0d
[INFO] [stdout]                                at /rustc/53fd98ca776cb875bc9e5514f56b52eb74f9e7a9/library/std/src/sys_common/backtrace.rs:49:5
[INFO] [stdout]    7:     0x565005b950db - std::sys_common::backtrace::print::h61376ae57d131d72
[INFO] [stdout]                                at /rustc/53fd98ca776cb875bc9e5514f56b52eb74f9e7a9/library/std/src/sys_common/backtrace.rs:36:9
[INFO] [stdout]    8:     0x565005b950db - std::panicking::default_hook::{{closure}}::h0f7208c0b9644a54
[INFO] [stdout]                                at /rustc/53fd98ca776cb875bc9e5514f56b52eb74f9e7a9/library/std/src/panicking.rs:208:50
[INFO] [stdout]    9:     0x565005b94bec - std::panicking::default_hook::hdac7fc06578c14ce
[INFO] [stdout]                                at /rustc/53fd98ca776cb875bc9e5514f56b52eb74f9e7a9/library/std/src/panicking.rs:222:9
[INFO] [stdout]   10:     0x565005b957a4 - std::panicking::rust_panic_with_hook::h72b21c283da3d1ef
[INFO] [stdout]                                at /rustc/53fd98ca776cb875bc9e5514f56b52eb74f9e7a9/library/std/src/panicking.rs:622:17
[INFO] [stdout]   11:     0x565005b95287 - std::panicking::begin_panic_handler::{{closure}}::he5778f1729cff84a
[INFO] [stdout]                                at /rustc/53fd98ca776cb875bc9e5514f56b52eb74f9e7a9/library/std/src/panicking.rs:519:13
[INFO] [stdout]   12:     0x565005b9343c - std::sys_common::backtrace::__rust_end_short_backtrace::h2d11ca8b453b4b1d
[INFO] [stdout]                                at /rustc/53fd98ca776cb875bc9e5514f56b52eb74f9e7a9/library/std/src/sys_common/backtrace.rs:141:18
[INFO] [stdout]   13:     0x565005b951e9 - rust_begin_unwind
[INFO] [stdout]                                at /rustc/53fd98ca776cb875bc9e5514f56b52eb74f9e7a9/library/std/src/panicking.rs:515:5
[INFO] [stdout]   14:     0x5650059aa431 - core::panicking::panic_fmt::hf9de31d4acbce4db
[INFO] [stdout]                                at /rustc/53fd98ca776cb875bc9e5514f56b52eb74f9e7a9/library/core/src/panicking.rs:92:14
[INFO] [stdout]   15:     0x565005bb50d8 - core::panicking::assert_failed_inner::h62e8cb2847a6e7ec
[INFO] [stdout]   16:     0x5650059c23be - core::panicking::assert_failed::he89a1f079288485e
[INFO] [stdout]                                at /rustc/53fd98ca776cb875bc9e5514f56b52eb74f9e7a9/library/core/src/panicking.rs:117:5
[INFO] [stdout]   17:     0x5650059bbf4b - restq_http::tests::test_parse_select_statement::hd43162b430b6a28c
[INFO] [stdout]                                at /opt/rustwide/workdir/src/lib.rs:234:9
[INFO] [stdout]   18:     0x5650059bb31a - restq_http::tests::test_parse_select_statement::{{closure}}::hc5a8a23346540825
[INFO] [stdout]                                at /opt/rustwide/workdir/src/lib.rs:188:5
[INFO] [stdout]   19:     0x5650059c707e - core::ops::function::FnOnce::call_once::hb6b4a2b1b326910e
[INFO] [stdout]                                at /rustc/53fd98ca776cb875bc9e5514f56b52eb74f9e7a9/library/core/src/ops/function.rs:227:5
[INFO] [stdout]   20:     0x5650059fd5f3 - core::ops::function::FnOnce::call_once::hbb52c4519d3137b0
[INFO] [stdout]                                at /rustc/53fd98ca776cb875bc9e5514f56b52eb74f9e7a9/library/core/src/ops/function.rs:227:5
[INFO] [stdout]   21:     0x5650059fd5f3 - test::__rust_begin_short_backtrace::h86fe3a2a5a5121af
[INFO] [stdout]                                at /rustc/53fd98ca776cb875bc9e5514f56b52eb74f9e7a9/library/test/src/lib.rs:578:5
[INFO] [stdout]   22:     0x5650059fc0a8 - <alloc::boxed::Box<F,A> as core::ops::function::FnOnce<Args>>::call_once::hfd956bc3d57399be
[INFO] [stdout]                                at /rustc/53fd98ca776cb875bc9e5514f56b52eb74f9e7a9/library/alloc/src/boxed.rs:1572:9
[INFO] [stdout]   23:     0x5650059fc0a8 - <std::panic::AssertUnwindSafe<F> as core::ops::function::FnOnce<()>>::call_once::h40dc93e0ddb5938a
[INFO] [stdout]                                at /rustc/53fd98ca776cb875bc9e5514f56b52eb74f9e7a9/library/std/src/panic.rs:347:9
[INFO] [stdout]   24:     0x5650059fc0a8 - std::panicking::try::do_call::h90d07750cb47c562
[INFO] [stdout]                                at /rustc/53fd98ca776cb875bc9e5514f56b52eb74f9e7a9/library/std/src/panicking.rs:401:40
[INFO] [stdout]   25:     0x5650059fc0a8 - std::panicking::try::h063c84733ad2a629
[INFO] [stdout]                                at /rustc/53fd98ca776cb875bc9e5514f56b52eb74f9e7a9/library/std/src/panicking.rs:365:19
[INFO] [stdout]   26:     0x5650059fc0a8 - std::panic::catch_unwind::h0c464836a84e7c08
[INFO] [stdout]                                at /rustc/53fd98ca776cb875bc9e5514f56b52eb74f9e7a9/library/std/src/panic.rs:434:14
[INFO] [stdout]   27:     0x5650059fc0a8 - test::run_test_in_process::h5cb06ef620b157fc
[INFO] [stdout]                                at /rustc/53fd98ca776cb875bc9e5514f56b52eb74f9e7a9/library/test/src/lib.rs:601:18
[INFO] [stdout]   28:     0x5650059fc0a8 - test::run_test::run_test_inner::{{closure}}::h76f677f4b93f9828
[INFO] [stdout]                                at /rustc/53fd98ca776cb875bc9e5514f56b52eb74f9e7a9/library/test/src/lib.rs:493:39
[INFO] [stdout]   29:     0x5650059ca83d - test::run_test::run_test_inner::{{closure}}::h366d01fe04f4d67a
[INFO] [stdout]                                at /rustc/53fd98ca776cb875bc9e5514f56b52eb74f9e7a9/library/test/src/lib.rs:520:37
[INFO] [stdout]   30:     0x5650059ca83d - std::sys_common::backtrace::__rust_begin_short_backtrace::h7dfa0de4eb395af2
[INFO] [stdout]                                at /rustc/53fd98ca776cb875bc9e5514f56b52eb74f9e7a9/library/std/src/sys_common/backtrace.rs:125:18
[INFO] [stdout]   31:     0x5650059cf008 - std::thread::Builder::spawn_unchecked::{{closure}}::{{closure}}::hf0a74bb58798037f
[INFO] [stdout]                                at /rustc/53fd98ca776cb875bc9e5514f56b52eb74f9e7a9/library/std/src/thread/mod.rs:476:17
[INFO] [stdout]   32:     0x5650059cf008 - <std::panic::AssertUnwindSafe<F> as core::ops::function::FnOnce<()>>::call_once::hb024e854818586ac
[INFO] [stdout]                                at /rustc/53fd98ca776cb875bc9e5514f56b52eb74f9e7a9/library/std/src/panic.rs:347:9
[INFO] [stdout]   33:     0x5650059cf008 - std::panicking::try::do_call::hb2dd9f1d0d48e41d
[INFO] [stdout]                                at /rustc/53fd98ca776cb875bc9e5514f56b52eb74f9e7a9/library/std/src/panicking.rs:401:40
[INFO] [stdout]   34:     0x5650059cf008 - std::panicking::try::h4717ae7bac8b2bf3
[INFO] [stdout]                                at /rustc/53fd98ca776cb875bc9e5514f56b52eb74f9e7a9/library/std/src/panicking.rs:365:19
[INFO] [stdout]   35:     0x5650059cf008 - std::panic::catch_unwind::h0dc8a061326ce8d8
[INFO] [stdout]                                at /rustc/53fd98ca776cb875bc9e5514f56b52eb74f9e7a9/library/std/src/panic.rs:434:14
[INFO] [stdout]   36:     0x5650059cf008 - std::thread::Builder::spawn_unchecked::{{closure}}::haa369e2d6fd00aa1
[INFO] [stdout]                                at /rustc/53fd98ca776cb875bc9e5514f56b52eb74f9e7a9/library/std/src/thread/mod.rs:475:30
[INFO] [stdout]   37:     0x5650059cf008 - core::ops::function::FnOnce::call_once{{vtable.shim}}::h36dcf3de8b056f17
[INFO] [stdout]                                at /rustc/53fd98ca776cb875bc9e5514f56b52eb74f9e7a9/library/core/src/ops/function.rs:227:5
[INFO] [stdout]   38:     0x565005b9a347 - <alloc::boxed::Box<F,A> as core::ops::function::FnOnce<Args>>::call_once::h65c29e4642be2358
[INFO] [stdout]                                at /rustc/53fd98ca776cb875bc9e5514f56b52eb74f9e7a9/library/alloc/src/boxed.rs:1572:9
[INFO] [stdout]   39:     0x565005b9a347 - <alloc::boxed::Box<F,A> as core::ops::function::FnOnce<Args>>::call_once::hd0f8f7fbbd9fffbf
[INFO] [stdout]                                at /rustc/53fd98ca776cb875bc9e5514f56b52eb74f9e7a9/library/alloc/src/boxed.rs:1572:9
[INFO] [stdout]   40:     0x565005b9a347 - std::sys::unix::thread::Thread::new::thread_start::h2fd22fee3ca77b65
[INFO] [stdout]                                at /rustc/53fd98ca776cb875bc9e5514f56b52eb74f9e7a9/library/std/src/sys/unix/thread.rs:74:17
[INFO] [stdout]   41:     0x7f2cda1be609 - start_thread
[INFO] [stdout]   42:     0x7f2cd9f90293 - clone
[INFO] [stdout]   43:                0x0 - <unknown>
[INFO] [stdout] 
[INFO] [stdout] 
[INFO] [stdout] failures:
[INFO] [stdout]     tests::test_parse_select_statement
[INFO] [stdout] 
[INFO] [stdout] test result: FAILED. 1 passed; 1 failed; 0 ignored; 0 measured; 0 filtered out; finished in 0.07s
[INFO] [stdout] 
[INFO] running `Command { std: "docker" "inspect" "5a92f0913c6b5453bb828ee33c81ff98baea875e59aaa0c51a00dd5afe5f8866", kill_on_drop: false }`
[INFO] running `Command { std: "docker" "rm" "-f" "5a92f0913c6b5453bb828ee33c81ff98baea875e59aaa0c51a00dd5afe5f8866", kill_on_drop: false }`
[INFO] [stdout] 5a92f0913c6b5453bb828ee33c81ff98baea875e59aaa0c51a00dd5afe5f8866
