[INFO] fetching crate rerast_macros 0.1.12...
[INFO] testing rerast_macros-0.1.12 against 1.54.0 for beta-1.55-1
[INFO] extracting crate rerast_macros 0.1.12 into /workspace/builds/worker-11/source
[INFO] validating manifest of crates.io crate rerast_macros 0.1.12 on toolchain 1.54.0
[INFO] running `Command { std: "/workspace/cargo-home/bin/cargo" "+1.54.0" "metadata" "--manifest-path" "Cargo.toml" "--no-deps", kill_on_drop: false }`
[INFO] started tweaking crates.io crate rerast_macros 0.1.12
[INFO] finished tweaking crates.io crate rerast_macros 0.1.12
[INFO] tweaked toml for crates.io crate rerast_macros 0.1.12 written to /workspace/builds/worker-11/source/Cargo.toml
[INFO] running `Command { std: "/workspace/cargo-home/bin/cargo" "+1.54.0" "generate-lockfile" "--manifest-path" "Cargo.toml" "-Zno-index-update", kill_on_drop: false }`
[INFO] [stderr]     Blocking waiting for file lock on package cache
[INFO] running `Command { std: "/workspace/cargo-home/bin/cargo" "+1.54.0" "fetch" "--manifest-path" "Cargo.toml", kill_on_drop: false }`
[INFO] [stderr]     Blocking waiting for file lock on package cache
[INFO] [stderr]     Blocking waiting for file lock on package cache
[INFO] running `Command { std: "docker" "create" "-v" "/var/lib/crater-agent-workspace/builds/worker-11/target:/opt/rustwide/target:rw,Z" "-v" "/var/lib/crater-agent-workspace/builds/worker-11/source:/opt/rustwide/workdir:ro,Z" "-v" "/var/lib/crater-agent-workspace/cargo-home:/opt/rustwide/cargo-home:ro,Z" "-v" "/var/lib/crater-agent-workspace/rustup-home:/opt/rustwide/rustup-home:ro,Z" "-e" "SOURCE_DIR=/opt/rustwide/workdir" "-e" "CARGO_TARGET_DIR=/opt/rustwide/target" "-e" "CARGO_HOME=/opt/rustwide/cargo-home" "-e" "RUSTUP_HOME=/opt/rustwide/rustup-home" "-w" "/opt/rustwide/workdir" "-m" "1610612736" "--user" "0:0" "--network" "none" "ghcr.io/rust-lang/crates-build-env/linux@sha256:34b6a614d2c27851fe6cbf88fbd1137609cefab8b10d0615aaeb6fd47975d74e" "/opt/rustwide/cargo-home/bin/cargo" "+1.54.0" "metadata" "--no-deps" "--format-version=1", kill_on_drop: false }`
[INFO] [stdout] 8eaa2eeb2ecf5f69b460f8550d28fcd34b7603d85db30deecc9938da1923cd95
[INFO] running `Command { std: "docker" "start" "-a" "8eaa2eeb2ecf5f69b460f8550d28fcd34b7603d85db30deecc9938da1923cd95", kill_on_drop: false }`
[INFO] running `Command { std: "docker" "inspect" "8eaa2eeb2ecf5f69b460f8550d28fcd34b7603d85db30deecc9938da1923cd95", kill_on_drop: false }`
[INFO] running `Command { std: "docker" "rm" "-f" "8eaa2eeb2ecf5f69b460f8550d28fcd34b7603d85db30deecc9938da1923cd95", kill_on_drop: false }`
[INFO] [stdout] 8eaa2eeb2ecf5f69b460f8550d28fcd34b7603d85db30deecc9938da1923cd95
[INFO] running `Command { std: "docker" "create" "-v" "/var/lib/crater-agent-workspace/builds/worker-11/target:/opt/rustwide/target:rw,Z" "-v" "/var/lib/crater-agent-workspace/builds/worker-11/source:/opt/rustwide/workdir:ro,Z" "-v" "/var/lib/crater-agent-workspace/cargo-home:/opt/rustwide/cargo-home:ro,Z" "-v" "/var/lib/crater-agent-workspace/rustup-home:/opt/rustwide/rustup-home:ro,Z" "-e" "SOURCE_DIR=/opt/rustwide/workdir" "-e" "CARGO_TARGET_DIR=/opt/rustwide/target" "-e" "CARGO_INCREMENTAL=0" "-e" "RUST_BACKTRACE=full" "-e" "RUSTFLAGS=--cap-lints=warn" "-e" "CARGO_HOME=/opt/rustwide/cargo-home" "-e" "RUSTUP_HOME=/opt/rustwide/rustup-home" "-w" "/opt/rustwide/workdir" "-m" "1610612736" "--user" "0:0" "--network" "none" "ghcr.io/rust-lang/crates-build-env/linux@sha256:34b6a614d2c27851fe6cbf88fbd1137609cefab8b10d0615aaeb6fd47975d74e" "/opt/rustwide/cargo-home/bin/cargo" "+1.54.0" "build" "--frozen" "--message-format=json", kill_on_drop: false }`
[INFO] [stdout] 2c9c0301e74c2da967d3a732daf39efcdf8c739f6db79475fde3d3c8fb9281a9
[INFO] running `Command { std: "docker" "start" "-a" "2c9c0301e74c2da967d3a732daf39efcdf8c739f6db79475fde3d3c8fb9281a9", kill_on_drop: false }`
[INFO] [stderr]    Compiling rerast_macros v0.1.12 (/opt/rustwide/workdir)
[INFO] [stderr]     Finished dev [unoptimized + debuginfo] target(s) in 0.24s
[INFO] running `Command { std: "docker" "inspect" "2c9c0301e74c2da967d3a732daf39efcdf8c739f6db79475fde3d3c8fb9281a9", kill_on_drop: false }`
[INFO] running `Command { std: "docker" "rm" "-f" "2c9c0301e74c2da967d3a732daf39efcdf8c739f6db79475fde3d3c8fb9281a9", kill_on_drop: false }`
[INFO] [stdout] 2c9c0301e74c2da967d3a732daf39efcdf8c739f6db79475fde3d3c8fb9281a9
[INFO] running `Command { std: "docker" "create" "-v" "/var/lib/crater-agent-workspace/builds/worker-11/target:/opt/rustwide/target:rw,Z" "-v" "/var/lib/crater-agent-workspace/builds/worker-11/source:/opt/rustwide/workdir:ro,Z" "-v" "/var/lib/crater-agent-workspace/cargo-home:/opt/rustwide/cargo-home:ro,Z" "-v" "/var/lib/crater-agent-workspace/rustup-home:/opt/rustwide/rustup-home:ro,Z" "-e" "SOURCE_DIR=/opt/rustwide/workdir" "-e" "CARGO_TARGET_DIR=/opt/rustwide/target" "-e" "CARGO_INCREMENTAL=0" "-e" "RUST_BACKTRACE=full" "-e" "RUSTFLAGS=--cap-lints=warn" "-e" "CARGO_HOME=/opt/rustwide/cargo-home" "-e" "RUSTUP_HOME=/opt/rustwide/rustup-home" "-w" "/opt/rustwide/workdir" "-m" "1610612736" "--user" "0:0" "--network" "none" "ghcr.io/rust-lang/crates-build-env/linux@sha256:34b6a614d2c27851fe6cbf88fbd1137609cefab8b10d0615aaeb6fd47975d74e" "/opt/rustwide/cargo-home/bin/cargo" "+1.54.0" "test" "--frozen" "--no-run" "--message-format=json", kill_on_drop: false }`
[INFO] [stdout] 3d4870c38f4da82b66314b0a9dc7bf45be4d3eec92b9678083e94b3e9ca4d7bd
[INFO] running `Command { std: "docker" "start" "-a" "3d4870c38f4da82b66314b0a9dc7bf45be4d3eec92b9678083e94b3e9ca4d7bd", kill_on_drop: false }`
[INFO] [stderr]    Compiling rerast_macros v0.1.12 (/opt/rustwide/workdir)
[INFO] [stderr]     Finished test [unoptimized + debuginfo] target(s) in 1.05s
[INFO] running `Command { std: "docker" "inspect" "3d4870c38f4da82b66314b0a9dc7bf45be4d3eec92b9678083e94b3e9ca4d7bd", kill_on_drop: false }`
[INFO] running `Command { std: "docker" "rm" "-f" "3d4870c38f4da82b66314b0a9dc7bf45be4d3eec92b9678083e94b3e9ca4d7bd", kill_on_drop: false }`
[INFO] [stdout] 3d4870c38f4da82b66314b0a9dc7bf45be4d3eec92b9678083e94b3e9ca4d7bd
[INFO] running `Command { std: "docker" "create" "-v" "/var/lib/crater-agent-workspace/builds/worker-11/target:/opt/rustwide/target:rw,Z" "-v" "/var/lib/crater-agent-workspace/builds/worker-11/source:/opt/rustwide/workdir:ro,Z" "-v" "/var/lib/crater-agent-workspace/cargo-home:/opt/rustwide/cargo-home:ro,Z" "-v" "/var/lib/crater-agent-workspace/rustup-home:/opt/rustwide/rustup-home:ro,Z" "-e" "SOURCE_DIR=/opt/rustwide/workdir" "-e" "CARGO_TARGET_DIR=/opt/rustwide/target" "-e" "CARGO_INCREMENTAL=0" "-e" "RUST_BACKTRACE=full" "-e" "RUSTFLAGS=--cap-lints=warn" "-e" "CARGO_HOME=/opt/rustwide/cargo-home" "-e" "RUSTUP_HOME=/opt/rustwide/rustup-home" "-w" "/opt/rustwide/workdir" "-m" "1610612736" "--user" "0:0" "--network" "none" "ghcr.io/rust-lang/crates-build-env/linux@sha256:34b6a614d2c27851fe6cbf88fbd1137609cefab8b10d0615aaeb6fd47975d74e" "/opt/rustwide/cargo-home/bin/cargo" "+1.54.0" "test" "--frozen", kill_on_drop: false }`
[INFO] [stdout] 4dcca33fe6211ffae54fd68b4baa45312a67d69459e97fe1528e0b30dd1fd78a
[INFO] running `Command { std: "docker" "start" "-a" "4dcca33fe6211ffae54fd68b4baa45312a67d69459e97fe1528e0b30dd1fd78a", kill_on_drop: false }`
[INFO] [stderr]     Finished test [unoptimized + debuginfo] target(s) in 0.02s
[INFO] [stderr]      Running unittests (/opt/rustwide/target/debug/deps/rerast_macros-62c1847a5f33e15f)
[INFO] [stdout] 
[INFO] [stdout] running 0 tests
[INFO] [stdout] 
[INFO] [stdout] test result: ok. 0 passed; 0 failed; 0 ignored; 0 measured; 0 filtered out; finished in 0.00s
[INFO] [stdout] 
[INFO] [stderr]    Doc-tests rerast_macros
[INFO] [stdout] 
[INFO] [stdout] running 3 tests
[INFO] [stdout] test src/lib.rs - replace_pattern (line 117) ... FAILED
[INFO] [stdout] test src/lib.rs - replace_pattern (line 94) ... FAILED
[INFO] [stderr] error: test failed, to rerun pass '--doc'
[INFO] [stdout] test src/lib.rs - replace_pattern (line 106) ... FAILED
[INFO] [stdout] 
[INFO] [stdout] failures:
[INFO] [stdout] 
[INFO] [stdout] ---- src/lib.rs - replace_pattern (line 117) stdout ----
[INFO] [stdout] error[E0412]: cannot find type `Foo` in this scope
[INFO] [stdout]  --> src/lib.rs:118:11
[INFO] [stdout]   |
[INFO] [stdout] 3 | fn f() -> Foo {Foo(42)}
[INFO] [stdout]   |           ^^^ not found in this scope
[INFO] [stdout] 
[INFO] [stdout] error[E0425]: cannot find function, tuple struct or tuple variant `Foo` in this scope
[INFO] [stdout]  --> src/lib.rs:118:16
[INFO] [stdout]   |
[INFO] [stdout] 3 | fn f() -> Foo {Foo(42)}
[INFO] [stdout]   |                ^^^ not found in this scope
[INFO] [stdout] 
[INFO] [stdout] error[E0531]: cannot find tuple struct or tuple variant `Foo` in this scope
[INFO] [stdout]  --> src/lib.rs:120:16
[INFO] [stdout]   |
[INFO] [stdout] 5 |     Result::Ok(Foo(x)) => x,
[INFO] [stdout]   |                ^^^ not found in this scope
[INFO] [stdout] 
[INFO] [stdout] error: aborting due to 3 previous errors
[INFO] [stdout] 
[INFO] [stdout] Some errors have detailed explanations: E0412, E0425, E0531.
[INFO] [stdout] For more information about an error, try `rustc --explain E0412`.
[INFO] [stdout] Couldn't compile the test.
[INFO] [stdout] ---- src/lib.rs - replace_pattern (line 94) stdout ----
[INFO] [stdout] error[E0463]: can't find crate for `rerast`
[INFO] [stdout]  --> src/lib.rs:95:14
[INFO] [stdout]   |
[INFO] [stdout] 2 | #[macro_use] extern crate rerast;
[INFO] [stdout]   |              ^^^^^^^^^^^^^^^^^^^^ can't find crate
[INFO] [stdout] 
[INFO] [stdout] error: aborting due to previous error
[INFO] [stdout] 
[INFO] [stdout] For more information about this error, try `rustc --explain E0463`.
[INFO] [stdout] Couldn't compile the test.
[INFO] [stdout] ---- src/lib.rs - replace_pattern (line 106) stdout ----
[INFO] [stdout] error[E0308]: mismatched types
[INFO] [stdout]  --> src/lib.rs:109:1
[INFO] [stdout]   |
[INFO] [stdout] 5 | / match f() {
[INFO] [stdout] 6 | |     Some(Foo(x)) => x,
[INFO] [stdout] 7 | |     None => 0,
[INFO] [stdout] 8 | | }
[INFO] [stdout]   | |_^ expected `()`, found `i32`
[INFO] [stdout]   |
[INFO] [stdout] help: consider using a semicolon here
[INFO] [stdout]   |
[INFO] [stdout] 8 | };
[INFO] [stdout]   |  ^
[INFO] [stdout] help: try adding a return type
[INFO] [stdout]   |
[INFO] [stdout] 2 | fn main() { #[allow(non_snake_case)] fn _doctest_main_src_lib_rs_106_0() -> i32 {
[INFO] [stdout]   |                                                                          ^^^^^^
[INFO] [stdout] 
[INFO] [stdout] error: aborting due to previous error
[INFO] [stdout] 
[INFO] [stdout] For more information about this error, try `rustc --explain E0308`.
[INFO] [stdout] Couldn't compile the test.
[INFO] [stdout] 
[INFO] [stdout] failures:
[INFO] [stdout]     src/lib.rs - replace_pattern (line 106)
[INFO] [stdout]     src/lib.rs - replace_pattern (line 117)
[INFO] [stdout]     src/lib.rs - replace_pattern (line 94)
[INFO] [stdout] 
[INFO] [stdout] test result: FAILED. 0 passed; 3 failed; 0 ignored; 0 measured; 0 filtered out; finished in 0.23s
[INFO] [stdout] 
[INFO] running `Command { std: "docker" "inspect" "4dcca33fe6211ffae54fd68b4baa45312a67d69459e97fe1528e0b30dd1fd78a", kill_on_drop: false }`
[INFO] running `Command { std: "docker" "rm" "-f" "4dcca33fe6211ffae54fd68b4baa45312a67d69459e97fe1528e0b30dd1fd78a", kill_on_drop: false }`
[INFO] [stdout] 4dcca33fe6211ffae54fd68b4baa45312a67d69459e97fe1528e0b30dd1fd78a
