[INFO] fetching crate requiem-macros 0.1.1...
[INFO] testing requiem-macros-0.1.1 against beta-2021-08-01 for beta-1.55-1
[INFO] extracting crate requiem-macros 0.1.1 into /workspace/builds/worker-67/source
[INFO] validating manifest of crates.io crate requiem-macros 0.1.1 on toolchain beta-2021-08-01
[INFO] running `Command { std: "/workspace/cargo-home/bin/cargo" "+beta-2021-08-01" "metadata" "--manifest-path" "Cargo.toml" "--no-deps", kill_on_drop: false }`
[INFO] started tweaking crates.io crate requiem-macros 0.1.1
[INFO] finished tweaking crates.io crate requiem-macros 0.1.1
[INFO] tweaked toml for crates.io crate requiem-macros 0.1.1 written to /workspace/builds/worker-67/source/Cargo.toml
[INFO] running `Command { std: "/workspace/cargo-home/bin/cargo" "+beta-2021-08-01" "generate-lockfile" "--manifest-path" "Cargo.toml" "-Zno-index-update", kill_on_drop: false }`
[INFO] running `Command { std: "/workspace/cargo-home/bin/cargo" "+beta-2021-08-01" "fetch" "--manifest-path" "Cargo.toml", kill_on_drop: false }`
[INFO] [stderr]     Blocking waiting for file lock on package cache
[INFO] running `Command { std: "docker" "create" "-v" "/var/lib/crater-agent-workspace/builds/worker-67/target:/opt/rustwide/target:rw,Z" "-v" "/var/lib/crater-agent-workspace/builds/worker-67/source:/opt/rustwide/workdir:ro,Z" "-v" "/var/lib/crater-agent-workspace/cargo-home:/opt/rustwide/cargo-home:ro,Z" "-v" "/var/lib/crater-agent-workspace/rustup-home:/opt/rustwide/rustup-home:ro,Z" "-e" "SOURCE_DIR=/opt/rustwide/workdir" "-e" "CARGO_TARGET_DIR=/opt/rustwide/target" "-e" "CARGO_HOME=/opt/rustwide/cargo-home" "-e" "RUSTUP_HOME=/opt/rustwide/rustup-home" "-w" "/opt/rustwide/workdir" "-m" "1610612736" "--user" "0:0" "--network" "none" "ghcr.io/rust-lang/crates-build-env/linux@sha256:34b6a614d2c27851fe6cbf88fbd1137609cefab8b10d0615aaeb6fd47975d74e" "/opt/rustwide/cargo-home/bin/cargo" "+beta-2021-08-01" "metadata" "--no-deps" "--format-version=1", kill_on_drop: false }`
[INFO] [stdout] 120b932342f4a6847464d2098d8102a31bc36612466b384bddc3065ac2d1b12a
[INFO] running `Command { std: "docker" "start" "-a" "120b932342f4a6847464d2098d8102a31bc36612466b384bddc3065ac2d1b12a", kill_on_drop: false }`
[INFO] running `Command { std: "docker" "inspect" "120b932342f4a6847464d2098d8102a31bc36612466b384bddc3065ac2d1b12a", kill_on_drop: false }`
[INFO] running `Command { std: "docker" "rm" "-f" "120b932342f4a6847464d2098d8102a31bc36612466b384bddc3065ac2d1b12a", kill_on_drop: false }`
[INFO] [stdout] 120b932342f4a6847464d2098d8102a31bc36612466b384bddc3065ac2d1b12a
[INFO] running `Command { std: "docker" "create" "-v" "/var/lib/crater-agent-workspace/builds/worker-67/target:/opt/rustwide/target:rw,Z" "-v" "/var/lib/crater-agent-workspace/builds/worker-67/source:/opt/rustwide/workdir:ro,Z" "-v" "/var/lib/crater-agent-workspace/cargo-home:/opt/rustwide/cargo-home:ro,Z" "-v" "/var/lib/crater-agent-workspace/rustup-home:/opt/rustwide/rustup-home:ro,Z" "-e" "SOURCE_DIR=/opt/rustwide/workdir" "-e" "CARGO_TARGET_DIR=/opt/rustwide/target" "-e" "CARGO_INCREMENTAL=0" "-e" "RUST_BACKTRACE=full" "-e" "RUSTFLAGS=--cap-lints=warn" "-e" "CARGO_HOME=/opt/rustwide/cargo-home" "-e" "RUSTUP_HOME=/opt/rustwide/rustup-home" "-w" "/opt/rustwide/workdir" "-m" "1610612736" "--user" "0:0" "--network" "none" "ghcr.io/rust-lang/crates-build-env/linux@sha256:34b6a614d2c27851fe6cbf88fbd1137609cefab8b10d0615aaeb6fd47975d74e" "/opt/rustwide/cargo-home/bin/cargo" "+beta-2021-08-01" "build" "--frozen" "--message-format=json", kill_on_drop: false }`
[INFO] [stdout] 96b282b84974ce74bddd0e70c3bfb7bfcfb637fee4369795400a78e1d89c9e20
[INFO] running `Command { std: "docker" "start" "-a" "96b282b84974ce74bddd0e70c3bfb7bfcfb637fee4369795400a78e1d89c9e20", kill_on_drop: false }`
[INFO] [stderr]    Compiling proc-macro2 v1.0.28
[INFO] [stderr]    Compiling quote v1.0.9
[INFO] [stderr]    Compiling syn v1.0.74
[INFO] [stderr]    Compiling requiem-macros v0.1.1 (/opt/rustwide/workdir)
[INFO] [stderr]     Finished dev [unoptimized + debuginfo] target(s) in 14.01s
[INFO] running `Command { std: "docker" "inspect" "96b282b84974ce74bddd0e70c3bfb7bfcfb637fee4369795400a78e1d89c9e20", kill_on_drop: false }`
[INFO] running `Command { std: "docker" "rm" "-f" "96b282b84974ce74bddd0e70c3bfb7bfcfb637fee4369795400a78e1d89c9e20", kill_on_drop: false }`
[INFO] [stdout] 96b282b84974ce74bddd0e70c3bfb7bfcfb637fee4369795400a78e1d89c9e20
[INFO] running `Command { std: "docker" "create" "-v" "/var/lib/crater-agent-workspace/builds/worker-67/target:/opt/rustwide/target:rw,Z" "-v" "/var/lib/crater-agent-workspace/builds/worker-67/source:/opt/rustwide/workdir:ro,Z" "-v" "/var/lib/crater-agent-workspace/cargo-home:/opt/rustwide/cargo-home:ro,Z" "-v" "/var/lib/crater-agent-workspace/rustup-home:/opt/rustwide/rustup-home:ro,Z" "-e" "SOURCE_DIR=/opt/rustwide/workdir" "-e" "CARGO_TARGET_DIR=/opt/rustwide/target" "-e" "CARGO_INCREMENTAL=0" "-e" "RUST_BACKTRACE=full" "-e" "RUSTFLAGS=--cap-lints=warn" "-e" "CARGO_HOME=/opt/rustwide/cargo-home" "-e" "RUSTUP_HOME=/opt/rustwide/rustup-home" "-w" "/opt/rustwide/workdir" "-m" "1610612736" "--user" "0:0" "--network" "none" "ghcr.io/rust-lang/crates-build-env/linux@sha256:34b6a614d2c27851fe6cbf88fbd1137609cefab8b10d0615aaeb6fd47975d74e" "/opt/rustwide/cargo-home/bin/cargo" "+beta-2021-08-01" "test" "--frozen" "--no-run" "--message-format=json", kill_on_drop: false }`
[INFO] [stdout] cfedd358cecbf4966de749e5cbd34b02ede4fa246c46ea2893516453970234cd
[INFO] running `Command { std: "docker" "start" "-a" "cfedd358cecbf4966de749e5cbd34b02ede4fa246c46ea2893516453970234cd", kill_on_drop: false }`
[INFO] [stderr]    Compiling requiem-macros v0.1.1 (/opt/rustwide/workdir)
[INFO] [stderr]     Finished test [unoptimized + debuginfo] target(s) in 5.52s
[INFO] running `Command { std: "docker" "inspect" "cfedd358cecbf4966de749e5cbd34b02ede4fa246c46ea2893516453970234cd", kill_on_drop: false }`
[INFO] running `Command { std: "docker" "rm" "-f" "cfedd358cecbf4966de749e5cbd34b02ede4fa246c46ea2893516453970234cd", kill_on_drop: false }`
[INFO] [stdout] cfedd358cecbf4966de749e5cbd34b02ede4fa246c46ea2893516453970234cd
[INFO] running `Command { std: "docker" "create" "-v" "/var/lib/crater-agent-workspace/builds/worker-67/target:/opt/rustwide/target:rw,Z" "-v" "/var/lib/crater-agent-workspace/builds/worker-67/source:/opt/rustwide/workdir:ro,Z" "-v" "/var/lib/crater-agent-workspace/cargo-home:/opt/rustwide/cargo-home:ro,Z" "-v" "/var/lib/crater-agent-workspace/rustup-home:/opt/rustwide/rustup-home:ro,Z" "-e" "SOURCE_DIR=/opt/rustwide/workdir" "-e" "CARGO_TARGET_DIR=/opt/rustwide/target" "-e" "CARGO_INCREMENTAL=0" "-e" "RUST_BACKTRACE=full" "-e" "RUSTFLAGS=--cap-lints=warn" "-e" "CARGO_HOME=/opt/rustwide/cargo-home" "-e" "RUSTUP_HOME=/opt/rustwide/rustup-home" "-w" "/opt/rustwide/workdir" "-m" "1610612736" "--user" "0:0" "--network" "none" "ghcr.io/rust-lang/crates-build-env/linux@sha256:34b6a614d2c27851fe6cbf88fbd1137609cefab8b10d0615aaeb6fd47975d74e" "/opt/rustwide/cargo-home/bin/cargo" "+beta-2021-08-01" "test" "--frozen", kill_on_drop: false }`
[INFO] [stdout] 551f5c9740d3df9f1aac0e7f655666efced991941370f348aacab753b65225af
[INFO] running `Command { std: "docker" "start" "-a" "551f5c9740d3df9f1aac0e7f655666efced991941370f348aacab753b65225af", kill_on_drop: false }`
[INFO] [stderr]     Blocking waiting for file lock on package cache
[INFO] [stderr]     Finished test [unoptimized + debuginfo] target(s) in 0.34s
[INFO] [stderr]      Running unittests (/opt/rustwide/target/debug/deps/requiem_macros-98baab64d9e9d6d3)
[INFO] [stdout] 
[INFO] [stderr]    Doc-tests requiem-macros
[INFO] [stdout] running 0 tests
[INFO] [stdout] 
[INFO] [stdout] test result: ok. 0 passed; 0 failed; 0 ignored; 0 measured; 0 filtered out; finished in 0.00s
[INFO] [stdout] 
[INFO] [stdout] 
[INFO] [stdout] running 2 tests
[INFO] [stdout] test src/lib.rs - main (line 11) ... FAILED
[INFO] [stdout] test src/lib.rs - test (line 49) - compile ... FAILED
[INFO] [stdout] 
[INFO] [stdout] failures:
[INFO] [stdout] 
[INFO] [stdout] ---- src/lib.rs - main (line 11) stdout ----
[INFO] [stdout] error[E0433]: failed to resolve: use of undeclared crate or module `actix_rt`
[INFO] [stdout]  --> src/lib.rs:12:3
[INFO] [stdout]   |
[INFO] [stdout] 2 | #[actix_rt::main]
[INFO] [stdout]   |   ^^^^^^^^ use of undeclared crate or module `actix_rt`
[INFO] [stdout] 
[INFO] [stdout] error[E0752]: `main` function is not allowed to be `async`
[INFO] [stdout]  --> src/lib.rs:13:1
[INFO] [stdout]   |
[INFO] [stdout] 3 | async fn main() {
[INFO] [stdout]   | ^^^^^^^^^^^^^^^ `main` function is not allowed to be `async`
[INFO] [stdout] 
[INFO] [stdout] error: aborting due to 2 previous errors
[INFO] [stdout] 
[INFO] [stdout] Some errors have detailed explanations: E0433, E0752.
[INFO] [stdout] For more information about an error, try `rustc --explain E0433`.
[INFO] [stdout] Couldn't compile the test.
[INFO] [stdout] ---- src/lib.rs - test (line 49) stdout ----
[INFO] [stdout] error[E0433]: failed to resolve: use of undeclared crate or module `actix_rt`
[INFO] [stdout]  --> src/lib.rs:50:3
[INFO] [stdout]   |
[INFO] [stdout] 3 | #[actix_rt::test]
[INFO] [stdout]   |   ^^^^^^^^ use of undeclared crate or module `actix_rt`
[INFO] [stdout] 
[INFO] [stdout] error: aborting due to previous error
[INFO] [stdout] 
[INFO] [stdout] For more information about this error, try `rustc --explain E0433`.
[INFO] [stdout] Couldn't compile the test.
[INFO] [stdout] 
[INFO] [stdout] failures:
[INFO] [stdout]     src/lib.rs - main (line 11)
[INFO] [stdout]     src/lib.rs - test (line 49)
[INFO] [stdout] 
[INFO] [stdout] test result: FAILED. 0 passed; 2 failed; 0 ignored; 0 measured; 0 filtered out; finished in 0.08s
[INFO] [stdout] 
[INFO] [stderr] error: test failed, to rerun pass '--doc'
[INFO] running `Command { std: "docker" "inspect" "551f5c9740d3df9f1aac0e7f655666efced991941370f348aacab753b65225af", kill_on_drop: false }`
[INFO] running `Command { std: "docker" "rm" "-f" "551f5c9740d3df9f1aac0e7f655666efced991941370f348aacab753b65225af", kill_on_drop: false }`
[INFO] [stdout] 551f5c9740d3df9f1aac0e7f655666efced991941370f348aacab753b65225af
