[INFO] fetching crate remind 0.1.2...
[INFO] testing remind-0.1.2 against 1.54.0 for beta-1.55-1
[INFO] extracting crate remind 0.1.2 into /workspace/builds/worker-96/source
[INFO] validating manifest of crates.io crate remind 0.1.2 on toolchain 1.54.0
[INFO] running `Command { std: "/workspace/cargo-home/bin/cargo" "+1.54.0" "metadata" "--manifest-path" "Cargo.toml" "--no-deps", kill_on_drop: false }`
[INFO] started tweaking crates.io crate remind 0.1.2
[INFO] finished tweaking crates.io crate remind 0.1.2
[INFO] tweaked toml for crates.io crate remind 0.1.2 written to /workspace/builds/worker-96/source/Cargo.toml
[INFO] crate crates.io crate remind 0.1.2 already has a lockfile, it will not be regenerated
[INFO] running `Command { std: "/workspace/cargo-home/bin/cargo" "+1.54.0" "fetch" "--manifest-path" "Cargo.toml", kill_on_drop: false }`
[INFO] [stderr]     Blocking waiting for file lock on package cache
[INFO] [stderr]     Blocking waiting for file lock on package cache
[INFO] running `Command { std: "docker" "create" "-v" "/var/lib/crater-agent-workspace/builds/worker-96/target:/opt/rustwide/target:rw,Z" "-v" "/var/lib/crater-agent-workspace/builds/worker-96/source:/opt/rustwide/workdir:ro,Z" "-v" "/var/lib/crater-agent-workspace/cargo-home:/opt/rustwide/cargo-home:ro,Z" "-v" "/var/lib/crater-agent-workspace/rustup-home:/opt/rustwide/rustup-home:ro,Z" "-e" "SOURCE_DIR=/opt/rustwide/workdir" "-e" "CARGO_TARGET_DIR=/opt/rustwide/target" "-e" "CARGO_HOME=/opt/rustwide/cargo-home" "-e" "RUSTUP_HOME=/opt/rustwide/rustup-home" "-w" "/opt/rustwide/workdir" "-m" "1610612736" "--user" "0:0" "--network" "none" "ghcr.io/rust-lang/crates-build-env/linux@sha256:34b6a614d2c27851fe6cbf88fbd1137609cefab8b10d0615aaeb6fd47975d74e" "/opt/rustwide/cargo-home/bin/cargo" "+1.54.0" "metadata" "--no-deps" "--format-version=1", kill_on_drop: false }`
[INFO] [stdout] a50e49477a88063d7242f3818a0877423cf67f7eb42cddbc432c52c18264c3e9
[INFO] running `Command { std: "docker" "start" "-a" "a50e49477a88063d7242f3818a0877423cf67f7eb42cddbc432c52c18264c3e9", kill_on_drop: false }`
[INFO] running `Command { std: "docker" "inspect" "a50e49477a88063d7242f3818a0877423cf67f7eb42cddbc432c52c18264c3e9", kill_on_drop: false }`
[INFO] running `Command { std: "docker" "rm" "-f" "a50e49477a88063d7242f3818a0877423cf67f7eb42cddbc432c52c18264c3e9", kill_on_drop: false }`
[INFO] [stdout] a50e49477a88063d7242f3818a0877423cf67f7eb42cddbc432c52c18264c3e9
[INFO] running `Command { std: "docker" "create" "-v" "/var/lib/crater-agent-workspace/builds/worker-96/target:/opt/rustwide/target:rw,Z" "-v" "/var/lib/crater-agent-workspace/builds/worker-96/source:/opt/rustwide/workdir:ro,Z" "-v" "/var/lib/crater-agent-workspace/cargo-home:/opt/rustwide/cargo-home:ro,Z" "-v" "/var/lib/crater-agent-workspace/rustup-home:/opt/rustwide/rustup-home:ro,Z" "-e" "SOURCE_DIR=/opt/rustwide/workdir" "-e" "CARGO_TARGET_DIR=/opt/rustwide/target" "-e" "CARGO_INCREMENTAL=0" "-e" "RUST_BACKTRACE=full" "-e" "RUSTFLAGS=--cap-lints=warn" "-e" "CARGO_HOME=/opt/rustwide/cargo-home" "-e" "RUSTUP_HOME=/opt/rustwide/rustup-home" "-w" "/opt/rustwide/workdir" "-m" "1610612736" "--user" "0:0" "--network" "none" "ghcr.io/rust-lang/crates-build-env/linux@sha256:34b6a614d2c27851fe6cbf88fbd1137609cefab8b10d0615aaeb6fd47975d74e" "/opt/rustwide/cargo-home/bin/cargo" "+1.54.0" "build" "--frozen" "--message-format=json", kill_on_drop: false }`
[INFO] [stdout] a023f6afb6849e93a1363bc2f75c2ef35f103525efc61912fcde7a88985b6fd6
[INFO] running `Command { std: "docker" "start" "-a" "a023f6afb6849e93a1363bc2f75c2ef35f103525efc61912fcde7a88985b6fd6", kill_on_drop: false }`
[INFO] [stderr]    Compiling remind v0.1.2 (/opt/rustwide/workdir)
[INFO] [stderr]     Finished dev [unoptimized + debuginfo] target(s) in 1.08s
[INFO] running `Command { std: "docker" "inspect" "a023f6afb6849e93a1363bc2f75c2ef35f103525efc61912fcde7a88985b6fd6", kill_on_drop: false }`
[INFO] running `Command { std: "docker" "rm" "-f" "a023f6afb6849e93a1363bc2f75c2ef35f103525efc61912fcde7a88985b6fd6", kill_on_drop: false }`
[INFO] [stdout] a023f6afb6849e93a1363bc2f75c2ef35f103525efc61912fcde7a88985b6fd6
[INFO] running `Command { std: "docker" "create" "-v" "/var/lib/crater-agent-workspace/builds/worker-96/target:/opt/rustwide/target:rw,Z" "-v" "/var/lib/crater-agent-workspace/builds/worker-96/source:/opt/rustwide/workdir:ro,Z" "-v" "/var/lib/crater-agent-workspace/cargo-home:/opt/rustwide/cargo-home:ro,Z" "-v" "/var/lib/crater-agent-workspace/rustup-home:/opt/rustwide/rustup-home:ro,Z" "-e" "SOURCE_DIR=/opt/rustwide/workdir" "-e" "CARGO_TARGET_DIR=/opt/rustwide/target" "-e" "CARGO_INCREMENTAL=0" "-e" "RUST_BACKTRACE=full" "-e" "RUSTFLAGS=--cap-lints=warn" "-e" "CARGO_HOME=/opt/rustwide/cargo-home" "-e" "RUSTUP_HOME=/opt/rustwide/rustup-home" "-w" "/opt/rustwide/workdir" "-m" "1610612736" "--user" "0:0" "--network" "none" "ghcr.io/rust-lang/crates-build-env/linux@sha256:34b6a614d2c27851fe6cbf88fbd1137609cefab8b10d0615aaeb6fd47975d74e" "/opt/rustwide/cargo-home/bin/cargo" "+1.54.0" "test" "--frozen" "--no-run" "--message-format=json", kill_on_drop: false }`
[INFO] [stdout] b8eb4f9fe64e70fbafd4d9eaa72cbd8e019696f33a7b6ce2fd2f788fec04ce3c
[INFO] running `Command { std: "docker" "start" "-a" "b8eb4f9fe64e70fbafd4d9eaa72cbd8e019696f33a7b6ce2fd2f788fec04ce3c", kill_on_drop: false }`
[INFO] [stderr]    Compiling remind v0.1.2 (/opt/rustwide/workdir)
[INFO] [stderr]     Finished test [unoptimized + debuginfo] target(s) in 1.81s
[INFO] running `Command { std: "docker" "inspect" "b8eb4f9fe64e70fbafd4d9eaa72cbd8e019696f33a7b6ce2fd2f788fec04ce3c", kill_on_drop: false }`
[INFO] running `Command { std: "docker" "rm" "-f" "b8eb4f9fe64e70fbafd4d9eaa72cbd8e019696f33a7b6ce2fd2f788fec04ce3c", kill_on_drop: false }`
[INFO] [stdout] b8eb4f9fe64e70fbafd4d9eaa72cbd8e019696f33a7b6ce2fd2f788fec04ce3c
[INFO] running `Command { std: "docker" "create" "-v" "/var/lib/crater-agent-workspace/builds/worker-96/target:/opt/rustwide/target:rw,Z" "-v" "/var/lib/crater-agent-workspace/builds/worker-96/source:/opt/rustwide/workdir:ro,Z" "-v" "/var/lib/crater-agent-workspace/cargo-home:/opt/rustwide/cargo-home:ro,Z" "-v" "/var/lib/crater-agent-workspace/rustup-home:/opt/rustwide/rustup-home:ro,Z" "-e" "SOURCE_DIR=/opt/rustwide/workdir" "-e" "CARGO_TARGET_DIR=/opt/rustwide/target" "-e" "CARGO_INCREMENTAL=0" "-e" "RUST_BACKTRACE=full" "-e" "RUSTFLAGS=--cap-lints=warn" "-e" "CARGO_HOME=/opt/rustwide/cargo-home" "-e" "RUSTUP_HOME=/opt/rustwide/rustup-home" "-w" "/opt/rustwide/workdir" "-m" "1610612736" "--user" "0:0" "--network" "none" "ghcr.io/rust-lang/crates-build-env/linux@sha256:34b6a614d2c27851fe6cbf88fbd1137609cefab8b10d0615aaeb6fd47975d74e" "/opt/rustwide/cargo-home/bin/cargo" "+1.54.0" "test" "--frozen", kill_on_drop: false }`
[INFO] [stdout] 29c5483fa1eb575253ca626d61704d5696a22e27cefcab64d1331d72d11d98d2
[INFO] running `Command { std: "docker" "start" "-a" "29c5483fa1eb575253ca626d61704d5696a22e27cefcab64d1331d72d11d98d2", kill_on_drop: false }`
[INFO] [stderr]     Blocking waiting for file lock on package cache
[INFO] [stderr]     Finished test [unoptimized + debuginfo] target(s) in 0.17s
[INFO] [stderr]      Running unittests (/opt/rustwide/target/debug/deps/remind-989b4524ebb79a05)
[INFO] [stdout] 
[INFO] [stderr]      Running unittests (/opt/rustwide/target/debug/deps/remind-61bd9ff9f3e77988)
[INFO] [stdout] running 0 tests
[INFO] [stderr]    Doc-tests remind
[INFO] [stdout] 
[INFO] [stdout] test result: ok. 0 passed; 0 failed; 0 ignored; 0 measured; 0 filtered out; finished in 0.00s
[INFO] [stdout] 
[INFO] [stdout] 
[INFO] [stdout] running 0 tests
[INFO] [stdout] 
[INFO] [stdout] test result: ok. 0 passed; 0 failed; 0 ignored; 0 measured; 0 filtered out; finished in 0.00s
[INFO] [stdout] 
[INFO] [stdout] 
[INFO] [stdout] running 1 test
[INFO] [stdout] test src/lib.rs - add_one (line 10) ... FAILED
[INFO] [stdout] 
[INFO] [stdout] failures:
[INFO] [stdout] 
[INFO] [stdout] ---- src/lib.rs - add_one (line 10) stdout ----
[INFO] [stdout] error[E0433]: failed to resolve: use of undeclared crate or module `my_crate`
[INFO] [stdout]  --> src/lib.rs:12:14
[INFO] [stdout]   |
[INFO] [stdout] 4 | let answer = my_crate::add_one(arg);
[INFO] [stdout]   |              ^^^^^^^^ use of undeclared crate or module `my_crate`
[INFO] [stdout] 
[INFO] [stdout] error: aborting due to previous error
[INFO] [stdout] 
[INFO] [stdout] For more information about this error, try `rustc --explain E0433`.
[INFO] [stdout] Couldn't compile the test.
[INFO] [stdout] 
[INFO] [stdout] failures:
[INFO] [stdout]     src/lib.rs - add_one (line 10)
[INFO] [stdout] 
[INFO] [stdout] test result: FAILED. 0 passed; 1 failed; 0 ignored; 0 measured; 0 filtered out; finished in 0.19s
[INFO] [stdout] 
[INFO] [stderr] error: test failed, to rerun pass '--doc'
[INFO] running `Command { std: "docker" "inspect" "29c5483fa1eb575253ca626d61704d5696a22e27cefcab64d1331d72d11d98d2", kill_on_drop: false }`
[INFO] running `Command { std: "docker" "rm" "-f" "29c5483fa1eb575253ca626d61704d5696a22e27cefcab64d1331d72d11d98d2", kill_on_drop: false }`
[INFO] [stdout] 29c5483fa1eb575253ca626d61704d5696a22e27cefcab64d1331d72d11d98d2
