[INFO] fetching crate regex_minigrep 1.0.0...
[INFO] testing regex_minigrep-1.0.0 against beta-2021-08-01 for beta-1.55-1
[INFO] extracting crate regex_minigrep 1.0.0 into /workspace/builds/worker-41/source
[INFO] validating manifest of crates.io crate regex_minigrep 1.0.0 on toolchain beta-2021-08-01
[INFO] running `Command { std: "/workspace/cargo-home/bin/cargo" "+beta-2021-08-01" "metadata" "--manifest-path" "Cargo.toml" "--no-deps", kill_on_drop: false }`
[INFO] started tweaking crates.io crate regex_minigrep 1.0.0
[INFO] finished tweaking crates.io crate regex_minigrep 1.0.0
[INFO] tweaked toml for crates.io crate regex_minigrep 1.0.0 written to /workspace/builds/worker-41/source/Cargo.toml
[INFO] running `Command { std: "/workspace/cargo-home/bin/cargo" "+beta-2021-08-01" "generate-lockfile" "--manifest-path" "Cargo.toml" "-Zno-index-update", kill_on_drop: false }`
[INFO] [stderr]     Blocking waiting for file lock on package cache
[INFO] running `Command { std: "/workspace/cargo-home/bin/cargo" "+beta-2021-08-01" "fetch" "--manifest-path" "Cargo.toml", kill_on_drop: false }`
[INFO] [stderr]     Blocking waiting for file lock on package cache
[INFO] [stderr]     Blocking waiting for file lock on package cache
[INFO] running `Command { std: "docker" "create" "-v" "/var/lib/crater-agent-workspace/builds/worker-41/target:/opt/rustwide/target:rw,Z" "-v" "/var/lib/crater-agent-workspace/builds/worker-41/source:/opt/rustwide/workdir:ro,Z" "-v" "/var/lib/crater-agent-workspace/cargo-home:/opt/rustwide/cargo-home:ro,Z" "-v" "/var/lib/crater-agent-workspace/rustup-home:/opt/rustwide/rustup-home:ro,Z" "-e" "SOURCE_DIR=/opt/rustwide/workdir" "-e" "CARGO_TARGET_DIR=/opt/rustwide/target" "-e" "CARGO_HOME=/opt/rustwide/cargo-home" "-e" "RUSTUP_HOME=/opt/rustwide/rustup-home" "-w" "/opt/rustwide/workdir" "-m" "1610612736" "--user" "0:0" "--network" "none" "ghcr.io/rust-lang/crates-build-env/linux@sha256:34b6a614d2c27851fe6cbf88fbd1137609cefab8b10d0615aaeb6fd47975d74e" "/opt/rustwide/cargo-home/bin/cargo" "+beta-2021-08-01" "metadata" "--no-deps" "--format-version=1", kill_on_drop: false }`
[INFO] [stdout] 668687d5a8d897ee744d35495cd2938f3921aa99f7e76e9268d929d016e32366
[INFO] running `Command { std: "docker" "start" "-a" "668687d5a8d897ee744d35495cd2938f3921aa99f7e76e9268d929d016e32366", kill_on_drop: false }`
[INFO] running `Command { std: "docker" "inspect" "668687d5a8d897ee744d35495cd2938f3921aa99f7e76e9268d929d016e32366", kill_on_drop: false }`
[INFO] running `Command { std: "docker" "rm" "-f" "668687d5a8d897ee744d35495cd2938f3921aa99f7e76e9268d929d016e32366", kill_on_drop: false }`
[INFO] [stdout] 668687d5a8d897ee744d35495cd2938f3921aa99f7e76e9268d929d016e32366
[INFO] running `Command { std: "docker" "create" "-v" "/var/lib/crater-agent-workspace/builds/worker-41/target:/opt/rustwide/target:rw,Z" "-v" "/var/lib/crater-agent-workspace/builds/worker-41/source:/opt/rustwide/workdir:ro,Z" "-v" "/var/lib/crater-agent-workspace/cargo-home:/opt/rustwide/cargo-home:ro,Z" "-v" "/var/lib/crater-agent-workspace/rustup-home:/opt/rustwide/rustup-home:ro,Z" "-e" "SOURCE_DIR=/opt/rustwide/workdir" "-e" "CARGO_TARGET_DIR=/opt/rustwide/target" "-e" "CARGO_INCREMENTAL=0" "-e" "RUST_BACKTRACE=full" "-e" "RUSTFLAGS=--cap-lints=warn" "-e" "CARGO_HOME=/opt/rustwide/cargo-home" "-e" "RUSTUP_HOME=/opt/rustwide/rustup-home" "-w" "/opt/rustwide/workdir" "-m" "1610612736" "--user" "0:0" "--network" "none" "ghcr.io/rust-lang/crates-build-env/linux@sha256:34b6a614d2c27851fe6cbf88fbd1137609cefab8b10d0615aaeb6fd47975d74e" "/opt/rustwide/cargo-home/bin/cargo" "+beta-2021-08-01" "build" "--frozen" "--message-format=json", kill_on_drop: false }`
[INFO] [stdout] 7216745a4c4b853d6c5ae028d99091a465a8a013e12719d947cbdc71b9ff6aa7
[INFO] running `Command { std: "docker" "start" "-a" "7216745a4c4b853d6c5ae028d99091a465a8a013e12719d947cbdc71b9ff6aa7", kill_on_drop: false }`
[INFO] [stderr]    Compiling regex v0.2.11
[INFO] [stderr]    Compiling ucd-util v0.1.8
[INFO] [stderr]    Compiling utf8-ranges v1.0.4
[INFO] [stderr]    Compiling thread_local v0.3.6
[INFO] [stderr]    Compiling aho-corasick v0.6.10
[INFO] [stderr]    Compiling regex-syntax v0.5.6
[INFO] [stderr]    Compiling regex_minigrep v1.0.0 (/opt/rustwide/workdir)
[INFO] [stdout] warning: trait objects without an explicit `dyn` are deprecated
[INFO] [stdout]   --> src/lib.rs:16:53
[INFO] [stdout]    |
[INFO] [stdout] 16 |     fn new(args: Vec<String>) -> Result<Config, Box<Error>> {
[INFO] [stdout]    |                                                     ^^^^^ help: use `dyn`: `dyn Error`
[INFO] [stdout]    |
[INFO] [stdout]    = note: `#[warn(bare_trait_objects)]` on by default
[INFO] [stdout]    = warning: this is accepted in the current edition (Rust 2015) but is a hard error in Rust 2021!
[INFO] [stdout]    = note: for more information, see issue #80165 <https://github.com/rust-lang/rust/issues/80165>
[INFO] [stdout] 
[INFO] [stdout] 
[INFO] [stdout] warning: trait objects without an explicit `dyn` are deprecated
[INFO] [stdout]   --> src/lib.rs:55:54
[INFO] [stdout]    |
[INFO] [stdout] 55 | pub fn grep(args: Vec<String>) -> Result<String, Box<Error>> {
[INFO] [stdout]    |                                                      ^^^^^ help: use `dyn`: `dyn Error`
[INFO] [stdout]    |
[INFO] [stdout]    = warning: this is accepted in the current edition (Rust 2015) but is a hard error in Rust 2021!
[INFO] [stdout]    = note: for more information, see issue #80165 <https://github.com/rust-lang/rust/issues/80165>
[INFO] [stdout] 
[INFO] [stdout] 
[INFO] [stdout] warning: trait objects without an explicit `dyn` are deprecated
[INFO] [stdout]   --> src/lib.rs:87:60
[INFO] [stdout]    |
[INFO] [stdout] 87 | fn read_file(target: &path::PathBuf) -> Result<String, Box<Error>> {
[INFO] [stdout]    |                                                            ^^^^^ help: use `dyn`: `dyn Error`
[INFO] [stdout]    |
[INFO] [stdout]    = warning: this is accepted in the current edition (Rust 2015) but is a hard error in Rust 2021!
[INFO] [stdout]    = note: for more information, see issue #80165 <https://github.com/rust-lang/rust/issues/80165>
[INFO] [stdout] 
[INFO] [stdout] 
[INFO] [stdout] warning: 3 warnings emitted
[INFO] [stdout] 
[INFO] [stdout] 
[INFO] [stderr]     Finished dev [unoptimized + debuginfo] target(s) in 7.55s
[INFO] running `Command { std: "docker" "inspect" "7216745a4c4b853d6c5ae028d99091a465a8a013e12719d947cbdc71b9ff6aa7", kill_on_drop: false }`
[INFO] running `Command { std: "docker" "rm" "-f" "7216745a4c4b853d6c5ae028d99091a465a8a013e12719d947cbdc71b9ff6aa7", kill_on_drop: false }`
[INFO] [stdout] 7216745a4c4b853d6c5ae028d99091a465a8a013e12719d947cbdc71b9ff6aa7
[INFO] running `Command { std: "docker" "create" "-v" "/var/lib/crater-agent-workspace/builds/worker-41/target:/opt/rustwide/target:rw,Z" "-v" "/var/lib/crater-agent-workspace/builds/worker-41/source:/opt/rustwide/workdir:ro,Z" "-v" "/var/lib/crater-agent-workspace/cargo-home:/opt/rustwide/cargo-home:ro,Z" "-v" "/var/lib/crater-agent-workspace/rustup-home:/opt/rustwide/rustup-home:ro,Z" "-e" "SOURCE_DIR=/opt/rustwide/workdir" "-e" "CARGO_TARGET_DIR=/opt/rustwide/target" "-e" "CARGO_INCREMENTAL=0" "-e" "RUST_BACKTRACE=full" "-e" "RUSTFLAGS=--cap-lints=warn" "-e" "CARGO_HOME=/opt/rustwide/cargo-home" "-e" "RUSTUP_HOME=/opt/rustwide/rustup-home" "-w" "/opt/rustwide/workdir" "-m" "1610612736" "--user" "0:0" "--network" "none" "ghcr.io/rust-lang/crates-build-env/linux@sha256:34b6a614d2c27851fe6cbf88fbd1137609cefab8b10d0615aaeb6fd47975d74e" "/opt/rustwide/cargo-home/bin/cargo" "+beta-2021-08-01" "test" "--frozen" "--no-run" "--message-format=json", kill_on_drop: false }`
[INFO] [stdout] 36f6f80e63bfb990061f787bc827e4e374c112f5aa6ac0502d7deb844cae81e1
[INFO] running `Command { std: "docker" "start" "-a" "36f6f80e63bfb990061f787bc827e4e374c112f5aa6ac0502d7deb844cae81e1", kill_on_drop: false }`
[INFO] [stderr]    Compiling regex_minigrep v1.0.0 (/opt/rustwide/workdir)
[INFO] [stdout] warning: trait objects without an explicit `dyn` are deprecated
[INFO] [stdout]   --> src/lib.rs:16:53
[INFO] [stdout]    |
[INFO] [stdout] 16 |     fn new(args: Vec<String>) -> Result<Config, Box<Error>> {
[INFO] [stdout]    |                                                     ^^^^^ help: use `dyn`: `dyn Error`
[INFO] [stdout]    |
[INFO] [stdout]    = note: `#[warn(bare_trait_objects)]` on by default
[INFO] [stdout]    = warning: this is accepted in the current edition (Rust 2015) but is a hard error in Rust 2021!
[INFO] [stdout]    = note: for more information, see issue #80165 <https://github.com/rust-lang/rust/issues/80165>
[INFO] [stdout] 
[INFO] [stdout] 
[INFO] [stdout] warning: trait objects without an explicit `dyn` are deprecated
[INFO] [stdout]   --> src/lib.rs:55:54
[INFO] [stdout]    |
[INFO] [stdout] 55 | pub fn grep(args: Vec<String>) -> Result<String, Box<Error>> {
[INFO] [stdout]    |                                                      ^^^^^ help: use `dyn`: `dyn Error`
[INFO] [stdout]    |
[INFO] [stdout]    = warning: this is accepted in the current edition (Rust 2015) but is a hard error in Rust 2021!
[INFO] [stdout]    = note: for more information, see issue #80165 <https://github.com/rust-lang/rust/issues/80165>
[INFO] [stdout] 
[INFO] [stdout] 
[INFO] [stdout] warning: trait objects without an explicit `dyn` are deprecated
[INFO] [stdout]   --> src/lib.rs:87:60
[INFO] [stdout]    |
[INFO] [stdout] 87 | fn read_file(target: &path::PathBuf) -> Result<String, Box<Error>> {
[INFO] [stdout]    |                                                            ^^^^^ help: use `dyn`: `dyn Error`
[INFO] [stdout]    |
[INFO] [stdout]    = warning: this is accepted in the current edition (Rust 2015) but is a hard error in Rust 2021!
[INFO] [stdout]    = note: for more information, see issue #80165 <https://github.com/rust-lang/rust/issues/80165>
[INFO] [stdout] 
[INFO] [stdout] 
[INFO] [stdout] warning: 3 warnings emitted
[INFO] [stdout] 
[INFO] [stdout] 
[INFO] [stdout] warning: trait objects without an explicit `dyn` are deprecated
[INFO] [stdout]   --> src/lib.rs:16:53
[INFO] [stdout]    |
[INFO] [stdout] 16 |     fn new(args: Vec<String>) -> Result<Config, Box<Error>> {
[INFO] [stdout]    |                                                     ^^^^^ help: use `dyn`: `dyn Error`
[INFO] [stdout]    |
[INFO] [stdout]    = note: `#[warn(bare_trait_objects)]` on by default
[INFO] [stdout]    = warning: this is accepted in the current edition (Rust 2015) but is a hard error in Rust 2021!
[INFO] [stdout]    = note: for more information, see issue #80165 <https://github.com/rust-lang/rust/issues/80165>
[INFO] [stdout] 
[INFO] [stdout] 
[INFO] [stdout] warning: trait objects without an explicit `dyn` are deprecated
[INFO] [stdout]   --> src/lib.rs:55:54
[INFO] [stdout]    |
[INFO] [stdout] 55 | pub fn grep(args: Vec<String>) -> Result<String, Box<Error>> {
[INFO] [stdout]    |                                                      ^^^^^ help: use `dyn`: `dyn Error`
[INFO] [stdout]    |
[INFO] [stdout]    = warning: this is accepted in the current edition (Rust 2015) but is a hard error in Rust 2021!
[INFO] [stdout]    = note: for more information, see issue #80165 <https://github.com/rust-lang/rust/issues/80165>
[INFO] [stdout] 
[INFO] [stdout] 
[INFO] [stdout] warning: trait objects without an explicit `dyn` are deprecated
[INFO] [stdout]   --> src/lib.rs:87:60
[INFO] [stdout]    |
[INFO] [stdout] 87 | fn read_file(target: &path::PathBuf) -> Result<String, Box<Error>> {
[INFO] [stdout]    |                                                            ^^^^^ help: use `dyn`: `dyn Error`
[INFO] [stdout]    |
[INFO] [stdout]    = warning: this is accepted in the current edition (Rust 2015) but is a hard error in Rust 2021!
[INFO] [stdout]    = note: for more information, see issue #80165 <https://github.com/rust-lang/rust/issues/80165>
[INFO] [stdout] 
[INFO] [stdout] 
[INFO] [stdout] warning: 3 warnings emitted
[INFO] [stdout] 
[INFO] [stdout] 
[INFO] [stderr]     Finished test [unoptimized + debuginfo] target(s) in 1.17s
[INFO] running `Command { std: "docker" "inspect" "36f6f80e63bfb990061f787bc827e4e374c112f5aa6ac0502d7deb844cae81e1", kill_on_drop: false }`
[INFO] running `Command { std: "docker" "rm" "-f" "36f6f80e63bfb990061f787bc827e4e374c112f5aa6ac0502d7deb844cae81e1", kill_on_drop: false }`
[INFO] [stdout] 36f6f80e63bfb990061f787bc827e4e374c112f5aa6ac0502d7deb844cae81e1
[INFO] running `Command { std: "docker" "create" "-v" "/var/lib/crater-agent-workspace/builds/worker-41/target:/opt/rustwide/target:rw,Z" "-v" "/var/lib/crater-agent-workspace/builds/worker-41/source:/opt/rustwide/workdir:ro,Z" "-v" "/var/lib/crater-agent-workspace/cargo-home:/opt/rustwide/cargo-home:ro,Z" "-v" "/var/lib/crater-agent-workspace/rustup-home:/opt/rustwide/rustup-home:ro,Z" "-e" "SOURCE_DIR=/opt/rustwide/workdir" "-e" "CARGO_TARGET_DIR=/opt/rustwide/target" "-e" "CARGO_INCREMENTAL=0" "-e" "RUST_BACKTRACE=full" "-e" "RUSTFLAGS=--cap-lints=warn" "-e" "CARGO_HOME=/opt/rustwide/cargo-home" "-e" "RUSTUP_HOME=/opt/rustwide/rustup-home" "-w" "/opt/rustwide/workdir" "-m" "1610612736" "--user" "0:0" "--network" "none" "ghcr.io/rust-lang/crates-build-env/linux@sha256:34b6a614d2c27851fe6cbf88fbd1137609cefab8b10d0615aaeb6fd47975d74e" "/opt/rustwide/cargo-home/bin/cargo" "+beta-2021-08-01" "test" "--frozen", kill_on_drop: false }`
[INFO] [stdout] 7a94823e15a19a2305b2272a9370d00d7de15f0e221d20355e8c9393806f5f14
[INFO] running `Command { std: "docker" "start" "-a" "7a94823e15a19a2305b2272a9370d00d7de15f0e221d20355e8c9393806f5f14", kill_on_drop: false }`
[INFO] [stderr] warning: trait objects without an explicit `dyn` are deprecated
[INFO] [stderr]   --> src/lib.rs:16:53
[INFO] [stderr]    |
[INFO] [stderr] 16 |     fn new(args: Vec<String>) -> Result<Config, Box<Error>> {
[INFO] [stderr]    |                                                     ^^^^^ help: use `dyn`: `dyn Error`
[INFO] [stderr]    |
[INFO] [stderr]    = note: `#[warn(bare_trait_objects)]` on by default
[INFO] [stderr]    = warning: this is accepted in the current edition (Rust 2015) but is a hard error in Rust 2021!
[INFO] [stderr]    = note: for more information, see issue #80165 <https://github.com/rust-lang/rust/issues/80165>
[INFO] [stderr] 
[INFO] [stderr] warning: trait objects without an explicit `dyn` are deprecated
[INFO] [stderr]   --> src/lib.rs:55:54
[INFO] [stderr]    |
[INFO] [stderr] 55 | pub fn grep(args: Vec<String>) -> Result<String, Box<Error>> {
[INFO] [stderr]    |                                                      ^^^^^ help: use `dyn`: `dyn Error`
[INFO] [stderr]    |
[INFO] [stderr]    = warning: this is accepted in the current edition (Rust 2015) but is a hard error in Rust 2021!
[INFO] [stderr]    = note: for more information, see issue #80165 <https://github.com/rust-lang/rust/issues/80165>
[INFO] [stderr] 
[INFO] [stderr] warning: trait objects without an explicit `dyn` are deprecated
[INFO] [stderr]   --> src/lib.rs:87:60
[INFO] [stderr]    |
[INFO] [stderr] 87 | fn read_file(target: &path::PathBuf) -> Result<String, Box<Error>> {
[INFO] [stderr]    |                                                            ^^^^^ help: use `dyn`: `dyn Error`
[INFO] [stderr]    |
[INFO] [stderr]    = warning: this is accepted in the current edition (Rust 2015) but is a hard error in Rust 2021!
[INFO] [stderr]    = note: for more information, see issue #80165 <https://github.com/rust-lang/rust/issues/80165>
[INFO] [stderr] 
[INFO] [stderr] warning: `regex_minigrep` (lib) generated 3 warnings
[INFO] [stderr] warning: `regex_minigrep` (lib test) generated 3 warnings (3 duplicates)
[INFO] [stderr]     Finished test [unoptimized + debuginfo] target(s) in 0.03s
[INFO] [stderr]      Running unittests (/opt/rustwide/target/debug/deps/regex_minigrep-2e18d395c884b36e)
[INFO] [stdout] 
[INFO] [stderr]      Running unittests (/opt/rustwide/target/debug/deps/regex_minigrep-1ce31e63c3841098)
[INFO] [stdout] running 0 tests
[INFO] [stdout] 
[INFO] [stdout] test result: ok. 0 passed; 0 failed; 0 ignored; 0 measured; 0 filtered out; finished in 0.00s
[INFO] [stdout] 
[INFO] [stdout] 
[INFO] [stdout] running 0 tests
[INFO] [stdout] 
[INFO] [stdout] test result: ok. 0 passed; 0 failed; 0 ignored; 0 measured; 0 filtered out; finished in 0.00s
[INFO] [stdout] 
[INFO] [stderr]    Doc-tests regex_minigrep
[INFO] [stdout] 
[INFO] [stdout] running 1 test
[INFO] [stdout] test src/lib.rs - grep (line 32) ... FAILED
[INFO] [stdout] 
[INFO] [stdout] failures:
[INFO] [stdout] 
[INFO] [stdout] ---- src/lib.rs - grep (line 32) stdout ----
[INFO] [stdout] error[E0433]: failed to resolve: use of undeclared crate or module `process`
[INFO] [stdout]   --> src/lib.rs:45:9
[INFO] [stdout]    |
[INFO] [stdout] 16 |         process::exit(1);
[INFO] [stdout]    |         ^^^^^^^ use of undeclared crate or module `process`
[INFO] [stdout] 
[INFO] [stdout] error[E0600]: cannot apply unary operator `!` to type `[&str; 3]`
[INFO] [stdout]   --> src/lib.rs:40:12
[INFO] [stdout]    |
[INFO] [stdout] 11 | let args = !["/path/", "target_file.txt", "This"];
[INFO] [stdout]    |            ^^^^^^^^^^^^^^^^^^^^^^^^^^^^^^^^^^^^^^ cannot apply unary operator `!`
[INFO] [stdout] 
[INFO] [stdout] error: aborting due to 2 previous errors
[INFO] [stdout] 
[INFO] [stdout] Some errors have detailed explanations: E0433, E0600.
[INFO] [stdout] For more information about an error, try `rustc --explain E0433`.
[INFO] [stdout] Couldn't compile the test.
[INFO] [stdout] 
[INFO] [stdout] failures:
[INFO] [stdout]     src/lib.rs - grep (line 32)
[INFO] [stdout] 
[INFO] [stdout] test result: FAILED. 0 passed; 1 failed; 0 ignored; 0 measured; 0 filtered out; finished in 0.11s
[INFO] [stdout] 
[INFO] [stderr] error: test failed, to rerun pass '--doc'
[INFO] running `Command { std: "docker" "inspect" "7a94823e15a19a2305b2272a9370d00d7de15f0e221d20355e8c9393806f5f14", kill_on_drop: false }`
[INFO] running `Command { std: "docker" "rm" "-f" "7a94823e15a19a2305b2272a9370d00d7de15f0e221d20355e8c9393806f5f14", kill_on_drop: false }`
[INFO] [stdout] 7a94823e15a19a2305b2272a9370d00d7de15f0e221d20355e8c9393806f5f14
