[INFO] fetching crate regex-automata 0.1.10...
[INFO] testing regex-automata-0.1.10 against beta-2021-08-01 for beta-1.55-1
[INFO] extracting crate regex-automata 0.1.10 into /workspace/builds/worker-48/source
[INFO] validating manifest of crates.io crate regex-automata 0.1.10 on toolchain beta-2021-08-01
[INFO] running `Command { std: "/workspace/cargo-home/bin/cargo" "+beta-2021-08-01" "metadata" "--manifest-path" "Cargo.toml" "--no-deps", kill_on_drop: false }`
[INFO] started tweaking crates.io crate regex-automata 0.1.10
[INFO] removed 0 missing tests
[INFO] finished tweaking crates.io crate regex-automata 0.1.10
[INFO] tweaked toml for crates.io crate regex-automata 0.1.10 written to /workspace/builds/worker-48/source/Cargo.toml
[INFO] running `Command { std: "/workspace/cargo-home/bin/cargo" "+beta-2021-08-01" "generate-lockfile" "--manifest-path" "Cargo.toml" "-Zno-index-update", kill_on_drop: false }`
[INFO] running `Command { std: "/workspace/cargo-home/bin/cargo" "+beta-2021-08-01" "fetch" "--manifest-path" "Cargo.toml", kill_on_drop: false }`
[INFO] [stderr]     Blocking waiting for file lock on package cache
[INFO] [stderr]  Downloading crates ...
[INFO] [stderr]   Downloaded fst v0.4.7
[INFO] running `Command { std: "docker" "create" "-v" "/var/lib/crater-agent-workspace/builds/worker-48/target:/opt/rustwide/target:rw,Z" "-v" "/var/lib/crater-agent-workspace/builds/worker-48/source:/opt/rustwide/workdir:ro,Z" "-v" "/var/lib/crater-agent-workspace/cargo-home:/opt/rustwide/cargo-home:ro,Z" "-v" "/var/lib/crater-agent-workspace/rustup-home:/opt/rustwide/rustup-home:ro,Z" "-e" "SOURCE_DIR=/opt/rustwide/workdir" "-e" "CARGO_TARGET_DIR=/opt/rustwide/target" "-e" "CARGO_HOME=/opt/rustwide/cargo-home" "-e" "RUSTUP_HOME=/opt/rustwide/rustup-home" "-w" "/opt/rustwide/workdir" "-m" "1610612736" "--user" "0:0" "--network" "none" "ghcr.io/rust-lang/crates-build-env/linux@sha256:34b6a614d2c27851fe6cbf88fbd1137609cefab8b10d0615aaeb6fd47975d74e" "/opt/rustwide/cargo-home/bin/cargo" "+beta-2021-08-01" "metadata" "--no-deps" "--format-version=1", kill_on_drop: false }`
[INFO] [stdout] de5fe07d794250304fdab75185bff1b4bcfa17561ffea8ae03e7661dccfd68d2
[INFO] running `Command { std: "docker" "start" "-a" "de5fe07d794250304fdab75185bff1b4bcfa17561ffea8ae03e7661dccfd68d2", kill_on_drop: false }`
[INFO] running `Command { std: "docker" "inspect" "de5fe07d794250304fdab75185bff1b4bcfa17561ffea8ae03e7661dccfd68d2", kill_on_drop: false }`
[INFO] running `Command { std: "docker" "rm" "-f" "de5fe07d794250304fdab75185bff1b4bcfa17561ffea8ae03e7661dccfd68d2", kill_on_drop: false }`
[INFO] [stdout] de5fe07d794250304fdab75185bff1b4bcfa17561ffea8ae03e7661dccfd68d2
[INFO] running `Command { std: "docker" "create" "-v" "/var/lib/crater-agent-workspace/builds/worker-48/target:/opt/rustwide/target:rw,Z" "-v" "/var/lib/crater-agent-workspace/builds/worker-48/source:/opt/rustwide/workdir:ro,Z" "-v" "/var/lib/crater-agent-workspace/cargo-home:/opt/rustwide/cargo-home:ro,Z" "-v" "/var/lib/crater-agent-workspace/rustup-home:/opt/rustwide/rustup-home:ro,Z" "-e" "SOURCE_DIR=/opt/rustwide/workdir" "-e" "CARGO_TARGET_DIR=/opt/rustwide/target" "-e" "CARGO_INCREMENTAL=0" "-e" "RUST_BACKTRACE=full" "-e" "RUSTFLAGS=--cap-lints=warn" "-e" "CARGO_HOME=/opt/rustwide/cargo-home" "-e" "RUSTUP_HOME=/opt/rustwide/rustup-home" "-w" "/opt/rustwide/workdir" "-m" "1610612736" "--user" "0:0" "--network" "none" "ghcr.io/rust-lang/crates-build-env/linux@sha256:34b6a614d2c27851fe6cbf88fbd1137609cefab8b10d0615aaeb6fd47975d74e" "/opt/rustwide/cargo-home/bin/cargo" "+beta-2021-08-01" "build" "--frozen" "--message-format=json", kill_on_drop: false }`
[INFO] [stdout] c2f5e1789da45084b887448b6e8a8ab83d625487597ee191ec00c46eab0ae57b
[INFO] running `Command { std: "docker" "start" "-a" "c2f5e1789da45084b887448b6e8a8ab83d625487597ee191ec00c46eab0ae57b", kill_on_drop: false }`
[INFO] [stderr]    Compiling regex-syntax v0.6.25
[INFO] [stderr]    Compiling regex-automata v0.1.10 (/opt/rustwide/workdir)
[INFO] [stderr]     Finished dev [optimized + debuginfo] target(s) in 8.78s
[INFO] running `Command { std: "docker" "inspect" "c2f5e1789da45084b887448b6e8a8ab83d625487597ee191ec00c46eab0ae57b", kill_on_drop: false }`
[INFO] running `Command { std: "docker" "rm" "-f" "c2f5e1789da45084b887448b6e8a8ab83d625487597ee191ec00c46eab0ae57b", kill_on_drop: false }`
[INFO] [stdout] c2f5e1789da45084b887448b6e8a8ab83d625487597ee191ec00c46eab0ae57b
[INFO] running `Command { std: "docker" "create" "-v" "/var/lib/crater-agent-workspace/builds/worker-48/target:/opt/rustwide/target:rw,Z" "-v" "/var/lib/crater-agent-workspace/builds/worker-48/source:/opt/rustwide/workdir:ro,Z" "-v" "/var/lib/crater-agent-workspace/cargo-home:/opt/rustwide/cargo-home:ro,Z" "-v" "/var/lib/crater-agent-workspace/rustup-home:/opt/rustwide/rustup-home:ro,Z" "-e" "SOURCE_DIR=/opt/rustwide/workdir" "-e" "CARGO_TARGET_DIR=/opt/rustwide/target" "-e" "CARGO_INCREMENTAL=0" "-e" "RUST_BACKTRACE=full" "-e" "RUSTFLAGS=--cap-lints=warn" "-e" "CARGO_HOME=/opt/rustwide/cargo-home" "-e" "RUSTUP_HOME=/opt/rustwide/rustup-home" "-w" "/opt/rustwide/workdir" "-m" "1610612736" "--user" "0:0" "--network" "none" "ghcr.io/rust-lang/crates-build-env/linux@sha256:34b6a614d2c27851fe6cbf88fbd1137609cefab8b10d0615aaeb6fd47975d74e" "/opt/rustwide/cargo-home/bin/cargo" "+beta-2021-08-01" "test" "--frozen" "--no-run" "--message-format=json", kill_on_drop: false }`
[INFO] [stdout] 64c7091f0a621344ad3835acea9db7cf30c1ac1cca199436cd3b621ce31def9f
[INFO] running `Command { std: "docker" "start" "-a" "64c7091f0a621344ad3835acea9db7cf30c1ac1cca199436cd3b621ce31def9f", kill_on_drop: false }`
[INFO] [stderr]    Compiling lazy_static v1.4.0
[INFO] [stderr]    Compiling memchr v2.4.0
[INFO] [stderr]    Compiling serde v1.0.127
[INFO] [stderr]    Compiling serde_derive v1.0.127
[INFO] [stderr]    Compiling aho-corasick v0.7.18
[INFO] [stderr]    Compiling bstr v0.2.16
[INFO] [stderr]    Compiling regex v1.5.4
[INFO] [stderr]    Compiling toml v0.4.10
[INFO] [stderr]    Compiling serde_bytes v0.11.5
[INFO] [stderr]    Compiling regex-automata v0.1.10 (/opt/rustwide/workdir)
[INFO] [stderr]     Finished test [optimized + debuginfo] target(s) in 21.82s
[INFO] running `Command { std: "docker" "inspect" "64c7091f0a621344ad3835acea9db7cf30c1ac1cca199436cd3b621ce31def9f", kill_on_drop: false }`
[INFO] running `Command { std: "docker" "rm" "-f" "64c7091f0a621344ad3835acea9db7cf30c1ac1cca199436cd3b621ce31def9f", kill_on_drop: false }`
[INFO] [stdout] 64c7091f0a621344ad3835acea9db7cf30c1ac1cca199436cd3b621ce31def9f
[INFO] running `Command { std: "docker" "create" "-v" "/var/lib/crater-agent-workspace/builds/worker-48/target:/opt/rustwide/target:rw,Z" "-v" "/var/lib/crater-agent-workspace/builds/worker-48/source:/opt/rustwide/workdir:ro,Z" "-v" "/var/lib/crater-agent-workspace/cargo-home:/opt/rustwide/cargo-home:ro,Z" "-v" "/var/lib/crater-agent-workspace/rustup-home:/opt/rustwide/rustup-home:ro,Z" "-e" "SOURCE_DIR=/opt/rustwide/workdir" "-e" "CARGO_TARGET_DIR=/opt/rustwide/target" "-e" "CARGO_INCREMENTAL=0" "-e" "RUST_BACKTRACE=full" "-e" "RUSTFLAGS=--cap-lints=warn" "-e" "CARGO_HOME=/opt/rustwide/cargo-home" "-e" "RUSTUP_HOME=/opt/rustwide/rustup-home" "-w" "/opt/rustwide/workdir" "-m" "1610612736" "--user" "0:0" "--network" "none" "ghcr.io/rust-lang/crates-build-env/linux@sha256:34b6a614d2c27851fe6cbf88fbd1137609cefab8b10d0615aaeb6fd47975d74e" "/opt/rustwide/cargo-home/bin/cargo" "+beta-2021-08-01" "test" "--frozen", kill_on_drop: false }`
[INFO] [stdout] 528c7a353a470d8c5797d6094c60759c012d0b4c8a5fce89571673ec8ebf5192
[INFO] running `Command { std: "docker" "start" "-a" "528c7a353a470d8c5797d6094c60759c012d0b4c8a5fce89571673ec8ebf5192", kill_on_drop: false }`
[INFO] [stderr]     Finished test [optimized + debuginfo] target(s) in 0.02s
[INFO] [stderr]      Running unittests (/opt/rustwide/target/debug/deps/regex_automata-90fa1f671ed5681f)
[INFO] [stdout] 
[INFO] [stdout] running 17 tests
[INFO] [stdout] test classes::tests::byte_classes ... ok
[INFO] [stdout] test classes::tests::full_byte_classes ... ok
[INFO] [stdout] test dense_imp::tests::errors_when_premultiply_would_overflow ... ok
[INFO] [stdout] test nfa::compiler::tests::compile_alternation ... ok
[INFO] [stdout] test nfa::compiler::tests::compile_group ... ok
[INFO] [stdout] test nfa::compiler::tests::compile_repetition ... ok
[INFO] [stdout] test nfa::compiler::tests::compile_empty ... ok
[INFO] [stdout] test nfa::compiler::tests::compile_literal ... ok
[INFO] [stdout] test nfa::range_trie::tests::no_splits ... ok
[INFO] [stdout] test nfa::range_trie::tests::splits ... ok
[INFO] [stdout] test nfa::tests::always_match ... ok
[INFO] [stdout] test nfa::tests::never_match ... ok
[INFO] [stdout] test nfa::compiler::tests::compile_unanchored_prefix ... ok
[INFO] [stdout] test nfa::compiler::tests::compile_class ... ok
[INFO] [stdout] test nfa::compiler::tests::errors ... ok
[INFO] [stdout] test dense_imp::tests::errors_when_converting_to_smaller_dfa ... ok
[INFO] [stdout] test dense_imp::tests::errors_when_determinization_would_overflow ... ok
[INFO] [stdout] 
[INFO] [stdout] test result: ok. 17 passed; 0 failed; 0 ignored; 0 measured; 0 filtered out; finished in 0.08s
[INFO] [stdout] 
[INFO] [stderr]      Running tests/tests.rs (/opt/rustwide/target/debug/deps/default-076d01a547a1d254)
[INFO] [stdout] 
[INFO] [stdout] running 16 tests
[INFO] [stdout] test regression::minimize_sets_correct_match_states ... ok
[INFO] [stdout] test suite::sparse_serialization_roundtrip ... ok
[INFO] [stdout] test suite::unminimized_premultiply_byte_class ... ok
[INFO] [stdout] test suite::unminimized_byte_class ... ok
[INFO] [stdout] test suite::unminimized_premultiply ... ok
[INFO] [stdout] test suite::serialization_roundtrip ... ok
[INFO] [stdout] test suite::unminimized_standard ... ok
[INFO] [stdout] test suite::sparse_unminimized_standard ... ok
[INFO] [stdout] test suite::unminimized_standard_no_nfa_shrink ... ok
[INFO] [stdout] test suite::u16 ... ok
[INFO] [stdout] test suite::minimized_premultiply_byte_class ... ok
[INFO] [stdout] test suite::minimized_byte_class ... ok
[INFO] [stdout] test suite::minimized_standard ... ok
[INFO] [stdout] test suite::sparse_u16 ... ok
[INFO] [stdout] test suite::minimized_premultiply ... ok
[INFO] [stdout] test suite::minimized_standard_no_nfa_shrink ... ok
[INFO] [stdout] 
[INFO] [stdout] test result: ok. 16 passed; 0 failed; 0 ignored; 0 measured; 0 filtered out; finished in 19.99s
[INFO] [stdout] 
[INFO] [stderr]    Doc-tests regex-automata
[INFO] [stdout] 
[INFO] [stdout] running 29 tests
[INFO] [stdout] test src/sparse.rs - sparse_imp::SparseDFA<&'a [u8], S>::from_bytes (line 396) ... FAILED
[INFO] [stdout] test src/lib.rs - (line 141) ... FAILED
[INFO] [stdout] test src/lib.rs - (line 88) ... FAILED
[INFO] [stderr] error: test failed, to rerun pass '--doc'
[INFO] [stderr] 
[INFO] [stderr] Caused by:
[INFO] [stderr]   process didn't exit successfully: `rustdoc --crate-type lib --crate-name regex_automata --test /opt/rustwide/workdir/src/lib.rs -L dependency=/opt/rustwide/target/debug/deps -L dependency=/opt/rustwide/target/debug/deps --extern bstr=/opt/rustwide/target/debug/deps/libbstr-85be46b0be4da069.rlib --extern lazy_static=/opt/rustwide/target/debug/deps/liblazy_static-0d4998d4e9530a2f.rlib --extern regex=/opt/rustwide/target/debug/deps/libregex-1a67e83cdf1c6a6c.rlib --extern regex_automata=/opt/rustwide/target/debug/deps/libregex_automata-d7f510fd8d546e50.rlib --extern regex_syntax=/opt/rustwide/target/debug/deps/libregex_syntax-3c401f2e7a02abb4.rlib --extern serde=/opt/rustwide/target/debug/deps/libserde-a5dc5d1158239f7e.rlib --extern serde_bytes=/opt/rustwide/target/debug/deps/libserde_bytes-dbf6037af6c8e538.rlib --extern serde_derive=/opt/rustwide/target/debug/deps/libserde_derive-a66a1fdf9c467eb8.so --extern toml=/opt/rustwide/target/debug/deps/libtoml-29e002e4c6f4fed7.rlib -C embed-bitcode=no --cfg 'feature="default"' --cfg 'feature="regex-syntax"' --cfg 'feature="std"' --error-format human` (signal: 9, SIGKILL: kill)
[INFO] running `Command { std: "docker" "inspect" "528c7a353a470d8c5797d6094c60759c012d0b4c8a5fce89571673ec8ebf5192", kill_on_drop: false }`
[INFO] running `Command { std: "docker" "rm" "-f" "528c7a353a470d8c5797d6094c60759c012d0b4c8a5fce89571673ec8ebf5192", kill_on_drop: false }`
[INFO] [stdout] 528c7a353a470d8c5797d6094c60759c012d0b4c8a5fce89571673ec8ebf5192
