[INFO] fetching crate reference-counted 0.1.0...
[INFO] testing reference-counted-0.1.0 against 1.54.0 for beta-1.55-1
[INFO] extracting crate reference-counted 0.1.0 into /workspace/builds/worker-92/source
[INFO] validating manifest of crates.io crate reference-counted 0.1.0 on toolchain 1.54.0
[INFO] running `Command { std: "/workspace/cargo-home/bin/cargo" "+1.54.0" "metadata" "--manifest-path" "Cargo.toml" "--no-deps", kill_on_drop: false }`
[INFO] started tweaking crates.io crate reference-counted 0.1.0
[INFO] finished tweaking crates.io crate reference-counted 0.1.0
[INFO] tweaked toml for crates.io crate reference-counted 0.1.0 written to /workspace/builds/worker-92/source/Cargo.toml
[INFO] running `Command { std: "/workspace/cargo-home/bin/cargo" "+1.54.0" "generate-lockfile" "--manifest-path" "Cargo.toml" "-Zno-index-update", kill_on_drop: false }`
[INFO] [stderr]     Blocking waiting for file lock on package cache
[INFO] running `Command { std: "/workspace/cargo-home/bin/cargo" "+1.54.0" "fetch" "--manifest-path" "Cargo.toml", kill_on_drop: false }`
[INFO] running `Command { std: "docker" "create" "-v" "/var/lib/crater-agent-workspace/builds/worker-92/target:/opt/rustwide/target:rw,Z" "-v" "/var/lib/crater-agent-workspace/builds/worker-92/source:/opt/rustwide/workdir:ro,Z" "-v" "/var/lib/crater-agent-workspace/cargo-home:/opt/rustwide/cargo-home:ro,Z" "-v" "/var/lib/crater-agent-workspace/rustup-home:/opt/rustwide/rustup-home:ro,Z" "-e" "SOURCE_DIR=/opt/rustwide/workdir" "-e" "CARGO_TARGET_DIR=/opt/rustwide/target" "-e" "CARGO_HOME=/opt/rustwide/cargo-home" "-e" "RUSTUP_HOME=/opt/rustwide/rustup-home" "-w" "/opt/rustwide/workdir" "-m" "1610612736" "--user" "0:0" "--network" "none" "ghcr.io/rust-lang/crates-build-env/linux@sha256:34b6a614d2c27851fe6cbf88fbd1137609cefab8b10d0615aaeb6fd47975d74e" "/opt/rustwide/cargo-home/bin/cargo" "+1.54.0" "metadata" "--no-deps" "--format-version=1", kill_on_drop: false }`
[INFO] [stdout] 29c2637bdcd4184b8bfb2ef17bbf4bce17d2505d1456251b3f8be7c9ad97c32e
[INFO] running `Command { std: "docker" "start" "-a" "29c2637bdcd4184b8bfb2ef17bbf4bce17d2505d1456251b3f8be7c9ad97c32e", kill_on_drop: false }`
[INFO] running `Command { std: "docker" "inspect" "29c2637bdcd4184b8bfb2ef17bbf4bce17d2505d1456251b3f8be7c9ad97c32e", kill_on_drop: false }`
[INFO] running `Command { std: "docker" "rm" "-f" "29c2637bdcd4184b8bfb2ef17bbf4bce17d2505d1456251b3f8be7c9ad97c32e", kill_on_drop: false }`
[INFO] [stdout] 29c2637bdcd4184b8bfb2ef17bbf4bce17d2505d1456251b3f8be7c9ad97c32e
[INFO] running `Command { std: "docker" "create" "-v" "/var/lib/crater-agent-workspace/builds/worker-92/target:/opt/rustwide/target:rw,Z" "-v" "/var/lib/crater-agent-workspace/builds/worker-92/source:/opt/rustwide/workdir:ro,Z" "-v" "/var/lib/crater-agent-workspace/cargo-home:/opt/rustwide/cargo-home:ro,Z" "-v" "/var/lib/crater-agent-workspace/rustup-home:/opt/rustwide/rustup-home:ro,Z" "-e" "SOURCE_DIR=/opt/rustwide/workdir" "-e" "CARGO_TARGET_DIR=/opt/rustwide/target" "-e" "CARGO_INCREMENTAL=0" "-e" "RUST_BACKTRACE=full" "-e" "RUSTFLAGS=--cap-lints=warn" "-e" "CARGO_HOME=/opt/rustwide/cargo-home" "-e" "RUSTUP_HOME=/opt/rustwide/rustup-home" "-w" "/opt/rustwide/workdir" "-m" "1610612736" "--user" "0:0" "--network" "none" "ghcr.io/rust-lang/crates-build-env/linux@sha256:34b6a614d2c27851fe6cbf88fbd1137609cefab8b10d0615aaeb6fd47975d74e" "/opt/rustwide/cargo-home/bin/cargo" "+1.54.0" "build" "--frozen" "--message-format=json", kill_on_drop: false }`
[INFO] [stdout] 0123cbe386773b05975b472e594a7673c5795d58f5fec697d7b8f52d3d01b57a
[INFO] running `Command { std: "docker" "start" "-a" "0123cbe386773b05975b472e594a7673c5795d58f5fec697d7b8f52d3d01b57a", kill_on_drop: false }`
[INFO] [stderr]     Blocking waiting for file lock on package cache
[INFO] [stderr]    Compiling maybe-std v0.1.2
[INFO] [stderr]    Compiling smart-pointer v0.1.1
[INFO] [stderr]    Compiling reference-counted v0.1.0 (/opt/rustwide/workdir)
[INFO] [stderr]     Finished dev [unoptimized + debuginfo] target(s) in 1.59s
[INFO] running `Command { std: "docker" "inspect" "0123cbe386773b05975b472e594a7673c5795d58f5fec697d7b8f52d3d01b57a", kill_on_drop: false }`
[INFO] running `Command { std: "docker" "rm" "-f" "0123cbe386773b05975b472e594a7673c5795d58f5fec697d7b8f52d3d01b57a", kill_on_drop: false }`
[INFO] [stdout] 0123cbe386773b05975b472e594a7673c5795d58f5fec697d7b8f52d3d01b57a
[INFO] running `Command { std: "docker" "create" "-v" "/var/lib/crater-agent-workspace/builds/worker-92/target:/opt/rustwide/target:rw,Z" "-v" "/var/lib/crater-agent-workspace/builds/worker-92/source:/opt/rustwide/workdir:ro,Z" "-v" "/var/lib/crater-agent-workspace/cargo-home:/opt/rustwide/cargo-home:ro,Z" "-v" "/var/lib/crater-agent-workspace/rustup-home:/opt/rustwide/rustup-home:ro,Z" "-e" "SOURCE_DIR=/opt/rustwide/workdir" "-e" "CARGO_TARGET_DIR=/opt/rustwide/target" "-e" "CARGO_INCREMENTAL=0" "-e" "RUST_BACKTRACE=full" "-e" "RUSTFLAGS=--cap-lints=warn" "-e" "CARGO_HOME=/opt/rustwide/cargo-home" "-e" "RUSTUP_HOME=/opt/rustwide/rustup-home" "-w" "/opt/rustwide/workdir" "-m" "1610612736" "--user" "0:0" "--network" "none" "ghcr.io/rust-lang/crates-build-env/linux@sha256:34b6a614d2c27851fe6cbf88fbd1137609cefab8b10d0615aaeb6fd47975d74e" "/opt/rustwide/cargo-home/bin/cargo" "+1.54.0" "test" "--frozen" "--no-run" "--message-format=json", kill_on_drop: false }`
[INFO] [stdout] 9661c114b35a7f825e1b1f308666192396102e7eff52d40b26fa7c37b80b1a06
[INFO] running `Command { std: "docker" "start" "-a" "9661c114b35a7f825e1b1f308666192396102e7eff52d40b26fa7c37b80b1a06", kill_on_drop: false }`
[INFO] [stderr]    Compiling reference-counted v0.1.0 (/opt/rustwide/workdir)
[INFO] [stderr]     Finished test [unoptimized + debuginfo] target(s) in 0.44s
[INFO] running `Command { std: "docker" "inspect" "9661c114b35a7f825e1b1f308666192396102e7eff52d40b26fa7c37b80b1a06", kill_on_drop: false }`
[INFO] running `Command { std: "docker" "rm" "-f" "9661c114b35a7f825e1b1f308666192396102e7eff52d40b26fa7c37b80b1a06", kill_on_drop: false }`
[INFO] [stdout] 9661c114b35a7f825e1b1f308666192396102e7eff52d40b26fa7c37b80b1a06
[INFO] running `Command { std: "docker" "create" "-v" "/var/lib/crater-agent-workspace/builds/worker-92/target:/opt/rustwide/target:rw,Z" "-v" "/var/lib/crater-agent-workspace/builds/worker-92/source:/opt/rustwide/workdir:ro,Z" "-v" "/var/lib/crater-agent-workspace/cargo-home:/opt/rustwide/cargo-home:ro,Z" "-v" "/var/lib/crater-agent-workspace/rustup-home:/opt/rustwide/rustup-home:ro,Z" "-e" "SOURCE_DIR=/opt/rustwide/workdir" "-e" "CARGO_TARGET_DIR=/opt/rustwide/target" "-e" "CARGO_INCREMENTAL=0" "-e" "RUST_BACKTRACE=full" "-e" "RUSTFLAGS=--cap-lints=warn" "-e" "CARGO_HOME=/opt/rustwide/cargo-home" "-e" "RUSTUP_HOME=/opt/rustwide/rustup-home" "-w" "/opt/rustwide/workdir" "-m" "1610612736" "--user" "0:0" "--network" "none" "ghcr.io/rust-lang/crates-build-env/linux@sha256:34b6a614d2c27851fe6cbf88fbd1137609cefab8b10d0615aaeb6fd47975d74e" "/opt/rustwide/cargo-home/bin/cargo" "+1.54.0" "test" "--frozen", kill_on_drop: false }`
[INFO] [stdout] 6b12e1007d23b7f2d5e930735d9a7fa8b02819a2179cdf7f9afcc172cce7448e
[INFO] running `Command { std: "docker" "start" "-a" "6b12e1007d23b7f2d5e930735d9a7fa8b02819a2179cdf7f9afcc172cce7448e", kill_on_drop: false }`
[INFO] [stderr]     Blocking waiting for file lock on package cache
[INFO] [stderr]     Finished test [unoptimized + debuginfo] target(s) in 0.12s
[INFO] [stderr]      Running unittests (/opt/rustwide/target/debug/deps/reference_counted-5a13442e1eabd084)
[INFO] [stdout] 
[INFO] [stderr]    Doc-tests reference-counted
[INFO] [stdout] running 0 tests
[INFO] [stdout] 
[INFO] [stdout] test result: ok. 0 passed; 0 failed; 0 ignored; 0 measured; 0 filtered out; finished in 0.00s
[INFO] [stdout] 
[INFO] [stdout] 
[INFO] [stdout] running 4 tests
[INFO] [stdout] test src/rc.rs - rc::Rc<T>::drop (line 92) ... FAILED
[INFO] [stdout] test src/rc.rs - rc::Rc<T>::default (line 305) ... FAILED
[INFO] [stdout] test src/arc.rs - arc::Arc<T>::default (line 379) ... ok
[INFO] [stdout] test src/arc.rs - arc::Arc<T>::drop (line 131) ... ok
[INFO] [stdout] 
[INFO] [stdout] failures:
[INFO] [stdout] 
[INFO] [stdout] ---- src/rc.rs - rc::Rc<T>::drop (line 92) stdout ----
[INFO] [stdout] error[E0432]: unresolved import `std::sync::Rc`
[INFO] [stdout]  --> src/rc.rs:93:5
[INFO] [stdout]   |
[INFO] [stdout] 3 | use std::sync::Rc;
[INFO] [stdout]   |     ^^^^^^^^^^^^^ no `Rc` in `sync`
[INFO] [stdout] 
[INFO] [stdout] error: aborting due to previous error
[INFO] [stdout] 
[INFO] [stdout] For more information about this error, try `rustc --explain E0432`.
[INFO] [stdout] Couldn't compile the test.
[INFO] [stdout] ---- src/rc.rs - rc::Rc<T>::default (line 305) stdout ----
[INFO] [stdout] error[E0432]: unresolved import `std::sync::Rc`
[INFO] [stdout]  --> src/rc.rs:306:5
[INFO] [stdout]   |
[INFO] [stdout] 3 | use std::sync::Rc;
[INFO] [stdout]   |     ^^^^^^^^^^^^^ no `Rc` in `sync`
[INFO] [stdout] 
[INFO] [stdout] error: aborting due to previous error
[INFO] [stdout] 
[INFO] [stdout] For more information about this error, try `rustc --explain E0432`.
[INFO] [stdout] Couldn't compile the test.
[INFO] [stdout] 
[INFO] [stdout] failures:
[INFO] [stdout]     src/rc.rs - rc::Rc<T>::default (line 305)
[INFO] [stdout]     src/rc.rs - rc::Rc<T>::drop (line 92)
[INFO] [stdout] 
[INFO] [stdout] test result: FAILED. 2 passed; 2 failed; 0 ignored; 0 measured; 0 filtered out; finished in 0.37s
[INFO] [stdout] 
[INFO] [stderr] error: test failed, to rerun pass '--doc'
[INFO] running `Command { std: "docker" "inspect" "6b12e1007d23b7f2d5e930735d9a7fa8b02819a2179cdf7f9afcc172cce7448e", kill_on_drop: false }`
[INFO] running `Command { std: "docker" "rm" "-f" "6b12e1007d23b7f2d5e930735d9a7fa8b02819a2179cdf7f9afcc172cce7448e", kill_on_drop: false }`
[INFO] [stdout] 6b12e1007d23b7f2d5e930735d9a7fa8b02819a2179cdf7f9afcc172cce7448e
