[INFO] fetching crate redis_cluster_async 0.7.0...
[INFO] testing redis_cluster_async-0.7.0 against 1.54.0 for beta-1.55-1
[INFO] extracting crate redis_cluster_async 0.7.0 into /workspace/builds/worker-49/source
[INFO] validating manifest of crates.io crate redis_cluster_async 0.7.0 on toolchain 1.54.0
[INFO] running `Command { std: "/workspace/cargo-home/bin/cargo" "+1.54.0" "metadata" "--manifest-path" "Cargo.toml" "--no-deps", kill_on_drop: false }`
[INFO] started tweaking crates.io crate redis_cluster_async 0.7.0
[INFO] finished tweaking crates.io crate redis_cluster_async 0.7.0
[INFO] tweaked toml for crates.io crate redis_cluster_async 0.7.0 written to /workspace/builds/worker-49/source/Cargo.toml
[INFO] running `Command { std: "/workspace/cargo-home/bin/cargo" "+1.54.0" "generate-lockfile" "--manifest-path" "Cargo.toml" "-Zno-index-update", kill_on_drop: false }`
[INFO] [stderr]     Blocking waiting for file lock on package cache
[INFO] running `Command { std: "/workspace/cargo-home/bin/cargo" "+1.54.0" "fetch" "--manifest-path" "Cargo.toml", kill_on_drop: false }`
[INFO] [stderr]     Blocking waiting for file lock on package cache
[INFO] [stderr]     Blocking waiting for file lock on package cache
[INFO] [stderr]  Downloading crates ...
[INFO] [stderr]   Downloaded crc16 v0.4.0
[INFO] running `Command { std: "docker" "create" "-v" "/var/lib/crater-agent-workspace/builds/worker-49/target:/opt/rustwide/target:rw,Z" "-v" "/var/lib/crater-agent-workspace/builds/worker-49/source:/opt/rustwide/workdir:ro,Z" "-v" "/var/lib/crater-agent-workspace/cargo-home:/opt/rustwide/cargo-home:ro,Z" "-v" "/var/lib/crater-agent-workspace/rustup-home:/opt/rustwide/rustup-home:ro,Z" "-e" "SOURCE_DIR=/opt/rustwide/workdir" "-e" "CARGO_TARGET_DIR=/opt/rustwide/target" "-e" "CARGO_HOME=/opt/rustwide/cargo-home" "-e" "RUSTUP_HOME=/opt/rustwide/rustup-home" "-w" "/opt/rustwide/workdir" "-m" "1610612736" "--user" "0:0" "--network" "none" "ghcr.io/rust-lang/crates-build-env/linux@sha256:34b6a614d2c27851fe6cbf88fbd1137609cefab8b10d0615aaeb6fd47975d74e" "/opt/rustwide/cargo-home/bin/cargo" "+1.54.0" "metadata" "--no-deps" "--format-version=1", kill_on_drop: false }`
[INFO] [stdout] 74b53187e794e00410c0a2a0fdbf218074d00afc0a22d026077564aa9a8c5b25
[INFO] running `Command { std: "docker" "start" "-a" "74b53187e794e00410c0a2a0fdbf218074d00afc0a22d026077564aa9a8c5b25", kill_on_drop: false }`
[INFO] running `Command { std: "docker" "inspect" "74b53187e794e00410c0a2a0fdbf218074d00afc0a22d026077564aa9a8c5b25", kill_on_drop: false }`
[INFO] running `Command { std: "docker" "rm" "-f" "74b53187e794e00410c0a2a0fdbf218074d00afc0a22d026077564aa9a8c5b25", kill_on_drop: false }`
[INFO] [stdout] 74b53187e794e00410c0a2a0fdbf218074d00afc0a22d026077564aa9a8c5b25
[INFO] running `Command { std: "docker" "create" "-v" "/var/lib/crater-agent-workspace/builds/worker-49/target:/opt/rustwide/target:rw,Z" "-v" "/var/lib/crater-agent-workspace/builds/worker-49/source:/opt/rustwide/workdir:ro,Z" "-v" "/var/lib/crater-agent-workspace/cargo-home:/opt/rustwide/cargo-home:ro,Z" "-v" "/var/lib/crater-agent-workspace/rustup-home:/opt/rustwide/rustup-home:ro,Z" "-e" "SOURCE_DIR=/opt/rustwide/workdir" "-e" "CARGO_TARGET_DIR=/opt/rustwide/target" "-e" "CARGO_INCREMENTAL=0" "-e" "RUST_BACKTRACE=full" "-e" "RUSTFLAGS=--cap-lints=warn" "-e" "CARGO_HOME=/opt/rustwide/cargo-home" "-e" "RUSTUP_HOME=/opt/rustwide/rustup-home" "-w" "/opt/rustwide/workdir" "-m" "1610612736" "--user" "0:0" "--network" "none" "ghcr.io/rust-lang/crates-build-env/linux@sha256:34b6a614d2c27851fe6cbf88fbd1137609cefab8b10d0615aaeb6fd47975d74e" "/opt/rustwide/cargo-home/bin/cargo" "+1.54.0" "build" "--frozen" "--message-format=json", kill_on_drop: false }`
[INFO] [stdout] fcf53269bb610ff62387c4c1f4f9547e20b0df6bcde564b5b4428123e402521e
[INFO] running `Command { std: "docker" "start" "-a" "fcf53269bb610ff62387c4c1f4f9547e20b0df6bcde564b5b4428123e402521e", kill_on_drop: false }`
[INFO] [stderr]    Compiling libc v0.2.98
[INFO] [stderr]    Compiling proc-macro2 v1.0.28
[INFO] [stderr]    Compiling autocfg v1.0.1
[INFO] [stderr]    Compiling cfg-if v1.0.0
[INFO] [stderr]    Compiling unicode-xid v0.2.2
[INFO] [stderr]    Compiling syn v1.0.74
[INFO] [stderr]    Compiling memchr v2.4.0
[INFO] [stderr]    Compiling futures-core v0.3.16
[INFO] [stderr]    Compiling proc-macro-hack v0.5.19
[INFO] [stderr]    Compiling pin-project-lite v0.2.7
[INFO] [stderr]    Compiling log v0.4.14
[INFO] [stderr]    Compiling futures-channel v0.3.16
[INFO] [stderr]    Compiling proc-macro-nested v0.1.7
[INFO] [stderr]    Compiling futures-sink v0.3.16
[INFO] [stderr]    Compiling futures-task v0.3.16
[INFO] [stderr]    Compiling smallvec v1.6.1
[INFO] [stderr]    Compiling scopeguard v1.1.0
[INFO] [stderr]    Compiling futures-io v0.3.16
[INFO] [stderr]    Compiling slab v0.4.4
[INFO] [stderr]    Compiling tinyvec_macros v0.1.0
[INFO] [stderr]    Compiling matches v0.1.8
[INFO] [stderr]    Compiling pin-utils v0.1.0
[INFO] [stderr]    Compiling bytes v1.0.1
[INFO] [stderr]    Compiling once_cell v1.8.0
[INFO] [stderr]    Compiling async-trait v0.1.51
[INFO] [stderr]    Compiling percent-encoding v2.1.0
[INFO] [stderr]    Compiling ppv-lite86 v0.2.10
[INFO] [stderr]    Compiling crc16 v0.4.0
[INFO] [stderr]    Compiling dtoa v0.4.8
[INFO] [stderr]    Compiling sha1 v0.6.0
[INFO] [stderr]    Compiling itoa v0.4.7
[INFO] [stderr]    Compiling instant v0.1.10
[INFO] [stderr]    Compiling unicode-bidi v0.3.5
[INFO] [stderr]    Compiling lock_api v0.4.4
[INFO] [stderr]    Compiling tinyvec v1.3.1
[INFO] [stderr]    Compiling form_urlencoded v1.0.1
[INFO] [stderr]    Compiling futures-macro v0.3.16
[INFO] [stderr]    Compiling futures-util v0.3.16
[INFO] [stderr]    Compiling tokio v1.9.0
[INFO] [stderr]    Compiling quote v1.0.9
[INFO] [stderr]    Compiling unicode-normalization v0.1.19
[INFO] [stderr]    Compiling parking_lot_core v0.8.3
[INFO] [stderr]    Compiling signal-hook-registry v1.4.0
[INFO] [stderr]    Compiling num_cpus v1.13.0
[INFO] [stderr]    Compiling mio v0.7.13
[INFO] [stderr]    Compiling getrandom v0.2.3
[INFO] [stderr]    Compiling rand_core v0.6.3
[INFO] [stderr]    Compiling parking_lot v0.11.1
[INFO] [stderr]    Compiling rand_chacha v0.3.1
[INFO] [stderr]    Compiling rand v0.8.4
[INFO] [stderr]    Compiling idna v0.2.3
[INFO] [stderr]    Compiling url v2.2.2
[INFO] [stderr]    Compiling tokio-macros v1.3.0
[INFO] [stderr]    Compiling futures-executor v0.3.16
[INFO] [stderr]    Compiling futures v0.3.16
[INFO] [stderr]    Compiling tokio-util v0.6.7
[INFO] [stderr]    Compiling combine v4.6.0
[INFO] [stderr]    Compiling redis v0.21.0
[INFO] [stderr]    Compiling redis_cluster_async v0.7.0 (/opt/rustwide/workdir)
[INFO] [stderr]     Finished dev [unoptimized + debuginfo] target(s) in 44.04s
[INFO] running `Command { std: "docker" "inspect" "fcf53269bb610ff62387c4c1f4f9547e20b0df6bcde564b5b4428123e402521e", kill_on_drop: false }`
[INFO] running `Command { std: "docker" "rm" "-f" "fcf53269bb610ff62387c4c1f4f9547e20b0df6bcde564b5b4428123e402521e", kill_on_drop: false }`
[INFO] [stdout] fcf53269bb610ff62387c4c1f4f9547e20b0df6bcde564b5b4428123e402521e
[INFO] running `Command { std: "docker" "create" "-v" "/var/lib/crater-agent-workspace/builds/worker-49/target:/opt/rustwide/target:rw,Z" "-v" "/var/lib/crater-agent-workspace/builds/worker-49/source:/opt/rustwide/workdir:ro,Z" "-v" "/var/lib/crater-agent-workspace/cargo-home:/opt/rustwide/cargo-home:ro,Z" "-v" "/var/lib/crater-agent-workspace/rustup-home:/opt/rustwide/rustup-home:ro,Z" "-e" "SOURCE_DIR=/opt/rustwide/workdir" "-e" "CARGO_TARGET_DIR=/opt/rustwide/target" "-e" "CARGO_INCREMENTAL=0" "-e" "RUST_BACKTRACE=full" "-e" "RUSTFLAGS=--cap-lints=warn" "-e" "CARGO_HOME=/opt/rustwide/cargo-home" "-e" "RUSTUP_HOME=/opt/rustwide/rustup-home" "-w" "/opt/rustwide/workdir" "-m" "1610612736" "--user" "0:0" "--network" "none" "ghcr.io/rust-lang/crates-build-env/linux@sha256:34b6a614d2c27851fe6cbf88fbd1137609cefab8b10d0615aaeb6fd47975d74e" "/opt/rustwide/cargo-home/bin/cargo" "+1.54.0" "test" "--frozen" "--no-run" "--message-format=json", kill_on_drop: false }`
[INFO] [stdout] 9f28a2fdd13931c6f1d119511256404aa2e19d307d2e2f81baf9f04f00119aca
[INFO] running `Command { std: "docker" "start" "-a" "9f28a2fdd13931c6f1d119511256404aa2e19d307d2e2f81baf9f04f00119aca", kill_on_drop: false }`
[INFO] [stderr]    Compiling getrandom v0.1.16
[INFO] [stderr]    Compiling bitflags v1.2.1
[INFO] [stderr]    Compiling regex-syntax v0.6.25
[INFO] [stderr]    Compiling remove_dir_all v0.5.3
[INFO] [stderr]    Compiling bit-vec v0.6.3
[INFO] [stderr]    Compiling fnv v1.0.7
[INFO] [stderr]    Compiling quick-error v1.2.3
[INFO] [stderr]    Compiling anyhow v1.0.42
[INFO] [stderr]    Compiling termcolor v1.1.2
[INFO] [stderr]    Compiling byteorder v1.4.3
[INFO] [stderr]    Compiling humantime v2.1.0
[INFO] [stderr]    Compiling lazy_static v1.4.0
[INFO] [stderr]    Compiling num-traits v0.2.14
[INFO] [stderr]    Compiling wait-timeout v0.2.0
[INFO] [stderr]    Compiling atty v0.2.14
[INFO] [stderr]    Compiling aho-corasick v0.7.18
[INFO] [stderr]    Compiling tempfile v3.2.0
[INFO] [stderr]    Compiling bit-set v0.5.2
[INFO] [stderr]    Compiling rusty-fork v0.3.0
[INFO] [stderr]    Compiling rand_core v0.5.1
[INFO] [stderr]    Compiling rand_chacha v0.2.2
[INFO] [stderr]    Compiling rand_xorshift v0.2.0
[INFO] [stderr]    Compiling rand v0.7.3
[INFO] [stderr]    Compiling regex v1.5.4
[INFO] [stderr]    Compiling proptest v0.10.1
[INFO] [stderr]    Compiling env_logger v0.8.4
[INFO] [stderr]    Compiling redis_cluster_async v0.7.0 (/opt/rustwide/workdir)
[INFO] [stderr]     Finished test [unoptimized + debuginfo] target(s) in 18.70s
[INFO] running `Command { std: "docker" "inspect" "9f28a2fdd13931c6f1d119511256404aa2e19d307d2e2f81baf9f04f00119aca", kill_on_drop: false }`
[INFO] running `Command { std: "docker" "rm" "-f" "9f28a2fdd13931c6f1d119511256404aa2e19d307d2e2f81baf9f04f00119aca", kill_on_drop: false }`
[INFO] [stdout] 9f28a2fdd13931c6f1d119511256404aa2e19d307d2e2f81baf9f04f00119aca
[INFO] running `Command { std: "docker" "create" "-v" "/var/lib/crater-agent-workspace/builds/worker-49/target:/opt/rustwide/target:rw,Z" "-v" "/var/lib/crater-agent-workspace/builds/worker-49/source:/opt/rustwide/workdir:ro,Z" "-v" "/var/lib/crater-agent-workspace/cargo-home:/opt/rustwide/cargo-home:ro,Z" "-v" "/var/lib/crater-agent-workspace/rustup-home:/opt/rustwide/rustup-home:ro,Z" "-e" "SOURCE_DIR=/opt/rustwide/workdir" "-e" "CARGO_TARGET_DIR=/opt/rustwide/target" "-e" "CARGO_INCREMENTAL=0" "-e" "RUST_BACKTRACE=full" "-e" "RUSTFLAGS=--cap-lints=warn" "-e" "CARGO_HOME=/opt/rustwide/cargo-home" "-e" "RUSTUP_HOME=/opt/rustwide/rustup-home" "-w" "/opt/rustwide/workdir" "-m" "1610612736" "--user" "0:0" "--network" "none" "ghcr.io/rust-lang/crates-build-env/linux@sha256:34b6a614d2c27851fe6cbf88fbd1137609cefab8b10d0615aaeb6fd47975d74e" "/opt/rustwide/cargo-home/bin/cargo" "+1.54.0" "test" "--frozen", kill_on_drop: false }`
[INFO] [stdout] 4dc6231357a7a73d22092bbd6c104a0e68aff87ac5a7ffb2a5e71ab49c70ac83
[INFO] running `Command { std: "docker" "start" "-a" "4dc6231357a7a73d22092bbd6c104a0e68aff87ac5a7ffb2a5e71ab49c70ac83", kill_on_drop: false }`
[INFO] [stderr]     Finished test [unoptimized + debuginfo] target(s) in 0.08s
[INFO] [stdout] 
[INFO] [stderr]      Running unittests (/opt/rustwide/target/debug/deps/redis_cluster_async-cfc6202ec8cb84af)
[INFO] [stdout] running 1 test
[INFO] [stdout] test tests::slot ... ok
[INFO] [stdout] 
[INFO] [stdout] test result: ok. 1 passed; 0 failed; 0 ignored; 0 measured; 0 filtered out; finished in 0.00s
[INFO] [stdout] 
[INFO] [stderr]      Running tests/basic.rs (/opt/rustwide/target/debug/deps/basic-46bcf85251eb89ac)
[INFO] [stdout] 
[INFO] [stdout] running 7 tests
[INFO] [stdout] test basic_pipe ... ignored
[INFO] [stdout] test basic_script ... ignored
[INFO] [stdout] test proptests ... FAILED
[INFO] [stdout] test basic_cmd ... FAILED
[INFO] [stdout] test error_in_inner_connection ... FAILED
[INFO] [stdout] test basic_failover ... FAILED
[INFO] [stdout] test basic_eval ... FAILED
[INFO] [stdout] 
[INFO] [stdout] failures:
[INFO] [stdout] 
[INFO] [stdout] ---- proptests stdout ----
[INFO] [stdout] thread 'proptests' panicked at 'Unable to query nodes for information: Connection refused (os error 111)', tests/basic.rs:85:14
[INFO] [stdout] stack backtrace:
[INFO] [stdout]    0:     0x5621ac338d00 - std::backtrace_rs::backtrace::libunwind::trace::h34055254b57d8e79
[INFO] [stdout]                                at /rustc/a178d0322ce20e33eac124758e837cbd80a6f633/library/std/src/../../backtrace/src/backtrace/libunwind.rs:90:5
[INFO] [stdout]    1:     0x5621ac338d00 - std::backtrace_rs::backtrace::trace_unsynchronized::h8f1e3fbd9afff6ec
[INFO] [stdout]                                at /rustc/a178d0322ce20e33eac124758e837cbd80a6f633/library/std/src/../../backtrace/src/backtrace/mod.rs:66:5
[INFO] [stdout]    2:     0x5621ac338d00 - std::sys_common::backtrace::_print_fmt::h3a99a796b770c360
[INFO] [stdout]                                at /rustc/a178d0322ce20e33eac124758e837cbd80a6f633/library/std/src/sys_common/backtrace.rs:67:5
[INFO] [stdout]    3:     0x5621ac338d00 - <std::sys_common::backtrace::_print::DisplayBacktrace as core::fmt::Display>::fmt::h32d1f94a80615d18
[INFO] [stdout]                                at /rustc/a178d0322ce20e33eac124758e837cbd80a6f633/library/std/src/sys_common/backtrace.rs:46:22
[INFO] [stdout]    4:     0x5621ac35cd6c - core::fmt::write::h306731c068f7162c
[INFO] [stdout]                                at /rustc/a178d0322ce20e33eac124758e837cbd80a6f633/library/core/src/fmt/mod.rs:1110:17
[INFO] [stdout]    5:     0x5621ac3334f5 - std::io::Write::write_fmt::h87f19b0a2cd190bc
[INFO] [stdout]                                at /rustc/a178d0322ce20e33eac124758e837cbd80a6f633/library/std/src/io/mod.rs:1588:15
[INFO] [stdout]    6:     0x5621ac33b05b - std::sys_common::backtrace::_print::h5abaa2601a852287
[INFO] [stdout]                                at /rustc/a178d0322ce20e33eac124758e837cbd80a6f633/library/std/src/sys_common/backtrace.rs:49:5
[INFO] [stdout]    7:     0x5621ac33b05b - std::sys_common::backtrace::print::h8d81445442bb638f
[INFO] [stdout]                                at /rustc/a178d0322ce20e33eac124758e837cbd80a6f633/library/std/src/sys_common/backtrace.rs:36:9
[INFO] [stdout]    8:     0x5621ac33b05b - std::panicking::default_hook::{{closure}}::hcfe804496a9fa747
[INFO] [stdout]                                at /rustc/a178d0322ce20e33eac124758e837cbd80a6f633/library/std/src/panicking.rs:208:50
[INFO] [stdout]    9:     0x5621ac33ab6c - std::panicking::default_hook::hbea8e3ccf2ba8901
[INFO] [stdout]                                at /rustc/a178d0322ce20e33eac124758e837cbd80a6f633/library/std/src/panicking.rs:222:9
[INFO] [stdout]   10:     0x5621ac33b724 - std::panicking::rust_panic_with_hook::h7ee9e1a2d0f8975a
[INFO] [stdout]                                at /rustc/a178d0322ce20e33eac124758e837cbd80a6f633/library/std/src/panicking.rs:622:17
[INFO] [stdout]   11:     0x5621ac33b207 - std::panicking::begin_panic_handler::{{closure}}::h8ab3b4491718b2c7
[INFO] [stdout]                                at /rustc/a178d0322ce20e33eac124758e837cbd80a6f633/library/std/src/panicking.rs:519:13
[INFO] [stdout]   12:     0x5621ac3391fc - std::sys_common::backtrace::__rust_end_short_backtrace::hd489062ffa586a9f
[INFO] [stdout]                                at /rustc/a178d0322ce20e33eac124758e837cbd80a6f633/library/std/src/sys_common/backtrace.rs:141:18
[INFO] [stdout]   13:     0x5621ac33b169 - rust_begin_unwind
[INFO] [stdout]                                at /rustc/a178d0322ce20e33eac124758e837cbd80a6f633/library/std/src/panicking.rs:515:5
[INFO] [stdout]   14:     0x5621abd5ad11 - core::panicking::panic_fmt::hca6330e3e14086b4
[INFO] [stdout]                                at /rustc/a178d0322ce20e33eac124758e837cbd80a6f633/library/core/src/panicking.rs:92:14
[INFO] [stdout]   15:     0x5621abd5ae03 - core::result::unwrap_failed::h6160d2b4bfbb0e87
[INFO] [stdout]                                at /rustc/a178d0322ce20e33eac124758e837cbd80a6f633/library/core/src/result.rs:1355:5
[INFO] [stdout]   16:     0x5621abe2e057 - core::result::Result<T,E>::expect::h1bb503213dc7be83
[INFO] [stdout]                                at /rustc/a178d0322ce20e33eac124758e837cbd80a6f633/library/core/src/result.rs:997:23
[INFO] [stdout]   17:     0x5621abe350f4 - basic::RedisEnv::new::{{closure}}::h9da041ec5193848b
[INFO] [stdout]                                at /opt/rustwide/workdir/tests/basic.rs:80:30
[INFO] [stdout]   18:     0x5621abdf3f39 - <core::future::from_generator::GenFuture<T> as core::future::future::Future>::poll::h46f3dad6d99d995a
[INFO] [stdout]                                at /rustc/a178d0322ce20e33eac124758e837cbd80a6f633/library/core/src/future/mod.rs:80:19
[INFO] [stdout]   19:     0x5621abe1ed6c - <core::pin::Pin<P> as core::future::future::Future>::poll::h13f30cd1b425d0d8
[INFO] [stdout]                                at /rustc/a178d0322ce20e33eac124758e837cbd80a6f633/library/core/src/future/future.rs:119:9
[INFO] [stdout]   20:     0x5621abd997cc - tokio::runtime::basic_scheduler::Inner<P>::block_on::{{closure}}::{{closure}}::h792558da11c4ce6a
[INFO] [stdout]                                at /opt/rustwide/cargo-home/registry/src/github.com-1ecc6299db9ec823/tokio-1.9.0/src/runtime/basic_scheduler.rs:208:62
[INFO] [stdout]   21:     0x5621abe4c789 - tokio::coop::with_budget::{{closure}}::hfd395c7cc1667293
[INFO] [stdout]                                at /opt/rustwide/cargo-home/registry/src/github.com-1ecc6299db9ec823/tokio-1.9.0/src/coop.rs:106:9
[INFO] [stdout]   22:     0x5621abd6caa4 - std::thread::local::LocalKey<T>::try_with::h1b0b96033409b3bb
[INFO] [stdout]                                at /rustc/a178d0322ce20e33eac124758e837cbd80a6f633/library/std/src/thread/local.rs:400:16
[INFO] [stdout]   23:     0x5621abd6b7db - std::thread::local::LocalKey<T>::with::h4f50b6975addad35
[INFO] [stdout]                                at /rustc/a178d0322ce20e33eac124758e837cbd80a6f633/library/std/src/thread/local.rs:376:9
[INFO] [stdout]   24:     0x5621abd9593d - tokio::coop::with_budget::h8dc04c6db4fd8b87
[INFO] [stdout]                                at /opt/rustwide/cargo-home/registry/src/github.com-1ecc6299db9ec823/tokio-1.9.0/src/coop.rs:99:5
[INFO] [stdout]   25:     0x5621abd9593d - tokio::coop::budget::hb200e94e2a52970f
[INFO] [stdout]                                at /opt/rustwide/cargo-home/registry/src/github.com-1ecc6299db9ec823/tokio-1.9.0/src/coop.rs:76:5
[INFO] [stdout]   26:     0x5621abd9593d - tokio::runtime::basic_scheduler::Inner<P>::block_on::{{closure}}::h2ea717f0276010f8
[INFO] [stdout]                                at /opt/rustwide/cargo-home/registry/src/github.com-1ecc6299db9ec823/tokio-1.9.0/src/runtime/basic_scheduler.rs:208:39
[INFO] [stdout]   27:     0x5621abd9e938 - tokio::runtime::basic_scheduler::enter::{{closure}}::h780faed873f9a386
[INFO] [stdout]                                at /opt/rustwide/cargo-home/registry/src/github.com-1ecc6299db9ec823/tokio-1.9.0/src/runtime/basic_scheduler.rs:299:29
[INFO] [stdout]   28:     0x5621abd8ab8c - tokio::macros::scoped_tls::ScopedKey<T>::set::h2540bf92f36e6194
[INFO] [stdout]                                at /opt/rustwide/cargo-home/registry/src/github.com-1ecc6299db9ec823/tokio-1.9.0/src/macros/scoped_tls.rs:61:9
[INFO] [stdout]   29:     0x5621abd9e79b - tokio::runtime::basic_scheduler::enter::hf9306476df1c1edb
[INFO] [stdout]                                at /opt/rustwide/cargo-home/registry/src/github.com-1ecc6299db9ec823/tokio-1.9.0/src/runtime/basic_scheduler.rs:299:5
[INFO] [stdout]   30:     0x5621abd94c85 - tokio::runtime::basic_scheduler::Inner<P>::block_on::h75d4e9a4433f5eee
[INFO] [stdout]                                at /opt/rustwide/cargo-home/registry/src/github.com-1ecc6299db9ec823/tokio-1.9.0/src/runtime/basic_scheduler.rs:197:9
[INFO] [stdout]   31:     0x5621abd99f91 - tokio::runtime::basic_scheduler::InnerGuard<P>::block_on::h1be9d709fc2e63b9
[INFO] [stdout]                                at /opt/rustwide/cargo-home/registry/src/github.com-1ecc6299db9ec823/tokio-1.9.0/src/runtime/basic_scheduler.rs:452:9
[INFO] [stdout]   32:     0x5621abd9c168 - tokio::runtime::basic_scheduler::BasicScheduler<P>::block_on::hf8e8f633b5ee35cf
[INFO] [stdout]                                at /opt/rustwide/cargo-home/registry/src/github.com-1ecc6299db9ec823/tokio-1.9.0/src/runtime/basic_scheduler.rs:157:24
[INFO] [stdout]   33:     0x5621abe127c1 - tokio::runtime::Runtime::block_on::h7594917d888e76cc
[INFO] [stdout]                                at /opt/rustwide/cargo-home/registry/src/github.com-1ecc6299db9ec823/tokio-1.9.0/src/runtime/mod.rs:450:46
[INFO] [stdout]   34:     0x5621abe333a7 - basic::RuntimeEnv::new::h2fce96ec22acce33
[INFO] [stdout]                                at /opt/rustwide/workdir/tests/basic.rs:57:21
[INFO] [stdout]   35:     0x5621abe360eb - basic::FailoverEnv::new::hcf9dce319aa8e6f4
[INFO] [stdout]                                at /opt/rustwide/workdir/tests/basic.rs:280:19
[INFO] [stdout]   36:     0x5621abe3d57c - basic::proptests::h84097ca29e22fda9
[INFO] [stdout]                                at /opt/rustwide/workdir/tests/basic.rs:258:39
[INFO] [stdout]   37:     0x5621abe3d54a - basic::proptests::{{closure}}::h34434fb70e989234
[INFO] [stdout]                                at /opt/rustwide/workdir/tests/basic.rs:257:1
[INFO] [stdout]   38:     0x5621abdfccce - core::ops::function::FnOnce::call_once::hf413f6fbe70db815
[INFO] [stdout]                                at /rustc/a178d0322ce20e33eac124758e837cbd80a6f633/library/core/src/ops/function.rs:227:5
[INFO] [stdout]   39:     0x5621abfc72e3 - core::ops::function::FnOnce::call_once::h152e7e439ff59e19
[INFO] [stdout]                                at /rustc/a178d0322ce20e33eac124758e837cbd80a6f633/library/core/src/ops/function.rs:227:5
[INFO] [stdout]   40:     0x5621abfc72e3 - test::__rust_begin_short_backtrace::h0908f3b1fdbb72ab
[INFO] [stdout]                                at /rustc/a178d0322ce20e33eac124758e837cbd80a6f633/library/test/src/lib.rs:577:5
[INFO] [stdout]   41:     0x5621abfc5da0 - <alloc::boxed::Box<F,A> as core::ops::function::FnOnce<Args>>::call_once::hf6d2a51e5587546c
[INFO] [stdout]                                at /rustc/a178d0322ce20e33eac124758e837cbd80a6f633/library/alloc/src/boxed.rs:1575:9
[INFO] [stdout]   42:     0x5621abfc5da0 - <std::panic::AssertUnwindSafe<F> as core::ops::function::FnOnce<()>>::call_once::h8af660f3a89ef593
[INFO] [stdout]                                at /rustc/a178d0322ce20e33eac124758e837cbd80a6f633/library/std/src/panic.rs:347:9
[INFO] [stdout]   43:     0x5621abfc5da0 - std::panicking::try::do_call::hd36aef60f84b6d36
[INFO] [stdout]                                at /rustc/a178d0322ce20e33eac124758e837cbd80a6f633/library/std/src/panicking.rs:401:40
[INFO] [stdout]   44:     0x5621abfc5da0 - std::panicking::try::h9932b4480e69817c
[INFO] [stdout]                                at /rustc/a178d0322ce20e33eac124758e837cbd80a6f633/library/std/src/panicking.rs:365:19
[INFO] [stdout]   45:     0x5621abfc5da0 - std::panic::catch_unwind::h6aa177099cfff5f8
[INFO] [stdout]                                at /rustc/a178d0322ce20e33eac124758e837cbd80a6f633/library/std/src/panic.rs:434:14
[INFO] [stdout]   46:     0x5621abfc5da0 - test::run_test_in_process::h5884d6f2d99e20c3
[INFO] [stdout]                                at /rustc/a178d0322ce20e33eac124758e837cbd80a6f633/library/test/src/lib.rs:600:18
[INFO] [stdout]   47:     0x5621abfc5da0 - test::run_test::run_test_inner::{{closure}}::h6fdc58c6d5f5b6e3
[INFO] [stdout]                                at /rustc/a178d0322ce20e33eac124758e837cbd80a6f633/library/test/src/lib.rs:492:39
[INFO] [stdout]   48:     0x5621abf9f452 - test::run_test::run_test_inner::{{closure}}::h408365d67a78ade8
[INFO] [stdout]                                at /rustc/a178d0322ce20e33eac124758e837cbd80a6f633/library/test/src/lib.rs:519:37
[INFO] [stdout]   49:     0x5621abf9f452 - std::sys_common::backtrace::__rust_begin_short_backtrace::hb560b77c4f701523
[INFO] [stdout]                                at /rustc/a178d0322ce20e33eac124758e837cbd80a6f633/library/std/src/sys_common/backtrace.rs:125:18
[INFO] [stdout]   50:     0x5621abfa3008 - std::thread::Builder::spawn_unchecked::{{closure}}::{{closure}}::hf2e7831dad93c597
[INFO] [stdout]                                at /rustc/a178d0322ce20e33eac124758e837cbd80a6f633/library/std/src/thread/mod.rs:481:17
[INFO] [stdout]   51:     0x5621abfa3008 - <std::panic::AssertUnwindSafe<F> as core::ops::function::FnOnce<()>>::call_once::hd2e08783d8be4d02
[INFO] [stdout]                                at /rustc/a178d0322ce20e33eac124758e837cbd80a6f633/library/std/src/panic.rs:347:9
[INFO] [stdout]   52:     0x5621abfa3008 - std::panicking::try::do_call::h062597b7acfd6b82
[INFO] [stdout]                                at /rustc/a178d0322ce20e33eac124758e837cbd80a6f633/library/std/src/panicking.rs:401:40
[INFO] [stdout]   53:     0x5621abfa3008 - std::panicking::try::h0d7b79db04c14552
[INFO] [stdout]                                at /rustc/a178d0322ce20e33eac124758e837cbd80a6f633/library/std/src/panicking.rs:365:19
[INFO] [stdout]   54:     0x5621abfa3008 - std::panic::catch_unwind::hb01a0b5e7c8cd43b
[INFO] [stdout]                                at /rustc/a178d0322ce20e33eac124758e837cbd80a6f633/library/std/src/panic.rs:434:14
[INFO] [stdout]   55:     0x5621abfa3008 - std::thread::Builder::spawn_unchecked::{{closure}}::h5bde48cc887e0d1e
[INFO] [stdout]                                at /rustc/a178d0322ce20e33eac124758e837cbd80a6f633/library/std/src/thread/mod.rs:480:30
[INFO] [stdout]   56:     0x5621abfa3008 - core::ops::function::FnOnce::call_once{{vtable.shim}}::h745ea30807a29e55
[INFO] [stdout]                                at /rustc/a178d0322ce20e33eac124758e837cbd80a6f633/library/core/src/ops/function.rs:227:5
[INFO] [stdout]   57:     0x5621ac340e87 - <alloc::boxed::Box<F,A> as core::ops::function::FnOnce<Args>>::call_once::h7ece6cfefaff1005
[INFO] [stdout]                                at /rustc/a178d0322ce20e33eac124758e837cbd80a6f633/library/alloc/src/boxed.rs:1575:9
[INFO] [stdout]   58:     0x5621ac340e87 - <alloc::boxed::Box<F,A> as core::ops::function::FnOnce<Args>>::call_once::hb8b48e55c21f193e
[INFO] [stdout]                                at /rustc/a178d0322ce20e33eac124758e837cbd80a6f633/library/alloc/src/boxed.rs:1575:9
[INFO] [stdout]   59:     0x5621ac340e87 - std::sys::unix::thread::Thread::new::thread_start::h8c7c4450dba62914
[INFO] [stdout]                                at /rustc/a178d0322ce20e33eac124758e837cbd80a6f633/library/std/src/sys/unix/thread.rs:71:17
[INFO] [stdout]   60:     0x7f2287d3b609 - start_thread
[INFO] [stdout]   61:     0x7f2287b0d293 - clone
[INFO] [stdout]   62:                0x0 - <unknown>
[INFO] [stdout] 
[INFO] [stdout] ---- basic_cmd stdout ----
[INFO] [stdout] thread 'basic_cmd' panicked at 'Unable to query nodes for information: Connection refused (os error 111)', tests/basic.rs:85:14
[INFO] [stdout] stack backtrace:
[INFO] [stdout]    0:     0x5621ac338d00 - std::backtrace_rs::backtrace::libunwind::trace::h34055254b57d8e79
[INFO] [stdout]                                at /rustc/a178d0322ce20e33eac124758e837cbd80a6f633/library/std/src/../../backtrace/src/backtrace/libunwind.rs:90:5
[INFO] [stdout]    1:     0x5621ac338d00 - std::backtrace_rs::backtrace::trace_unsynchronized::h8f1e3fbd9afff6ec
[INFO] [stdout]                                at /rustc/a178d0322ce20e33eac124758e837cbd80a6f633/library/std/src/../../backtrace/src/backtrace/mod.rs:66:5
[INFO] [stdout]    2:     0x5621ac338d00 - std::sys_common::backtrace::_print_fmt::h3a99a796b770c360
[INFO] [stdout]                                at /rustc/a178d0322ce20e33eac124758e837cbd80a6f633/library/std/src/sys_common/backtrace.rs:67:5
[INFO] [stdout]    3:     0x5621ac338d00 - <std::sys_common::backtrace::_print::DisplayBacktrace as core::fmt::Display>::fmt::h32d1f94a80615d18
[INFO] [stdout]                                at /rustc/a178d0322ce20e33eac124758e837cbd80a6f633/library/std/src/sys_common/backtrace.rs:46:22
[INFO] [stdout]    4:     0x5621ac35cd6c - core::fmt::write::h306731c068f7162c
[INFO] [stdout]                                at /rustc/a178d0322ce20e33eac124758e837cbd80a6f633/library/core/src/fmt/mod.rs:1110:17
[INFO] [stdout]    5:     0x5621ac3334f5 - std::io::Write::write_fmt::h87f19b0a2cd190bc
[INFO] [stdout]                                at /rustc/a178d0322ce20e33eac124758e837cbd80a6f633/library/std/src/io/mod.rs:1588:15
[INFO] [stdout]    6:     0x5621ac33b05b - std::sys_common::backtrace::_print::h5abaa2601a852287
[INFO] [stdout]                                at /rustc/a178d0322ce20e33eac124758e837cbd80a6f633/library/std/src/sys_common/backtrace.rs:49:5
[INFO] [stdout]    7:     0x5621ac33b05b - std::sys_common::backtrace::print::h8d81445442bb638f
[INFO] [stdout]                                at /rustc/a178d0322ce20e33eac124758e837cbd80a6f633/library/std/src/sys_common/backtrace.rs:36:9
[INFO] [stdout]    8:     0x5621ac33b05b - std::panicking::default_hook::{{closure}}::hcfe804496a9fa747
[INFO] [stdout]                                at /rustc/a178d0322ce20e33eac124758e837cbd80a6f633/library/std/src/panicking.rs:208:50
[INFO] [stdout]    9:     0x5621ac33ab6c - std::panicking::default_hook::hbea8e3ccf2ba8901
[INFO] [stdout]                                at /rustc/a178d0322ce20e33eac124758e837cbd80a6f633/library/std/src/panicking.rs:222:9
[INFO] [stdout]   10:     0x5621ac33b724 - std::panicking::rust_panic_with_hook::h7ee9e1a2d0f8975a
[INFO] [stdout]                                at /rustc/a178d0322ce20e33eac124758e837cbd80a6f633/library/std/src/panicking.rs:622:17
[INFO] [stdout]   11:     0x5621ac33b207 - std::panicking::begin_panic_handler::{{closure}}::h8ab3b4491718b2c7
[INFO] [stdout]                                at /rustc/a178d0322ce20e33eac124758e837cbd80a6f633/library/std/src/panicking.rs:519:13
[INFO] [stdout]   12:     0x5621ac3391fc - std::sys_common::backtrace::__rust_end_short_backtrace::hd489062ffa586a9f
[INFO] [stdout]                                at /rustc/a178d0322ce20e33eac124758e837cbd80a6f633/library/std/src/sys_common/backtrace.rs:141:18
[INFO] [stdout]   13:     0x5621ac33b169 - rust_begin_unwind
[INFO] [stdout]                                at /rustc/a178d0322ce20e33eac124758e837cbd80a6f633/library/std/src/panicking.rs:515:5
[INFO] [stdout]   14:     0x5621abd5ad11 - core::panicking::panic_fmt::hca6330e3e14086b4
[INFO] [stdout]                                at /rustc/a178d0322ce20e33eac124758e837cbd80a6f633/library/core/src/panicking.rs:92:14
[INFO] [stdout]   15:     0x5621abd5ae03 - core::result::unwrap_failed::h6160d2b4bfbb0e87
[INFO] [stdout]                                at /rustc/a178d0322ce20e33eac124758e837cbd80a6f633/library/core/src/result.rs:1355:5
[INFO] [stdout]   16:     0x5621abe2e057 - core::result::Result<T,E>::expect::h1bb503213dc7be83
[INFO] [stdout]                                at /rustc/a178d0322ce20e33eac124758e837cbd80a6f633/library/core/src/result.rs:997:23
[INFO] [stdout]   17:     0x5621abe350f4 - basic::RedisEnv::new::{{closure}}::h9da041ec5193848b
[INFO] [stdout]                                at /opt/rustwide/workdir/tests/basic.rs:80:30
[INFO] [stdout]   18:     0x5621abdf3f39 - <core::future::from_generator::GenFuture<T> as core::future::future::Future>::poll::h46f3dad6d99d995a
[INFO] [stdout]                                at /rustc/a178d0322ce20e33eac124758e837cbd80a6f633/library/core/src/future/mod.rs:80:19
[INFO] [stdout]   19:     0x5621abe39ab3 - basic::basic_cmd::{{closure}}::hac50d72094d716ac
[INFO] [stdout]                                at /opt/rustwide/workdir/tests/basic.rs:169:15
[INFO] [stdout]   20:     0x5621abdf2beb - <core::future::from_generator::GenFuture<T> as core::future::future::Future>::poll::h14289c4e16798e02
[INFO] [stdout]                                at /rustc/a178d0322ce20e33eac124758e837cbd80a6f633/library/core/src/future/mod.rs:80:19
[INFO] [stdout]   21:     0x5621abe1f0ff - <core::pin::Pin<P> as core::future::future::Future>::poll::h5a8c448493d02d78
[INFO] [stdout]                                at /rustc/a178d0322ce20e33eac124758e837cbd80a6f633/library/core/src/future/future.rs:119:9
[INFO] [stdout]   22:     0x5621abd99820 - tokio::runtime::basic_scheduler::Inner<P>::block_on::{{closure}}::{{closure}}::h84f2945b8619336f
[INFO] [stdout]                                at /opt/rustwide/cargo-home/registry/src/github.com-1ecc6299db9ec823/tokio-1.9.0/src/runtime/basic_scheduler.rs:208:62
[INFO] [stdout]   23:     0x5621abe4bffc - tokio::coop::with_budget::{{closure}}::hbc3ba8ce5a206f39
[INFO] [stdout]                                at /opt/rustwide/cargo-home/registry/src/github.com-1ecc6299db9ec823/tokio-1.9.0/src/coop.rs:106:9
[INFO] [stdout]   24:     0x5621abd6e8f1 - std::thread::local::LocalKey<T>::try_with::hbc4dd90d7f0db40a
[INFO] [stdout]                                at /rustc/a178d0322ce20e33eac124758e837cbd80a6f633/library/std/src/thread/local.rs:400:16
[INFO] [stdout]   25:     0x5621abd6b95d - std::thread::local::LocalKey<T>::with::h7598d1ba96cdcc4c
[INFO] [stdout]                                at /rustc/a178d0322ce20e33eac124758e837cbd80a6f633/library/std/src/thread/local.rs:376:9
[INFO] [stdout]   26:     0x5621abd97c2c - tokio::coop::with_budget::h0770d0d35256ca33
[INFO] [stdout]                                at /opt/rustwide/cargo-home/registry/src/github.com-1ecc6299db9ec823/tokio-1.9.0/src/coop.rs:99:5
[INFO] [stdout]   27:     0x5621abd97c2c - tokio::coop::budget::ha9b74026744929fb
[INFO] [stdout]                                at /opt/rustwide/cargo-home/registry/src/github.com-1ecc6299db9ec823/tokio-1.9.0/src/coop.rs:76:5
[INFO] [stdout]   28:     0x5621abd97c2c - tokio::runtime::basic_scheduler::Inner<P>::block_on::{{closure}}::h734639cdf9d70026
[INFO] [stdout]                                at /opt/rustwide/cargo-home/registry/src/github.com-1ecc6299db9ec823/tokio-1.9.0/src/runtime/basic_scheduler.rs:208:39
[INFO] [stdout]   29:     0x5621abd9e8f1 - tokio::runtime::basic_scheduler::enter::{{closure}}::h73e67a2db818f691
[INFO] [stdout]                                at /opt/rustwide/cargo-home/registry/src/github.com-1ecc6299db9ec823/tokio-1.9.0/src/runtime/basic_scheduler.rs:299:29
[INFO] [stdout]   30:     0x5621abd8b07d - tokio::macros::scoped_tls::ScopedKey<T>::set::h9da9049ebf1fc701
[INFO] [stdout]                                at /opt/rustwide/cargo-home/registry/src/github.com-1ecc6299db9ec823/tokio-1.9.0/src/macros/scoped_tls.rs:61:9
[INFO] [stdout]   31:     0x5621abd9e466 - tokio::runtime::basic_scheduler::enter::hd3daca896254fa2e
[INFO] [stdout]                                at /opt/rustwide/cargo-home/registry/src/github.com-1ecc6299db9ec823/tokio-1.9.0/src/runtime/basic_scheduler.rs:299:5
[INFO] [stdout]   32:     0x5621abd94bfb - tokio::runtime::basic_scheduler::Inner<P>::block_on::h04c40dcc5eb6f370
[INFO] [stdout]                                at /opt/rustwide/cargo-home/registry/src/github.com-1ecc6299db9ec823/tokio-1.9.0/src/runtime/basic_scheduler.rs:197:9
[INFO] [stdout]   33:     0x5621abd99ee4 - tokio::runtime::basic_scheduler::InnerGuard<P>::block_on::h1b3caf431dae5502
[INFO] [stdout]                                at /opt/rustwide/cargo-home/registry/src/github.com-1ecc6299db9ec823/tokio-1.9.0/src/runtime/basic_scheduler.rs:452:9
[INFO] [stdout]   34:     0x5621abd9ad2c - tokio::runtime::basic_scheduler::BasicScheduler<P>::block_on::h92112d00374d65f1
[INFO] [stdout]                                at /opt/rustwide/cargo-home/registry/src/github.com-1ecc6299db9ec823/tokio-1.9.0/src/runtime/basic_scheduler.rs:157:24
[INFO] [stdout]   35:     0x5621abe1223c - tokio::runtime::Runtime::block_on::h25143da505b2d2f9
[INFO] [stdout]                                at /opt/rustwide/cargo-home/registry/src/github.com-1ecc6299db9ec823/tokio-1.9.0/src/runtime/mod.rs:450:46
[INFO] [stdout]   36:     0x5621abe38c47 - basic::basic_cmd::h300d74de8ab56e92
[INFO] [stdout]                                at /opt/rustwide/workdir/tests/basic.rs:171:5
[INFO] [stdout]   37:     0x5621abe38b5a - basic::basic_cmd::{{closure}}::h4c0b0ae533a6a676
[INFO] [stdout]                                at /opt/rustwide/workdir/tests/basic.rs:168:7
[INFO] [stdout]   38:     0x5621abdfc96e - core::ops::function::FnOnce::call_once::h8bebd2bdb9bf82df
[INFO] [stdout]                                at /rustc/a178d0322ce20e33eac124758e837cbd80a6f633/library/core/src/ops/function.rs:227:5
[INFO] [stdout]   39:     0x5621abfc72e3 - core::ops::function::FnOnce::call_once::h152e7e439ff59e19
[INFO] [stdout]                                at /rustc/a178d0322ce20e33eac124758e837cbd80a6f633/library/core/src/ops/function.rs:227:5
[INFO] [stdout]   40:     0x5621abfc72e3 - test::__rust_begin_short_backtrace::h0908f3b1fdbb72ab
[INFO] [stdout]                                at /rustc/a178d0322ce20e33eac124758e837cbd80a6f633/library/test/src/lib.rs:577:5
[INFO] [stdout]   41:     0x5621abfc5da0 - <alloc::boxed::Box<F,A> as core::ops::function::FnOnce<Args>>::call_once::hf6d2a51e5587546c
[INFO] [stdout]                                at /rustc/a178d0322ce20e33eac124758e837cbd80a6f633/library/alloc/src/boxed.rs:1575:9
[INFO] [stdout]   42:     0x5621abfc5da0 - <std::panic::AssertUnwindSafe<F> as core::ops::function::FnOnce<()>>::call_once::h8af660f3a89ef593
[INFO] [stdout]                                at /rustc/a178d0322ce20e33eac124758e837cbd80a6f633/library/std/src/panic.rs:347:9
[INFO] [stdout]   43:     0x5621abfc5da0 - std::panicking::try::do_call::hd36aef60f84b6d36
[INFO] [stdout]                                at /rustc/a178d0322ce20e33eac124758e837cbd80a6f633/library/std/src/panicking.rs:401:40
[INFO] [stdout]   44:     0x5621abfc5da0 - std::panicking::try::h9932b4480e69817c
[INFO] [stdout]                                at /rustc/a178d0322ce20e33eac124758e837cbd80a6f633/library/std/src/panicking.rs:365:19
[INFO] [stdout]   45:     0x5621abfc5da0 - std::panic::catch_unwind::h6aa177099cfff5f8
[INFO] [stdout]                                at /rustc/a178d0322ce20e33eac124758e837cbd80a6f633/library/std/src/panic.rs:434:14
[INFO] [stdout]   46:     0x5621abfc5da0 - test::run_test_in_process::h5884d6f2d99e20c3
[INFO] [stdout]                                at /rustc/a178d0322ce20e33eac124758e837cbd80a6f633/library/test/src/lib.rs:600:18
[INFO] [stdout]   47:     0x5621abfc5da0 - test::run_test::run_test_inner::{{closure}}::h6fdc58c6d5f5b6e3
[INFO] [stdout]                                at /rustc/a178d0322ce20e33eac124758e837cbd80a6f633/library/test/src/lib.rs:492:39
[INFO] [stdout]   48:     0x5621abf9f452 - test::run_test::run_test_inner::{{closure}}::h408365d67a78ade8
[INFO] [stdout]                                at /rustc/a178d0322ce20e33eac124758e837cbd80a6f633/library/test/src/lib.rs:519:37
[INFO] [stdout]   49:     0x5621abf9f452 - std::sys_common::backtrace::__rust_begin_short_backtrace::hb560b77c4f701523
[INFO] [stdout]                                at /rustc/a178d0322ce20e33eac124758e837cbd80a6f633/library/std/src/sys_common/backtrace.rs:125:18
[INFO] [stdout]   50:     0x5621abfa3008 - std::thread::Builder::spawn_unchecked::{{closure}}::{{closure}}::hf2e7831dad93c597
[INFO] [stdout]                                at /rustc/a178d0322ce20e33eac124758e837cbd80a6f633/library/std/src/thread/mod.rs:481:17
[INFO] [stdout]   51:     0x5621abfa3008 - <std::panic::AssertUnwindSafe<F> as core::ops::function::FnOnce<()>>::call_once::hd2e08783d8be4d02
[INFO] [stdout]                                at /rustc/a178d0322ce20e33eac124758e837cbd80a6f633/library/std/src/panic.rs:347:9
[INFO] [stdout]   52:     0x5621abfa3008 - std::panicking::try::do_call::h062597b7acfd6b82
[INFO] [stdout]                                at /rustc/a178d0322ce20e33eac124758e837cbd80a6f633/library/std/src/panicking.rs:401:40
[INFO] [stdout]   53:     0x5621abfa3008 - std::panicking::try::h0d7b79db04c14552
[INFO] [stdout]                                at /rustc/a178d0322ce20e33eac124758e837cbd80a6f633/library/std/src/panicking.rs:365:19
[INFO] [stdout]   54:     0x5621abfa3008 - std::panic::catch_unwind::hb01a0b5e7c8cd43b
[INFO] [stdout]                                at /rustc/a178d0322ce20e33eac124758e837cbd80a6f633/library/std/src/panic.rs:434:14
[INFO] [stdout]   55:     0x5621abfa3008 - std::thread::Builder::spawn_unchecked::{{closure}}::h5bde48cc887e0d1e
[INFO] [stdout]                                at /rustc/a178d0322ce20e33eac124758e837cbd80a6f633/library/std/src/thread/mod.rs:480:30
[INFO] [stdout]   56:     0x5621abfa3008 - core::ops::function::FnOnce::call_once{{vtable.shim}}::h745ea30807a29e55
[INFO] [stdout]                                at /rustc/a178d0322ce20e33eac124758e837cbd80a6f633/library/core/src/ops/function.rs:227:5
[INFO] [stdout]   57:     0x5621ac340e87 - <alloc::boxed::Box<F,A> as core::ops::function::FnOnce<Args>>::call_once::h7ece6cfefaff1005
[INFO] [stdout]                                at /rustc/a178d0322ce20e33eac124758e837cbd80a6f633/library/alloc/src/boxed.rs:1575:9
[INFO] [stdout]   58:     0x5621ac340e87 - <alloc::boxed::Box<F,A> as core::ops::function::FnOnce<Args>>::call_once::hb8b48e55c21f193e
[INFO] [stdout]                                at /rustc/a178d0322ce20e33eac124758e837cbd80a6f633/library/alloc/src/boxed.rs:1575:9
[INFO] [stdout]   59:     0x5621ac340e87 - std::sys::unix::thread::Thread::new::thread_start::h8c7c4450dba62914
[INFO] [stdout]                                at /rustc/a178d0322ce20e33eac124758e837cbd80a6f633/library/std/src/sys/unix/thread.rs:71:17
[INFO] [stdout]   60:     0x7f2287d3b609 - start_thread
[INFO] [stdout]   61:     0x7f2287b0d293 - clone
[INFO] [stdout]   62:                0x0 - <unknown>
[INFO] [stdout] 
[INFO] [stdout] ---- error_in_inner_connection stdout ----
[INFO] [stdout] thread 'error_in_inner_connection' panicked at 'Unable to query nodes for information: Connection refused (os error 111)', tests/basic.rs:85:14
[INFO] [stdout] stack backtrace:
[INFO] [stdout]    0:     0x5621ac338d00 - std::backtrace_rs::backtrace::libunwind::trace::h34055254b57d8e79
[INFO] [stdout]                                at /rustc/a178d0322ce20e33eac124758e837cbd80a6f633/library/std/src/../../backtrace/src/backtrace/libunwind.rs:90:5
[INFO] [stdout]    1:     0x5621ac338d00 - std::backtrace_rs::backtrace::trace_unsynchronized::h8f1e3fbd9afff6ec
[INFO] [stdout]                                at /rustc/a178d0322ce20e33eac124758e837cbd80a6f633/library/std/src/../../backtrace/src/backtrace/mod.rs:66:5
[INFO] [stdout]    2:     0x5621ac338d00 - std::sys_common::backtrace::_print_fmt::h3a99a796b770c360
[INFO] [stdout]                                at /rustc/a178d0322ce20e33eac124758e837cbd80a6f633/library/std/src/sys_common/backtrace.rs:67:5
[INFO] [stdout]    3:     0x5621ac338d00 - <std::sys_common::backtrace::_print::DisplayBacktrace as core::fmt::Display>::fmt::h32d1f94a80615d18
[INFO] [stdout]                                at /rustc/a178d0322ce20e33eac124758e837cbd80a6f633/library/std/src/sys_common/backtrace.rs:46:22
[INFO] [stdout]    4:     0x5621ac35cd6c - core::fmt::write::h306731c068f7162c
[INFO] [stdout]                                at /rustc/a178d0322ce20e33eac124758e837cbd80a6f633/library/core/src/fmt/mod.rs:1110:17
[INFO] [stdout]    5:     0x5621ac3334f5 - std::io::Write::write_fmt::h87f19b0a2cd190bc
[INFO] [stdout]                                at /rustc/a178d0322ce20e33eac124758e837cbd80a6f633/library/std/src/io/mod.rs:1588:15
[INFO] [stdout]    6:     0x5621ac33b05b - std::sys_common::backtrace::_print::h5abaa2601a852287
[INFO] [stdout]                                at /rustc/a178d0322ce20e33eac124758e837cbd80a6f633/library/std/src/sys_common/backtrace.rs:49:5
[INFO] [stdout]    7:     0x5621ac33b05b - std::sys_common::backtrace::print::h8d81445442bb638f
[INFO] [stdout]                                at /rustc/a178d0322ce20e33eac124758e837cbd80a6f633/library/std/src/sys_common/backtrace.rs:36:9
[INFO] [stdout]    8:     0x5621ac33b05b - std::panicking::default_hook::{{closure}}::hcfe804496a9fa747
[INFO] [stdout]                                at /rustc/a178d0322ce20e33eac124758e837cbd80a6f633/library/std/src/panicking.rs:208:50
[INFO] [stdout]    9:     0x5621ac33ab6c - std::panicking::default_hook::hbea8e3ccf2ba8901
[INFO] [stdout]                                at /rustc/a178d0322ce20e33eac124758e837cbd80a6f633/library/std/src/panicking.rs:222:9
[INFO] [stdout]   10:     0x5621ac33b724 - std::panicking::rust_panic_with_hook::h7ee9e1a2d0f8975a
[INFO] [stdout]                                at /rustc/a178d0322ce20e33eac124758e837cbd80a6f633/library/std/src/panicking.rs:622:17
[INFO] [stdout]   11:     0x5621ac33b207 - std::panicking::begin_panic_handler::{{closure}}::h8ab3b4491718b2c7
[INFO] [stdout]                                at /rustc/a178d0322ce20e33eac124758e837cbd80a6f633/library/std/src/panicking.rs:519:13
[INFO] [stdout]   12:     0x5621ac3391fc - std::sys_common::backtrace::__rust_end_short_backtrace::hd489062ffa586a9f
[INFO] [stdout]                                at /rustc/a178d0322ce20e33eac124758e837cbd80a6f633/library/std/src/sys_common/backtrace.rs:141:18
[INFO] [stdout]   13:     0x5621ac33b169 - rust_begin_unwind
[INFO] [stdout]                                at /rustc/a178d0322ce20e33eac124758e837cbd80a6f633/library/std/src/panicking.rs:515:5
[INFO] [stdout]   14:     0x5621abd5ad11 - core::panicking::panic_fmt::hca6330e3e14086b4
[INFO] [stdout]                                at /rustc/a178d0322ce20e33eac124758e837cbd80a6f633/library/core/src/panicking.rs:92:14
[INFO] [stdout]   15:     0x5621abd5ae03 - core::result::unwrap_failed::h6160d2b4bfbb0e87
[INFO] [stdout]                                at /rustc/a178d0322ce20e33eac124758e837cbd80a6f633/library/core/src/result.rs:1355:5
[INFO] [stdout]   16:     0x5621abe2e057 - core::result::Result<T,E>::expect::h1bb503213dc7be83
[INFO] [stdout]                                at /rustc/a178d0322ce20e33eac124758e837cbd80a6f633/library/core/src/result.rs:997:23
[INFO] [stdout]   17:     0x5621abe350f4 - basic::RedisEnv::new::{{closure}}::h9da041ec5193848b
[INFO] [stdout]                                at /opt/rustwide/workdir/tests/basic.rs:80:30
[INFO] [stdout]   18:     0x5621abdf3f39 - <core::future::from_generator::GenFuture<T> as core::future::future::Future>::poll::h46f3dad6d99d995a
[INFO] [stdout]                                at /rustc/a178d0322ce20e33eac124758e837cbd80a6f633/library/core/src/future/mod.rs:80:19
[INFO] [stdout]   19:     0x5621abe3e249 - basic::error_in_inner_connection::{{closure}}::h0c00da248953c361
[INFO] [stdout]                                at /opt/rustwide/workdir/tests/basic.rs:397:15
[INFO] [stdout]   20:     0x5621abdf2d89 - <core::future::from_generator::GenFuture<T> as core::future::future::Future>::poll::h1776eae84fd841d4
[INFO] [stdout]                                at /rustc/a178d0322ce20e33eac124758e837cbd80a6f633/library/core/src/future/mod.rs:80:19
[INFO] [stdout]   21:     0x5621abe1eebf - <core::pin::Pin<P> as core::future::future::Future>::poll::h266601c74c724263
[INFO] [stdout]                                at /rustc/a178d0322ce20e33eac124758e837cbd80a6f633/library/core/src/future/future.rs:119:9
[INFO] [stdout]   22:     0x5621abd99b20 - tokio::runtime::basic_scheduler::Inner<P>::block_on::{{closure}}::{{closure}}::hb17a9dcbb577409c
[INFO] [stdout]                                at /opt/rustwide/cargo-home/registry/src/github.com-1ecc6299db9ec823/tokio-1.9.0/src/runtime/basic_scheduler.rs:208:62
[INFO] [stdout]   23:     0x5621abe4ac72 - tokio::coop::with_budget::{{closure}}::h5a29d3ab3aa1761d
[INFO] [stdout]                                at /opt/rustwide/cargo-home/registry/src/github.com-1ecc6299db9ec823/tokio-1.9.0/src/coop.rs:106:9
[INFO] [stdout]   24:     0x5621abd6f353 - std::thread::local::LocalKey<T>::try_with::he0434f2bb18c0534
[INFO] [stdout]                                at /rustc/a178d0322ce20e33eac124758e837cbd80a6f633/library/std/src/thread/local.rs:400:16
[INFO] [stdout]   25:     0x5621abd6bf5d - std::thread::local::LocalKey<T>::with::hc1f953a3c9430e5c
[INFO] [stdout]                                at /rustc/a178d0322ce20e33eac124758e837cbd80a6f633/library/std/src/thread/local.rs:376:9
[INFO] [stdout]   26:     0x5621abd98d6c - tokio::coop::with_budget::h7fb40a38ad82001f
[INFO] [stdout]                                at /opt/rustwide/cargo-home/registry/src/github.com-1ecc6299db9ec823/tokio-1.9.0/src/coop.rs:99:5
[INFO] [stdout]   27:     0x5621abd98d6c - tokio::coop::budget::h092f9ddc61317d2b
[INFO] [stdout]                                at /opt/rustwide/cargo-home/registry/src/github.com-1ecc6299db9ec823/tokio-1.9.0/src/coop.rs:76:5
[INFO] [stdout]   28:     0x5621abd98d6c - tokio::runtime::basic_scheduler::Inner<P>::block_on::{{closure}}::hf58d1fc655277487
[INFO] [stdout]                                at /opt/rustwide/cargo-home/registry/src/github.com-1ecc6299db9ec823/tokio-1.9.0/src/runtime/basic_scheduler.rs:208:39
[INFO] [stdout]   29:     0x5621abd9e861 - tokio::runtime::basic_scheduler::enter::{{closure}}::h3c0f5d89eb250258
[INFO] [stdout]                                at /opt/rustwide/cargo-home/registry/src/github.com-1ecc6299db9ec823/tokio-1.9.0/src/runtime/basic_scheduler.rs:299:29
[INFO] [stdout]   30:     0x5621abd8af7d - tokio::macros::scoped_tls::ScopedKey<T>::set::h9ad630a63881c3d0
[INFO] [stdout]                                at /opt/rustwide/cargo-home/registry/src/github.com-1ecc6299db9ec823/tokio-1.9.0/src/macros/scoped_tls.rs:61:9
[INFO] [stdout]   31:     0x5621abd9d486 - tokio::runtime::basic_scheduler::enter::h361e5afc908d3454
[INFO] [stdout]                                at /opt/rustwide/cargo-home/registry/src/github.com-1ecc6299db9ec823/tokio-1.9.0/src/runtime/basic_scheduler.rs:299:5
[INFO] [stdout]   32:     0x5621abd94cad - tokio::runtime::basic_scheduler::Inner<P>::block_on::hac7eefeafacc6401
[INFO] [stdout]                                at /opt/rustwide/cargo-home/registry/src/github.com-1ecc6299db9ec823/tokio-1.9.0/src/runtime/basic_scheduler.rs:197:9
[INFO] [stdout]   33:     0x5621abd99e44 - tokio::runtime::basic_scheduler::InnerGuard<P>::block_on::h0f04965e399a5bc4
[INFO] [stdout]                                at /opt/rustwide/cargo-home/registry/src/github.com-1ecc6299db9ec823/tokio-1.9.0/src/runtime/basic_scheduler.rs:452:9
[INFO] [stdout]   34:     0x5621abd9b4ac - tokio::runtime::basic_scheduler::BasicScheduler<P>::block_on::hc6936cde9328ec5d
[INFO] [stdout]                                at /opt/rustwide/cargo-home/registry/src/github.com-1ecc6299db9ec823/tokio-1.9.0/src/runtime/basic_scheduler.rs:157:24
[INFO] [stdout]   35:     0x5621abe123fc - tokio::runtime::Runtime::block_on::h424269a37b0e655e
[INFO] [stdout]                                at /opt/rustwide/cargo-home/registry/src/github.com-1ecc6299db9ec823/tokio-1.9.0/src/runtime/mod.rs:450:46
[INFO] [stdout]   36:     0x5621abe3df37 - basic::error_in_inner_connection::hbeb9d1d97705efac
[INFO] [stdout]                                at /opt/rustwide/workdir/tests/basic.rs:415:5
[INFO] [stdout]   37:     0x5621abe3de3e - basic::error_in_inner_connection::{{closure}}::h5def07937be367bd
[INFO] [stdout]                                at /opt/rustwide/workdir/tests/basic.rs:394:7
[INFO] [stdout]   38:     0x5621abdfcace - core::ops::function::FnOnce::call_once::hc5d54da951f27b99
[INFO] [stdout]                                at /rustc/a178d0322ce20e33eac124758e837cbd80a6f633/library/core/src/ops/function.rs:227:5
[INFO] [stdout]   39:     0x5621abfc72e3 - core::ops::function::FnOnce::call_once::h152e7e439ff59e19
[INFO] [stdout]                                at /rustc/a178d0322ce20e33eac124758e837cbd80a6f633/library/core/src/ops/function.rs:227:5
[INFO] [stdout]   40:     0x5621abfc72e3 - test::__rust_begin_short_backtrace::h0908f3b1fdbb72ab
[INFO] [stdout]                                at /rustc/a178d0322ce20e33eac124758e837cbd80a6f633/library/test/src/lib.rs:577:5
[INFO] [stdout]   41:     0x5621abfc5da0 - <alloc::boxed::Box<F,A> as core::ops::function::FnOnce<Args>>::call_once::hf6d2a51e5587546c
[INFO] [stdout]                                at /rustc/a178d0322ce20e33eac124758e837cbd80a6f633/library/alloc/src/boxed.rs:1575:9
[INFO] [stdout]   42:     0x5621abfc5da0 - <std::panic::AssertUnwindSafe<F> as core::ops::function::FnOnce<()>>::call_once::h8af660f3a89ef593
[INFO] [stdout]                                at /rustc/a178d0322ce20e33eac124758e837cbd80a6f633/library/std/src/panic.rs:347:9
[INFO] [stdout]   43:     0x5621abfc5da0 - std::panicking::try::do_call::hd36aef60f84b6d36
[INFO] [stdout]                                at /rustc/a178d0322ce20e33eac124758e837cbd80a6f633/library/std/src/panicking.rs:401:40
[INFO] [stdout]   44:     0x5621abfc5da0 - std::panicking::try::h9932b4480e69817c
[INFO] [stdout]                                at /rustc/a178d0322ce20e33eac124758e837cbd80a6f633/library/std/src/panicking.rs:365:19
[INFO] [stdout]   45:     0x5621abfc5da0 - std::panic::catch_unwind::h6aa177099cfff5f8
[INFO] [stdout]                                at /rustc/a178d0322ce20e33eac124758e837cbd80a6f633/library/std/src/panic.rs:434:14
[INFO] [stdout]   46:     0x5621abfc5da0 - test::run_test_in_process::h5884d6f2d99e20c3
[INFO] [stdout]                                at /rustc/a178d0322ce20e33eac124758e837cbd80a6f633/library/test/src/lib.rs:600:18
[INFO] [stdout]   47:     0x5621abfc5da0 - test::run_test::run_test_inner::{{closure}}::h6fdc58c6d5f5b6e3
[INFO] [stdout]                                at /rustc/a178d0322ce20e33eac124758e837cbd80a6f633/library/test/src/lib.rs:492:39
[INFO] [stdout]   48:     0x5621abf9f452 - test::run_test::run_test_inner::{{closure}}::h408365d67a78ade8
[INFO] [stdout]                                at /rustc/a178d0322ce20e33eac124758e837cbd80a6f633/library/test/src/lib.rs:519:37
[INFO] [stdout]   49:     0x5621abf9f452 - std::sys_common::backtrace::__rust_begin_short_backtrace::hb560b77c4f701523
[INFO] [stdout]                                at /rustc/a178d0322ce20e33eac124758e837cbd80a6f633/library/std/src/sys_common/backtrace.rs:125:18
[INFO] [stdout]   50:     0x5621abfa3008 - std::thread::Builder::spawn_unchecked::{{closure}}::{{closure}}::hf2e7831dad93c597
[INFO] [stdout]                                at /rustc/a178d0322ce20e33eac124758e837cbd80a6f633/library/std/src/thread/mod.rs:481:17
[INFO] [stdout]   51:     0x5621abfa3008 - <std::panic::AssertUnwindSafe<F> as core::ops::function::FnOnce<()>>::call_once::hd2e08783d8be4d02
[INFO] [stdout]                                at /rustc/a178d0322ce20e33eac124758e837cbd80a6f633/library/std/src/panic.rs:347:9
[INFO] [stdout]   52:     0x5621abfa3008 - std::panicking::try::do_call::h062597b7acfd6b82
[INFO] [stdout]                                at /rustc/a178d0322ce20e33eac124758e837cbd80a6f633/library/std/src/panicking.rs:401:40
[INFO] [stdout]   53:     0x5621abfa3008 - std::panicking::try::h0d7b79db04c14552
[INFO] [stdout]                                at /rustc/a178d0322ce20e33eac124758e837cbd80a6f633/library/std/src/panicking.rs:365:19
[INFO] [stdout]   54:     0x5621abfa3008 - std::panic::catch_unwind::hb01a0b5e7c8cd43b
[INFO] [stdout]                                at /rustc/a178d0322ce20e33eac124758e837cbd80a6f633/library/std/src/panic.rs:434:14
[INFO] [stdout]   55:     0x5621abfa3008 - std::thread::Builder::spawn_unchecked::{{closure}}::h5bde48cc887e0d1e
[INFO] [stdout]                                at /rustc/a178d0322ce20e33eac124758e837cbd80a6f633/library/std/src/thread/mod.rs:480:30
[INFO] [stdout]   56:     0x5621abfa3008 - core::ops::function::FnOnce::call_once{{vtable.shim}}::h745ea30807a29e55
[INFO] [stdout]                                at /rustc/a178d0322ce20e33eac124758e837cbd80a6f633/library/core/src/ops/function.rs:227:5
[INFO] [stdout]   57:     0x5621ac340e87 - <alloc::boxed::Box<F,A> as core::ops::function::FnOnce<Args>>::call_once::h7ece6cfefaff1005
[INFO] [stdout]                                at /rustc/a178d0322ce20e33eac124758e837cbd80a6f633/library/alloc/src/boxed.rs:1575:9
[INFO] [stdout]   58:     0x5621ac340e87 - <alloc::boxed::Box<F,A> as core::ops::function::FnOnce<Args>>::call_once::hb8b48e55c21f193e
[INFO] [stdout]                                at /rustc/a178d0322ce20e33eac124758e837cbd80a6f633/library/alloc/src/boxed.rs:1575:9
[INFO] [stdout]   59:     0x5621ac340e87 - std::sys::unix::thread::Thread::new::thread_start::h8c7c4450dba62914
[INFO] [stdout]                                at /rustc/a178d0322ce20e33eac124758e837cbd80a6f633/library/std/src/sys/unix/thread.rs:71:17
[INFO] [stdout]   60:     0x7f2287d3b609 - start_thread
[INFO] [stdout]   61:     0x7f2287b0d293 - clone
[INFO] [stdout]   62:                0x0 - <unknown>
[INFO] [stdout] 
[INFO] [stdout] ---- basic_failover stdout ----
[INFO] [stdout] thread 'basic_failover' panicked at 'Unable to query nodes for information: Connection refused (os error 111)', tests/basic.rs:85:14
[INFO] [stdout] stack backtrace:
[INFO] [stdout]    0:     0x5621ac338d00 - std::backtrace_rs::backtrace::libunwind::trace::h34055254b57d8e79
[INFO] [stdout]                                at /rustc/a178d0322ce20e33eac124758e837cbd80a6f633/library/std/src/../../backtrace/src/backtrace/libunwind.rs:90:5
[INFO] [stdout]    1:     0x5621ac338d00 - std::backtrace_rs::backtrace::trace_unsynchronized::h8f1e3fbd9afff6ec
[INFO] [stdout]                                at /rustc/a178d0322ce20e33eac124758e837cbd80a6f633/library/std/src/../../backtrace/src/backtrace/mod.rs:66:5
[INFO] [stdout]    2:     0x5621ac338d00 - std::sys_common::backtrace::_print_fmt::h3a99a796b770c360
[INFO] [stdout]                                at /rustc/a178d0322ce20e33eac124758e837cbd80a6f633/library/std/src/sys_common/backtrace.rs:67:5
[INFO] [stdout]    3:     0x5621ac338d00 - <std::sys_common::backtrace::_print::DisplayBacktrace as core::fmt::Display>::fmt::h32d1f94a80615d18
[INFO] [stdout]                                at /rustc/a178d0322ce20e33eac124758e837cbd80a6f633/library/std/src/sys_common/backtrace.rs:46:22
[INFO] [stdout]    4:     0x5621ac35cd6c - core::fmt::write::h306731c068f7162c
[INFO] [stdout]                                at /rustc/a178d0322ce20e33eac124758e837cbd80a6f633/library/core/src/fmt/mod.rs:1110:17
[INFO] [stdout]    5:     0x5621ac3334f5 - std::io::Write::write_fmt::h87f19b0a2cd190bc
[INFO] [stdout]                                at /rustc/a178d0322ce20e33eac124758e837cbd80a6f633/library/std/src/io/mod.rs:1588:15
[INFO] [stdout]    6:     0x5621ac33b05b - std::sys_common::backtrace::_print::h5abaa2601a852287
[INFO] [stdout]                                at /rustc/a178d0322ce20e33eac124758e837cbd80a6f633/library/std/src/sys_common/backtrace.rs:49:5
[INFO] [stdout]    7:     0x5621ac33b05b - std::sys_common::backtrace::print::h8d81445442bb638f
[INFO] [stdout]                                at /rustc/a178d0322ce20e33eac124758e837cbd80a6f633/library/std/src/sys_common/backtrace.rs:36:9
[INFO] [stdout]    8:     0x5621ac33b05b - std::panicking::default_hook::{{closure}}::hcfe804496a9fa747
[INFO] [stdout]                                at /rustc/a178d0322ce20e33eac124758e837cbd80a6f633/library/std/src/panicking.rs:208:50
[INFO] [stdout]    9:     0x5621ac33ab6c - std::panicking::default_hook::hbea8e3ccf2ba8901
[INFO] [stdout]                                at /rustc/a178d0322ce20e33eac124758e837cbd80a6f633/library/std/src/panicking.rs:222:9
[INFO] [stdout]   10:     0x5621ac33b724 - std::panicking::rust_panic_with_hook::h7ee9e1a2d0f8975a
[INFO] [stdout]                                at /rustc/a178d0322ce20e33eac124758e837cbd80a6f633/library/std/src/panicking.rs:622:17
[INFO] [stdout]   11:     0x5621ac33b207 - std::panicking::begin_panic_handler::{{closure}}::h8ab3b4491718b2c7
[INFO] [stdout]                                at /rustc/a178d0322ce20e33eac124758e837cbd80a6f633/library/std/src/panicking.rs:519:13
[INFO] [stdout]   12:     0x5621ac3391fc - std::sys_common::backtrace::__rust_end_short_backtrace::hd489062ffa586a9f
[INFO] [stdout]                                at /rustc/a178d0322ce20e33eac124758e837cbd80a6f633/library/std/src/sys_common/backtrace.rs:141:18
[INFO] [stdout]   13:     0x5621ac33b169 - rust_begin_unwind
[INFO] [stdout]                                at /rustc/a178d0322ce20e33eac124758e837cbd80a6f633/library/std/src/panicking.rs:515:5
[INFO] [stdout]   14:     0x5621abd5ad11 - core::panicking::panic_fmt::hca6330e3e14086b4
[INFO] [stdout]                                at /rustc/a178d0322ce20e33eac124758e837cbd80a6f633/library/core/src/panicking.rs:92:14
[INFO] [stdout]   15:     0x5621abd5ae03 - core::result::unwrap_failed::h6160d2b4bfbb0e87
[INFO] [stdout]                                at /rustc/a178d0322ce20e33eac124758e837cbd80a6f633/library/core/src/result.rs:1355:5
[INFO] [stdout]   16:     0x5621abe2e057 - core::result::Result<T,E>::expect::h1bb503213dc7be83
[INFO] [stdout]                                at /rustc/a178d0322ce20e33eac124758e837cbd80a6f633/library/core/src/result.rs:997:23
[INFO] [stdout]   17:     0x5621abe350f4 - basic::RedisEnv::new::{{closure}}::h9da041ec5193848b
[INFO] [stdout]                                at /opt/rustwide/workdir/tests/basic.rs:80:30
[INFO] [stdout]   18:     0x5621abdf3f39 - <core::future::from_generator::GenFuture<T> as core::future::future::Future>::poll::h46f3dad6d99d995a
[INFO] [stdout]                                at /rustc/a178d0322ce20e33eac124758e837cbd80a6f633/library/core/src/future/mod.rs:80:19
[INFO] [stdout]   19:     0x5621abe1ed6c - <core::pin::Pin<P> as core::future::future::Future>::poll::h13f30cd1b425d0d8
[INFO] [stdout]                                at /rustc/a178d0322ce20e33eac124758e837cbd80a6f633/library/core/src/future/future.rs:119:9
[INFO] [stdout]   20:     0x5621abd997cc - tokio::runtime::basic_scheduler::Inner<P>::block_on::{{closure}}::{{closure}}::h792558da11c4ce6a
[INFO] [stdout]                                at /opt/rustwide/cargo-home/registry/src/github.com-1ecc6299db9ec823/tokio-1.9.0/src/runtime/basic_scheduler.rs:208:62
[INFO] [stdout]   21:     0x5621abe4c789 - tokio::coop::with_budget::{{closure}}::hfd395c7cc1667293
[INFO] [stdout]                                at /opt/rustwide/cargo-home/registry/src/github.com-1ecc6299db9ec823/tokio-1.9.0/src/coop.rs:106:9
[INFO] [stdout]   22:     0x5621abd6caa4 - std::thread::local::LocalKey<T>::try_with::h1b0b96033409b3bb
[INFO] [stdout]                                at /rustc/a178d0322ce20e33eac124758e837cbd80a6f633/library/std/src/thread/local.rs:400:16
[INFO] [stdout]   23:     0x5621abd6b7db - std::thread::local::LocalKey<T>::with::h4f50b6975addad35
[INFO] [stdout]                                at /rustc/a178d0322ce20e33eac124758e837cbd80a6f633/library/std/src/thread/local.rs:376:9
[INFO] [stdout]   24:     0x5621abd9593d - tokio::coop::with_budget::h8dc04c6db4fd8b87
[INFO] [stdout]                                at /opt/rustwide/cargo-home/registry/src/github.com-1ecc6299db9ec823/tokio-1.9.0/src/coop.rs:99:5
[INFO] [stdout]   25:     0x5621abd9593d - tokio::coop::budget::hb200e94e2a52970f
[INFO] [stdout]                                at /opt/rustwide/cargo-home/registry/src/github.com-1ecc6299db9ec823/tokio-1.9.0/src/coop.rs:76:5
[INFO] [stdout]   26:     0x5621abd9593d - tokio::runtime::basic_scheduler::Inner<P>::block_on::{{closure}}::h2ea717f0276010f8
[INFO] [stdout]                                at /opt/rustwide/cargo-home/registry/src/github.com-1ecc6299db9ec823/tokio-1.9.0/src/runtime/basic_scheduler.rs:208:39
[INFO] [stdout]   27:     0x5621abd9e938 - tokio::runtime::basic_scheduler::enter::{{closure}}::h780faed873f9a386
[INFO] [stdout]                                at /opt/rustwide/cargo-home/registry/src/github.com-1ecc6299db9ec823/tokio-1.9.0/src/runtime/basic_scheduler.rs:299:29
[INFO] [stdout]   28:     0x5621abd8ab8c - tokio::macros::scoped_tls::ScopedKey<T>::set::h2540bf92f36e6194
[INFO] [stdout]                                at /opt/rustwide/cargo-home/registry/src/github.com-1ecc6299db9ec823/tokio-1.9.0/src/macros/scoped_tls.rs:61:9
[INFO] [stdout]   29:     0x5621abd9e79b - tokio::runtime::basic_scheduler::enter::hf9306476df1c1edb
[INFO] [stdout]                                at /opt/rustwide/cargo-home/registry/src/github.com-1ecc6299db9ec823/tokio-1.9.0/src/runtime/basic_scheduler.rs:299:5
[INFO] [stdout]   30:     0x5621abd94c85 - tokio::runtime::basic_scheduler::Inner<P>::block_on::h75d4e9a4433f5eee
[INFO] [stdout]                                at /opt/rustwide/cargo-home/registry/src/github.com-1ecc6299db9ec823/tokio-1.9.0/src/runtime/basic_scheduler.rs:197:9
[INFO] [stdout]   31:     0x5621abd99f91 - tokio::runtime::basic_scheduler::InnerGuard<P>::block_on::h1be9d709fc2e63b9
[INFO] [stdout]                                at /opt/rustwide/cargo-home/registry/src/github.com-1ecc6299db9ec823/tokio-1.9.0/src/runtime/basic_scheduler.rs:452:9
[INFO] [stdout]   32:     0x5621abd9c168 - tokio::runtime::basic_scheduler::BasicScheduler<P>::block_on::hf8e8f633b5ee35cf
[INFO] [stdout]                                at /opt/rustwide/cargo-home/registry/src/github.com-1ecc6299db9ec823/tokio-1.9.0/src/runtime/basic_scheduler.rs:157:24
[INFO] [stdout]   33:     0x5621abe127c1 - tokio::runtime::Runtime::block_on::h7594917d888e76cc
[INFO] [stdout]                                at /opt/rustwide/cargo-home/registry/src/github.com-1ecc6299db9ec823/tokio-1.9.0/src/runtime/mod.rs:450:46
[INFO] [stdout]   34:     0x5621abe333a7 - basic::RuntimeEnv::new::h2fce96ec22acce33
[INFO] [stdout]                                at /opt/rustwide/workdir/tests/basic.rs:57:21
[INFO] [stdout]   35:     0x5621abe360eb - basic::FailoverEnv::new::hcf9dce319aa8e6f4
[INFO] [stdout]                                at /opt/rustwide/workdir/tests/basic.rs:280:19
[INFO] [stdout]   36:     0x5621abe3dd91 - basic::basic_failover::h62e6d3c144fd3c6e
[INFO] [stdout]                                at /opt/rustwide/workdir/tests/basic.rs:270:24
[INFO] [stdout]   37:     0x5621abe3dd6a - basic::basic_failover::{{closure}}::hbe899c39ba6bc197
[INFO] [stdout]                                at /opt/rustwide/workdir/tests/basic.rs:269:1
[INFO] [stdout]   38:     0x5621abdfcb4e - core::ops::function::FnOnce::call_once::hd08364a0f9068f67
[INFO] [stdout]                                at /rustc/a178d0322ce20e33eac124758e837cbd80a6f633/library/core/src/ops/function.rs:227:5
[INFO] [stdout]   39:     0x5621abfc72e3 - core::ops::function::FnOnce::call_once::h152e7e439ff59e19
[INFO] [stdout]                                at /rustc/a178d0322ce20e33eac124758e837cbd80a6f633/library/core/src/ops/function.rs:227:5
[INFO] [stdout]   40:     0x5621abfc72e3 - test::__rust_begin_short_backtrace::h0908f3b1fdbb72ab
[INFO] [stdout]                                at /rustc/a178d0322ce20e33eac124758e837cbd80a6f633/library/test/src/lib.rs:577:5
[INFO] [stdout]   41:     0x5621abfc5da0 - <alloc::boxed::Box<F,A> as core::ops::function::FnOnce<Args>>::call_once::hf6d2a51e5587546c
[INFO] [stdout]                                at /rustc/a178d0322ce20e33eac124758e837cbd80a6f633/library/alloc/src/boxed.rs:1575:9
[INFO] [stdout]   42:     0x5621abfc5da0 - <std::panic::AssertUnwindSafe<F> as core::ops::function::FnOnce<()>>::call_once::h8af660f3a89ef593
[INFO] [stdout]                                at /rustc/a178d0322ce20e33eac124758e837cbd80a6f633/library/std/src/panic.rs:347:9
[INFO] [stdout]   43:     0x5621abfc5da0 - std::panicking::try::do_call::hd36aef60f84b6d36
[INFO] [stdout]                                at /rustc/a178d0322ce20e33eac124758e837cbd80a6f633/library/std/src/panicking.rs:401:40
[INFO] [stdout]   44:     0x5621abfc5da0 - std::panicking::try::h9932b4480e69817c
[INFO] [stdout]                                at /rustc/a178d0322ce20e33eac124758e837cbd80a6f633/library/std/src/panicking.rs:365:19
[INFO] [stdout]   45:     0x5621abfc5da0 - std::panic::catch_unwind::h6aa177099cfff5f8
[INFO] [stdout]                                at /rustc/a178d0322ce20e33eac124758e837cbd80a6f633/library/std/src/panic.rs:434:14
[INFO] [stdout]   46:     0x5621abfc5da0 - test::run_test_in_process::h5884d6f2d99e20c3
[INFO] [stdout]                                at /rustc/a178d0322ce20e33eac124758e837cbd80a6f633/library/test/src/lib.rs:600:18
[INFO] [stdout]   47:     0x5621abfc5da0 - test::run_test::run_test_inner::{{closure}}::h6fdc58c6d5f5b6e3
[INFO] [stdout]                                at /rustc/a178d0322ce20e33eac124758e837cbd80a6f633/library/test/src/lib.rs:492:39
[INFO] [stdout]   48:     0x5621abf9f452 - test::run_test::run_test_inner::{{closure}}::h408365d67a78ade8
[INFO] [stdout]                                at /rustc/a178d0322ce20e33eac124758e837cbd80a6f633/library/test/src/lib.rs:519:37
[INFO] [stdout]   49:     0x5621abf9f452 - std::sys_common::backtrace::__rust_begin_short_backtrace::hb560b77c4f701523
[INFO] [stdout]                                at /rustc/a178d0322ce20e33eac124758e837cbd80a6f633/library/std/src/sys_common/backtrace.rs:125:18
[INFO] [stdout]   50:     0x5621abfa3008 - std::thread::Builder::spawn_unchecked::{{closure}}::{{closure}}::hf2e7831dad93c597
[INFO] [stdout]                                at /rustc/a178d0322ce20e33eac124758e837cbd80a6f633/library/std/src/thread/mod.rs:481:17
[INFO] [stdout]   51:     0x5621abfa3008 - <std::panic::AssertUnwindSafe<F> as core::ops::function::FnOnce<()>>::call_once::hd2e08783d8be4d02
[INFO] [stdout]                                at /rustc/a178d0322ce20e33eac124758e837cbd80a6f633/library/std/src/panic.rs:347:9
[INFO] [stdout]   52:     0x5621abfa3008 - std::panicking::try::do_call::h062597b7acfd6b82
[INFO] [stdout]                                at /rustc/a178d0322ce20e33eac124758e837cbd80a6f633/library/std/src/panicking.rs:401:40
[INFO] [stdout]   53:     0x5621abfa3008 - std::panicking::try::h0d7b79db04c14552
[INFO] [stdout]                                at /rustc/a178d0322ce20e33eac124758e837cbd80a6f633/library/std/src/panicking.rs:365:19
[INFO] [stdout]   54:     0x5621abfa3008 - std::panic::catch_unwind::hb01a0b5e7c8cd43b
[INFO] [stdout]                                at /rustc/a178d0322ce20e33eac124758e837cbd80a6f633/library/std/src/panic.rs:434:14
[INFO] [stdout]   55:     0x5621abfa3008 - std::thread::Builder::spawn_unchecked::{{closure}}::h5bde48cc887e0d1e
[INFO] [stdout]                                at /rustc/a178d0322ce20e33eac124758e837cbd80a6f633/library/std/src/thread/mod.rs:480:30
[INFO] [stdout]   56:     0x5621abfa3008 - core::ops::function::FnOnce::call_once{{vtable.shim}}::h745ea30807a29e55
[INFO] [stdout]                                at /rustc/a178d0322ce20e33eac124758e837cbd80a6f633/library/core/src/ops/function.rs:227:5
[INFO] [stdout]   57:     0x5621ac340e87 - <alloc::boxed::Box<F,A> as core::ops::function::FnOnce<Args>>::call_once::h7ece6cfefaff1005
[INFO] [stdout]                                at /rustc/a178d0322ce20e33eac124758e837cbd80a6f633/library/alloc/src/boxed.rs:1575:9
[INFO] [stdout]   58:     0x5621ac340e87 - <alloc::boxed::Box<F,A> as core::ops::function::FnOnce<Args>>::call_once::hb8b48e55c21f193e
[INFO] [stdout]                                at /rustc/a178d0322ce20e33eac124758e837cbd80a6f633/library/alloc/src/boxed.rs:1575:9
[INFO] [stdout]   59:     0x5621ac340e87 - std::sys::unix::thread::Thread::new::thread_start::h8c7c4450dba62914
[INFO] [stdout]                                at /rustc/a178d0322ce20e33eac124758e837cbd80a6f633/library/std/src/sys/unix/thread.rs:71:17
[INFO] [stdout]   60:     0x7f2287d3b609 - start_thread
[INFO] [stdout]   61:     0x7f2287b0d293 - clone
[INFO] [stdout]   62:                0x0 - <unknown>
[INFO] [stdout] 
[INFO] [stdout] ---- basic_eval stdout ----
[INFO] [stdout] thread 'basic_eval' panicked at 'Unable to query nodes for information: Connection refused (os error 111)', tests/basic.rs:85:14
[INFO] [stdout] stack backtrace:
[INFO] [stdout]    0:     0x5621ac338d00 - std::backtrace_rs::backtrace::libunwind::trace::h34055254b57d8e79
[INFO] [stdout]                                at /rustc/a178d0322ce20e33eac124758e837cbd80a6f633/library/std/src/../../backtrace/src/backtrace/libunwind.rs:90:5
[INFO] [stdout]    1:     0x5621ac338d00 - std::backtrace_rs::backtrace::trace_unsynchronized::h8f1e3fbd9afff6ec
[INFO] [stdout]                                at /rustc/a178d0322ce20e33eac124758e837cbd80a6f633/library/std/src/../../backtrace/src/backtrace/mod.rs:66:5
[INFO] [stdout]    2:     0x5621ac338d00 - std::sys_common::backtrace::_print_fmt::h3a99a796b770c360
[INFO] [stdout]                                at /rustc/a178d0322ce20e33eac124758e837cbd80a6f633/library/std/src/sys_common/backtrace.rs:67:5
[INFO] [stdout]    3:     0x5621ac338d00 - <std::sys_common::backtrace::_print::DisplayBacktrace as core::fmt::Display>::fmt::h32d1f94a80615d18
[INFO] [stdout]                                at /rustc/a178d0322ce20e33eac124758e837cbd80a6f633/library/std/src/sys_common/backtrace.rs:46:22
[INFO] [stdout]    4:     0x5621ac35cd6c - core::fmt::write::h306731c068f7162c
[INFO] [stdout]                                at /rustc/a178d0322ce20e33eac124758e837cbd80a6f633/library/core/src/fmt/mod.rs:1110:17
[INFO] [stdout]    5:     0x5621ac3334f5 - std::io::Write::write_fmt::h87f19b0a2cd190bc
[INFO] [stdout]                                at /rustc/a178d0322ce20e33eac124758e837cbd80a6f633/library/std/src/io/mod.rs:1588:15
[INFO] [stdout]    6:     0x5621ac33b05b - std::sys_common::backtrace::_print::h5abaa2601a852287
[INFO] [stdout]                                at /rustc/a178d0322ce20e33eac124758e837cbd80a6f633/library/std/src/sys_common/backtrace.rs:49:5
[INFO] [stdout]    7:     0x5621ac33b05b - std::sys_common::backtrace::print::h8d81445442bb638f
[INFO] [stdout]                                at /rustc/a178d0322ce20e33eac124758e837cbd80a6f633/library/std/src/sys_common/backtrace.rs:36:9
[INFO] [stdout]    8:     0x5621ac33b05b - std::panicking::default_hook::{{closure}}::hcfe804496a9fa747
[INFO] [stdout]                                at /rustc/a178d0322ce20e33eac124758e837cbd80a6f633/library/std/src/panicking.rs:208:50
[INFO] [stdout]    9:     0x5621ac33ab6c - std::panicking::default_hook::hbea8e3ccf2ba8901
[INFO] [stdout]                                at /rustc/a178d0322ce20e33eac124758e837cbd80a6f633/library/std/src/panicking.rs:222:9
[INFO] [stdout]   10:     0x5621ac33b724 - std::panicking::rust_panic_with_hook::h7ee9e1a2d0f8975a
[INFO] [stdout]                                at /rustc/a178d0322ce20e33eac124758e837cbd80a6f633/library/std/src/panicking.rs:622:17
[INFO] [stdout]   11:     0x5621ac33b207 - std::panicking::begin_panic_handler::{{closure}}::h8ab3b4491718b2c7
[INFO] [stdout]                                at /rustc/a178d0322ce20e33eac124758e837cbd80a6f633/library/std/src/panicking.rs:519:13
[INFO] [stdout]   12:     0x5621ac3391fc - std::sys_common::backtrace::__rust_end_short_backtrace::hd489062ffa586a9f
[INFO] [stdout]                                at /rustc/a178d0322ce20e33eac124758e837cbd80a6f633/library/std/src/sys_common/backtrace.rs:141:18
[INFO] [stdout]   13:     0x5621ac33b169 - rust_begin_unwind
[INFO] [stdout]                                at /rustc/a178d0322ce20e33eac124758e837cbd80a6f633/library/std/src/panicking.rs:515:5
[INFO] [stdout]   14:     0x5621abd5ad11 - core::panicking::panic_fmt::hca6330e3e14086b4
[INFO] [stdout]                                at /rustc/a178d0322ce20e33eac124758e837cbd80a6f633/library/core/src/panicking.rs:92:14
[INFO] [stdout]   15:     0x5621abd5ae03 - core::result::unwrap_failed::h6160d2b4bfbb0e87
[INFO] [stdout]                                at /rustc/a178d0322ce20e33eac124758e837cbd80a6f633/library/core/src/result.rs:1355:5
[INFO] [stdout]   16:     0x5621abe2e057 - core::result::Result<T,E>::expect::h1bb503213dc7be83
[INFO] [stdout]                                at /rustc/a178d0322ce20e33eac124758e837cbd80a6f633/library/core/src/result.rs:997:23
[INFO] [stdout]   17:     0x5621abe350f4 - basic::RedisEnv::new::{{closure}}::h9da041ec5193848b
[INFO] [stdout]                                at /opt/rustwide/workdir/tests/basic.rs:80:30
[INFO] [stdout]   18:     0x5621abdf3f39 - <core::future::from_generator::GenFuture<T> as core::future::future::Future>::poll::h46f3dad6d99d995a
[INFO] [stdout]                                at /rustc/a178d0322ce20e33eac124758e837cbd80a6f633/library/core/src/future/mod.rs:80:19
[INFO] [stdout]   19:     0x5621abe3aa23 - basic::basic_eval::{{closure}}::h364d45ee59bb5fad
[INFO] [stdout]                                at /opt/rustwide/workdir/tests/basic.rs:193:15
[INFO] [stdout]   20:     0x5621abdf6eab - <core::future::from_generator::GenFuture<T> as core::future::future::Future>::poll::hd84801273129145b
[INFO] [stdout]                                at /rustc/a178d0322ce20e33eac124758e837cbd80a6f633/library/core/src/future/mod.rs:80:19
[INFO] [stdout]   21:     0x5621abe1f44f - <core::pin::Pin<P> as core::future::future::Future>::poll::hc32ad977db390ee4
[INFO] [stdout]                                at /rustc/a178d0322ce20e33eac124758e837cbd80a6f633/library/core/src/future/future.rs:119:9
[INFO] [stdout]   22:     0x5621abd99460 - tokio::runtime::basic_scheduler::Inner<P>::block_on::{{closure}}::{{closure}}::h29082e7102e30e3f
[INFO] [stdout]                                at /opt/rustwide/cargo-home/registry/src/github.com-1ecc6299db9ec823/tokio-1.9.0/src/runtime/basic_scheduler.rs:208:62
[INFO] [stdout]   23:     0x5621abe4b3ec - tokio::coop::with_budget::{{closure}}::h7e7fea461a63a076
[INFO] [stdout]                                at /opt/rustwide/cargo-home/registry/src/github.com-1ecc6299db9ec823/tokio-1.9.0/src/coop.rs:106:9
[INFO] [stdout]   24:     0x5621abd6f741 - std::thread::local::LocalKey<T>::try_with::hec9c422ac01cc4b4
[INFO] [stdout]                                at /rustc/a178d0322ce20e33eac124758e837cbd80a6f633/library/std/src/thread/local.rs:400:16
[INFO] [stdout]   25:     0x5621abd6c0bd - std::thread::local::LocalKey<T>::with::he2c75588098f7fbc
[INFO] [stdout]                                at /rustc/a178d0322ce20e33eac124758e837cbd80a6f633/library/std/src/thread/local.rs:376:9
[INFO] [stdout]   26:     0x5621abd96aec - tokio::coop::with_budget::ha68d92c62f1a6748
[INFO] [stdout]                                at /opt/rustwide/cargo-home/registry/src/github.com-1ecc6299db9ec823/tokio-1.9.0/src/coop.rs:99:5
[INFO] [stdout]   27:     0x5621abd96aec - tokio::coop::budget::h30cd066607212303
[INFO] [stdout]                                at /opt/rustwide/cargo-home/registry/src/github.com-1ecc6299db9ec823/tokio-1.9.0/src/coop.rs:76:5
[INFO] [stdout]   28:     0x5621abd96aec - tokio::runtime::basic_scheduler::Inner<P>::block_on::{{closure}}::h622b69f8a0cb9d1d
[INFO] [stdout]                                at /opt/rustwide/cargo-home/registry/src/github.com-1ecc6299db9ec823/tokio-1.9.0/src/runtime/basic_scheduler.rs:208:39
[INFO] [stdout]   29:     0x5621abd9e981 - tokio::runtime::basic_scheduler::enter::{{closure}}::h7d0346d3d3de5874
[INFO] [stdout]                                at /opt/rustwide/cargo-home/registry/src/github.com-1ecc6299db9ec823/tokio-1.9.0/src/runtime/basic_scheduler.rs:299:29
[INFO] [stdout]   30:     0x5621abd8b16d - tokio::macros::scoped_tls::ScopedKey<T>::set::haca240f2a6f9f764
[INFO] [stdout]                                at /opt/rustwide/cargo-home/registry/src/github.com-1ecc6299db9ec823/tokio-1.9.0/src/macros/scoped_tls.rs:61:9
[INFO] [stdout]   31:     0x5621abd9d7b6 - tokio::runtime::basic_scheduler::enter::h3e6161ee22224e38
[INFO] [stdout]                                at /opt/rustwide/cargo-home/registry/src/github.com-1ecc6299db9ec823/tokio-1.9.0/src/runtime/basic_scheduler.rs:299:5
[INFO] [stdout]   32:     0x5621abd94cfb - tokio::runtime::basic_scheduler::Inner<P>::block_on::hfc4214613a9f02ab
[INFO] [stdout]                                at /opt/rustwide/cargo-home/registry/src/github.com-1ecc6299db9ec823/tokio-1.9.0/src/runtime/basic_scheduler.rs:197:9
[INFO] [stdout]   33:     0x5621abd9a024 - tokio::runtime::basic_scheduler::InnerGuard<P>::block_on::h508e34e3d31d7337
[INFO] [stdout]                                at /opt/rustwide/cargo-home/registry/src/github.com-1ecc6299db9ec823/tokio-1.9.0/src/runtime/basic_scheduler.rs:452:9
[INFO] [stdout]   34:     0x5621abd9a5ac - tokio::runtime::basic_scheduler::BasicScheduler<P>::block_on::h6981f358bf8870fb
[INFO] [stdout]                                at /opt/rustwide/cargo-home/registry/src/github.com-1ecc6299db9ec823/tokio-1.9.0/src/runtime/basic_scheduler.rs:157:24
[INFO] [stdout]   35:     0x5621abe1298c - tokio::runtime::Runtime::block_on::h7b8546806f7013ba
[INFO] [stdout]                                at /opt/rustwide/cargo-home/registry/src/github.com-1ecc6299db9ec823/tokio-1.9.0/src/runtime/mod.rs:450:46
[INFO] [stdout]   36:     0x5621abe39f47 - basic::basic_eval::hb2a23795b9f24369
[INFO] [stdout]                                at /opt/rustwide/workdir/tests/basic.rs:195:5
[INFO] [stdout]   37:     0x5621abe39e5a - basic::basic_eval::{{closure}}::h611ad08e7e4b9a58
[INFO] [stdout]                                at /opt/rustwide/workdir/tests/basic.rs:192:7
[INFO] [stdout]   38:     0x5621abdfc73e - core::ops::function::FnOnce::call_once::h4c668c3f0e2de52e
[INFO] [stdout]                                at /rustc/a178d0322ce20e33eac124758e837cbd80a6f633/library/core/src/ops/function.rs:227:5
[INFO] [stdout]   39:     0x5621abfc72e3 - core::ops::function::FnOnce::call_once::h152e7e439ff59e19
[INFO] [stdout]                                at /rustc/a178d0322ce20e33eac124758e837cbd80a6f633/library/core/src/ops/function.rs:227:5
[INFO] [stdout]   40:     0x5621abfc72e3 - test::__rust_begin_short_backtrace::h0908f3b1fdbb72ab
[INFO] [stdout]                                at /rustc/a178d0322ce20e33eac124758e837cbd80a6f633/library/test/src/lib.rs:577:5
[INFO] [stdout]   41:     0x5621abfc5da0 - <alloc::boxed::Box<F,A> as core::ops::function::FnOnce<Args>>::call_once::hf6d2a51e5587546c
[INFO] [stdout]                                at /rustc/a178d0322ce20e33eac124758e837cbd80a6f633/library/alloc/src/boxed.rs:1575:9
[INFO] [stdout]   42:     0x5621abfc5da0 - <std::panic::AssertUnwindSafe<F> as core::ops::function::FnOnce<()>>::call_once::h8af660f3a89ef593
[INFO] [stdout]                                at /rustc/a178d0322ce20e33eac124758e837cbd80a6f633/library/std/src/panic.rs:347:9
[INFO] [stdout]   43:     0x5621abfc5da0 - std::panicking::try::do_call::hd36aef60f84b6d36
[INFO] [stdout]                                at /rustc/a178d0322ce20e33eac124758e837cbd80a6f633/library/std/src/panicking.rs:401:40
[INFO] [stdout]   44:     0x5621abfc5da0 - std::panicking::try::h9932b4480e69817c
[INFO] [stdout]                                at /rustc/a178d0322ce20e33eac124758e837cbd80a6f633/library/std/src/panicking.rs:365:19
[INFO] [stdout]   45:     0x5621abfc5da0 - std::panic::catch_unwind::h6aa177099cfff5f8
[INFO] [stdout]                                at /rustc/a178d0322ce20e33eac124758e837cbd80a6f633/library/std/src/panic.rs:434:14
[INFO] [stdout]   46:     0x5621abfc5da0 - test::run_test_in_process::h5884d6f2d99e20c3
[INFO] [stdout]                                at /rustc/a178d0322ce20e33eac124758e837cbd80a6f633/library/test/src/lib.rs:600:18
[INFO] [stdout]   47:     0x5621abfc5da0 - test::run_test::run_test_inner::{{closure}}::h6fdc58c6d5f5b6e3
[INFO] [stdout]                                at /rustc/a178d0322ce20e33eac124758e837cbd80a6f633/library/test/src/lib.rs:492:39
[INFO] [stdout]   48:     0x5621abf9f452 - test::run_test::run_test_inner::{{closure}}::h408365d67a78ade8
[INFO] [stdout]                                at /rustc/a178d0322ce20e33eac124758e837cbd80a6f633/library/test/src/lib.rs:519:37
[INFO] [stdout]   49:     0x5621abf9f452 - std::sys_common::backtrace::__rust_begin_short_backtrace::hb560b77c4f701523
[INFO] [stdout]                                at /rustc/a178d0322ce20e33eac124758e837cbd80a6f633/library/std/src/sys_common/backtrace.rs:125:18
[INFO] [stdout]   50:     0x5621abfa3008 - std::thread::Builder::spawn_unchecked::{{closure}}::{{closure}}::hf2e7831dad93c597
[INFO] [stdout]                                at /rustc/a178d0322ce20e33eac124758e837cbd80a6f633/library/std/src/thread/mod.rs:481:17
[INFO] [stdout]   51:     0x5621abfa3008 - <std::panic::AssertUnwindSafe<F> as core::ops::function::FnOnce<()>>::call_once::hd2e08783d8be4d02
[INFO] [stdout]                                at /rustc/a178d0322ce20e33eac124758e837cbd80a6f633/library/std/src/panic.rs:347:9
[INFO] [stdout]   52:     0x5621abfa3008 - std::panicking::try::do_call::h062597b7acfd6b82
[INFO] [stdout]                                at /rustc/a178d0322ce20e33eac124758e837cbd80a6f633/library/std/src/panicking.rs:401:40
[INFO] [stdout]   53:     0x5621abfa3008 - std::panicking::try::h0d7b79db04c14552
[INFO] [stdout]                                at /rustc/a178d0322ce20e33eac124758e837cbd80a6f633/library/std/src/panicking.rs:365:19
[INFO] [stdout]   54:     0x5621abfa3008 - std::panic::catch_unwind::hb01a0b5e7c8cd43b
[INFO] [stdout]                                at /rustc/a178d0322ce20e33eac124758e837cbd80a6f633/library/std/src/panic.rs:434:14
[INFO] [stdout]   55:     0x5621abfa3008 - std::thread::Builder::spawn_unchecked::{{closure}}::h5bde48cc887e0d1e
[INFO] [stdout]                                at /rustc/a178d0322ce20e33eac124758e837cbd80a6f633/library/std/src/thread/mod.rs:480:30
[INFO] [stdout]   56:     0x5621abfa3008 - core::ops::function::FnOnce::call_once{{vtable.shim}}::h745ea30807a29e55
[INFO] [stdout]                                at /rustc/a178d0322ce20e33eac124758e837cbd80a6f633/library/core/src/ops/function.rs:227:5
[INFO] [stdout]   57:     0x5621ac340e87 - <alloc::boxed::Box<F,A> as core::ops::function::FnOnce<Args>>::call_once::h7ece6cfefaff1005
[INFO] [stdout]                                at /rustc/a178d0322ce20e33eac124758e837cbd80a6f633/library/alloc/src/boxed.rs:1575:9
[INFO] [stdout]   58:     0x5621ac340e87 - <alloc::boxed::Box<F,A> as core::ops::function::FnOnce<Args>>::call_once::hb8b48e55c21f193e
[INFO] [stdout]                                at /rustc/a178d0322ce20e33eac124758e837cbd80a6f633/library/alloc/src/boxed.rs:1575:9
[INFO] [stdout]   59:     0x5621ac340e87 - std::sys::unix::thread::Thread::new::thread_start::h8c7c4450dba62914
[INFO] [stdout]                                at /rustc/a178d0322ce20e33eac124758e837cbd80a6f633/library/std/src/sys/unix/thread.rs:71:17
[INFO] [stdout]   60:     0x7f2287d3b609 - start_thread
[INFO] [stdout]   61:     0x7f2287b0d293 - clone
[INFO] [stdout]   62:                0x0 - <unknown>
[INFO] [stdout] 
[INFO] [stdout] 
[INFO] [stdout] failures:
[INFO] [stdout]     basic_cmd
[INFO] [stdout]     basic_eval
[INFO] [stdout]     basic_failover
[INFO] [stdout]     error_in_inner_connection
[INFO] [stdout]     proptests
[INFO] [stdout] 
[INFO] [stdout] test result: FAILED. 0 passed; 5 failed; 2 ignored; 0 measured; 0 filtered out; finished in 0.08s
[INFO] [stdout] 
[INFO] [stderr] error: test failed, to rerun pass '--test basic'
[INFO] running `Command { std: "docker" "inspect" "4dc6231357a7a73d22092bbd6c104a0e68aff87ac5a7ffb2a5e71ab49c70ac83", kill_on_drop: false }`
[INFO] running `Command { std: "docker" "rm" "-f" "4dc6231357a7a73d22092bbd6c104a0e68aff87ac5a7ffb2a5e71ab49c70ac83", kill_on_drop: false }`
[INFO] [stdout] 4dc6231357a7a73d22092bbd6c104a0e68aff87ac5a7ffb2a5e71ab49c70ac83
