[INFO] fetching crate redis-cli 0.3.1...
[INFO] testing redis-cli-0.3.1 against 1.54.0 for beta-1.55-1
[INFO] extracting crate redis-cli 0.3.1 into /workspace/builds/worker-72/source
[INFO] validating manifest of crates.io crate redis-cli 0.3.1 on toolchain 1.54.0
[INFO] running `Command { std: "/workspace/cargo-home/bin/cargo" "+1.54.0" "metadata" "--manifest-path" "Cargo.toml" "--no-deps", kill_on_drop: false }`
[INFO] started tweaking crates.io crate redis-cli 0.3.1
[INFO] finished tweaking crates.io crate redis-cli 0.3.1
[INFO] tweaked toml for crates.io crate redis-cli 0.3.1 written to /workspace/builds/worker-72/source/Cargo.toml
[INFO] running `Command { std: "/workspace/cargo-home/bin/cargo" "+1.54.0" "generate-lockfile" "--manifest-path" "Cargo.toml" "-Zno-index-update", kill_on_drop: false }`
[INFO] [stderr]     Blocking waiting for file lock on package cache
[INFO] running `Command { std: "/workspace/cargo-home/bin/cargo" "+1.54.0" "fetch" "--manifest-path" "Cargo.toml", kill_on_drop: false }`
[INFO] [stderr]     Blocking waiting for file lock on package cache
[INFO] [stderr]     Blocking waiting for file lock on package cache
[INFO] running `Command { std: "docker" "create" "-v" "/var/lib/crater-agent-workspace/builds/worker-72/target:/opt/rustwide/target:rw,Z" "-v" "/var/lib/crater-agent-workspace/builds/worker-72/source:/opt/rustwide/workdir:ro,Z" "-v" "/var/lib/crater-agent-workspace/cargo-home:/opt/rustwide/cargo-home:ro,Z" "-v" "/var/lib/crater-agent-workspace/rustup-home:/opt/rustwide/rustup-home:ro,Z" "-e" "SOURCE_DIR=/opt/rustwide/workdir" "-e" "CARGO_TARGET_DIR=/opt/rustwide/target" "-e" "CARGO_HOME=/opt/rustwide/cargo-home" "-e" "RUSTUP_HOME=/opt/rustwide/rustup-home" "-w" "/opt/rustwide/workdir" "-m" "1610612736" "--user" "0:0" "--network" "none" "ghcr.io/rust-lang/crates-build-env/linux@sha256:34b6a614d2c27851fe6cbf88fbd1137609cefab8b10d0615aaeb6fd47975d74e" "/opt/rustwide/cargo-home/bin/cargo" "+1.54.0" "metadata" "--no-deps" "--format-version=1", kill_on_drop: false }`
[INFO] [stdout] 4a518865524a586e716c9829bb4ded82778ad84a1e5e2a4d4e1d24e257633123
[INFO] running `Command { std: "docker" "start" "-a" "4a518865524a586e716c9829bb4ded82778ad84a1e5e2a4d4e1d24e257633123", kill_on_drop: false }`
[INFO] running `Command { std: "docker" "inspect" "4a518865524a586e716c9829bb4ded82778ad84a1e5e2a4d4e1d24e257633123", kill_on_drop: false }`
[INFO] running `Command { std: "docker" "rm" "-f" "4a518865524a586e716c9829bb4ded82778ad84a1e5e2a4d4e1d24e257633123", kill_on_drop: false }`
[INFO] [stdout] 4a518865524a586e716c9829bb4ded82778ad84a1e5e2a4d4e1d24e257633123
[INFO] running `Command { std: "docker" "create" "-v" "/var/lib/crater-agent-workspace/builds/worker-72/target:/opt/rustwide/target:rw,Z" "-v" "/var/lib/crater-agent-workspace/builds/worker-72/source:/opt/rustwide/workdir:ro,Z" "-v" "/var/lib/crater-agent-workspace/cargo-home:/opt/rustwide/cargo-home:ro,Z" "-v" "/var/lib/crater-agent-workspace/rustup-home:/opt/rustwide/rustup-home:ro,Z" "-e" "SOURCE_DIR=/opt/rustwide/workdir" "-e" "CARGO_TARGET_DIR=/opt/rustwide/target" "-e" "CARGO_INCREMENTAL=0" "-e" "RUST_BACKTRACE=full" "-e" "RUSTFLAGS=--cap-lints=warn" "-e" "CARGO_HOME=/opt/rustwide/cargo-home" "-e" "RUSTUP_HOME=/opt/rustwide/rustup-home" "-w" "/opt/rustwide/workdir" "-m" "1610612736" "--user" "0:0" "--network" "none" "ghcr.io/rust-lang/crates-build-env/linux@sha256:34b6a614d2c27851fe6cbf88fbd1137609cefab8b10d0615aaeb6fd47975d74e" "/opt/rustwide/cargo-home/bin/cargo" "+1.54.0" "build" "--frozen" "--message-format=json", kill_on_drop: false }`
[INFO] [stdout] 0a06f429c5acc62d72ce0d41b823b2d8fa057956d12f1d0b28405ca7bd3bd75c
[INFO] running `Command { std: "docker" "start" "-a" "0a06f429c5acc62d72ce0d41b823b2d8fa057956d12f1d0b28405ca7bd3bd75c", kill_on_drop: false }`
[INFO] [stderr]    Compiling bitflags v1.2.1
[INFO] [stderr]    Compiling unicode-width v0.1.8
[INFO] [stderr]    Compiling yaml-rust v0.3.5
[INFO] [stderr]    Compiling resp v0.3.7
[INFO] [stderr]    Compiling textwrap v0.11.0
[INFO] [stderr]    Compiling clap v2.33.3
[INFO] [stderr]    Compiling redis-cli v0.3.1 (/opt/rustwide/workdir)
[INFO] [stdout] warning: use of deprecated macro `try`: use the `?` operator instead
[INFO] [stdout]   --> src/connection.rs:14:19
[INFO] [stdout]    |
[INFO] [stdout] 14 |         let tcp = try!(TcpStream::connect(addr));
[INFO] [stdout]    |                   ^^^
[INFO] [stdout]    |
[INFO] [stdout]    = note: `#[warn(deprecated)]` on by default
[INFO] [stdout] 
[INFO] [stdout] 
[INFO] [stdout] warning: trait objects without an explicit `dyn` are deprecated
[INFO] [stdout]   --> src/connection.rs:22:52
[INFO] [stdout]    |
[INFO] [stdout] 22 |         let stream = self.stream.get_mut() as &mut Write;
[INFO] [stdout]    |                                                    ^^^^^ help: use `dyn`: `dyn Write`
[INFO] [stdout]    |
[INFO] [stdout]    = note: `#[warn(bare_trait_objects)]` on by default
[INFO] [stdout]    = warning: this was previously accepted by the compiler but is being phased out; it will become a hard error in the 2021 edition!
[INFO] [stdout]    = note: for more information, see issue #80165 <https://github.com/rust-lang/rust/issues/80165>
[INFO] [stdout] 
[INFO] [stdout] 
[INFO] [stdout] warning: use of deprecated macro `try`: use the `?` operator instead
[INFO] [stdout]   --> src/connection.rs:41:17
[INFO] [stdout]    |
[INFO] [stdout] 41 |                 try!(self.decoder.feed(&buffer));
[INFO] [stdout]    |                 ^^^
[INFO] [stdout] 
[INFO] [stdout] 
[INFO] [stdout] warning: use of deprecated macro `try`: use the `?` operator instead
[INFO] [stdout]  --> src/redis.rs:8:22
[INFO] [stdout]   |
[INFO] [stdout] 8 |     let mut client = try!(Client::new((hostname, port)));
[INFO] [stdout]   |                      ^^^
[INFO] [stdout] 
[INFO] [stdout] 
[INFO] [stdout] warning: use of deprecated macro `try`: use the `?` operator instead
[INFO] [stdout]  --> src/redis.rs:9:5
[INFO] [stdout]   |
[INFO] [stdout] 9 |     try!(client.init(password, db));
[INFO] [stdout]   |     ^^^
[INFO] [stdout] 
[INFO] [stdout] 
[INFO] [stdout] warning: use of deprecated macro `try`: use the `?` operator instead
[INFO] [stdout]   --> src/redis.rs:19:27
[INFO] [stdout]    |
[INFO] [stdout] 19 |         Ok(Client { conn: try!(Connection::new(addrs)) })
[INFO] [stdout]    |                           ^^^
[INFO] [stdout] 
[INFO] [stdout] 
[INFO] [stdout] warning: use of deprecated macro `try`: use the `?` operator instead
[INFO] [stdout]   --> src/redis.rs:34:40
[INFO] [stdout]    |
[INFO] [stdout] 34 |             if let Value::Error(err) = try!(self.cmd(&["auth", password])) {
[INFO] [stdout]    |                                        ^^^
[INFO] [stdout] 
[INFO] [stdout] 
[INFO] [stdout] warning: use of deprecated macro `try`: use the `?` operator instead
[INFO] [stdout]   --> src/redis.rs:40:40
[INFO] [stdout]    |
[INFO] [stdout] 40 |             if let Value::Error(err) = try!(self.cmd(&["select", &db.to_string()])) {
[INFO] [stdout]    |                                        ^^^
[INFO] [stdout] 
[INFO] [stdout] 
[INFO] [stdout] warning: 8 warnings emitted
[INFO] [stdout] 
[INFO] [stdout] 
[INFO] [stdout] warning: unused `#[macro_use]` import
[INFO] [stdout]  --> src/bin/redis-cli.rs:1:1
[INFO] [stdout]   |
[INFO] [stdout] 1 | #[macro_use]
[INFO] [stdout]   | ^^^^^^^^^^^^
[INFO] [stdout]   |
[INFO] [stdout]   = note: `#[warn(unused_imports)]` on by default
[INFO] [stdout] 
[INFO] [stdout] 
[INFO] [stdout] warning: 1 warning emitted
[INFO] [stdout] 
[INFO] [stdout] 
[INFO] [stderr]     Finished dev [unoptimized + debuginfo] target(s) in 12.13s
[INFO] running `Command { std: "docker" "inspect" "0a06f429c5acc62d72ce0d41b823b2d8fa057956d12f1d0b28405ca7bd3bd75c", kill_on_drop: false }`
[INFO] running `Command { std: "docker" "rm" "-f" "0a06f429c5acc62d72ce0d41b823b2d8fa057956d12f1d0b28405ca7bd3bd75c", kill_on_drop: false }`
[INFO] [stdout] 0a06f429c5acc62d72ce0d41b823b2d8fa057956d12f1d0b28405ca7bd3bd75c
[INFO] running `Command { std: "docker" "create" "-v" "/var/lib/crater-agent-workspace/builds/worker-72/target:/opt/rustwide/target:rw,Z" "-v" "/var/lib/crater-agent-workspace/builds/worker-72/source:/opt/rustwide/workdir:ro,Z" "-v" "/var/lib/crater-agent-workspace/cargo-home:/opt/rustwide/cargo-home:ro,Z" "-v" "/var/lib/crater-agent-workspace/rustup-home:/opt/rustwide/rustup-home:ro,Z" "-e" "SOURCE_DIR=/opt/rustwide/workdir" "-e" "CARGO_TARGET_DIR=/opt/rustwide/target" "-e" "CARGO_INCREMENTAL=0" "-e" "RUST_BACKTRACE=full" "-e" "RUSTFLAGS=--cap-lints=warn" "-e" "CARGO_HOME=/opt/rustwide/cargo-home" "-e" "RUSTUP_HOME=/opt/rustwide/rustup-home" "-w" "/opt/rustwide/workdir" "-m" "1610612736" "--user" "0:0" "--network" "none" "ghcr.io/rust-lang/crates-build-env/linux@sha256:34b6a614d2c27851fe6cbf88fbd1137609cefab8b10d0615aaeb6fd47975d74e" "/opt/rustwide/cargo-home/bin/cargo" "+1.54.0" "test" "--frozen" "--no-run" "--message-format=json", kill_on_drop: false }`
[INFO] [stdout] 506d56161f67586e11c8fb6f4301ea312905bb1fb7a8332fc82bfb06c27201a6
[INFO] running `Command { std: "docker" "start" "-a" "506d56161f67586e11c8fb6f4301ea312905bb1fb7a8332fc82bfb06c27201a6", kill_on_drop: false }`
[INFO] [stdout] warning: use of deprecated macro `try`: use the `?` operator instead
[INFO] [stdout]   --> src/connection.rs:14:19
[INFO] [stdout]    |
[INFO] [stdout] 14 |         let tcp = try!(TcpStream::connect(addr));
[INFO] [stdout]    |                   ^^^
[INFO] [stdout]    |
[INFO] [stdout]    = note: `#[warn(deprecated)]` on by default
[INFO] [stdout] 
[INFO] [stdout] 
[INFO] [stdout] warning: trait objects without an explicit `dyn` are deprecated
[INFO] [stdout]   --> src/connection.rs:22:52
[INFO] [stdout]    |
[INFO] [stdout] 22 |         let stream = self.stream.get_mut() as &mut Write;
[INFO] [stdout]    |                                                    ^^^^^ help: use `dyn`: `dyn Write`
[INFO] [stdout]    |
[INFO] [stdout]    = note: `#[warn(bare_trait_objects)]` on by default
[INFO] [stdout]    = warning: this was previously accepted by the compiler but is being phased out; it will become a hard error in the 2021 edition!
[INFO] [stdout]    = note: for more information, see issue #80165 <https://github.com/rust-lang/rust/issues/80165>
[INFO] [stdout] 
[INFO] [stdout] 
[INFO] [stdout] warning: use of deprecated macro `try`: use the `?` operator instead
[INFO] [stdout]   --> src/connection.rs:41:17
[INFO] [stdout]    |
[INFO] [stdout] 41 |                 try!(self.decoder.feed(&buffer));
[INFO] [stdout]    |                 ^^^
[INFO] [stdout] 
[INFO] [stdout] 
[INFO] [stdout] warning: use of deprecated macro `try`: use the `?` operator instead
[INFO] [stdout]  --> src/redis.rs:8:22
[INFO] [stdout]   |
[INFO] [stdout] 8 |     let mut client = try!(Client::new((hostname, port)));
[INFO] [stdout]   |                      ^^^
[INFO] [stdout] 
[INFO] [stdout] 
[INFO] [stdout] warning: use of deprecated macro `try`: use the `?` operator instead
[INFO] [stdout]  --> src/redis.rs:9:5
[INFO] [stdout]   |
[INFO] [stdout] 9 |     try!(client.init(password, db));
[INFO] [stdout]   |     ^^^
[INFO] [stdout] 
[INFO] [stdout] 
[INFO] [stdout] warning: use of deprecated macro `try`: use the `?` operator instead
[INFO] [stdout]   --> src/redis.rs:19:27
[INFO] [stdout]    |
[INFO] [stdout] 19 |         Ok(Client { conn: try!(Connection::new(addrs)) })
[INFO] [stdout]    |                           ^^^
[INFO] [stdout] 
[INFO] [stdout] 
[INFO] [stderr]    Compiling redis-cli v0.3.1 (/opt/rustwide/workdir)
[INFO] [stdout] warning: use of deprecated macro `try`: use the `?` operator instead
[INFO] [stdout]   --> src/redis.rs:34:40
[INFO] [stdout]    |
[INFO] [stdout] 34 |             if let Value::Error(err) = try!(self.cmd(&["auth", password])) {
[INFO] [stdout]    |                                        ^^^
[INFO] [stdout] 
[INFO] [stdout] 
[INFO] [stdout] warning: use of deprecated macro `try`: use the `?` operator instead
[INFO] [stdout]   --> src/redis.rs:40:40
[INFO] [stdout]    |
[INFO] [stdout] 40 |             if let Value::Error(err) = try!(self.cmd(&["select", &db.to_string()])) {
[INFO] [stdout]    |                                        ^^^
[INFO] [stdout] 
[INFO] [stdout] 
[INFO] [stdout] warning: 8 warnings emitted
[INFO] [stdout] 
[INFO] [stdout] 
[INFO] [stdout] warning: unused `#[macro_use]` import
[INFO] [stdout]  --> src/bin/redis-cli.rs:1:1
[INFO] [stdout]   |
[INFO] [stdout] 1 | #[macro_use]
[INFO] [stdout]   | ^^^^^^^^^^^^
[INFO] [stdout]   |
[INFO] [stdout]   = note: `#[warn(unused_imports)]` on by default
[INFO] [stdout] 
[INFO] [stdout] 
[INFO] [stdout] warning: use of deprecated macro `try`: use the `?` operator instead
[INFO] [stdout]   --> src/connection.rs:14:19
[INFO] [stdout]    |
[INFO] [stdout] 14 |         let tcp = try!(TcpStream::connect(addr));
[INFO] [stdout]    |                   ^^^
[INFO] [stdout]    |
[INFO] [stdout]    = note: `#[warn(deprecated)]` on by default
[INFO] [stdout] 
[INFO] [stdout] 
[INFO] [stdout] warning: trait objects without an explicit `dyn` are deprecated
[INFO] [stdout]   --> src/connection.rs:22:52
[INFO] [stdout]    |
[INFO] [stdout] 22 |         let stream = self.stream.get_mut() as &mut Write;
[INFO] [stdout]    |                                                    ^^^^^ help: use `dyn`: `dyn Write`
[INFO] [stdout]    |
[INFO] [stdout]    = note: `#[warn(bare_trait_objects)]` on by default
[INFO] [stdout]    = warning: this was previously accepted by the compiler but is being phased out; it will become a hard error in the 2021 edition!
[INFO] [stdout]    = note: for more information, see issue #80165 <https://github.com/rust-lang/rust/issues/80165>
[INFO] [stdout] 
[INFO] [stdout] 
[INFO] [stdout] warning: use of deprecated macro `try`: use the `?` operator instead
[INFO] [stdout]   --> src/connection.rs:41:17
[INFO] [stdout]    |
[INFO] [stdout] 41 |                 try!(self.decoder.feed(&buffer));
[INFO] [stdout]    |                 ^^^
[INFO] [stdout] 
[INFO] [stdout] 
[INFO] [stdout] warning: use of deprecated macro `try`: use the `?` operator instead
[INFO] [stdout]  --> src/redis.rs:8:22
[INFO] [stdout]   |
[INFO] [stdout] 8 |     let mut client = try!(Client::new((hostname, port)));
[INFO] [stdout]   |                      ^^^
[INFO] [stdout] 
[INFO] [stdout] 
[INFO] [stdout] warning: use of deprecated macro `try`: use the `?` operator instead
[INFO] [stdout]  --> src/redis.rs:9:5
[INFO] [stdout]   |
[INFO] [stdout] 9 |     try!(client.init(password, db));
[INFO] [stdout]   |     ^^^
[INFO] [stdout] 
[INFO] [stdout] 
[INFO] [stdout] warning: use of deprecated macro `try`: use the `?` operator instead
[INFO] [stdout]   --> src/redis.rs:19:27
[INFO] [stdout]    |
[INFO] [stdout] 19 |         Ok(Client { conn: try!(Connection::new(addrs)) })
[INFO] [stdout]    |                           ^^^
[INFO] [stdout] 
[INFO] [stdout] 
[INFO] [stdout] warning: use of deprecated macro `try`: use the `?` operator instead
[INFO] [stdout]   --> src/redis.rs:34:40
[INFO] [stdout]    |
[INFO] [stdout] 34 |             if let Value::Error(err) = try!(self.cmd(&["auth", password])) {
[INFO] [stdout]    |                                        ^^^
[INFO] [stdout] 
[INFO] [stdout] 
[INFO] [stdout] warning: use of deprecated macro `try`: use the `?` operator instead
[INFO] [stdout]   --> src/redis.rs:40:40
[INFO] [stdout]    |
[INFO] [stdout] 40 |             if let Value::Error(err) = try!(self.cmd(&["select", &db.to_string()])) {
[INFO] [stdout]    |                                        ^^^
[INFO] [stdout] 
[INFO] [stdout] 
[INFO] [stdout] warning: 8 warnings emitted
[INFO] [stdout] 
[INFO] [stdout] 
[INFO] [stdout] warning: 1 warning emitted
[INFO] [stdout] 
[INFO] [stdout] 
[INFO] [stderr]     Finished test [unoptimized + debuginfo] target(s) in 1.19s
[INFO] running `Command { std: "docker" "inspect" "506d56161f67586e11c8fb6f4301ea312905bb1fb7a8332fc82bfb06c27201a6", kill_on_drop: false }`
[INFO] running `Command { std: "docker" "rm" "-f" "506d56161f67586e11c8fb6f4301ea312905bb1fb7a8332fc82bfb06c27201a6", kill_on_drop: false }`
[INFO] [stdout] 506d56161f67586e11c8fb6f4301ea312905bb1fb7a8332fc82bfb06c27201a6
[INFO] running `Command { std: "docker" "create" "-v" "/var/lib/crater-agent-workspace/builds/worker-72/target:/opt/rustwide/target:rw,Z" "-v" "/var/lib/crater-agent-workspace/builds/worker-72/source:/opt/rustwide/workdir:ro,Z" "-v" "/var/lib/crater-agent-workspace/cargo-home:/opt/rustwide/cargo-home:ro,Z" "-v" "/var/lib/crater-agent-workspace/rustup-home:/opt/rustwide/rustup-home:ro,Z" "-e" "SOURCE_DIR=/opt/rustwide/workdir" "-e" "CARGO_TARGET_DIR=/opt/rustwide/target" "-e" "CARGO_INCREMENTAL=0" "-e" "RUST_BACKTRACE=full" "-e" "RUSTFLAGS=--cap-lints=warn" "-e" "CARGO_HOME=/opt/rustwide/cargo-home" "-e" "RUSTUP_HOME=/opt/rustwide/rustup-home" "-w" "/opt/rustwide/workdir" "-m" "1610612736" "--user" "0:0" "--network" "none" "ghcr.io/rust-lang/crates-build-env/linux@sha256:34b6a614d2c27851fe6cbf88fbd1137609cefab8b10d0615aaeb6fd47975d74e" "/opt/rustwide/cargo-home/bin/cargo" "+1.54.0" "test" "--frozen", kill_on_drop: false }`
[INFO] [stdout] b48a17157c1634a0d6fd938fa53af55ac0172e6c25c0d1272bdc530ca014e485
[INFO] running `Command { std: "docker" "start" "-a" "b48a17157c1634a0d6fd938fa53af55ac0172e6c25c0d1272bdc530ca014e485", kill_on_drop: false }`
[INFO] [stderr] warning: use of deprecated macro `try`: use the `?` operator instead
[INFO] [stderr]   --> src/connection.rs:14:19
[INFO] [stderr]    |
[INFO] [stderr] 14 |         let tcp = try!(TcpStream::connect(addr));
[INFO] [stderr]    |                   ^^^
[INFO] [stderr]    |
[INFO] [stderr]    = note: `#[warn(deprecated)]` on by default
[INFO] [stderr] 
[INFO] [stderr] warning: trait objects without an explicit `dyn` are deprecated
[INFO] [stderr]   --> src/connection.rs:22:52
[INFO] [stderr]    |
[INFO] [stderr] 22 |         let stream = self.stream.get_mut() as &mut Write;
[INFO] [stderr]    |                                                    ^^^^^ help: use `dyn`: `dyn Write`
[INFO] [stderr]    |
[INFO] [stderr]    = note: `#[warn(bare_trait_objects)]` on by default
[INFO] [stderr]    = warning: this was previously accepted by the compiler but is being phased out; it will become a hard error in the 2021 edition!
[INFO] [stderr]    = note: for more information, see issue #80165 <https://github.com/rust-lang/rust/issues/80165>
[INFO] [stderr] 
[INFO] [stderr] warning: use of deprecated macro `try`: use the `?` operator instead
[INFO] [stderr]   --> src/connection.rs:41:17
[INFO] [stderr]    |
[INFO] [stderr] 41 |                 try!(self.decoder.feed(&buffer));
[INFO] [stderr]    |                 ^^^
[INFO] [stderr] 
[INFO] [stderr] warning: use of deprecated macro `try`: use the `?` operator instead
[INFO] [stderr]  --> src/redis.rs:8:22
[INFO] [stderr]   |
[INFO] [stderr] 8 |     let mut client = try!(Client::new((hostname, port)));
[INFO] [stderr]   |                      ^^^
[INFO] [stdout] 
[INFO] [stderr] 
[INFO] [stdout] running 1 test
[INFO] [stderr] warning: use of deprecated macro `try`: use the `?` operator instead
[INFO] [stderr]  --> src/redis.rs:9:5
[INFO] [stderr]   |
[INFO] [stderr] 9 |     try!(client.init(password, db));
[INFO] [stderr]   |     ^^^
[INFO] [stderr] 
[INFO] [stderr] warning: use of deprecated macro `try`: use the `?` operator instead
[INFO] [stderr]   --> src/redis.rs:19:27
[INFO] [stderr]    |
[INFO] [stderr] 19 |         Ok(Client { conn: try!(Connection::new(addrs)) })
[INFO] [stderr]    |                           ^^^
[INFO] [stderr] 
[INFO] [stderr] warning: use of deprecated macro `try`: use the `?` operator instead
[INFO] [stderr]   --> src/redis.rs:34:40
[INFO] [stderr]    |
[INFO] [stderr] 34 |             if let Value::Error(err) = try!(self.cmd(&["auth", password])) {
[INFO] [stderr]    |                                        ^^^
[INFO] [stderr] 
[INFO] [stderr] warning: use of deprecated macro `try`: use the `?` operator instead
[INFO] [stderr]   --> src/redis.rs:40:40
[INFO] [stderr]    |
[INFO] [stderr] 40 |             if let Value::Error(err) = try!(self.cmd(&["select", &db.to_string()])) {
[INFO] [stderr]    |                                        ^^^
[INFO] [stderr] 
[INFO] [stderr] warning: 8 warnings emitted
[INFO] [stderr] 
[INFO] [stderr] warning: use of deprecated macro `try`: use the `?` operator instead
[INFO] [stderr]   --> src/connection.rs:14:19
[INFO] [stderr]    |
[INFO] [stderr] 14 |         let tcp = try!(TcpStream::connect(addr));
[INFO] [stderr]    |                   ^^^
[INFO] [stderr]    |
[INFO] [stderr]    = note: `#[warn(deprecated)]` on by default
[INFO] [stderr] 
[INFO] [stderr] warning: trait objects without an explicit `dyn` are deprecated
[INFO] [stderr]   --> src/connection.rs:22:52
[INFO] [stderr]    |
[INFO] [stderr] 22 |         let stream = self.stream.get_mut() as &mut Write;
[INFO] [stderr]    |                                                    ^^^^^ help: use `dyn`: `dyn Write`
[INFO] [stderr]    |
[INFO] [stderr]    = note: `#[warn(bare_trait_objects)]` on by default
[INFO] [stderr]    = warning: this was previously accepted by the compiler but is being phased out; it will become a hard error in the 2021 edition!
[INFO] [stderr]    = note: for more information, see issue #80165 <https://github.com/rust-lang/rust/issues/80165>
[INFO] [stderr] 
[INFO] [stderr] warning: use of deprecated macro `try`: use the `?` operator instead
[INFO] [stderr]   --> src/connection.rs:41:17
[INFO] [stderr]    |
[INFO] [stderr] 41 |                 try!(self.decoder.feed(&buffer));
[INFO] [stderr]    |                 ^^^
[INFO] [stderr] 
[INFO] [stderr] warning: use of deprecated macro `try`: use the `?` operator instead
[INFO] [stderr]  --> src/redis.rs:8:22
[INFO] [stderr]   |
[INFO] [stderr] 8 |     let mut client = try!(Client::new((hostname, port)));
[INFO] [stderr]   |                      ^^^
[INFO] [stderr] 
[INFO] [stderr] warning: use of deprecated macro `try`: use the `?` operator instead
[INFO] [stderr]  --> src/redis.rs:9:5
[INFO] [stderr]   |
[INFO] [stderr] 9 |     try!(client.init(password, db));
[INFO] [stderr]   |     ^^^
[INFO] [stderr] 
[INFO] [stderr] warning: use of deprecated macro `try`: use the `?` operator instead
[INFO] [stderr]   --> src/redis.rs:19:27
[INFO] [stderr]    |
[INFO] [stderr] 19 |         Ok(Client { conn: try!(Connection::new(addrs)) })
[INFO] [stderr]    |                           ^^^
[INFO] [stderr] 
[INFO] [stderr] warning: use of deprecated macro `try`: use the `?` operator instead
[INFO] [stderr]   --> src/redis.rs:34:40
[INFO] [stderr]    |
[INFO] [stderr] 34 |             if let Value::Error(err) = try!(self.cmd(&["auth", password])) {
[INFO] [stderr]    |                                        ^^^
[INFO] [stderr] 
[INFO] [stderr] warning: use of deprecated macro `try`: use the `?` operator instead
[INFO] [stderr]   --> src/redis.rs:40:40
[INFO] [stderr]    |
[INFO] [stderr] 40 |             if let Value::Error(err) = try!(self.cmd(&["select", &db.to_string()])) {
[INFO] [stderr]    |                                        ^^^
[INFO] [stderr] 
[INFO] [stderr] warning: 8 warnings emitted
[INFO] [stderr] 
[INFO] [stderr] warning: unused `#[macro_use]` import
[INFO] [stderr]  --> src/bin/redis-cli.rs:1:1
[INFO] [stderr]   |
[INFO] [stderr] 1 | #[macro_use]
[INFO] [stderr]   | ^^^^^^^^^^^^
[INFO] [stderr]   |
[INFO] [stderr]   = note: `#[warn(unused_imports)]` on by default
[INFO] [stderr] 
[INFO] [stderr] warning: 1 warning emitted
[INFO] [stderr] 
[INFO] [stderr]     Finished test [unoptimized + debuginfo] target(s) in 0.02s
[INFO] [stderr]      Running unittests (/opt/rustwide/target/debug/deps/redis_cli-f206d6816798e9e1)
[INFO] [stdout] test connection::tests::struct_connection ... FAILED
[INFO] [stderr] error: test failed, to rerun pass '--lib'
[INFO] [stdout] 
[INFO] [stdout] failures:
[INFO] [stdout] 
[INFO] [stdout] ---- connection::tests::struct_connection stdout ----
[INFO] [stdout] thread 'connection::tests::struct_connection' panicked at 'called `Result::unwrap()` on an `Err` value: Os { code: 111, kind: ConnectionRefused, message: "Connection refused" }', src/connection.rs:60:64
[INFO] [stdout] stack backtrace:
[INFO] [stdout]    0:     0x564b6170d870 - std::backtrace_rs::backtrace::libunwind::trace::h34055254b57d8e79
[INFO] [stdout]                                at /rustc/a178d0322ce20e33eac124758e837cbd80a6f633/library/std/src/../../backtrace/src/backtrace/libunwind.rs:90:5
[INFO] [stdout]    1:     0x564b6170d870 - std::backtrace_rs::backtrace::trace_unsynchronized::h8f1e3fbd9afff6ec
[INFO] [stdout]                                at /rustc/a178d0322ce20e33eac124758e837cbd80a6f633/library/std/src/../../backtrace/src/backtrace/mod.rs:66:5
[INFO] [stdout]    2:     0x564b6170d870 - std::sys_common::backtrace::_print_fmt::h3a99a796b770c360
[INFO] [stdout]                                at /rustc/a178d0322ce20e33eac124758e837cbd80a6f633/library/std/src/sys_common/backtrace.rs:67:5
[INFO] [stdout]    3:     0x564b6170d870 - <std::sys_common::backtrace::_print::DisplayBacktrace as core::fmt::Display>::fmt::h32d1f94a80615d18
[INFO] [stdout]                                at /rustc/a178d0322ce20e33eac124758e837cbd80a6f633/library/std/src/sys_common/backtrace.rs:46:22
[INFO] [stdout]    4:     0x564b6173074c - core::fmt::write::h306731c068f7162c
[INFO] [stdout]                                at /rustc/a178d0322ce20e33eac124758e837cbd80a6f633/library/core/src/fmt/mod.rs:1110:17
[INFO] [stdout]    5:     0x564b61708e65 - std::io::Write::write_fmt::h87f19b0a2cd190bc
[INFO] [stdout]                                at /rustc/a178d0322ce20e33eac124758e837cbd80a6f633/library/std/src/io/mod.rs:1588:15
[INFO] [stdout]    6:     0x564b6170f9db - std::sys_common::backtrace::_print::h5abaa2601a852287
[INFO] [stdout]                                at /rustc/a178d0322ce20e33eac124758e837cbd80a6f633/library/std/src/sys_common/backtrace.rs:49:5
[INFO] [stdout]    7:     0x564b6170f9db - std::sys_common::backtrace::print::h8d81445442bb638f
[INFO] [stdout]                                at /rustc/a178d0322ce20e33eac124758e837cbd80a6f633/library/std/src/sys_common/backtrace.rs:36:9
[INFO] [stdout]    8:     0x564b6170f9db - std::panicking::default_hook::{{closure}}::hcfe804496a9fa747
[INFO] [stdout]                                at /rustc/a178d0322ce20e33eac124758e837cbd80a6f633/library/std/src/panicking.rs:208:50
[INFO] [stdout]    9:     0x564b6170f4ec - std::panicking::default_hook::hbea8e3ccf2ba8901
[INFO] [stdout]                                at /rustc/a178d0322ce20e33eac124758e837cbd80a6f633/library/std/src/panicking.rs:222:9
[INFO] [stdout]   10:     0x564b617100a4 - std::panicking::rust_panic_with_hook::h7ee9e1a2d0f8975a
[INFO] [stdout]                                at /rustc/a178d0322ce20e33eac124758e837cbd80a6f633/library/std/src/panicking.rs:622:17
[INFO] [stdout]   11:     0x564b6170fb87 - std::panicking::begin_panic_handler::{{closure}}::h8ab3b4491718b2c7
[INFO] [stdout]                                at /rustc/a178d0322ce20e33eac124758e837cbd80a6f633/library/std/src/panicking.rs:519:13
[INFO] [stdout]   12:     0x564b6170dd6c - std::sys_common::backtrace::__rust_end_short_backtrace::hd489062ffa586a9f
[INFO] [stdout]                                at /rustc/a178d0322ce20e33eac124758e837cbd80a6f633/library/std/src/sys_common/backtrace.rs:141:18
[INFO] [stdout]   13:     0x564b6170fae9 - rust_begin_unwind
[INFO] [stdout]                                at /rustc/a178d0322ce20e33eac124758e837cbd80a6f633/library/std/src/panicking.rs:515:5
[INFO] [stdout]   14:     0x564b616a67a1 - core::panicking::panic_fmt::hca6330e3e14086b4
[INFO] [stdout]                                at /rustc/a178d0322ce20e33eac124758e837cbd80a6f633/library/core/src/panicking.rs:92:14
[INFO] [stdout]   15:     0x564b616a6893 - core::result::unwrap_failed::h6160d2b4bfbb0e87
[INFO] [stdout]                                at /rustc/a178d0322ce20e33eac124758e837cbd80a6f633/library/core/src/result.rs:1355:5
[INFO] [stdout]   16:     0x564b616a806b - core::result::Result<T,E>::unwrap::h48b8968840bdc8b5
[INFO] [stdout]                                at /rustc/a178d0322ce20e33eac124758e837cbd80a6f633/library/core/src/result.rs:1037:23
[INFO] [stdout]   17:     0x564b616a830c - redis_cli::connection::tests::struct_connection::h41be5d45807157c6
[INFO] [stdout]                                at /opt/rustwide/workdir/src/connection.rs:60:30
[INFO] [stdout]   18:     0x564b616a82ba - redis_cli::connection::tests::struct_connection::{{closure}}::h36528de68e3925bf
[INFO] [stdout]                                at /opt/rustwide/workdir/src/connection.rs:59:5
[INFO] [stdout]   19:     0x564b616aea3e - core::ops::function::FnOnce::call_once::hb064bbcb8c24a21f
[INFO] [stdout]                                at /rustc/a178d0322ce20e33eac124758e837cbd80a6f633/library/core/src/ops/function.rs:227:5
[INFO] [stdout]   20:     0x564b616d7323 - core::ops::function::FnOnce::call_once::h152e7e439ff59e19
[INFO] [stdout]                                at /rustc/a178d0322ce20e33eac124758e837cbd80a6f633/library/core/src/ops/function.rs:227:5
[INFO] [stdout]   21:     0x564b616d7323 - test::__rust_begin_short_backtrace::h0908f3b1fdbb72ab
[INFO] [stdout]                                at /rustc/a178d0322ce20e33eac124758e837cbd80a6f633/library/test/src/lib.rs:577:5
[INFO] [stdout]   22:     0x564b616d5de0 - <alloc::boxed::Box<F,A> as core::ops::function::FnOnce<Args>>::call_once::hf6d2a51e5587546c
[INFO] [stdout]                                at /rustc/a178d0322ce20e33eac124758e837cbd80a6f633/library/alloc/src/boxed.rs:1575:9
[INFO] [stdout]   23:     0x564b616d5de0 - <std::panic::AssertUnwindSafe<F> as core::ops::function::FnOnce<()>>::call_once::h8af660f3a89ef593
[INFO] [stdout]                                at /rustc/a178d0322ce20e33eac124758e837cbd80a6f633/library/std/src/panic.rs:347:9
[INFO] [stdout]   24:     0x564b616d5de0 - std::panicking::try::do_call::hd36aef60f84b6d36
[INFO] [stdout]                                at /rustc/a178d0322ce20e33eac124758e837cbd80a6f633/library/std/src/panicking.rs:401:40
[INFO] [stdout]   25:     0x564b616d5de0 - std::panicking::try::h9932b4480e69817c
[INFO] [stdout]                                at /rustc/a178d0322ce20e33eac124758e837cbd80a6f633/library/std/src/panicking.rs:365:19
[INFO] [stdout]   26:     0x564b616d5de0 - std::panic::catch_unwind::h6aa177099cfff5f8
[INFO] [stdout]                                at /rustc/a178d0322ce20e33eac124758e837cbd80a6f633/library/std/src/panic.rs:434:14
[INFO] [stdout]   27:     0x564b616d5de0 - test::run_test_in_process::h5884d6f2d99e20c3
[INFO] [stdout]                                at /rustc/a178d0322ce20e33eac124758e837cbd80a6f633/library/test/src/lib.rs:600:18
[INFO] [stdout]   28:     0x564b616d5de0 - test::run_test::run_test_inner::{{closure}}::h6fdc58c6d5f5b6e3
[INFO] [stdout]                                at /rustc/a178d0322ce20e33eac124758e837cbd80a6f633/library/test/src/lib.rs:492:39
[INFO] [stdout]   29:     0x564b616af492 - test::run_test::run_test_inner::{{closure}}::h408365d67a78ade8
[INFO] [stdout]                                at /rustc/a178d0322ce20e33eac124758e837cbd80a6f633/library/test/src/lib.rs:519:37
[INFO] [stdout]   30:     0x564b616af492 - std::sys_common::backtrace::__rust_begin_short_backtrace::hb560b77c4f701523
[INFO] [stdout]                                at /rustc/a178d0322ce20e33eac124758e837cbd80a6f633/library/std/src/sys_common/backtrace.rs:125:18
[INFO] [stdout]   31:     0x564b616b3048 - std::thread::Builder::spawn_unchecked::{{closure}}::{{closure}}::hf2e7831dad93c597
[INFO] [stdout]                                at /rustc/a178d0322ce20e33eac124758e837cbd80a6f633/library/std/src/thread/mod.rs:481:17
[INFO] [stdout]   32:     0x564b616b3048 - <std::panic::AssertUnwindSafe<F> as core::ops::function::FnOnce<()>>::call_once::hd2e08783d8be4d02
[INFO] [stdout]                                at /rustc/a178d0322ce20e33eac124758e837cbd80a6f633/library/std/src/panic.rs:347:9
[INFO] [stdout]   33:     0x564b616b3048 - std::panicking::try::do_call::h062597b7acfd6b82
[INFO] [stdout]                                at /rustc/a178d0322ce20e33eac124758e837cbd80a6f633/library/std/src/panicking.rs:401:40
[INFO] [stdout]   34:     0x564b616b3048 - std::panicking::try::h0d7b79db04c14552
[INFO] [stdout]                                at /rustc/a178d0322ce20e33eac124758e837cbd80a6f633/library/std/src/panicking.rs:365:19
[INFO] [stdout]   35:     0x564b616b3048 - std::panic::catch_unwind::hb01a0b5e7c8cd43b
[INFO] [stdout]                                at /rustc/a178d0322ce20e33eac124758e837cbd80a6f633/library/std/src/panic.rs:434:14
[INFO] [stdout]   36:     0x564b616b3048 - std::thread::Builder::spawn_unchecked::{{closure}}::h5bde48cc887e0d1e
[INFO] [stdout]                                at /rustc/a178d0322ce20e33eac124758e837cbd80a6f633/library/std/src/thread/mod.rs:480:30
[INFO] [stdout]   37:     0x564b616b3048 - core::ops::function::FnOnce::call_once{{vtable.shim}}::h745ea30807a29e55
[INFO] [stdout]                                at /rustc/a178d0322ce20e33eac124758e837cbd80a6f633/library/core/src/ops/function.rs:227:5
[INFO] [stdout]   38:     0x564b61715247 - <alloc::boxed::Box<F,A> as core::ops::function::FnOnce<Args>>::call_once::h7ece6cfefaff1005
[INFO] [stdout]                                at /rustc/a178d0322ce20e33eac124758e837cbd80a6f633/library/alloc/src/boxed.rs:1575:9
[INFO] [stdout]   39:     0x564b61715247 - <alloc::boxed::Box<F,A> as core::ops::function::FnOnce<Args>>::call_once::hb8b48e55c21f193e
[INFO] [stdout]                                at /rustc/a178d0322ce20e33eac124758e837cbd80a6f633/library/alloc/src/boxed.rs:1575:9
[INFO] [stdout]   40:     0x564b61715247 - std::sys::unix::thread::Thread::new::thread_start::h8c7c4450dba62914
[INFO] [stdout]                                at /rustc/a178d0322ce20e33eac124758e837cbd80a6f633/library/std/src/sys/unix/thread.rs:71:17
[INFO] [stdout]   41:     0x7f7467706609 - start_thread
[INFO] [stdout]   42:     0x7f74674d8293 - clone
[INFO] [stdout]   43:                0x0 - <unknown>
[INFO] [stdout] 
[INFO] [stdout] 
[INFO] [stdout] failures:
[INFO] [stdout]     connection::tests::struct_connection
[INFO] [stdout] 
[INFO] [stdout] test result: FAILED. 0 passed; 1 failed; 0 ignored; 0 measured; 0 filtered out; finished in 0.02s
[INFO] [stdout] 
[INFO] running `Command { std: "docker" "inspect" "b48a17157c1634a0d6fd938fa53af55ac0172e6c25c0d1272bdc530ca014e485", kill_on_drop: false }`
[INFO] running `Command { std: "docker" "rm" "-f" "b48a17157c1634a0d6fd938fa53af55ac0172e6c25c0d1272bdc530ca014e485", kill_on_drop: false }`
[INFO] [stdout] b48a17157c1634a0d6fd938fa53af55ac0172e6c25c0d1272bdc530ca014e485
