[INFO] fetching crate redif 0.1.1...
[INFO] testing redif-0.1.1 against beta-2021-08-01 for beta-1.55-1
[INFO] extracting crate redif 0.1.1 into /workspace/builds/worker-97/source
[INFO] validating manifest of crates.io crate redif 0.1.1 on toolchain beta-2021-08-01
[INFO] running `Command { std: "/workspace/cargo-home/bin/cargo" "+beta-2021-08-01" "metadata" "--manifest-path" "Cargo.toml" "--no-deps", kill_on_drop: false }`
[INFO] started tweaking crates.io crate redif 0.1.1
[INFO] finished tweaking crates.io crate redif 0.1.1
[INFO] tweaked toml for crates.io crate redif 0.1.1 written to /workspace/builds/worker-97/source/Cargo.toml
[INFO] running `Command { std: "/workspace/cargo-home/bin/cargo" "+beta-2021-08-01" "generate-lockfile" "--manifest-path" "Cargo.toml" "-Zno-index-update", kill_on_drop: false }`
[INFO] running `Command { std: "/workspace/cargo-home/bin/cargo" "+beta-2021-08-01" "fetch" "--manifest-path" "Cargo.toml", kill_on_drop: false }`
[INFO] [stderr]     Blocking waiting for file lock on package cache
[INFO] running `Command { std: "docker" "create" "-v" "/var/lib/crater-agent-workspace/builds/worker-97/target:/opt/rustwide/target:rw,Z" "-v" "/var/lib/crater-agent-workspace/builds/worker-97/source:/opt/rustwide/workdir:ro,Z" "-v" "/var/lib/crater-agent-workspace/cargo-home:/opt/rustwide/cargo-home:ro,Z" "-v" "/var/lib/crater-agent-workspace/rustup-home:/opt/rustwide/rustup-home:ro,Z" "-e" "SOURCE_DIR=/opt/rustwide/workdir" "-e" "CARGO_TARGET_DIR=/opt/rustwide/target" "-e" "CARGO_HOME=/opt/rustwide/cargo-home" "-e" "RUSTUP_HOME=/opt/rustwide/rustup-home" "-w" "/opt/rustwide/workdir" "-m" "1610612736" "--user" "0:0" "--network" "none" "ghcr.io/rust-lang/crates-build-env/linux@sha256:34b6a614d2c27851fe6cbf88fbd1137609cefab8b10d0615aaeb6fd47975d74e" "/opt/rustwide/cargo-home/bin/cargo" "+beta-2021-08-01" "metadata" "--no-deps" "--format-version=1", kill_on_drop: false }`
[INFO] [stdout] 8a698eff4f92785d4e28610b95d08785f03371182e445de6802f56c89faa87f3
[INFO] running `Command { std: "docker" "start" "-a" "8a698eff4f92785d4e28610b95d08785f03371182e445de6802f56c89faa87f3", kill_on_drop: false }`
[INFO] running `Command { std: "docker" "inspect" "8a698eff4f92785d4e28610b95d08785f03371182e445de6802f56c89faa87f3", kill_on_drop: false }`
[INFO] running `Command { std: "docker" "rm" "-f" "8a698eff4f92785d4e28610b95d08785f03371182e445de6802f56c89faa87f3", kill_on_drop: false }`
[INFO] [stdout] 8a698eff4f92785d4e28610b95d08785f03371182e445de6802f56c89faa87f3
[INFO] running `Command { std: "docker" "create" "-v" "/var/lib/crater-agent-workspace/builds/worker-97/target:/opt/rustwide/target:rw,Z" "-v" "/var/lib/crater-agent-workspace/builds/worker-97/source:/opt/rustwide/workdir:ro,Z" "-v" "/var/lib/crater-agent-workspace/cargo-home:/opt/rustwide/cargo-home:ro,Z" "-v" "/var/lib/crater-agent-workspace/rustup-home:/opt/rustwide/rustup-home:ro,Z" "-e" "SOURCE_DIR=/opt/rustwide/workdir" "-e" "CARGO_TARGET_DIR=/opt/rustwide/target" "-e" "CARGO_INCREMENTAL=0" "-e" "RUST_BACKTRACE=full" "-e" "RUSTFLAGS=--cap-lints=warn" "-e" "CARGO_HOME=/opt/rustwide/cargo-home" "-e" "RUSTUP_HOME=/opt/rustwide/rustup-home" "-w" "/opt/rustwide/workdir" "-m" "1610612736" "--user" "0:0" "--network" "none" "ghcr.io/rust-lang/crates-build-env/linux@sha256:34b6a614d2c27851fe6cbf88fbd1137609cefab8b10d0615aaeb6fd47975d74e" "/opt/rustwide/cargo-home/bin/cargo" "+beta-2021-08-01" "build" "--frozen" "--message-format=json", kill_on_drop: false }`
[INFO] [stdout] eefd1f4fd752b79354d8c889a680cb573c1a7ebb282859550045d615a5af4a8a
[INFO] running `Command { std: "docker" "start" "-a" "eefd1f4fd752b79354d8c889a680cb573c1a7ebb282859550045d615a5af4a8a", kill_on_drop: false }`
[INFO] [stderr]    Compiling semver v0.1.20
[INFO] [stderr]    Compiling log v0.4.14
[INFO] [stderr]    Compiling cfg-if v0.1.10
[INFO] [stderr]    Compiling bitflags v0.4.0
[INFO] [stderr]    Compiling void v1.0.2
[INFO] [stderr]    Compiling cfg-if v1.0.0
[INFO] [stderr]    Compiling rustc_version v0.1.7
[INFO] [stderr]    Compiling log v0.3.9
[INFO] [stderr]    Compiling nix v0.6.0
[INFO] [stderr]    Compiling amy v0.8.2
[INFO] [stderr]    Compiling redif v0.1.1 (/opt/rustwide/workdir)
[INFO] [stdout] warning: use of deprecated macro `try`: use the `?` operator instead
[INFO] [stdout]    --> src/value.rs:243:17
[INFO] [stdout]     |
[INFO] [stdout] 243 |                 try!(write!(fmt, "bulk("));
[INFO] [stdout]     |                 ^^^
[INFO] [stdout]     |
[INFO] [stdout]     = note: `#[warn(deprecated)]` on by default
[INFO] [stdout] 
[INFO] [stdout] 
[INFO] [stdout] warning: use of deprecated macro `try`: use the `?` operator instead
[INFO] [stdout]    --> src/value.rs:249:21
[INFO] [stdout]     |
[INFO] [stdout] 249 |                     try!(write!(fmt, "{:?}", val));
[INFO] [stdout]     |                     ^^^
[INFO] [stdout] 
[INFO] [stdout] 
[INFO] [stdout] warning: use of deprecated macro `try`: use the `?` operator instead
[INFO] [stdout]    --> src/value.rs:247:25
[INFO] [stdout]     |
[INFO] [stdout] 247 |                         try!(write!(fmt, ", "));
[INFO] [stdout]     |                         ^^^
[INFO] [stdout] 
[INFO] [stdout] 
[INFO] [stdout] warning: `#[inline]` is ignored on constants
[INFO] [stdout]    --> src/value.rs:202:5
[INFO] [stdout]     |
[INFO] [stdout] 202 |     #[inline]
[INFO] [stdout]     |     ^^^^^^^^^
[INFO] [stdout]     |
[INFO] [stdout]     = note: `#[warn(unused_attributes)]` on by default
[INFO] [stdout]     = warning: this was previously accepted by the compiler but is being phased out; it will become a hard error in a future release!
[INFO] [stdout]     = note: see issue #65833 <https://github.com/rust-lang/rust/issues/65833> for more information
[INFO] [stdout] 
[INFO] [stdout] 
[INFO] [stderr]     Finished dev [unoptimized + debuginfo] target(s) in 3.57s
[INFO] [stdout] warning: 4 warnings emitted
[INFO] [stdout] 
[INFO] [stdout] 
[INFO] running `Command { std: "docker" "inspect" "eefd1f4fd752b79354d8c889a680cb573c1a7ebb282859550045d615a5af4a8a", kill_on_drop: false }`
[INFO] running `Command { std: "docker" "rm" "-f" "eefd1f4fd752b79354d8c889a680cb573c1a7ebb282859550045d615a5af4a8a", kill_on_drop: false }`
[INFO] [stdout] eefd1f4fd752b79354d8c889a680cb573c1a7ebb282859550045d615a5af4a8a
[INFO] running `Command { std: "docker" "create" "-v" "/var/lib/crater-agent-workspace/builds/worker-97/target:/opt/rustwide/target:rw,Z" "-v" "/var/lib/crater-agent-workspace/builds/worker-97/source:/opt/rustwide/workdir:ro,Z" "-v" "/var/lib/crater-agent-workspace/cargo-home:/opt/rustwide/cargo-home:ro,Z" "-v" "/var/lib/crater-agent-workspace/rustup-home:/opt/rustwide/rustup-home:ro,Z" "-e" "SOURCE_DIR=/opt/rustwide/workdir" "-e" "CARGO_TARGET_DIR=/opt/rustwide/target" "-e" "CARGO_INCREMENTAL=0" "-e" "RUST_BACKTRACE=full" "-e" "RUSTFLAGS=--cap-lints=warn" "-e" "CARGO_HOME=/opt/rustwide/cargo-home" "-e" "RUSTUP_HOME=/opt/rustwide/rustup-home" "-w" "/opt/rustwide/workdir" "-m" "1610612736" "--user" "0:0" "--network" "none" "ghcr.io/rust-lang/crates-build-env/linux@sha256:34b6a614d2c27851fe6cbf88fbd1137609cefab8b10d0615aaeb6fd47975d74e" "/opt/rustwide/cargo-home/bin/cargo" "+beta-2021-08-01" "test" "--frozen" "--no-run" "--message-format=json", kill_on_drop: false }`
[INFO] [stdout] 7658ab391b6080088996bf87682c97dc7283e051274ae20e75c20290d7f7085f
[INFO] running `Command { std: "docker" "start" "-a" "7658ab391b6080088996bf87682c97dc7283e051274ae20e75c20290d7f7085f", kill_on_drop: false }`
[INFO] [stderr]     Blocking waiting for file lock on package cache
[INFO] [stderr]    Compiling memchr v2.4.0
[INFO] [stderr]    Compiling ucd-util v0.1.8
[INFO] [stderr]    Compiling lazy_static v1.4.0
[INFO] [stderr]    Compiling bitflags v1.2.1
[INFO] [stderr]    Compiling regex v0.2.11
[INFO] [stderr]    Compiling unicode-width v0.1.8
[INFO] [stderr]    Compiling utf8-ranges v1.0.4
[INFO] [stderr]    Compiling vec_map v0.8.2
[INFO] [stderr]    Compiling ansi_term v0.11.0
[INFO] [stderr]    Compiling strsim v0.8.0
[INFO] [stderr]    Compiling atty v0.2.14
[INFO] [stderr]    Compiling time v0.1.44
[INFO] [stdout] warning: use of deprecated macro `try`: use the `?` operator instead
[INFO] [stdout]    --> src/value.rs:243:17
[INFO] [stdout]     |
[INFO] [stdout] 243 |                 try!(write!(fmt, "bulk("));
[INFO] [stdout]     |                 ^^^
[INFO] [stdout]     |
[INFO] [stdout]     = note: `#[warn(deprecated)]` on by default
[INFO] [stdout] 
[INFO] [stdout] 
[INFO] [stdout] warning: use of deprecated macro `try`: use the `?` operator instead
[INFO] [stdout]    --> src/value.rs:249:21
[INFO] [stdout]     |
[INFO] [stdout] 249 |                     try!(write!(fmt, "{:?}", val));
[INFO] [stdout]     |                     ^^^
[INFO] [stdout] 
[INFO] [stdout] 
[INFO] [stdout] warning: use of deprecated macro `try`: use the `?` operator instead
[INFO] [stdout]    --> src/value.rs:247:25
[INFO] [stdout]     |
[INFO] [stdout] 247 |                         try!(write!(fmt, ", "));
[INFO] [stdout]     |                         ^^^
[INFO] [stdout] 
[INFO] [stdout] 
[INFO] [stdout] warning: `#[inline]` is ignored on constants
[INFO] [stdout]    --> src/value.rs:202:5
[INFO] [stdout]     |
[INFO] [stdout] 202 |     #[inline]
[INFO] [stdout]     |     ^^^^^^^^^
[INFO] [stdout]     |
[INFO] [stdout]     = note: `#[warn(unused_attributes)]` on by default
[INFO] [stdout]     = warning: this was previously accepted by the compiler but is being phased out; it will become a hard error in a future release!
[INFO] [stdout]     = note: see issue #65833 <https://github.com/rust-lang/rust/issues/65833> for more information
[INFO] [stdout] 
[INFO] [stdout] 
[INFO] [stdout] warning: 4 warnings emitted
[INFO] [stdout] 
[INFO] [stdout] 
[INFO] [stderr]    Compiling thread_local v0.3.6
[INFO] [stderr]    Compiling regex-syntax v0.5.6
[INFO] [stderr]    Compiling textwrap v0.11.0
[INFO] [stderr]    Compiling clap v2.33.3
[INFO] [stderr]    Compiling aho-corasick v0.6.10
[INFO] [stderr]    Compiling env_logger v0.4.3
[INFO] [stderr]    Compiling redif v0.1.1 (/opt/rustwide/workdir)
[INFO] [stdout] warning: use of deprecated macro `try`: use the `?` operator instead
[INFO] [stdout]    --> src/value.rs:243:17
[INFO] [stdout]     |
[INFO] [stdout] 243 |                 try!(write!(fmt, "bulk("));
[INFO] [stdout]     |                 ^^^
[INFO] [stdout]     |
[INFO] [stdout]     = note: `#[warn(deprecated)]` on by default
[INFO] [stdout] 
[INFO] [stdout] 
[INFO] [stdout] warning: use of deprecated macro `try`: use the `?` operator instead
[INFO] [stdout]    --> src/value.rs:249:21
[INFO] [stdout]     |
[INFO] [stdout] 249 |                     try!(write!(fmt, "{:?}", val));
[INFO] [stdout]     |                     ^^^
[INFO] [stdout] 
[INFO] [stdout] 
[INFO] [stdout] warning: use of deprecated macro `try`: use the `?` operator instead
[INFO] [stdout]    --> src/value.rs:247:25
[INFO] [stdout]     |
[INFO] [stdout] 247 |                         try!(write!(fmt, ", "));
[INFO] [stdout]     |                         ^^^
[INFO] [stdout] 
[INFO] [stdout] 
[INFO] [stdout] warning: `#[inline]` is ignored on constants
[INFO] [stdout]    --> src/value.rs:202:5
[INFO] [stdout]     |
[INFO] [stdout] 202 |     #[inline]
[INFO] [stdout]     |     ^^^^^^^^^
[INFO] [stdout]     |
[INFO] [stdout]     = note: `#[warn(unused_attributes)]` on by default
[INFO] [stdout]     = warning: this was previously accepted by the compiler but is being phased out; it will become a hard error in a future release!
[INFO] [stdout]     = note: see issue #65833 <https://github.com/rust-lang/rust/issues/65833> for more information
[INFO] [stdout] 
[INFO] [stdout] 
[INFO] [stdout] warning: 4 warnings emitted
[INFO] [stdout] 
[INFO] [stdout] 
[INFO] [stderr]     Finished test [unoptimized + debuginfo] target(s) in 11.04s
[INFO] running `Command { std: "docker" "inspect" "7658ab391b6080088996bf87682c97dc7283e051274ae20e75c20290d7f7085f", kill_on_drop: false }`
[INFO] running `Command { std: "docker" "rm" "-f" "7658ab391b6080088996bf87682c97dc7283e051274ae20e75c20290d7f7085f", kill_on_drop: false }`
[INFO] [stdout] 7658ab391b6080088996bf87682c97dc7283e051274ae20e75c20290d7f7085f
[INFO] running `Command { std: "docker" "create" "-v" "/var/lib/crater-agent-workspace/builds/worker-97/target:/opt/rustwide/target:rw,Z" "-v" "/var/lib/crater-agent-workspace/builds/worker-97/source:/opt/rustwide/workdir:ro,Z" "-v" "/var/lib/crater-agent-workspace/cargo-home:/opt/rustwide/cargo-home:ro,Z" "-v" "/var/lib/crater-agent-workspace/rustup-home:/opt/rustwide/rustup-home:ro,Z" "-e" "SOURCE_DIR=/opt/rustwide/workdir" "-e" "CARGO_TARGET_DIR=/opt/rustwide/target" "-e" "CARGO_INCREMENTAL=0" "-e" "RUST_BACKTRACE=full" "-e" "RUSTFLAGS=--cap-lints=warn" "-e" "CARGO_HOME=/opt/rustwide/cargo-home" "-e" "RUSTUP_HOME=/opt/rustwide/rustup-home" "-w" "/opt/rustwide/workdir" "-m" "1610612736" "--user" "0:0" "--network" "none" "ghcr.io/rust-lang/crates-build-env/linux@sha256:34b6a614d2c27851fe6cbf88fbd1137609cefab8b10d0615aaeb6fd47975d74e" "/opt/rustwide/cargo-home/bin/cargo" "+beta-2021-08-01" "test" "--frozen", kill_on_drop: false }`
[INFO] [stdout] 047574dc637f8030ecedda9bda0a9542f486633344106921e34170948b7372e5
[INFO] running `Command { std: "docker" "start" "-a" "047574dc637f8030ecedda9bda0a9542f486633344106921e34170948b7372e5", kill_on_drop: false }`
[INFO] [stderr]     Blocking waiting for file lock on package cache
[INFO] [stderr] warning: use of deprecated macro `try`: use the `?` operator instead
[INFO] [stderr]    --> src/value.rs:243:17
[INFO] [stderr]     |
[INFO] [stderr] 243 |                 try!(write!(fmt, "bulk("));
[INFO] [stderr]     |                 ^^^
[INFO] [stderr]     |
[INFO] [stderr]     = note: `#[warn(deprecated)]` on by default
[INFO] [stderr] 
[INFO] [stderr] warning: use of deprecated macro `try`: use the `?` operator instead
[INFO] [stderr]    --> src/value.rs:249:21
[INFO] [stderr]     |
[INFO] [stderr] 249 |                     try!(write!(fmt, "{:?}", val));
[INFO] [stderr]     |                     ^^^
[INFO] [stderr] 
[INFO] [stderr] warning: use of deprecated macro `try`: use the `?` operator instead
[INFO] [stderr]    --> src/value.rs:247:25
[INFO] [stderr]     |
[INFO] [stderr] 247 |                         try!(write!(fmt, ", "));
[INFO] [stderr]     |                         ^^^
[INFO] [stderr] 
[INFO] [stderr] warning: `#[inline]` is ignored on constants
[INFO] [stderr]    --> src/value.rs:202:5
[INFO] [stderr]     |
[INFO] [stderr] 202 |     #[inline]
[INFO] [stderr]     |     ^^^^^^^^^
[INFO] [stderr]     |
[INFO] [stderr]     = note: `#[warn(unused_attributes)]` on by default
[INFO] [stderr]     = warning: this was previously accepted by the compiler but is being phased out; it will become a hard error in a future release!
[INFO] [stderr]     = note: see issue #65833 <https://github.com/rust-lang/rust/issues/65833> for more information
[INFO] [stderr] 
[INFO] [stderr] warning: `redif` (lib) generated 4 warnings
[INFO] [stderr] warning: `redif` (lib test) generated 4 warnings (4 duplicates)
[INFO] [stderr]     Finished test [unoptimized + debuginfo] target(s) in 4.74s
[INFO] [stderr]      Running unittests (/opt/rustwide/target/debug/deps/redif-a98d30653b09cf42)
[INFO] [stdout] 
[INFO] [stdout] running 7 tests
[INFO] [stdout] test frame_reader::tests::partial_and_complete_reads ... ok
[INFO] [stdout] test frame_writer::tests::call_write_on_empty_frame_writer ... ok
[INFO] [stdout] test frame_writer::tests::call_write_on_empty_frame_writer_but_fill_writer_exactly ... ok
[INFO] [stdout] test tests::it_works ... ok
[INFO] [stdout] test frame_writer::tests::write_until_full_reset_and_write_some_more ... ok
[INFO] [stdout] test frame_reader::tests::would_block ... ok
[INFO] [stdout] test value::tests::struct_decoder ... ok
[INFO] [stdout] 
[INFO] [stdout] test result: ok. 7 passed; 0 failed; 0 ignored; 0 measured; 0 filtered out; finished in 0.05s
[INFO] [stdout] 
[INFO] [stderr]    Doc-tests redif
[INFO] [stdout] 
[INFO] [stdout] running 2 tests
[INFO] [stdout] test src/lib.rs - (line 11) ... FAILED
[INFO] [stderr] error: test failed, to rerun pass '--doc'
[INFO] [stdout] test src/value.rs - value::encode_slice (line 215) ... ok
[INFO] [stdout] 
[INFO] [stdout] failures:
[INFO] [stdout] 
[INFO] [stdout] ---- src/lib.rs - (line 11) stdout ----
[INFO] [stdout] error[E0585]: found a documentation comment that doesn't document anything
[INFO] [stdout]   --> src/lib.rs:26:3
[INFO] [stdout]    |
[INFO] [stdout] 16 |         /// ...
[INFO] [stdout]    |         ^^^^^^^
[INFO] [stdout]    |
[INFO] [stdout]    = help: doc comments must come before what they document, maybe a comment was intended with `//`?
[INFO] [stdout] 
[INFO] [stdout] error: cannot find macro `error` in this scope
[INFO] [stdout]   --> src/lib.rs:40:9
[INFO] [stdout]    |
[INFO] [stdout] 30 |         error!("ERROR {}", e);
[INFO] [stdout]    |         ^^^^^
[INFO] [stdout] 
[INFO] [stdout] error[E0412]: cannot find type `HashMap` in this scope
[INFO] [stdout]   --> src/lib.rs:20:10
[INFO] [stdout]    |
[INFO] [stdout] 10 |     kv : HashMap<String, String>,
[INFO] [stdout]    |          ^^^^^^^ not found in this scope
[INFO] [stdout]    |
[INFO] [stdout] help: consider importing this struct
[INFO] [stdout]    |
[INFO] [stdout] 5  | use std::collections::HashMap;
[INFO] [stdout]    |
[INFO] [stdout] 
[INFO] [stdout] error[E0308]: mismatched types
[INFO] [stdout]   --> src/lib.rs:25:43
[INFO] [stdout]    |
[INFO] [stdout] 15 |     fn handle(&mut self, data: &Value) -> Option<Value> {
[INFO] [stdout]    |        ------                             ^^^^^^^^^^^^^ expected enum `Option`, found `()`
[INFO] [stdout]    |        |
[INFO] [stdout]    |        implicitly returns `()` as its body has no tail or `return` expression
[INFO] [stdout]    |
[INFO] [stdout]    = note:   expected enum `Option<Value>`
[INFO] [stdout]            found unit type `()`
[INFO] [stdout] 
[INFO] [stdout] error[E0599]: no function or associated item named `new` found for struct `Store` in the current scope
[INFO] [stdout]   --> src/lib.rs:35:24
[INFO] [stdout]    |
[INFO] [stdout] 9  | struct Store {
[INFO] [stdout]    | ------------ function or associated item `new` not found for this
[INFO] [stdout] ...
[INFO] [stdout] 25 |     let store = Store::new();
[INFO] [stdout]    |                        ^^^ function or associated item not found in `Store`
[INFO] [stdout]    |
[INFO] [stdout]    = help: items from traits can only be used if the trait is implemented and in scope
[INFO] [stdout]    = note: the following trait defines an item `new`, perhaps you need to implement it:
[INFO] [stdout]            candidate #1: `aho_corasick::Transitions`
[INFO] [stdout] 
[INFO] [stdout] error: aborting due to 5 previous errors
[INFO] [stdout] 
[INFO] [stdout] Some errors have detailed explanations: E0308, E0412, E0585, E0599.
[INFO] [stdout] For more information about an error, try `rustc --explain E0308`.
[INFO] [stdout] Couldn't compile the test.
[INFO] [stdout] 
[INFO] [stdout] failures:
[INFO] [stdout]     src/lib.rs - (line 11)
[INFO] [stdout] 
[INFO] [stdout] test result: FAILED. 1 passed; 1 failed; 0 ignored; 0 measured; 0 filtered out; finished in 0.62s
[INFO] [stdout] 
[INFO] running `Command { std: "docker" "inspect" "047574dc637f8030ecedda9bda0a9542f486633344106921e34170948b7372e5", kill_on_drop: false }`
[INFO] running `Command { std: "docker" "rm" "-f" "047574dc637f8030ecedda9bda0a9542f486633344106921e34170948b7372e5", kill_on_drop: false }`
[INFO] [stdout] 047574dc637f8030ecedda9bda0a9542f486633344106921e34170948b7372e5
