[INFO] fetching crate recurse 0.3.0...
[INFO] testing recurse-0.3.0 against beta-2021-08-01 for beta-1.55-1
[INFO] extracting crate recurse 0.3.0 into /workspace/builds/worker-37/source
[INFO] validating manifest of crates.io crate recurse 0.3.0 on toolchain beta-2021-08-01
[INFO] running `Command { std: "/workspace/cargo-home/bin/cargo" "+beta-2021-08-01" "metadata" "--manifest-path" "Cargo.toml" "--no-deps", kill_on_drop: false }`
[INFO] started tweaking crates.io crate recurse 0.3.0
[INFO] finished tweaking crates.io crate recurse 0.3.0
[INFO] tweaked toml for crates.io crate recurse 0.3.0 written to /workspace/builds/worker-37/source/Cargo.toml
[INFO] crate crates.io crate recurse 0.3.0 already has a lockfile, it will not be regenerated
[INFO] running `Command { std: "/workspace/cargo-home/bin/cargo" "+beta-2021-08-01" "fetch" "--manifest-path" "Cargo.toml", kill_on_drop: false }`
[INFO] [stderr]     Blocking waiting for file lock on package cache
[INFO] [stderr]     Blocking waiting for file lock on package cache
[INFO] [stderr]  Downloading crates ...
[INFO] [stderr]   Downloaded float-cmp v0.6.0
[INFO] [stderr]   Downloaded syn v1.0.22
[INFO] [stderr]   Downloaded predicates v1.0.4
[INFO] running `Command { std: "docker" "create" "-v" "/var/lib/crater-agent-workspace/builds/worker-37/target:/opt/rustwide/target:rw,Z" "-v" "/var/lib/crater-agent-workspace/builds/worker-37/source:/opt/rustwide/workdir:ro,Z" "-v" "/var/lib/crater-agent-workspace/cargo-home:/opt/rustwide/cargo-home:ro,Z" "-v" "/var/lib/crater-agent-workspace/rustup-home:/opt/rustwide/rustup-home:ro,Z" "-e" "SOURCE_DIR=/opt/rustwide/workdir" "-e" "CARGO_TARGET_DIR=/opt/rustwide/target" "-e" "CARGO_HOME=/opt/rustwide/cargo-home" "-e" "RUSTUP_HOME=/opt/rustwide/rustup-home" "-w" "/opt/rustwide/workdir" "-m" "1610612736" "--user" "0:0" "--network" "none" "ghcr.io/rust-lang/crates-build-env/linux@sha256:34b6a614d2c27851fe6cbf88fbd1137609cefab8b10d0615aaeb6fd47975d74e" "/opt/rustwide/cargo-home/bin/cargo" "+beta-2021-08-01" "metadata" "--no-deps" "--format-version=1", kill_on_drop: false }`
[INFO] [stdout] 1a069f73e57ee3fd21a1cf82881b5791b8e9f1a0e6b91b102a60b97918b02556
[INFO] running `Command { std: "docker" "start" "-a" "1a069f73e57ee3fd21a1cf82881b5791b8e9f1a0e6b91b102a60b97918b02556", kill_on_drop: false }`
[INFO] running `Command { std: "docker" "inspect" "1a069f73e57ee3fd21a1cf82881b5791b8e9f1a0e6b91b102a60b97918b02556", kill_on_drop: false }`
[INFO] running `Command { std: "docker" "rm" "-f" "1a069f73e57ee3fd21a1cf82881b5791b8e9f1a0e6b91b102a60b97918b02556", kill_on_drop: false }`
[INFO] [stdout] 1a069f73e57ee3fd21a1cf82881b5791b8e9f1a0e6b91b102a60b97918b02556
[INFO] running `Command { std: "docker" "create" "-v" "/var/lib/crater-agent-workspace/builds/worker-37/target:/opt/rustwide/target:rw,Z" "-v" "/var/lib/crater-agent-workspace/builds/worker-37/source:/opt/rustwide/workdir:ro,Z" "-v" "/var/lib/crater-agent-workspace/cargo-home:/opt/rustwide/cargo-home:ro,Z" "-v" "/var/lib/crater-agent-workspace/rustup-home:/opt/rustwide/rustup-home:ro,Z" "-e" "SOURCE_DIR=/opt/rustwide/workdir" "-e" "CARGO_TARGET_DIR=/opt/rustwide/target" "-e" "CARGO_INCREMENTAL=0" "-e" "RUST_BACKTRACE=full" "-e" "RUSTFLAGS=--cap-lints=warn" "-e" "CARGO_HOME=/opt/rustwide/cargo-home" "-e" "RUSTUP_HOME=/opt/rustwide/rustup-home" "-w" "/opt/rustwide/workdir" "-m" "1610612736" "--user" "0:0" "--network" "none" "ghcr.io/rust-lang/crates-build-env/linux@sha256:34b6a614d2c27851fe6cbf88fbd1137609cefab8b10d0615aaeb6fd47975d74e" "/opt/rustwide/cargo-home/bin/cargo" "+beta-2021-08-01" "build" "--frozen" "--message-format=json", kill_on_drop: false }`
[INFO] [stdout] a38b58643713e6551529300c5840f4288464ea3dd10451691a540b0514333430
[INFO] running `Command { std: "docker" "start" "-a" "a38b58643713e6551529300c5840f4288464ea3dd10451691a540b0514333430", kill_on_drop: false }`
[INFO] [stderr]    Compiling proc-macro2 v1.0.13
[INFO] [stderr]    Compiling unicode-xid v0.2.0
[INFO] [stderr]    Compiling version_check v0.9.1
[INFO] [stderr]    Compiling syn v1.0.22
[INFO] [stderr]    Compiling libc v0.2.70
[INFO] [stderr]    Compiling memchr v2.3.3
[INFO] [stderr]    Compiling unicode-width v0.1.7
[INFO] [stderr]    Compiling unicode-segmentation v1.6.0
[INFO] [stderr]    Compiling anyhow v1.0.31
[INFO] [stderr]    Compiling strsim v0.8.0
[INFO] [stderr]    Compiling vec_map v0.8.2
[INFO] [stderr]    Compiling ansi_term v0.11.0
[INFO] [stderr]    Compiling regex-syntax v0.6.18
[INFO] [stderr]    Compiling thread_local v1.0.1
[INFO] [stderr]    Compiling walkdir v2.3.1
[INFO] [stderr]    Compiling textwrap v0.11.0
[INFO] [stderr]    Compiling proc-macro-error-attr v1.0.2
[INFO] [stderr]    Compiling proc-macro-error v1.0.2
[INFO] [stderr]    Compiling heck v0.3.1
[INFO] [stderr]    Compiling aho-corasick v0.7.10
[INFO] [stderr]    Compiling atty v0.2.14
[INFO] [stderr]    Compiling clap v2.33.1
[INFO] [stderr]    Compiling colored v1.9.3
[INFO] [stderr]    Compiling quote v1.0.6
[INFO] [stderr]    Compiling regex v1.3.9
[INFO] [stderr]    Compiling syn-mid v0.5.0
[INFO] [stderr]    Compiling structopt-derive v0.4.8
[INFO] [stderr]    Compiling structopt v0.3.15
[INFO] [stderr]    Compiling recurse v0.3.0 (/opt/rustwide/workdir)
[INFO] [stdout] warning: unused imports: `OpenOptions`, `read_to_string`
[INFO] [stdout]  --> src/command/replace.rs:1:15
[INFO] [stdout]   |
[INFO] [stdout] 1 | use std::fs::{read_to_string, OpenOptions};
[INFO] [stdout]   |               ^^^^^^^^^^^^^^  ^^^^^^^^^^^
[INFO] [stdout]   |
[INFO] [stdout]   = note: `#[warn(unused_imports)]` on by default
[INFO] [stdout] 
[INFO] [stdout] 
[INFO] [stdout] warning: unused imports: `BufWriter`, `ErrorKind`
[INFO] [stdout]  --> src/command/replace.rs:2:15
[INFO] [stdout]   |
[INFO] [stdout] 2 | use std::io::{BufWriter, ErrorKind, Write};
[INFO] [stdout]   |               ^^^^^^^^^  ^^^^^^^^^
[INFO] [stdout] 
[INFO] [stdout] 
[INFO] [stdout] warning: unused import: `anyhow`
[INFO] [stdout]  --> src/command/replace.rs:5:14
[INFO] [stdout]   |
[INFO] [stdout] 5 | use anyhow::{anyhow, Result};
[INFO] [stdout]   |              ^^^^^^
[INFO] [stdout] 
[INFO] [stdout] 
[INFO] [stdout] warning: unused import: `regex::Regex`
[INFO] [stdout]  --> src/command/replace.rs:6:5
[INFO] [stdout]   |
[INFO] [stdout] 6 | use regex::Regex;
[INFO] [stdout]   |     ^^^^^^^^^^^^
[INFO] [stdout] 
[INFO] [stdout] 
[INFO] [stdout] warning: unused import: `crate::ops::io::walk`
[INFO] [stdout]  --> src/command/replace.rs:9:5
[INFO] [stdout]   |
[INFO] [stdout] 9 | use crate::ops::io::walk;
[INFO] [stdout]   |     ^^^^^^^^^^^^^^^^^^^^
[INFO] [stdout] 
[INFO] [stdout] 
[INFO] [stdout] warning: unused imports: `path_has_extension`, `path_is_hidden`
[INFO] [stdout]   --> src/command/replace.rs:10:24
[INFO] [stdout]    |
[INFO] [stdout] 10 | use crate::ops::path::{path_has_extension, path_is_hidden};
[INFO] [stdout]    |                        ^^^^^^^^^^^^^^^^^^  ^^^^^^^^^^^^^^
[INFO] [stdout] 
[INFO] [stdout] 
[INFO] [stdout] warning: unused variable: `subcmd`
[INFO] [stdout]   --> src/command/replace.rs:18:16
[INFO] [stdout]    |
[INFO] [stdout] 18 |     fn execute(subcmd: Recurse, mut writer: impl Write) -> Result<()> {
[INFO] [stdout]    |                ^^^^^^ help: if this is intentional, prefix it with an underscore: `_subcmd`
[INFO] [stdout]    |
[INFO] [stdout]    = note: `#[warn(unused_variables)]` on by default
[INFO] [stdout] 
[INFO] [stdout] 
[INFO] [stdout] warning: unused variable: `writer`
[INFO] [stdout]   --> src/command/replace.rs:18:37
[INFO] [stdout]    |
[INFO] [stdout] 18 |     fn execute(subcmd: Recurse, mut writer: impl Write) -> Result<()> {
[INFO] [stdout]    |                                     ^^^^^^ help: if this is intentional, prefix it with an underscore: `_writer`
[INFO] [stdout] 
[INFO] [stdout] 
[INFO] [stdout] warning: variable does not need to be mutable
[INFO] [stdout]   --> src/command/replace.rs:18:33
[INFO] [stdout]    |
[INFO] [stdout] 18 |     fn execute(subcmd: Recurse, mut writer: impl Write) -> Result<()> {
[INFO] [stdout]    |                                 ----^^^^^^
[INFO] [stdout]    |                                 |
[INFO] [stdout]    |                                 help: remove this `mut`
[INFO] [stdout]    |
[INFO] [stdout]    = note: `#[warn(unused_mut)]` on by default
[INFO] [stdout] 
[INFO] [stdout] 
[INFO] [stdout] warning: constant is never used: `BACKUP_FILEPATH_EXTENSION`
[INFO] [stdout]   --> src/command/replace.rs:13:1
[INFO] [stdout]    |
[INFO] [stdout] 13 | const BACKUP_FILEPATH_EXTENSION: &str = "bu";
[INFO] [stdout]    | ^^^^^^^^^^^^^^^^^^^^^^^^^^^^^^^^^^^^^^^^^^^^^
[INFO] [stdout]    |
[INFO] [stdout]    = note: `#[warn(dead_code)]` on by default
[INFO] [stdout] 
[INFO] [stdout] 
[INFO] [stdout] warning: function is never used: `get_backup_filepath`
[INFO] [stdout]    --> src/command/replace.rs:139:4
[INFO] [stdout]     |
[INFO] [stdout] 139 | fn get_backup_filepath(inpath: &Path) -> PathBuf {
[INFO] [stdout]     |    ^^^^^^^^^^^^^^^^^^^
[INFO] [stdout] 
[INFO] [stdout] 
[INFO] [stdout] warning: function is never used: `has_backup_extension`
[INFO] [stdout]    --> src/command/replace.rs:151:4
[INFO] [stdout]     |
[INFO] [stdout] 151 | fn has_backup_extension(inpath: &Path) -> bool {
[INFO] [stdout]     |    ^^^^^^^^^^^^^^^^^^^^
[INFO] [stdout] 
[INFO] [stdout] 
[INFO] [stdout] warning: function is never used: `is_root_filepath`
[INFO] [stdout]    --> src/command/replace.rs:158:4
[INFO] [stdout]     |
[INFO] [stdout] 158 | fn is_root_filepath(inpath: &Path) -> bool {
[INFO] [stdout]     |    ^^^^^^^^^^^^^^^^
[INFO] [stdout] 
[INFO] [stdout] 
[INFO] [stdout] warning: 13 warnings emitted
[INFO] [stdout] 
[INFO] [stdout] 
[INFO] [stderr]     Finished dev [unoptimized + debuginfo] target(s) in 18.05s
[INFO] running `Command { std: "docker" "inspect" "a38b58643713e6551529300c5840f4288464ea3dd10451691a540b0514333430", kill_on_drop: false }`
[INFO] running `Command { std: "docker" "rm" "-f" "a38b58643713e6551529300c5840f4288464ea3dd10451691a540b0514333430", kill_on_drop: false }`
[INFO] [stdout] a38b58643713e6551529300c5840f4288464ea3dd10451691a540b0514333430
[INFO] running `Command { std: "docker" "create" "-v" "/var/lib/crater-agent-workspace/builds/worker-37/target:/opt/rustwide/target:rw,Z" "-v" "/var/lib/crater-agent-workspace/builds/worker-37/source:/opt/rustwide/workdir:ro,Z" "-v" "/var/lib/crater-agent-workspace/cargo-home:/opt/rustwide/cargo-home:ro,Z" "-v" "/var/lib/crater-agent-workspace/rustup-home:/opt/rustwide/rustup-home:ro,Z" "-e" "SOURCE_DIR=/opt/rustwide/workdir" "-e" "CARGO_TARGET_DIR=/opt/rustwide/target" "-e" "CARGO_INCREMENTAL=0" "-e" "RUST_BACKTRACE=full" "-e" "RUSTFLAGS=--cap-lints=warn" "-e" "CARGO_HOME=/opt/rustwide/cargo-home" "-e" "RUSTUP_HOME=/opt/rustwide/rustup-home" "-w" "/opt/rustwide/workdir" "-m" "1610612736" "--user" "0:0" "--network" "none" "ghcr.io/rust-lang/crates-build-env/linux@sha256:34b6a614d2c27851fe6cbf88fbd1137609cefab8b10d0615aaeb6fd47975d74e" "/opt/rustwide/cargo-home/bin/cargo" "+beta-2021-08-01" "test" "--frozen" "--no-run" "--message-format=json", kill_on_drop: false }`
[INFO] [stdout] ba4bcc3d58512e3f877b0e36a499732ffdf15516c40c0c199cba1f4d0541f684
[INFO] running `Command { std: "docker" "start" "-a" "ba4bcc3d58512e3f877b0e36a499732ffdf15516c40c0c199cba1f4d0541f684", kill_on_drop: false }`
[INFO] [stderr]     Blocking waiting for file lock on package cache
[INFO] [stderr]    Compiling autocfg v1.0.0
[INFO] [stderr]    Compiling doc-comment v0.3.3
[INFO] [stderr]    Compiling predicates-core v1.0.0
[INFO] [stderr]    Compiling normalize-line-endings v0.3.0
[INFO] [stderr]    Compiling difference v2.0.0
[INFO] [stderr]    Compiling treeline v0.1.0
[INFO] [stderr]    Compiling wait-timeout v0.2.0
[INFO] [stdout] warning: unused imports: `OpenOptions`, `read_to_string`
[INFO] [stdout]  --> src/command/replace.rs:1:15
[INFO] [stdout]   |
[INFO] [stdout] 1 | use std::fs::{read_to_string, OpenOptions};
[INFO] [stdout]   |               ^^^^^^^^^^^^^^  ^^^^^^^^^^^
[INFO] [stdout]   |
[INFO] [stdout]   = note: `#[warn(unused_imports)]` on by default
[INFO] [stdout] 
[INFO] [stdout] 
[INFO] [stdout] warning: unused imports: `BufWriter`, `ErrorKind`
[INFO] [stdout]  --> src/command/replace.rs:2:15
[INFO] [stdout]   |
[INFO] [stdout] 2 | use std::io::{BufWriter, ErrorKind, Write};
[INFO] [stdout]   |               ^^^^^^^^^  ^^^^^^^^^
[INFO] [stdout] 
[INFO] [stdout] 
[INFO] [stdout] warning: unused import: `anyhow`
[INFO] [stdout]  --> src/command/replace.rs:5:14
[INFO] [stdout]   |
[INFO] [stdout] 5 | use anyhow::{anyhow, Result};
[INFO] [stdout]   |              ^^^^^^
[INFO] [stdout] 
[INFO] [stdout] 
[INFO] [stdout] warning: unused import: `regex::Regex`
[INFO] [stdout]  --> src/command/replace.rs:6:5
[INFO] [stdout]   |
[INFO] [stdout] 6 | use regex::Regex;
[INFO] [stdout]   |     ^^^^^^^^^^^^
[INFO] [stdout] 
[INFO] [stdout] 
[INFO] [stdout] warning: unused import: `crate::ops::io::walk`
[INFO] [stdout]  --> src/command/replace.rs:9:5
[INFO] [stdout]   |
[INFO] [stdout] 9 | use crate::ops::io::walk;
[INFO] [stdout]   |     ^^^^^^^^^^^^^^^^^^^^
[INFO] [stdout] 
[INFO] [stdout] 
[INFO] [stdout] warning: unused imports: `path_has_extension`, `path_is_hidden`
[INFO] [stdout]   --> src/command/replace.rs:10:24
[INFO] [stdout]    |
[INFO] [stdout] 10 | use crate::ops::path::{path_has_extension, path_is_hidden};
[INFO] [stdout]    |                        ^^^^^^^^^^^^^^^^^^  ^^^^^^^^^^^^^^
[INFO] [stdout] 
[INFO] [stdout] 
[INFO] [stdout] warning: unused variable: `subcmd`
[INFO] [stdout]   --> src/command/replace.rs:18:16
[INFO] [stdout]    |
[INFO] [stdout] 18 |     fn execute(subcmd: Recurse, mut writer: impl Write) -> Result<()> {
[INFO] [stdout]    |                ^^^^^^ help: if this is intentional, prefix it with an underscore: `_subcmd`
[INFO] [stdout]    |
[INFO] [stdout]    = note: `#[warn(unused_variables)]` on by default
[INFO] [stdout] 
[INFO] [stdout] 
[INFO] [stdout] warning: unused variable: `writer`
[INFO] [stdout]   --> src/command/replace.rs:18:37
[INFO] [stdout]    |
[INFO] [stdout] 18 |     fn execute(subcmd: Recurse, mut writer: impl Write) -> Result<()> {
[INFO] [stdout]    |                                     ^^^^^^ help: if this is intentional, prefix it with an underscore: `_writer`
[INFO] [stdout] 
[INFO] [stdout] 
[INFO] [stdout] warning: variable does not need to be mutable
[INFO] [stdout]   --> src/command/replace.rs:18:33
[INFO] [stdout]    |
[INFO] [stdout] 18 |     fn execute(subcmd: Recurse, mut writer: impl Write) -> Result<()> {
[INFO] [stdout]    |                                 ----^^^^^^
[INFO] [stdout]    |                                 |
[INFO] [stdout]    |                                 help: remove this `mut`
[INFO] [stdout]    |
[INFO] [stdout]    = note: `#[warn(unused_mut)]` on by default
[INFO] [stdout] 
[INFO] [stdout] 
[INFO] [stdout] warning: constant is never used: `BACKUP_FILEPATH_EXTENSION`
[INFO] [stdout]   --> src/command/replace.rs:13:1
[INFO] [stdout]    |
[INFO] [stdout] 13 | const BACKUP_FILEPATH_EXTENSION: &str = "bu";
[INFO] [stdout]    | ^^^^^^^^^^^^^^^^^^^^^^^^^^^^^^^^^^^^^^^^^^^^^
[INFO] [stdout]    |
[INFO] [stdout]    = note: `#[warn(dead_code)]` on by default
[INFO] [stdout] 
[INFO] [stdout] 
[INFO] [stdout] warning: function is never used: `get_backup_filepath`
[INFO] [stdout]    --> src/command/replace.rs:139:4
[INFO] [stdout]     |
[INFO] [stdout] 139 | fn get_backup_filepath(inpath: &Path) -> PathBuf {
[INFO] [stdout]     |    ^^^^^^^^^^^^^^^^^^^
[INFO] [stdout] 
[INFO] [stdout] 
[INFO] [stdout] warning: function is never used: `has_backup_extension`
[INFO] [stdout]    --> src/command/replace.rs:151:4
[INFO] [stdout]     |
[INFO] [stdout] 151 | fn has_backup_extension(inpath: &Path) -> bool {
[INFO] [stdout]     |    ^^^^^^^^^^^^^^^^^^^^
[INFO] [stdout] 
[INFO] [stdout] 
[INFO] [stdout] warning: function is never used: `is_root_filepath`
[INFO] [stdout]    --> src/command/replace.rs:158:4
[INFO] [stdout]     |
[INFO] [stdout] 158 | fn is_root_filepath(inpath: &Path) -> bool {
[INFO] [stdout]     |    ^^^^^^^^^^^^^^^^
[INFO] [stdout] 
[INFO] [stdout] 
[INFO] [stdout] warning: 13 warnings emitted
[INFO] [stdout] 
[INFO] [stdout] 
[INFO] [stderr]    Compiling predicates-tree v1.0.0
[INFO] [stderr]    Compiling num-traits v0.2.12
[INFO] [stderr]    Compiling float-cmp v0.6.0
[INFO] [stderr]    Compiling predicates v1.0.4
[INFO] [stderr]    Compiling assert_cmd v1.0.1
[INFO] [stderr]    Compiling recurse v0.3.0 (/opt/rustwide/workdir)
[INFO] [stdout] warning: unused imports: `OpenOptions`, `read_to_string`
[INFO] [stdout]  --> src/command/replace.rs:1:15
[INFO] [stdout]   |
[INFO] [stdout] 1 | use std::fs::{read_to_string, OpenOptions};
[INFO] [stdout]   |               ^^^^^^^^^^^^^^  ^^^^^^^^^^^
[INFO] [stdout]   |
[INFO] [stdout]   = note: `#[warn(unused_imports)]` on by default
[INFO] [stdout] 
[INFO] [stdout] 
[INFO] [stdout] warning: unused imports: `BufWriter`, `ErrorKind`
[INFO] [stdout]  --> src/command/replace.rs:2:15
[INFO] [stdout]   |
[INFO] [stdout] 2 | use std::io::{BufWriter, ErrorKind, Write};
[INFO] [stdout]   |               ^^^^^^^^^  ^^^^^^^^^
[INFO] [stdout] 
[INFO] [stdout] 
[INFO] [stdout] warning: unused import: `anyhow`
[INFO] [stdout]  --> src/command/replace.rs:5:14
[INFO] [stdout]   |
[INFO] [stdout] 5 | use anyhow::{anyhow, Result};
[INFO] [stdout]   |              ^^^^^^
[INFO] [stdout] 
[INFO] [stdout] 
[INFO] [stdout] warning: unused import: `regex::Regex`
[INFO] [stdout]  --> src/command/replace.rs:6:5
[INFO] [stdout]   |
[INFO] [stdout] 6 | use regex::Regex;
[INFO] [stdout]   |     ^^^^^^^^^^^^
[INFO] [stdout] 
[INFO] [stdout] 
[INFO] [stdout] warning: unused import: `crate::ops::io::walk`
[INFO] [stdout]  --> src/command/replace.rs:9:5
[INFO] [stdout]   |
[INFO] [stdout] 9 | use crate::ops::io::walk;
[INFO] [stdout]   |     ^^^^^^^^^^^^^^^^^^^^
[INFO] [stdout] 
[INFO] [stdout] 
[INFO] [stdout] warning: unused imports: `path_has_extension`, `path_is_hidden`
[INFO] [stdout]   --> src/command/replace.rs:10:24
[INFO] [stdout]    |
[INFO] [stdout] 10 | use crate::ops::path::{path_has_extension, path_is_hidden};
[INFO] [stdout]    |                        ^^^^^^^^^^^^^^^^^^  ^^^^^^^^^^^^^^
[INFO] [stdout] 
[INFO] [stdout] 
[INFO] [stdout] warning: unused variable: `subcmd`
[INFO] [stdout]   --> src/command/replace.rs:18:16
[INFO] [stdout]    |
[INFO] [stdout] 18 |     fn execute(subcmd: Recurse, mut writer: impl Write) -> Result<()> {
[INFO] [stdout]    |                ^^^^^^ help: if this is intentional, prefix it with an underscore: `_subcmd`
[INFO] [stdout]    |
[INFO] [stdout]    = note: `#[warn(unused_variables)]` on by default
[INFO] [stdout] 
[INFO] [stdout] 
[INFO] [stdout] warning: unused variable: `writer`
[INFO] [stdout]   --> src/command/replace.rs:18:37
[INFO] [stdout]    |
[INFO] [stdout] 18 |     fn execute(subcmd: Recurse, mut writer: impl Write) -> Result<()> {
[INFO] [stdout]    |                                     ^^^^^^ help: if this is intentional, prefix it with an underscore: `_writer`
[INFO] [stdout] 
[INFO] [stdout] 
[INFO] [stdout] warning: variable does not need to be mutable
[INFO] [stdout]   --> src/command/replace.rs:18:33
[INFO] [stdout]    |
[INFO] [stdout] 18 |     fn execute(subcmd: Recurse, mut writer: impl Write) -> Result<()> {
[INFO] [stdout]    |                                 ----^^^^^^
[INFO] [stdout]    |                                 |
[INFO] [stdout]    |                                 help: remove this `mut`
[INFO] [stdout]    |
[INFO] [stdout]    = note: `#[warn(unused_mut)]` on by default
[INFO] [stdout] 
[INFO] [stdout] 
[INFO] [stdout] warning: 9 warnings emitted
[INFO] [stdout] 
[INFO] [stdout] 
[INFO] [stderr]     Finished test [unoptimized + debuginfo] target(s) in 8.81s
[INFO] running `Command { std: "docker" "inspect" "ba4bcc3d58512e3f877b0e36a499732ffdf15516c40c0c199cba1f4d0541f684", kill_on_drop: false }`
[INFO] running `Command { std: "docker" "rm" "-f" "ba4bcc3d58512e3f877b0e36a499732ffdf15516c40c0c199cba1f4d0541f684", kill_on_drop: false }`
[INFO] [stdout] ba4bcc3d58512e3f877b0e36a499732ffdf15516c40c0c199cba1f4d0541f684
[INFO] running `Command { std: "docker" "create" "-v" "/var/lib/crater-agent-workspace/builds/worker-37/target:/opt/rustwide/target:rw,Z" "-v" "/var/lib/crater-agent-workspace/builds/worker-37/source:/opt/rustwide/workdir:ro,Z" "-v" "/var/lib/crater-agent-workspace/cargo-home:/opt/rustwide/cargo-home:ro,Z" "-v" "/var/lib/crater-agent-workspace/rustup-home:/opt/rustwide/rustup-home:ro,Z" "-e" "SOURCE_DIR=/opt/rustwide/workdir" "-e" "CARGO_TARGET_DIR=/opt/rustwide/target" "-e" "CARGO_INCREMENTAL=0" "-e" "RUST_BACKTRACE=full" "-e" "RUSTFLAGS=--cap-lints=warn" "-e" "CARGO_HOME=/opt/rustwide/cargo-home" "-e" "RUSTUP_HOME=/opt/rustwide/rustup-home" "-w" "/opt/rustwide/workdir" "-m" "1610612736" "--user" "0:0" "--network" "none" "ghcr.io/rust-lang/crates-build-env/linux@sha256:34b6a614d2c27851fe6cbf88fbd1137609cefab8b10d0615aaeb6fd47975d74e" "/opt/rustwide/cargo-home/bin/cargo" "+beta-2021-08-01" "test" "--frozen", kill_on_drop: false }`
[INFO] [stdout] 97861749f06039af131b772e32dac1a13b1144e03c14147b70f97a64269b5a5c
[INFO] running `Command { std: "docker" "start" "-a" "97861749f06039af131b772e32dac1a13b1144e03c14147b70f97a64269b5a5c", kill_on_drop: false }`
[INFO] [stderr] warning: unused imports: `OpenOptions`, `read_to_string`
[INFO] [stderr]  --> src/command/replace.rs:1:15
[INFO] [stderr]   |
[INFO] [stderr] 1 | use std::fs::{read_to_string, OpenOptions};
[INFO] [stderr]   |               ^^^^^^^^^^^^^^  ^^^^^^^^^^^
[INFO] [stderr]   |
[INFO] [stderr]   = note: `#[warn(unused_imports)]` on by default
[INFO] [stderr] 
[INFO] [stderr] warning: unused imports: `BufWriter`, `ErrorKind`
[INFO] [stderr]  --> src/command/replace.rs:2:15
[INFO] [stderr]   |
[INFO] [stderr] 2 | use std::io::{BufWriter, ErrorKind, Write};
[INFO] [stderr]   |               ^^^^^^^^^  ^^^^^^^^^
[INFO] [stderr] 
[INFO] [stderr] warning: unused import: `anyhow`
[INFO] [stderr]  --> src/command/replace.rs:5:14
[INFO] [stderr]   |
[INFO] [stderr] 5 | use anyhow::{anyhow, Result};
[INFO] [stderr]   |              ^^^^^^
[INFO] [stderr] 
[INFO] [stderr] warning: unused import: `regex::Regex`
[INFO] [stderr]  --> src/command/replace.rs:6:5
[INFO] [stderr]   |
[INFO] [stderr] 6 | use regex::Regex;
[INFO] [stderr]   |     ^^^^^^^^^^^^
[INFO] [stderr] 
[INFO] [stderr] warning: unused import: `crate::ops::io::walk`
[INFO] [stderr]  --> src/command/replace.rs:9:5
[INFO] [stderr]   |
[INFO] [stderr] 9 | use crate::ops::io::walk;
[INFO] [stderr]   |     ^^^^^^^^^^^^^^^^^^^^
[INFO] [stderr] 
[INFO] [stderr] warning: unused imports: `path_has_extension`, `path_is_hidden`
[INFO] [stderr]   --> src/command/replace.rs:10:24
[INFO] [stderr]    |
[INFO] [stderr] 10 | use crate::ops::path::{path_has_extension, path_is_hidden};
[INFO] [stderr]    |                        ^^^^^^^^^^^^^^^^^^  ^^^^^^^^^^^^^^
[INFO] [stderr] 
[INFO] [stderr] warning: unused variable: `subcmd`
[INFO] [stderr]   --> src/command/replace.rs:18:16
[INFO] [stderr]    |
[INFO] [stderr] 18 |     fn execute(subcmd: Recurse, mut writer: impl Write) -> Result<()> {
[INFO] [stderr]    |                ^^^^^^ help: if this is intentional, prefix it with an underscore: `_subcmd`
[INFO] [stderr]    |
[INFO] [stderr]    = note: `#[warn(unused_variables)]` on by default
[INFO] [stderr] 
[INFO] [stderr] warning: unused variable: `writer`
[INFO] [stderr]   --> src/command/replace.rs:18:37
[INFO] [stderr]    |
[INFO] [stderr] 18 |     fn execute(subcmd: Recurse, mut writer: impl Write) -> Result<()> {
[INFO] [stderr]    |                                     ^^^^^^ help: if this is intentional, prefix it with an underscore: `_writer`
[INFO] [stderr] 
[INFO] [stderr] warning: variable does not need to be mutable
[INFO] [stderr]   --> src/command/replace.rs:18:33
[INFO] [stderr]    |
[INFO] [stderr] 18 |     fn execute(subcmd: Recurse, mut writer: impl Write) -> Result<()> {
[INFO] [stderr]    |                                 ----^^^^^^
[INFO] [stderr]    |                                 |
[INFO] [stderr]    |                                 help: remove this `mut`
[INFO] [stderr]    |
[INFO] [stderr]    = note: `#[warn(unused_mut)]` on by default
[INFO] [stderr] 
[INFO] [stderr] warning: constant is never used: `BACKUP_FILEPATH_EXTENSION`
[INFO] [stderr]   --> src/command/replace.rs:13:1
[INFO] [stderr]    |
[INFO] [stderr] 13 | const BACKUP_FILEPATH_EXTENSION: &str = "bu";
[INFO] [stderr]    | ^^^^^^^^^^^^^^^^^^^^^^^^^^^^^^^^^^^^^^^^^^^^^
[INFO] [stderr]    |
[INFO] [stderr]    = note: `#[warn(dead_code)]` on by default
[INFO] [stderr] 
[INFO] [stderr] warning: function is never used: `get_backup_filepath`
[INFO] [stderr]    --> src/command/replace.rs:139:4
[INFO] [stderr]     |
[INFO] [stderr] 139 | fn get_backup_filepath(inpath: &Path) -> PathBuf {
[INFO] [stderr]     |    ^^^^^^^^^^^^^^^^^^^
[INFO] [stderr] 
[INFO] [stderr] warning: function is never used: `has_backup_extension`
[INFO] [stderr]    --> src/command/replace.rs:151:4
[INFO] [stderr]     |
[INFO] [stderr] 151 | fn has_backup_extension(inpath: &Path) -> bool {
[INFO] [stderr]     |    ^^^^^^^^^^^^^^^^^^^^
[INFO] [stderr] 
[INFO] [stderr] warning: function is never used: `is_root_filepath`
[INFO] [stderr]    --> src/command/replace.rs:158:4
[INFO] [stderr]     |
[INFO] [stderr] 158 | fn is_root_filepath(inpath: &Path) -> bool {
[INFO] [stderr]     |    ^^^^^^^^^^^^^^^^
[INFO] [stderr] 
[INFO] [stderr] warning: `recurse` (lib) generated 13 warnings
[INFO] [stderr] warning: `recurse` (lib test) generated 9 warnings (9 duplicates)
[INFO] [stderr]     Finished test [unoptimized + debuginfo] target(s) in 0.05s
[INFO] [stderr]      Running unittests (/opt/rustwide/target/debug/deps/recurse-65cba73c8a7144e8)
[INFO] [stdout] 
[INFO] [stdout] running 62 tests
[INFO] [stdout] test command::contains::tests::test_contains_invalid_recurse_enum_arg ... ok
[INFO] [stdout] test command::contains::tests::test_contains_invalid_filetype_non_utf8_binary_is_not_logged ... ok
[INFO] [stdout] test command::contains::tests::test_contains_subcmd_invalid_inpath_validation ... ok
[INFO] [stdout] test command::contains::tests::test_contains_filter_hidden_match ... ok
[INFO] [stdout] test command::contains::tests::test_contains_unicode_devanagari ... ok
[INFO] [stdout] test command::contains::tests::test_contains_filter_match ... ok
[INFO] [stdout] test command::find::tests::test_find_invalid_recurse_enum_arg ... ok
[INFO] [stdout] test command::contains::tests::test_contains_default_match ... ok
[INFO] [stdout] test command::contains::tests::test_contains_hidden_match ... ok
[INFO] [stdout] test command::replace::tests::test_get_secondary_filepath_with_txt_extension ... ok
[INFO] [stdout] test command::find::tests::test_find_subcmd_invalid_inpath_validation ... ok
[INFO] [stdout] test command::replace::tests::test_get_secondary_filepath_without_extension ... ok
[INFO] [stdout] test command::replace::tests::test_get_secondary_filepath_with_2_extension ... ok
[INFO] [stdout] test command::replace::tests::test_is_root_filepath_with_unix_root ... ok
[INFO] [stdout] test command::replace::tests::test_is_root_filepath_without_root_fp ... ok
[INFO] [stdout] test command::replace::tests::test_has_secondary_extension_without_secondary_extension ... ok
[INFO] [stdout] test command::replace::tests::test_has_secondary_extension_with_secondary_extension_alt1 ... ok
[INFO] [stdout] test command::replace::tests::test_has_secondary_extension_with_secondary_extension ... ok
[INFO] [stdout] test command::replace::tests::test_is_root_filepath_with_win_root ... ok
[INFO] [stdout] test command::walk::tests::test_walk_invalid_recurse_enum_arg ... ok
[INFO] [stdout] test command::find::tests::test_find_filter_match ... ok
[INFO] [stdout] test command::find::tests::test_find_filter_hidden_match ... ok
[INFO] [stdout] test command::find::tests::test_find_hidden_match ... ok
[INFO] [stdout] test command::walk::tests::test_walk_subcmd_dir_with_default_depth ... ok
[INFO] [stdout] test command::walk::tests::test_walk_subcmd_filter_dirs_only_default_depth ... ok
[INFO] [stdout] test command::contains::tests::test_contains_mindepth_match ... ok
[INFO] [stdout] test command::contains::tests::test_contains_maxdepth_match ... ok
[INFO] [stdout] test command::find::tests::test_find_unicode_devanagari ... ok
[INFO] [stdout] test command::find::tests::test_find_default_match ... ok
[INFO] [stdout] test command::walk::tests::test_walk_subcmd_filter_dirs_only_hidden_switch_off ... ok
[INFO] [stdout] test command::find::tests::test_find_invalid_filetype_non_utf8_binary_is_not_logged ... ok
[INFO] [stdout] test command::find::tests::test_find_mindepth_match ... ok
[INFO] [stdout] test command::walk::tests::test_walk_subcmd_filter_dirs_only_hidden_switch_on ... ok
[INFO] [stdout] test command::walk::tests::test_walk_subcmd_invalid_inpath_validation ... ok
[INFO] [stdout] test command::walk::tests::test_walk_subcmd_with_dir_set_max_depth_1_level ... ok
[INFO] [stdout] test command::walk::tests::test_walk_subcmd_with_dir_set_min_depth_3_levels ... ok
[INFO] [stdout] test command::walk::tests::test_walk_subcmd_with_dir_set_max_depth_2_levels ... ok
[INFO] [stdout] test command::walk::tests::test_walk_subcmd_with_extension_filter ... ok
[INFO] [stdout] test command::walk::tests::test_walk_subcmd_with_extension_filter_alt_ext_format ... ok
[INFO] [stdout] test command::walk::tests::test_walk_subcmd_with_hidden_filepaths ... ok
[INFO] [stdout] test command::walk::tests::test_walk_subcmd_with_hidden_filepaths_and_extension_filter ... ok
[INFO] [stdout] test command::walk::tests::test_walk_subcmd_with_hidden_filepaths_and_extension_filter_alt_ext_format ... ok
[INFO] [stdout] test command::walk::tests::test_walk_subcmd_without_hidden_filepaths ... ok
[INFO] [stdout] test config::tests::test_config_instantiation_default ... ok
[INFO] [stdout] test config::tests::test_config_instantiation_with_options ... ok
[INFO] [stdout] test ops::io::tests::test_walk_func_with_dir_default_depth ... ok
[INFO] [stdout] test ops::io::tests::test_walk_func_with_dir_default_depth_and_follow_symlinks ... ok
[INFO] [stdout] test ops::io::tests::test_walk_func_with_dir_set_min_depth ... ok
[INFO] [stdout] test ops::io::tests::test_walk_func_with_dir_set_max_depth ... ok
[INFO] [stdout] test ops::io::tests::test_walk_func_with_file_default_depth ... ok
[INFO] [stdout] test ops::io::tests::test_walk_func_with_filter_map_default_depth ... ok
[INFO] [stdout] test ops::path::tests::test_get_absolute_filepath_bad_path ... ok
[INFO] [stdout] test ops::path::tests::test_path_has_extension_with_correct_extension ... ok
[INFO] [stdout] test ops::path::tests::test_path_has_extension_with_incorrect_extension ... ok
[INFO] [stdout] test ops::path::tests::test_path_has_extension_with_no_extension ... ok
[INFO] [stdout] test ops::path::tests::test_path_is_hidden_with_dotdir_in_path ... ok
[INFO] [stdout] test ops::path::tests::test_path_is_hidden_with_dotfile ... ok
[INFO] [stdout] test ops::path::tests::test_path_is_hidden_with_dotfile_pathbuf ... ok
[INFO] [stdout] test ops::path::tests::test_path_is_hidden_with_dotdir_only ... ok
[INFO] [stdout] test ops::path::tests::test_path_is_not_hidden_without_dotfile_or_dotdir ... ok
[INFO] [stdout] test command::find::tests::test_find_maxdepth_match ... ok
[INFO] [stdout] test ops::path::tests::test_get_absolute_filepath_good_path ... FAILED
[INFO] [stdout] 
[INFO] [stdout] failures:
[INFO] [stdout] 
[INFO] [stdout] ---- ops::path::tests::test_get_absolute_filepath_good_path stdout ----
[INFO] [stdout] thread 'ops::path::tests::test_get_absolute_filepath_good_path' panicked at 'assertion failed: testpath.unwrap().ends_with(\"recurse/Cargo.toml\")', src/ops/path.rs:75:9
[INFO] [stdout] stack backtrace:
[INFO] [stdout]    0:     0x55c1b554c3e0 - std::backtrace_rs::backtrace::libunwind::trace::hff4d1766e93f64f1
[INFO] [stdout]                                at /rustc/53fd98ca776cb875bc9e5514f56b52eb74f9e7a9/library/std/src/../../backtrace/src/backtrace/libunwind.rs:90:5
[INFO] [stdout]    1:     0x55c1b554c3e0 - std::backtrace_rs::backtrace::trace_unsynchronized::h56bbc8eb78770bcb
[INFO] [stdout]                                at /rustc/53fd98ca776cb875bc9e5514f56b52eb74f9e7a9/library/std/src/../../backtrace/src/backtrace/mod.rs:66:5
[INFO] [stdout]    2:     0x55c1b554c3e0 - std::sys_common::backtrace::_print_fmt::h5c8e75464faca780
[INFO] [stdout]                                at /rustc/53fd98ca776cb875bc9e5514f56b52eb74f9e7a9/library/std/src/sys_common/backtrace.rs:67:5
[INFO] [stdout]    3:     0x55c1b554c3e0 - <std::sys_common::backtrace::_print::DisplayBacktrace as core::fmt::Display>::fmt::h48b88277def8b362
[INFO] [stdout]                                at /rustc/53fd98ca776cb875bc9e5514f56b52eb74f9e7a9/library/std/src/sys_common/backtrace.rs:46:22
[INFO] [stdout]    4:     0x55c1b556f83c - core::fmt::write::h3381b3176fe2b3d3
[INFO] [stdout]                                at /rustc/53fd98ca776cb875bc9e5514f56b52eb74f9e7a9/library/core/src/fmt/mod.rs:1115:17
[INFO] [stdout]    5:     0x55c1b5548a25 - std::io::Write::write_fmt::h5f34a676f60246b5
[INFO] [stdout]                                at /rustc/53fd98ca776cb875bc9e5514f56b52eb74f9e7a9/library/std/src/io/mod.rs:1665:15
[INFO] [stdout]    6:     0x55c1b554e56b - std::sys_common::backtrace::_print::ha537687d6c17dd0d
[INFO] [stdout]                                at /rustc/53fd98ca776cb875bc9e5514f56b52eb74f9e7a9/library/std/src/sys_common/backtrace.rs:49:5
[INFO] [stdout]    7:     0x55c1b554e56b - std::sys_common::backtrace::print::h61376ae57d131d72
[INFO] [stdout]                                at /rustc/53fd98ca776cb875bc9e5514f56b52eb74f9e7a9/library/std/src/sys_common/backtrace.rs:36:9
[INFO] [stdout]    8:     0x55c1b554e56b - std::panicking::default_hook::{{closure}}::h0f7208c0b9644a54
[INFO] [stdout]                                at /rustc/53fd98ca776cb875bc9e5514f56b52eb74f9e7a9/library/std/src/panicking.rs:208:50
[INFO] [stdout]    9:     0x55c1b554e07c - std::panicking::default_hook::hdac7fc06578c14ce
[INFO] [stdout]                                at /rustc/53fd98ca776cb875bc9e5514f56b52eb74f9e7a9/library/std/src/panicking.rs:222:9
[INFO] [stdout]   10:     0x55c1b554ec34 - std::panicking::rust_panic_with_hook::h72b21c283da3d1ef
[INFO] [stdout]                                at /rustc/53fd98ca776cb875bc9e5514f56b52eb74f9e7a9/library/std/src/panicking.rs:622:17
[INFO] [stdout]   11:     0x55c1b554e6e7 - std::panicking::begin_panic_handler::{{closure}}::he5778f1729cff84a
[INFO] [stdout]                                at /rustc/53fd98ca776cb875bc9e5514f56b52eb74f9e7a9/library/std/src/panicking.rs:517:13
[INFO] [stdout]   12:     0x55c1b554c8bc - std::sys_common::backtrace::__rust_end_short_backtrace::h2d11ca8b453b4b1d
[INFO] [stdout]                                at /rustc/53fd98ca776cb875bc9e5514f56b52eb74f9e7a9/library/std/src/sys_common/backtrace.rs:141:18
[INFO] [stdout]   13:     0x55c1b554e679 - rust_begin_unwind
[INFO] [stdout]                                at /rustc/53fd98ca776cb875bc9e5514f56b52eb74f9e7a9/library/std/src/panicking.rs:515:5
[INFO] [stdout]   14:     0x55c1b53058d1 - core::panicking::panic_fmt::hf9de31d4acbce4db
[INFO] [stdout]                                at /rustc/53fd98ca776cb875bc9e5514f56b52eb74f9e7a9/library/core/src/panicking.rs:92:14
[INFO] [stdout]   15:     0x55c1b530581d - core::panicking::panic::h8a6bc58a21c6c095
[INFO] [stdout]                                at /rustc/53fd98ca776cb875bc9e5514f56b52eb74f9e7a9/library/core/src/panicking.rs:50:5
[INFO] [stdout]   16:     0x55c1b531495e - recurse::ops::path::tests::test_get_absolute_filepath_good_path::h71f3438de703b3c3
[INFO] [stdout]                                at /opt/rustwide/workdir/src/ops/path.rs:75:9
[INFO] [stdout]   17:     0x55c1b53147ca - recurse::ops::path::tests::test_get_absolute_filepath_good_path::{{closure}}::hb443b9f9884deb70
[INFO] [stdout]                                at /opt/rustwide/workdir/src/ops/path.rs:72:5
[INFO] [stdout]   18:     0x55c1b531150e - core::ops::function::FnOnce::call_once::h6604ffc3ff02a6d0
[INFO] [stdout]                                at /rustc/53fd98ca776cb875bc9e5514f56b52eb74f9e7a9/library/core/src/ops/function.rs:227:5
[INFO] [stdout]   19:     0x55c1b535d4c3 - core::ops::function::FnOnce::call_once::hbb52c4519d3137b0
[INFO] [stdout]                                at /rustc/53fd98ca776cb875bc9e5514f56b52eb74f9e7a9/library/core/src/ops/function.rs:227:5
[INFO] [stdout]   20:     0x55c1b535d4c3 - test::__rust_begin_short_backtrace::h86fe3a2a5a5121af
[INFO] [stdout]                                at /rustc/53fd98ca776cb875bc9e5514f56b52eb74f9e7a9/library/test/src/lib.rs:578:5
[INFO] [stdout]   21:     0x55c1b535bf78 - <alloc::boxed::Box<F,A> as core::ops::function::FnOnce<Args>>::call_once::hfd956bc3d57399be
[INFO] [stdout]                                at /rustc/53fd98ca776cb875bc9e5514f56b52eb74f9e7a9/library/alloc/src/boxed.rs:1572:9
[INFO] [stdout]   22:     0x55c1b535bf78 - <std::panic::AssertUnwindSafe<F> as core::ops::function::FnOnce<()>>::call_once::h40dc93e0ddb5938a
[INFO] [stdout]                                at /rustc/53fd98ca776cb875bc9e5514f56b52eb74f9e7a9/library/std/src/panic.rs:347:9
[INFO] [stdout]   23:     0x55c1b535bf78 - std::panicking::try::do_call::h90d07750cb47c562
[INFO] [stdout]                                at /rustc/53fd98ca776cb875bc9e5514f56b52eb74f9e7a9/library/std/src/panicking.rs:401:40
[INFO] [stdout]   24:     0x55c1b535bf78 - std::panicking::try::h063c84733ad2a629
[INFO] [stdout]                                at /rustc/53fd98ca776cb875bc9e5514f56b52eb74f9e7a9/library/std/src/panicking.rs:365:19
[INFO] [stdout]   25:     0x55c1b535bf78 - std::panic::catch_unwind::h0c464836a84e7c08
[INFO] [stdout]                                at /rustc/53fd98ca776cb875bc9e5514f56b52eb74f9e7a9/library/std/src/panic.rs:434:14
[INFO] [stdout]   26:     0x55c1b535bf78 - test::run_test_in_process::h5cb06ef620b157fc
[INFO] [stdout]                                at /rustc/53fd98ca776cb875bc9e5514f56b52eb74f9e7a9/library/test/src/lib.rs:601:18
[INFO] [stdout]   27:     0x55c1b535bf78 - test::run_test::run_test_inner::{{closure}}::h76f677f4b93f9828
[INFO] [stdout]                                at /rustc/53fd98ca776cb875bc9e5514f56b52eb74f9e7a9/library/test/src/lib.rs:493:39
[INFO] [stdout]   28:     0x55c1b532a70d - test::run_test::run_test_inner::{{closure}}::h366d01fe04f4d67a
[INFO] [stdout]                                at /rustc/53fd98ca776cb875bc9e5514f56b52eb74f9e7a9/library/test/src/lib.rs:520:37
[INFO] [stdout]   29:     0x55c1b532a70d - std::sys_common::backtrace::__rust_begin_short_backtrace::h7dfa0de4eb395af2
[INFO] [stdout]                                at /rustc/53fd98ca776cb875bc9e5514f56b52eb74f9e7a9/library/std/src/sys_common/backtrace.rs:125:18
[INFO] [stdout]   30:     0x55c1b532eed8 - std::thread::Builder::spawn_unchecked::{{closure}}::{{closure}}::hf0a74bb58798037f
[INFO] [stdout]                                at /rustc/53fd98ca776cb875bc9e5514f56b52eb74f9e7a9/library/std/src/thread/mod.rs:476:17
[INFO] [stdout]   31:     0x55c1b532eed8 - <std::panic::AssertUnwindSafe<F> as core::ops::function::FnOnce<()>>::call_once::hb024e854818586ac
[INFO] [stdout]                                at /rustc/53fd98ca776cb875bc9e5514f56b52eb74f9e7a9/library/std/src/panic.rs:347:9
[INFO] [stdout]   32:     0x55c1b532eed8 - std::panicking::try::do_call::hb2dd9f1d0d48e41d
[INFO] [stdout]                                at /rustc/53fd98ca776cb875bc9e5514f56b52eb74f9e7a9/library/std/src/panicking.rs:401:40
[INFO] [stdout]   33:     0x55c1b532eed8 - std::panicking::try::h4717ae7bac8b2bf3
[INFO] [stdout]                                at /rustc/53fd98ca776cb875bc9e5514f56b52eb74f9e7a9/library/std/src/panicking.rs:365:19
[INFO] [stdout]   34:     0x55c1b532eed8 - std::panic::catch_unwind::h0dc8a061326ce8d8
[INFO] [stdout]                                at /rustc/53fd98ca776cb875bc9e5514f56b52eb74f9e7a9/library/std/src/panic.rs:434:14
[INFO] [stdout]   35:     0x55c1b532eed8 - std::thread::Builder::spawn_unchecked::{{closure}}::haa369e2d6fd00aa1
[INFO] [stdout]                                at /rustc/53fd98ca776cb875bc9e5514f56b52eb74f9e7a9/library/std/src/thread/mod.rs:475:30
[INFO] [stdout]   36:     0x55c1b532eed8 - core::ops::function::FnOnce::call_once{{vtable.shim}}::h36dcf3de8b056f17
[INFO] [stdout]                                at /rustc/53fd98ca776cb875bc9e5514f56b52eb74f9e7a9/library/core/src/ops/function.rs:227:5
[INFO] [stdout]   37:     0x55c1b5554037 - <alloc::boxed::Box<F,A> as core::ops::function::FnOnce<Args>>::call_once::h65c29e4642be2358
[INFO] [stdout]                                at /rustc/53fd98ca776cb875bc9e5514f56b52eb74f9e7a9/library/alloc/src/boxed.rs:1572:9
[INFO] [stdout]   38:     0x55c1b5554037 - <alloc::boxed::Box<F,A> as core::ops::function::FnOnce<Args>>::call_once::hd0f8f7fbbd9fffbf
[INFO] [stdout]                                at /rustc/53fd98ca776cb875bc9e5514f56b52eb74f9e7a9/library/alloc/src/boxed.rs:1572:9
[INFO] [stdout]   39:     0x55c1b5554037 - std::sys::unix::thread::Thread::new::thread_start::h2fd22fee3ca77b65
[INFO] [stdout]                                at /rustc/53fd98ca776cb875bc9e5514f56b52eb74f9e7a9/library/std/src/sys/unix/thread.rs:74:17
[INFO] [stdout]   40:     0x7f508d2dd609 - start_thread
[INFO] [stdout]   41:     0x7f508d0b5293 - clone
[INFO] [stdout]   42:                0x0 - <unknown>
[INFO] [stdout] 
[INFO] [stdout] 
[INFO] [stdout] failures:
[INFO] [stdout]     ops::path::tests::test_get_absolute_filepath_good_path
[INFO] [stdout] 
[INFO] [stdout] test result: FAILED. 61 passed; 1 failed; 0 ignored; 0 measured; 0 filtered out; finished in 0.07s
[INFO] [stdout] 
[INFO] [stderr] error: test failed, to rerun pass '--lib'
[INFO] running `Command { std: "docker" "inspect" "97861749f06039af131b772e32dac1a13b1144e03c14147b70f97a64269b5a5c", kill_on_drop: false }`
[INFO] running `Command { std: "docker" "rm" "-f" "97861749f06039af131b772e32dac1a13b1144e03c14147b70f97a64269b5a5c", kill_on_drop: false }`
[INFO] [stdout] 97861749f06039af131b772e32dac1a13b1144e03c14147b70f97a64269b5a5c
