[INFO] fetching crate rdest 0.1.0...
[INFO] testing rdest-0.1.0 against 1.54.0 for beta-1.55-1
[INFO] extracting crate rdest 0.1.0 into /workspace/builds/worker-13/source
[INFO] validating manifest of crates.io crate rdest 0.1.0 on toolchain 1.54.0
[INFO] running `Command { std: "/workspace/cargo-home/bin/cargo" "+1.54.0" "metadata" "--manifest-path" "Cargo.toml" "--no-deps", kill_on_drop: false }`
[INFO] started tweaking crates.io crate rdest 0.1.0
[INFO] finished tweaking crates.io crate rdest 0.1.0
[INFO] tweaked toml for crates.io crate rdest 0.1.0 written to /workspace/builds/worker-13/source/Cargo.toml
[INFO] crate crates.io crate rdest 0.1.0 already has a lockfile, it will not be regenerated
[INFO] running `Command { std: "/workspace/cargo-home/bin/cargo" "+1.54.0" "fetch" "--manifest-path" "Cargo.toml", kill_on_drop: false }`
[INFO] running `Command { std: "docker" "create" "-v" "/var/lib/crater-agent-workspace/builds/worker-13/target:/opt/rustwide/target:rw,Z" "-v" "/var/lib/crater-agent-workspace/builds/worker-13/source:/opt/rustwide/workdir:ro,Z" "-v" "/var/lib/crater-agent-workspace/cargo-home:/opt/rustwide/cargo-home:ro,Z" "-v" "/var/lib/crater-agent-workspace/rustup-home:/opt/rustwide/rustup-home:ro,Z" "-e" "SOURCE_DIR=/opt/rustwide/workdir" "-e" "CARGO_TARGET_DIR=/opt/rustwide/target" "-e" "CARGO_HOME=/opt/rustwide/cargo-home" "-e" "RUSTUP_HOME=/opt/rustwide/rustup-home" "-w" "/opt/rustwide/workdir" "-m" "1610612736" "--user" "0:0" "--network" "none" "ghcr.io/rust-lang/crates-build-env/linux@sha256:34b6a614d2c27851fe6cbf88fbd1137609cefab8b10d0615aaeb6fd47975d74e" "/opt/rustwide/cargo-home/bin/cargo" "+1.54.0" "metadata" "--no-deps" "--format-version=1", kill_on_drop: false }`
[INFO] [stdout] caff619cc3bc8f107320e16f62f7b4b04336d63edf0549617c0fb132b5f32349
[INFO] running `Command { std: "docker" "start" "-a" "caff619cc3bc8f107320e16f62f7b4b04336d63edf0549617c0fb132b5f32349", kill_on_drop: false }`
[INFO] running `Command { std: "docker" "inspect" "caff619cc3bc8f107320e16f62f7b4b04336d63edf0549617c0fb132b5f32349", kill_on_drop: false }`
[INFO] running `Command { std: "docker" "rm" "-f" "caff619cc3bc8f107320e16f62f7b4b04336d63edf0549617c0fb132b5f32349", kill_on_drop: false }`
[INFO] [stdout] caff619cc3bc8f107320e16f62f7b4b04336d63edf0549617c0fb132b5f32349
[INFO] running `Command { std: "docker" "create" "-v" "/var/lib/crater-agent-workspace/builds/worker-13/target:/opt/rustwide/target:rw,Z" "-v" "/var/lib/crater-agent-workspace/builds/worker-13/source:/opt/rustwide/workdir:ro,Z" "-v" "/var/lib/crater-agent-workspace/cargo-home:/opt/rustwide/cargo-home:ro,Z" "-v" "/var/lib/crater-agent-workspace/rustup-home:/opt/rustwide/rustup-home:ro,Z" "-e" "SOURCE_DIR=/opt/rustwide/workdir" "-e" "CARGO_TARGET_DIR=/opt/rustwide/target" "-e" "CARGO_INCREMENTAL=0" "-e" "RUST_BACKTRACE=full" "-e" "RUSTFLAGS=--cap-lints=warn" "-e" "CARGO_HOME=/opt/rustwide/cargo-home" "-e" "RUSTUP_HOME=/opt/rustwide/rustup-home" "-w" "/opt/rustwide/workdir" "-m" "1610612736" "--user" "0:0" "--network" "none" "ghcr.io/rust-lang/crates-build-env/linux@sha256:34b6a614d2c27851fe6cbf88fbd1137609cefab8b10d0615aaeb6fd47975d74e" "/opt/rustwide/cargo-home/bin/cargo" "+1.54.0" "build" "--frozen" "--message-format=json", kill_on_drop: false }`
[INFO] [stdout] 5d1da4a138daac1f52b69142507bac09f976a019ebf98f5b7a6d9ce294cd2eae
[INFO] running `Command { std: "docker" "start" "-a" "5d1da4a138daac1f52b69142507bac09f976a019ebf98f5b7a6d9ce294cd2eae", kill_on_drop: false }`
[INFO] [stderr]    Compiling libc v0.2.94
[INFO] [stderr]    Compiling proc-macro2 v1.0.26
[INFO] [stderr]    Compiling syn v1.0.71
[INFO] [stderr]    Compiling cc v1.0.67
[INFO] [stderr]    Compiling slab v0.4.3
[INFO] [stderr]    Compiling futures-core v0.3.14
[INFO] [stderr]    Compiling openssl v0.10.34
[INFO] [stderr]    Compiling futures-task v0.3.14
[INFO] [stderr]    Compiling httparse v1.4.0
[INFO] [stderr]    Compiling hashbrown v0.9.1
[INFO] [stderr]    Compiling futures-sink v0.3.14
[INFO] [stderr]    Compiling serde v1.0.125
[INFO] [stderr]    Compiling openssl-probe v0.1.2
[INFO] [stderr]    Compiling unicode-segmentation v1.7.1
[INFO] [stderr]    Compiling vec_map v0.8.2
[INFO] [stderr]    Compiling strsim v0.8.0
[INFO] [stderr]    Compiling ansi_term v0.11.0
[INFO] [stderr]    Compiling ipnet v2.3.0
[INFO] [stderr]    Compiling numtoa v0.1.0
[INFO] [stderr]    Compiling sha1 v0.6.0
[INFO] [stderr]    Compiling indexmap v1.6.2
[INFO] [stderr]    Compiling proc-macro-error-attr v1.0.4
[INFO] [stderr]    Compiling tinyvec v1.2.0
[INFO] [stderr]    Compiling proc-macro-error v1.0.4
[INFO] [stderr]    Compiling textwrap v0.11.0
[INFO] [stderr]    Compiling tracing v0.1.26
[INFO] [stderr]    Compiling want v0.3.0
[INFO] [stderr]    Compiling heck v0.3.2
[INFO] [stderr]    Compiling futures-util v0.3.14
[INFO] [stderr]    Compiling futures-channel v0.3.14
[INFO] [stderr]    Compiling unicode-normalization v0.1.17
[INFO] [stderr]    Compiling net2 v0.2.37
[INFO] [stderr]    Compiling iovec v0.1.4
[INFO] [stderr]    Compiling num_cpus v1.13.0
[INFO] [stderr]    Compiling signal-hook-registry v1.3.0
[INFO] [stderr]    Compiling socket2 v0.3.19
[INFO] [stderr]    Compiling atty v0.2.14
[INFO] [stderr]    Compiling rand_os v0.1.3
[INFO] [stderr]    Compiling termion v1.5.6
[INFO] [stderr]    Compiling quote v1.0.9
[INFO] [stderr]    Compiling clap v2.33.3
[INFO] [stderr]    Compiling rand v0.6.5
[INFO] [stderr]    Compiling mio v0.6.23
[INFO] [stderr]    Compiling openssl-sys v0.9.62
[INFO] [stderr]    Compiling idna v0.2.3
[INFO] [stderr]    Compiling mio-uds v0.6.8
[INFO] [stderr]    Compiling url v2.2.1
[INFO] [stderr]    Compiling native-tls v0.2.7
[INFO] [stderr]    Compiling serde_urlencoded v0.7.0
[INFO] [stderr]    Compiling tokio-macros v0.2.6
[INFO] [stderr]    Compiling pin-project-internal v1.0.7
[INFO] [stderr]    Compiling structopt-derive v0.4.14
[INFO] [stderr]    Compiling num-derive v0.3.3
[INFO] [stderr]    Compiling tokio v0.2.25
[INFO] [stderr]    Compiling structopt v0.3.21
[INFO] [stderr]    Compiling pin-project v1.0.7
[INFO] [stderr]    Compiling tracing-futures v0.2.5
[INFO] [stderr]    Compiling tokio-util v0.3.1
[INFO] [stderr]    Compiling tokio-tls v0.3.1
[INFO] [stderr]    Compiling h2 v0.2.7
[INFO] [stderr]    Compiling hyper v0.13.10
[INFO] [stderr]    Compiling hyper-tls v0.4.3
[INFO] [stderr]    Compiling reqwest v0.10.10
[INFO] [stderr]    Compiling rdest v0.1.0 (/opt/rustwide/workdir)
[INFO] [stderr]     Finished dev [unoptimized + debuginfo] target(s) in 1m 09s
[INFO] running `Command { std: "docker" "inspect" "5d1da4a138daac1f52b69142507bac09f976a019ebf98f5b7a6d9ce294cd2eae", kill_on_drop: false }`
[INFO] running `Command { std: "docker" "rm" "-f" "5d1da4a138daac1f52b69142507bac09f976a019ebf98f5b7a6d9ce294cd2eae", kill_on_drop: false }`
[INFO] [stdout] 5d1da4a138daac1f52b69142507bac09f976a019ebf98f5b7a6d9ce294cd2eae
[INFO] running `Command { std: "docker" "create" "-v" "/var/lib/crater-agent-workspace/builds/worker-13/target:/opt/rustwide/target:rw,Z" "-v" "/var/lib/crater-agent-workspace/builds/worker-13/source:/opt/rustwide/workdir:ro,Z" "-v" "/var/lib/crater-agent-workspace/cargo-home:/opt/rustwide/cargo-home:ro,Z" "-v" "/var/lib/crater-agent-workspace/rustup-home:/opt/rustwide/rustup-home:ro,Z" "-e" "SOURCE_DIR=/opt/rustwide/workdir" "-e" "CARGO_TARGET_DIR=/opt/rustwide/target" "-e" "CARGO_INCREMENTAL=0" "-e" "RUST_BACKTRACE=full" "-e" "RUSTFLAGS=--cap-lints=warn" "-e" "CARGO_HOME=/opt/rustwide/cargo-home" "-e" "RUSTUP_HOME=/opt/rustwide/rustup-home" "-w" "/opt/rustwide/workdir" "-m" "1610612736" "--user" "0:0" "--network" "none" "ghcr.io/rust-lang/crates-build-env/linux@sha256:34b6a614d2c27851fe6cbf88fbd1137609cefab8b10d0615aaeb6fd47975d74e" "/opt/rustwide/cargo-home/bin/cargo" "+1.54.0" "test" "--frozen" "--no-run" "--message-format=json", kill_on_drop: false }`
[INFO] [stdout] 282d179d2130d5bcc337fa7d0aac00b2ceecadc933cce5d79aa36e1239ed3c84
[INFO] running `Command { std: "docker" "start" "-a" "282d179d2130d5bcc337fa7d0aac00b2ceecadc933cce5d79aa36e1239ed3c84", kill_on_drop: false }`
[INFO] [stderr]    Compiling rdest v0.1.0 (/opt/rustwide/workdir)
[INFO] [stderr]     Finished test [unoptimized + debuginfo] target(s) in 2.47s
[INFO] running `Command { std: "docker" "inspect" "282d179d2130d5bcc337fa7d0aac00b2ceecadc933cce5d79aa36e1239ed3c84", kill_on_drop: false }`
[INFO] running `Command { std: "docker" "rm" "-f" "282d179d2130d5bcc337fa7d0aac00b2ceecadc933cce5d79aa36e1239ed3c84", kill_on_drop: false }`
[INFO] [stdout] 282d179d2130d5bcc337fa7d0aac00b2ceecadc933cce5d79aa36e1239ed3c84
[INFO] running `Command { std: "docker" "create" "-v" "/var/lib/crater-agent-workspace/builds/worker-13/target:/opt/rustwide/target:rw,Z" "-v" "/var/lib/crater-agent-workspace/builds/worker-13/source:/opt/rustwide/workdir:ro,Z" "-v" "/var/lib/crater-agent-workspace/cargo-home:/opt/rustwide/cargo-home:ro,Z" "-v" "/var/lib/crater-agent-workspace/rustup-home:/opt/rustwide/rustup-home:ro,Z" "-e" "SOURCE_DIR=/opt/rustwide/workdir" "-e" "CARGO_TARGET_DIR=/opt/rustwide/target" "-e" "CARGO_INCREMENTAL=0" "-e" "RUST_BACKTRACE=full" "-e" "RUSTFLAGS=--cap-lints=warn" "-e" "CARGO_HOME=/opt/rustwide/cargo-home" "-e" "RUSTUP_HOME=/opt/rustwide/rustup-home" "-w" "/opt/rustwide/workdir" "-m" "1610612736" "--user" "0:0" "--network" "none" "ghcr.io/rust-lang/crates-build-env/linux@sha256:34b6a614d2c27851fe6cbf88fbd1137609cefab8b10d0615aaeb6fd47975d74e" "/opt/rustwide/cargo-home/bin/cargo" "+1.54.0" "test" "--frozen", kill_on_drop: false }`
[INFO] [stdout] 03e0e1b777f3237df171e0ec167a899b9f36605dd519c2503487aba3ac926691
[INFO] running `Command { std: "docker" "start" "-a" "03e0e1b777f3237df171e0ec167a899b9f36605dd519c2503487aba3ac926691", kill_on_drop: false }`
[INFO] [stderr]     Finished test [unoptimized + debuginfo] target(s) in 0.06s
[INFO] [stderr]      Running unittests (/opt/rustwide/target/debug/deps/rdest-347f900a9ec4fd30)
[INFO] [stdout] 
[INFO] [stdout] running 0 tests
[INFO] [stdout] 
[INFO] [stdout] test result: ok. 0 passed; 0 failed; 0 ignored; 0 measured; 0 filtered out; finished in 0.00s
[INFO] [stdout] 
[INFO] [stderr]      Running unittests (/opt/rustwide/target/debug/deps/rdest-a039f9bb9dfc8176)
[INFO] [stdout] 
[INFO] [stdout] running 0 tests
[INFO] [stdout] 
[INFO] [stdout] test result: ok. 0 passed; 0 failed; 0 ignored; 0 measured; 0 filtered out; finished in 0.00s
[INFO] [stdout] 
[INFO] [stderr]      Running tests/test_bdecoder.rs (/opt/rustwide/target/debug/deps/test_bdecoder-81cfacb67a9ac006)
[INFO] [stdout] 
[INFO] [stdout] running 29 tests
[INFO] [stdout] test byte_str_missing_value ... ok
[INFO] [stdout] test byte_str_not_enough_characters ... ok
[INFO] [stdout] test byte_str_unexpected_end ... ok
[INFO] [stdout] test byte_str_invalid_len_character ... ok
[INFO] [stdout] test byte_str ... ok
[INFO] [stdout] test dict ... ok
[INFO] [stdout] test byte_str_zero_length ... ok
[INFO] [stdout] test dict_key_not_string ... ok
[INFO] [stdout] test dict_odd_number_of_elements ... ok
[INFO] [stdout] test empty_input ... ok
[INFO] [stdout] test empty_string_and_int ... ok
[INFO] [stdout] test incorrect_character ... ok
[INFO] [stdout] test incorrect_value_char_pointer_change ... ok
[INFO] [stdout] test int_above_u32 ... ok
[INFO] [stdout] test int_incorrect_character ... ok
[INFO] [stdout] test int_incorrect_format2 ... ok
[INFO] [stdout] test int_incorrect_format1 ... ok
[INFO] [stdout] test int_incorrect_format3 ... ok
[INFO] [stdout] test int_leading_zero ... ok
[INFO] [stdout] test int_leading_zero_for_negative ... ok
[INFO] [stdout] test int_missing_e ... ok
[INFO] [stdout] test int_missing_value ... ok
[INFO] [stdout] test int_negative ... ok
[INFO] [stdout] test int_positive ... ok
[INFO] [stdout] test int_zero ... ok
[INFO] [stdout] test list_of_ints ... ok
[INFO] [stdout] test list_of_nested_values ... ok
[INFO] [stdout] test list_of_strings ... ok
[INFO] [stdout] test two_ints ... ok
[INFO] [stdout] 
[INFO] [stdout] test result: ok. 29 passed; 0 failed; 0 ignored; 0 measured; 0 filtered out; finished in 0.00s
[INFO] [stdout] 
[INFO] [stderr]      Running tests/test_deep_finder.rs (/opt/rustwide/target/debug/deps/test_deep_finder-c160075cb1cd7cde)
[INFO] [stdout] 
[INFO] [stdout] running 11 tests
[INFO] [stdout] test find_deep_in_sub_dict ... ok
[INFO] [stdout] test find_deep_in_dict_key ... ok
[INFO] [stdout] test find_deep_incorrect_bencode ... ok
[INFO] [stdout] test find_deep_key_as_dict ... ok
[INFO] [stdout] test find_deep_not_found ... ok
[INFO] [stdout] test find_deep_of_last_key ... ok
[INFO] [stdout] test find_raw_dict_value ... ok
[INFO] [stdout] test find_raw_first_find ... ok
[INFO] [stdout] test find_raw_int_value ... ok
[INFO] [stdout] test find_raw_list_value ... ok
[INFO] [stdout] test find_raw_str_value ... ok
[INFO] [stdout] 
[INFO] [stdout] test result: ok. 11 passed; 0 failed; 0 ignored; 0 measured; 0 filtered out; finished in 0.00s
[INFO] [stdout] 
[INFO] [stderr]      Running tests/test_metainfo.rs (/opt/rustwide/target/debug/deps/test_metainfo-ae225f4cac9123e7)
[INFO] [stdout] 
[INFO] [stdout] running 31 tests
[INFO] [stdout] test empty_input_incorrect ... ok
[INFO] [stdout] test find_announce_incorrect ... ok
[INFO] [stdout] test find_files_invalid_dict_path ... ok
[INFO] [stdout] test find_files_empty_list ... ok
[INFO] [stdout] test find_files_incorrect ... ok
[INFO] [stdout] test find_files_invalid_dict_length ... ok
[INFO] [stdout] test find_files_valid_and_invalid_dict ... ok
[INFO] [stdout] test find_length_incorrect ... ok
[INFO] [stdout] test find_announce_ok ... ok
[INFO] [stdout] test find_files_invalid_dict ... ok
[INFO] [stdout] test find_length_incorrect_info ... ok
[INFO] [stdout] test find_length_negative ... ok
[INFO] [stdout] test find_length_ok ... ok
[INFO] [stdout] test find_name_incorrect ... ok
[INFO] [stdout] test find_name_incorrect_info ... ok
[INFO] [stdout] test find_name_ok ... ok
[INFO] [stdout] test find_piece_length_incorrect ... ok
[INFO] [stdout] test find_piece_length_incorrect_info ... ok
[INFO] [stdout] test find_piece_length_negative ... ok
[INFO] [stdout] test find_piece_length_ok ... ok
[INFO] [stdout] test find_pieces_incorrect ... ok
[INFO] [stdout] test find_pieces_incorrect_info ... ok
[INFO] [stdout] test find_pieces_not_divisible ... ok
[INFO] [stdout] test find_pieces_ok ... ok
[INFO] [stdout] test incorrect_bencode ... ok
[INFO] [stdout] test torrent_incorrect ... ok
[INFO] [stdout] test missing_announce ... ok
[INFO] [stdout] test torrent_missing_length_and_files ... ok
[INFO] [stdout] test torrent_with_both_length_and_files ... ok
[INFO] [stdout] test torrent_with_multi_files ... ok
[INFO] [stdout] test torrent_with_one_file ... ok
[INFO] [stdout] 
[INFO] [stdout] test result: ok. 31 passed; 0 failed; 0 ignored; 0 measured; 0 filtered out; finished in 0.00s
[INFO] [stdout] 
[INFO] [stderr]    Doc-tests rdest
[INFO] [stdout] 
[INFO] [stdout] running 10 tests
[INFO] [stdout] test src/metainfo.rs - metainfo::Metainfo::create_file (line 52) - compile ... ok
[INFO] [stdout] test src/lib.rs - (line 15) - compile ... ok
[INFO] [stdout] test src/session.rs - session::Session::new (line 104) - compile ... ok
[INFO] [stdout] test src/session.rs - session::Session::run (line 139) - compile ... ok
[INFO] [stdout] test src/metainfo.rs - metainfo::Metainfo::from_bencode (line 138) ... FAILED
[INFO] [stdout] test src/utils.rs - hashmap (line 14) ... ok
[INFO] [stdout] test src/peer_id.rs - peer_id::generate (line 19) ... ok
[INFO] [stdout] test src/bcodec/deep_finder.rs - bcodec::deep_finder::DeepFinder::find_first (line 180) ... ok
[INFO] [stdout] test src/metainfo.rs - metainfo::Metainfo::from_file (line 121) ... ok
[INFO] [stdout] test src/bcodec/bdecoder.rs - bcodec::bdecoder::BDecoder::from_array (line 24) ... ok
[INFO] [stdout] 
[INFO] [stdout] failures:
[INFO] [stdout] 
[INFO] [stdout] ---- src/metainfo.rs - metainfo::Metainfo::from_bencode (line 138) stdout ----
[INFO] [stdout] error: linking with `cc` failed: exit status: 1
[INFO] [stdout]   |
[INFO] [stdout]   = note: "cc" "-m64" "/tmp/rustdoctestRq7CWc/rust_out.rust_out.7rcbfp3g-cgu.0.rcgu.o" "/tmp/rustdoctestRq7CWc/rust_out.33dyzt1ekirinwy8.rcgu.o" "-Wl,--as-needed" "-L" "/opt/rustwide/target/debug/deps" "-L" "/opt/rustwide/target/debug/deps" "-L" "/opt/rustwide/rustup-home/toolchains/1.54.0-x86_64-unknown-linux-gnu/lib/rustlib/x86_64-unknown-linux-gnu/lib" "-Wl,-Bstatic" "/opt/rustwide/target/debug/deps/librdest-b78e10f65358a4e4.rlib" "/opt/rustwide/target/debug/deps/libreqwest-e6e65e890bc27766.rlib" "/opt/rustwide/target/debug/deps/libhyper_tls-c258944b20cd8382.rlib" "/opt/rustwide/target/debug/deps/libserde_urlencoded-276563f20c033dc2.rlib" "/opt/rustwide/target/debug/deps/libryu-059aa1fbb24cd15e.rlib" "/opt/rustwide/target/debug/deps/libipnet-ea18a4d807066a23.rlib" "/opt/rustwide/target/debug/deps/libtokio_tls-21ab51927b65b679.rlib" "/opt/rustwide/target/debug/deps/libencoding_rs-51e21ce37bda7a9c.rlib" "/opt/rustwide/target/debug/deps/libserde-67d501223e579d48.rlib" "/opt/rustwide/target/debug/deps/libbase64-5c7414cfb92860e8.rlib" "/opt/rustwide/target/debug/deps/libmime_guess-6ab4efc8840367b4.rlib" "/opt/rustwide/target/debug/deps/libunicase-3712d2bec500204b.rlib" "/opt/rustwide/target/debug/deps/libmime-12522ef5c2462da9.rlib" "/opt/rustwide/target/debug/deps/libnative_tls-b74c2ce9dc234eda.rlib" "/opt/rustwide/target/debug/deps/libopenssl_probe-448ee40efb9df675.rlib" "/opt/rustwide/target/debug/deps/libopenssl-68eaf4cf241613f5.rlib" "/opt/rustwide/target/debug/deps/libonce_cell-7362716c75555928.rlib" "/opt/rustwide/target/debug/deps/libbitflags-f89ae4b715176e2d.rlib" "/opt/rustwide/target/debug/deps/libforeign_types-6dd7ccee81750d2f.rlib" "/opt/rustwide/target/debug/deps/libforeign_types_shared-1812f2e1ab1a4883.rlib" "/opt/rustwide/target/debug/deps/libopenssl_sys-12328de8bf4947ef.rlib" "/opt/rustwide/target/debug/deps/libhyper-39ae3b1411d1f089.rlib" "/opt/rustwide/target/debug/deps/libhttparse-e7f992c70c9de934.rlib" "/opt/rustwide/target/debug/deps/libwant-8978c7a581707af0.rlib" "/opt/rustwide/target/debug/deps/libtry_lock-a39996d6fbbee158.rlib" "/opt/rustwide/target/debug/deps/libh2-9681fd0326e40bab.rlib" "/opt/rustwide/target/debug/deps/libtracing_futures-f26fe76bbd95d029.rlib" "/opt/rustwide/target/debug/deps/libindexmap-d2a9cda8e6501683.rlib" "/opt/rustwide/target/debug/deps/libhashbrown-a70fed2d776e2164.rlib" "/opt/rustwide/target/debug/deps/libtokio_util-5c3b79ff880168dd.rlib" "/opt/rustwide/target/debug/deps/libfutures_sink-5ab88a34af58e80b.rlib" "/opt/rustwide/target/debug/deps/libhttpdate-ec1c6030e5d9e9dd.rlib" "/opt/rustwide/target/debug/deps/libsocket2-b4b377eeac7d4e3e.rlib" "/opt/rustwide/target/debug/deps/libtower_service-6686e1e00a5b1c4a.rlib" "/opt/rustwide/target/debug/deps/libfutures_channel-5bad0dc252959d91.rlib" "/opt/rustwide/target/debug/deps/libpin_project-9be96124cf9594a1.rlib" "/opt/rustwide/target/debug/deps/libtracing-032d32813590c6fe.rlib" "/opt/rustwide/target/debug/deps/libtracing_core-0e11f0c341661672.rlib" "/opt/rustwide/target/debug/deps/libfutures_util-12bb98750650c821.rlib" "/opt/rustwide/target/debug/deps/libfutures_task-c37ee52d34b6fc11.rlib" "/opt/rustwide/target/debug/deps/libpin_utils-576e633f12357c97.rlib" "/opt/rustwide/target/debug/deps/libpin_project_lite-9385a627c3f2ae8b.rlib" "/opt/rustwide/target/debug/deps/libhttp_body-3ddfb80e0a847a72.rlib" "/opt/rustwide/target/debug/deps/liburl-7f1bba3b0983a8a4.rlib" "/opt/rustwide/target/debug/deps/libidna-6097a1afc8599f91.rlib" "/opt/rustwide/target/debug/deps/libunicode_normalization-c2b8a3cf75e24167.rlib" "/opt/rustwide/target/debug/deps/libtinyvec-3afe53cee5d40983.rlib" "/opt/rustwide/target/debug/deps/libtinyvec_macros-f6b5563d3767ea26.rlib" "/opt/rustwide/target/debug/deps/libunicode_bidi-cd5d16f1476c6336.rlib" "/opt/rustwide/target/debug/deps/libform_urlencoded-64c48050f569228e.rlib" "/opt/rustwide/target/debug/deps/libpercent_encoding-549c334c22432c49.rlib" "/opt/rustwide/target/debug/deps/libmatches-5bfcef5685786a07.rlib" "/opt/rustwide/target/debug/deps/libhttp-f934d99aebf29821.rlib" "/opt/rustwide/target/debug/deps/libitoa-9ccdb0b3e3d11258.rlib" "/opt/rustwide/target/debug/deps/libbytes-df7cac8fc38da202.rlib" "/opt/rustwide/target/debug/deps/libtermion-3ca5df14544c204b.rlib" "/opt/rustwide/target/debug/deps/libnumtoa-faac197f680f0916.rlib" "/opt/rustwide/target/debug/deps/librand-040b2ce54e7feffb.rlib" "/opt/rustwide/target/debug/deps/librand_xorshift-1b1159265b7ea552.rlib" "/opt/rustwide/target/debug/deps/librand_pcg-17ff6a566d93295e.rlib" "/opt/rustwide/target/debug/deps/librand_hc-7f6d4d4fbf0f1f03.rlib" "/opt/rustwide/target/debug/deps/librand_chacha-1c46fb839c131f1e.rlib" "/opt/rustwide/target/debug/deps/librand_isaac-e7e43fc1773729b6.rlib" "/opt/rustwide/target/debug/deps/librand_core-46bc130fb04fd44b.rlib" "/opt/rustwide/target/debug/deps/librand_os-3c7ed552491ea1f9.rlib" "/opt/rustwide/target/debug/deps/librand_jitter-d8ba8cbd680b44c7.rlib" "/opt/rustwide/target/debug/deps/librand_core-8195e4f9653f651a.rlib" "/opt/rustwide/target/debug/deps/libsha1-2489abe97bc3c064.rlib" "/opt/rustwide/target/debug/deps/libnum_traits-d2f26dc32356e531.rlib" "/opt/rustwide/target/debug/deps/libtokio-478f5a25b450e553.rlib" "/opt/rustwide/target/debug/deps/libsignal_hook_registry-db68ed080209a3fa.rlib" "/opt/rustwide/target/debug/deps/libnum_cpus-4c7ad46d1f41404b.rlib" "/opt/rustwide/target/debug/deps/libmemchr-1f0d97dc9aa3dd56.rlib" "/opt/rustwide/target/debug/deps/libfnv-56e05e18a5751d51.rlib" "/opt/rustwide/target/debug/deps/libmio_uds-3ea1a0380aafc91a.rlib" "/opt/rustwide/target/debug/deps/libmio-8721ce8e81e6363a.rlib" "/opt/rustwide/target/debug/deps/liblog-975203197fcf8dc1.rlib" "/opt/rustwide/target/debug/deps/libcfg_if-38c8a3e888ecb06a.rlib" "/opt/rustwide/target/debug/deps/libslab-26d05b350ac0da07.rlib" "/opt/rustwide/target/debug/deps/libiovec-c1245d2dded6bb46.rlib" "/opt/rustwide/target/debug/deps/libnet2-f92f482519cc9fbf.rlib" "/opt/rustwide/target/debug/deps/libcfg_if-e7a28af79b261e75.rlib" "/opt/rustwide/target/debug/deps/liblibc-65f533c76be0e285.rlib" "/opt/rustwide/target/debug/deps/libfutures_core-587fa28cd89a6b0b.rlib" "/opt/rustwide/target/debug/deps/liblazy_static-5c53d641eb010a81.rlib" "/opt/rustwide/target/debug/deps/libbytes-4adc91177522b7b0.rlib" "/opt/rustwide/target/debug/deps/libpin_project_lite-75b1067fb9bf87bb.rlib" "-Wl,--start-group" "/opt/rustwide/rustup-home/toolchains/1.54.0-x86_64-unknown-linux-gnu/lib/rustlib/x86_64-unknown-linux-gnu/lib/libstd-2420485b9e5ef5e1.rlib" "/opt/rustwide/rustup-home/toolchains/1.54.0-x86_64-unknown-linux-gnu/lib/rustlib/x86_64-unknown-linux-gnu/lib/libpanic_unwind-785e3cb61c4b1960.rlib" "/opt/rustwide/rustup-home/toolchains/1.54.0-x86_64-unknown-linux-gnu/lib/rustlib/x86_64-unknown-linux-gnu/lib/libminiz_oxide-087191a88bdaa22d.rlib" "/opt/rustwide/rustup-home/toolchains/1.54.0-x86_64-unknown-linux-gnu/lib/rustlib/x86_64-unknown-linux-gnu/lib/libadler-9981842c02975178.rlib" "/opt/rustwide/rustup-home/toolchains/1.54.0-x86_64-unknown-linux-gnu/lib/rustlib/x86_64-unknown-linux-gnu/lib/libobject-6fb405869b015fde.rlib" "/opt/rustwide/rustup-home/toolchains/1.54.0-x86_64-unknown-linux-gnu/lib/rustlib/x86_64-unknown-linux-gnu/lib/libaddr2line-d05c5c3c56004b7b.rlib" "/opt/rustwide/rustup-home/toolchains/1.54.0-x86_64-unknown-linux-gnu/lib/rustlib/x86_64-unknown-linux-gnu/lib/libgimli-42d74d2097528b38.rlib" "/opt/rustwide/rustup-home/toolchains/1.54.0-x86_64-unknown-linux-gnu/lib/rustlib/x86_64-unknown-linux-gnu/lib/libstd_detect-fb36534c113d2209.rlib" "/opt/rustwide/rustup-home/toolchains/1.54.0-x86_64-unknown-linux-gnu/lib/rustlib/x86_64-unknown-linux-gnu/lib/librustc_demangle-b56b9042c12b6535.rlib" "/opt/rustwide/rustup-home/toolchains/1.54.0-x86_64-unknown-linux-gnu/lib/rustlib/x86_64-unknown-linux-gnu/lib/libhashbrown-491902d6cb3e76df.rlib" "/opt/rustwide/rustup-home/toolchains/1.54.0-x86_64-unknown-linux-gnu/lib/rustlib/x86_64-unknown-linux-gnu/lib/librustc_std_workspace_alloc-61834e0981b8c367.rlib" "/opt/rustwide/rustup-home/toolchains/1.54.0-x86_64-unknown-linux-gnu/lib/rustlib/x86_64-unknown-linux-gnu/lib/libunwind-f78aa99d613a55bc.rlib" "/opt/rustwide/rustup-home/toolchains/1.54.0-x86_64-unknown-linux-gnu/lib/rustlib/x86_64-unknown-linux-gnu/lib/libcfg_if-53ee54cd7fed2c57.rlib" "/opt/rustwide/rustup-home/toolchains/1.54.0-x86_64-unknown-linux-gnu/lib/rustlib/x86_64-unknown-linux-gnu/lib/liblibc-544ecdbd6cda3c58.rlib" "/opt/rustwide/rustup-home/toolchains/1.54.0-x86_64-unknown-linux-gnu/lib/rustlib/x86_64-unknown-linux-gnu/lib/liballoc-379cc252b6943a79.rlib" "/opt/rustwide/rustup-home/toolchains/1.54.0-x86_64-unknown-linux-gnu/lib/rustlib/x86_64-unknown-linux-gnu/lib/librustc_std_workspace_core-8063eea38dcc5e62.rlib" "/opt/rustwide/rustup-home/toolchains/1.54.0-x86_64-unknown-linux-gnu/lib/rustlib/x86_64-unknown-linux-gnu/lib/libcore-5b228734afae15ee.rlib" "-Wl,--end-group" "/opt/rustwide/rustup-home/toolchains/1.54.0-x86_64-unknown-linux-gnu/lib/rustlib/x86_64-unknown-linux-gnu/lib/libcompiler_builtins-d6c7a399d95d173f.rlib" "-Wl,-Bdynamic" "-lssl" "-lcrypto" "-lgcc_s" "-lutil" "-lrt" "-lpthread" "-lm" "-ldl" "-lc" "-Wl,--eh-frame-hdr" "-Wl,-znoexecstack" "-L" "/opt/rustwide/rustup-home/toolchains/1.54.0-x86_64-unknown-linux-gnu/lib/rustlib/x86_64-unknown-linux-gnu/lib" "-o" "/tmp/rustdoctestRq7CWc/rust_out" "-Wl,--gc-sections" "-pie" "-Wl,-zrelro" "-Wl,-znow" "-nodefaultlibs"
[INFO] [stdout]   = note: collect2: fatal error: ld terminated with signal 9 [Killed]
[INFO] [stdout]           compilation terminated.
[INFO] [stdout]           
[INFO] [stdout] 
[INFO] [stdout] error: aborting due to previous error
[INFO] [stdout] 
[INFO] [stdout] Couldn't compile the test.
[INFO] [stdout] 
[INFO] [stdout] failures:
[INFO] [stdout]     src/metainfo.rs - metainfo::Metainfo::from_bencode (line 138)
[INFO] [stdout] 
[INFO] [stdout] test result: FAILED. 9 passed; 1 failed; 0 ignored; 0 measured; 0 filtered out; finished in 2.58s
[INFO] [stdout] 
[INFO] [stderr] error: test failed, to rerun pass '--doc'
[INFO] running `Command { std: "docker" "inspect" "03e0e1b777f3237df171e0ec167a899b9f36605dd519c2503487aba3ac926691", kill_on_drop: false }`
[INFO] running `Command { std: "docker" "rm" "-f" "03e0e1b777f3237df171e0ec167a899b9f36605dd519c2503487aba3ac926691", kill_on_drop: false }`
[INFO] [stdout] 03e0e1b777f3237df171e0ec167a899b9f36605dd519c2503487aba3ac926691
