[INFO] fetching crate rcalc 0.1.2...
[INFO] testing rcalc-0.1.2 against 1.54.0 for beta-1.55-1
[INFO] extracting crate rcalc 0.1.2 into /workspace/builds/worker-1/source
[INFO] validating manifest of crates.io crate rcalc 0.1.2 on toolchain 1.54.0
[INFO] running `Command { std: "/workspace/cargo-home/bin/cargo" "+1.54.0" "metadata" "--manifest-path" "Cargo.toml" "--no-deps", kill_on_drop: false }`
[INFO] started tweaking crates.io crate rcalc 0.1.2
[INFO] finished tweaking crates.io crate rcalc 0.1.2
[INFO] tweaked toml for crates.io crate rcalc 0.1.2 written to /workspace/builds/worker-1/source/Cargo.toml
[INFO] running `Command { std: "/workspace/cargo-home/bin/cargo" "+1.54.0" "generate-lockfile" "--manifest-path" "Cargo.toml" "-Zno-index-update", kill_on_drop: false }`
[INFO] running `Command { std: "/workspace/cargo-home/bin/cargo" "+1.54.0" "fetch" "--manifest-path" "Cargo.toml", kill_on_drop: false }`
[INFO] [stderr] warning: `panic` setting is ignored for `bench` profile
[INFO] [stderr] warning: profile `doc` is deprecated and has no effect
[INFO] [stderr] warning: `panic` setting is ignored for `test` profile
[INFO] running `Command { std: "docker" "create" "-v" "/var/lib/crater-agent-workspace/builds/worker-1/target:/opt/rustwide/target:rw,Z" "-v" "/var/lib/crater-agent-workspace/builds/worker-1/source:/opt/rustwide/workdir:ro,Z" "-v" "/var/lib/crater-agent-workspace/cargo-home:/opt/rustwide/cargo-home:ro,Z" "-v" "/var/lib/crater-agent-workspace/rustup-home:/opt/rustwide/rustup-home:ro,Z" "-e" "SOURCE_DIR=/opt/rustwide/workdir" "-e" "CARGO_TARGET_DIR=/opt/rustwide/target" "-e" "CARGO_HOME=/opt/rustwide/cargo-home" "-e" "RUSTUP_HOME=/opt/rustwide/rustup-home" "-w" "/opt/rustwide/workdir" "-m" "1610612736" "--user" "0:0" "--network" "none" "ghcr.io/rust-lang/crates-build-env/linux@sha256:34b6a614d2c27851fe6cbf88fbd1137609cefab8b10d0615aaeb6fd47975d74e" "/opt/rustwide/cargo-home/bin/cargo" "+1.54.0" "metadata" "--no-deps" "--format-version=1", kill_on_drop: false }`
[INFO] [stdout] e85286c0b6435b72b6897b1f8660251886de71db3b34f450d4ae429657b62d87
[INFO] running `Command { std: "docker" "start" "-a" "e85286c0b6435b72b6897b1f8660251886de71db3b34f450d4ae429657b62d87", kill_on_drop: false }`
[INFO] running `Command { std: "docker" "inspect" "e85286c0b6435b72b6897b1f8660251886de71db3b34f450d4ae429657b62d87", kill_on_drop: false }`
[INFO] running `Command { std: "docker" "rm" "-f" "e85286c0b6435b72b6897b1f8660251886de71db3b34f450d4ae429657b62d87", kill_on_drop: false }`
[INFO] [stdout] e85286c0b6435b72b6897b1f8660251886de71db3b34f450d4ae429657b62d87
[INFO] running `Command { std: "docker" "create" "-v" "/var/lib/crater-agent-workspace/builds/worker-1/target:/opt/rustwide/target:rw,Z" "-v" "/var/lib/crater-agent-workspace/builds/worker-1/source:/opt/rustwide/workdir:ro,Z" "-v" "/var/lib/crater-agent-workspace/cargo-home:/opt/rustwide/cargo-home:ro,Z" "-v" "/var/lib/crater-agent-workspace/rustup-home:/opt/rustwide/rustup-home:ro,Z" "-e" "SOURCE_DIR=/opt/rustwide/workdir" "-e" "CARGO_TARGET_DIR=/opt/rustwide/target" "-e" "CARGO_INCREMENTAL=0" "-e" "RUST_BACKTRACE=full" "-e" "RUSTFLAGS=--cap-lints=warn" "-e" "CARGO_HOME=/opt/rustwide/cargo-home" "-e" "RUSTUP_HOME=/opt/rustwide/rustup-home" "-w" "/opt/rustwide/workdir" "-m" "1610612736" "--user" "0:0" "--network" "none" "ghcr.io/rust-lang/crates-build-env/linux@sha256:34b6a614d2c27851fe6cbf88fbd1137609cefab8b10d0615aaeb6fd47975d74e" "/opt/rustwide/cargo-home/bin/cargo" "+1.54.0" "build" "--frozen" "--message-format=json", kill_on_drop: false }`
[INFO] [stdout] fb2cf4b342e11e9732abf81897cd4e20e899c13359c7c3b09b2e2c70e5b9fd9b
[INFO] running `Command { std: "docker" "start" "-a" "fb2cf4b342e11e9732abf81897cd4e20e899c13359c7c3b09b2e2c70e5b9fd9b", kill_on_drop: false }`
[INFO] [stderr] warning: `panic` setting is ignored for `bench` profile
[INFO] [stderr] warning: profile `doc` is deprecated and has no effect
[INFO] [stderr] warning: `panic` setting is ignored for `test` profile
[INFO] [stderr]    Compiling bitflags v0.4.0
[INFO] [stderr]    Compiling unicode-width v0.1.8
[INFO] [stderr]    Compiling encode_unicode v0.1.3
[INFO] [stderr]    Compiling libc v0.2.98
[INFO] [stderr]    Compiling nix v0.5.1
[INFO] [stderr]    Compiling rustyline v1.0.0
[INFO] [stderr]    Compiling rcalc v0.1.2 (/opt/rustwide/workdir)
[INFO] [stderr]     Finished dev [unoptimized + debuginfo] target(s) in 4.14s
[INFO] running `Command { std: "docker" "inspect" "fb2cf4b342e11e9732abf81897cd4e20e899c13359c7c3b09b2e2c70e5b9fd9b", kill_on_drop: false }`
[INFO] running `Command { std: "docker" "rm" "-f" "fb2cf4b342e11e9732abf81897cd4e20e899c13359c7c3b09b2e2c70e5b9fd9b", kill_on_drop: false }`
[INFO] [stdout] fb2cf4b342e11e9732abf81897cd4e20e899c13359c7c3b09b2e2c70e5b9fd9b
[INFO] running `Command { std: "docker" "create" "-v" "/var/lib/crater-agent-workspace/builds/worker-1/target:/opt/rustwide/target:rw,Z" "-v" "/var/lib/crater-agent-workspace/builds/worker-1/source:/opt/rustwide/workdir:ro,Z" "-v" "/var/lib/crater-agent-workspace/cargo-home:/opt/rustwide/cargo-home:ro,Z" "-v" "/var/lib/crater-agent-workspace/rustup-home:/opt/rustwide/rustup-home:ro,Z" "-e" "SOURCE_DIR=/opt/rustwide/workdir" "-e" "CARGO_TARGET_DIR=/opt/rustwide/target" "-e" "CARGO_INCREMENTAL=0" "-e" "RUST_BACKTRACE=full" "-e" "RUSTFLAGS=--cap-lints=warn" "-e" "CARGO_HOME=/opt/rustwide/cargo-home" "-e" "RUSTUP_HOME=/opt/rustwide/rustup-home" "-w" "/opt/rustwide/workdir" "-m" "1610612736" "--user" "0:0" "--network" "none" "ghcr.io/rust-lang/crates-build-env/linux@sha256:34b6a614d2c27851fe6cbf88fbd1137609cefab8b10d0615aaeb6fd47975d74e" "/opt/rustwide/cargo-home/bin/cargo" "+1.54.0" "test" "--frozen" "--no-run" "--message-format=json", kill_on_drop: false }`
[INFO] [stdout] c74cc2f4e661c2664326dade5e7ab04dfa4eb70694a951781e9966b425233348
[INFO] running `Command { std: "docker" "start" "-a" "c74cc2f4e661c2664326dade5e7ab04dfa4eb70694a951781e9966b425233348", kill_on_drop: false }`
[INFO] [stderr] warning: `panic` setting is ignored for `bench` profile
[INFO] [stderr] warning: profile `doc` is deprecated and has no effect
[INFO] [stderr] warning: `panic` setting is ignored for `test` profile
[INFO] [stderr]    Compiling rcalc v0.1.2 (/opt/rustwide/workdir)
[INFO] [stderr]     Finished test [unoptimized + debuginfo] target(s) in 0.49s
[INFO] running `Command { std: "docker" "inspect" "c74cc2f4e661c2664326dade5e7ab04dfa4eb70694a951781e9966b425233348", kill_on_drop: false }`
[INFO] running `Command { std: "docker" "rm" "-f" "c74cc2f4e661c2664326dade5e7ab04dfa4eb70694a951781e9966b425233348", kill_on_drop: false }`
[INFO] [stdout] c74cc2f4e661c2664326dade5e7ab04dfa4eb70694a951781e9966b425233348
[INFO] running `Command { std: "docker" "create" "-v" "/var/lib/crater-agent-workspace/builds/worker-1/target:/opt/rustwide/target:rw,Z" "-v" "/var/lib/crater-agent-workspace/builds/worker-1/source:/opt/rustwide/workdir:ro,Z" "-v" "/var/lib/crater-agent-workspace/cargo-home:/opt/rustwide/cargo-home:ro,Z" "-v" "/var/lib/crater-agent-workspace/rustup-home:/opt/rustwide/rustup-home:ro,Z" "-e" "SOURCE_DIR=/opt/rustwide/workdir" "-e" "CARGO_TARGET_DIR=/opt/rustwide/target" "-e" "CARGO_INCREMENTAL=0" "-e" "RUST_BACKTRACE=full" "-e" "RUSTFLAGS=--cap-lints=warn" "-e" "CARGO_HOME=/opt/rustwide/cargo-home" "-e" "RUSTUP_HOME=/opt/rustwide/rustup-home" "-w" "/opt/rustwide/workdir" "-m" "1610612736" "--user" "0:0" "--network" "none" "ghcr.io/rust-lang/crates-build-env/linux@sha256:34b6a614d2c27851fe6cbf88fbd1137609cefab8b10d0615aaeb6fd47975d74e" "/opt/rustwide/cargo-home/bin/cargo" "+1.54.0" "test" "--frozen", kill_on_drop: false }`
[INFO] [stdout] 4276172bfccd03dd8c3205effac10ea6e8e5cad4aa5d9f219e771ca8ccacca78
[INFO] running `Command { std: "docker" "start" "-a" "4276172bfccd03dd8c3205effac10ea6e8e5cad4aa5d9f219e771ca8ccacca78", kill_on_drop: false }`
[INFO] [stderr] warning: `panic` setting is ignored for `bench` profile
[INFO] [stderr] warning: profile `doc` is deprecated and has no effect
[INFO] [stderr] warning: `panic` setting is ignored for `test` profile
[INFO] [stderr]     Finished test [unoptimized + debuginfo] target(s) in 0.01s
[INFO] [stderr]      Running unittests (/opt/rustwide/target/debug/deps/rcalc-15761167e5686fe7)
[INFO] [stdout] 
[INFO] [stdout] running 0 tests
[INFO] [stdout] 
[INFO] [stdout] test result: ok. 0 passed; 0 failed; 0 ignored; 0 measured; 0 filtered out; finished in 0.00s
[INFO] [stdout] 
[INFO] [stderr]      Running unittests (/opt/rustwide/target/debug/deps/rcalc-b4d513d26602481f)
[INFO] [stdout] 
[INFO] [stderr]      Running tests/gen.rs (/opt/rustwide/target/debug/deps/gen-728f747482b7fa38)
[INFO] [stdout] running 0 tests
[INFO] [stdout] 
[INFO] [stdout] test result: ok. 0 passed; 0 failed; 0 ignored; 0 measured; 0 filtered out; finished in 0.00s
[INFO] [stdout] 
[INFO] [stdout] 
[INFO] [stdout] running 3 tests
[INFO] [stdout] test tests::it_handles_numbers_of_more_than_one_digit ... ok
[INFO] [stdout] test tests::it_does_serial_mathematics ... ok
[INFO] [stdout] test tests::it_handles_whitespace ... ok
[INFO] [stdout] 
[INFO] [stdout] test result: ok. 3 passed; 0 failed; 0 ignored; 0 measured; 0 filtered out; finished in 0.00s
[INFO] [stdout] 
[INFO] [stderr]      Running tests/operators.rs (/opt/rustwide/target/debug/deps/operators-8554db4c38dfb11b)
[INFO] [stdout] 
[INFO] [stdout] running 10 tests
[INFO] [stdout] test operators::division::it_does_division ... ok
[INFO] [stdout] test operators::division::it_does_integer_division ... ok
[INFO] [stdout] test operators::division::it_does_modulo_division ... ok
[INFO] [stdout] test operators::factorial::it_does_factorial ... ok
[INFO] [stdout] test operators::factorial::it_does_factorial_with_even_negative ... ok
[INFO] [stdout] test operators::it_does_addition ... ok
[INFO] [stdout] test operators::it_does_multiplication ... ok
[INFO] [stdout] test operators::factorial::it_does_factorial_with_odd_negative ... ok
[INFO] [stdout] test operators::it_does_subtraction ... ok
[INFO] [stdout] test operators::it_handles_unary_operators ... ok
[INFO] [stdout] 
[INFO] [stdout] test result: ok. 10 passed; 0 failed; 0 ignored; 0 measured; 0 filtered out; finished in 0.00s
[INFO] [stdout] 
[INFO] [stderr]      Running tests/precedence.rs (/opt/rustwide/target/debug/deps/precedence-f774a95b73daa25f)
[INFO] [stdout] 
[INFO] [stdout] running 4 tests
[INFO] [stdout] test precedence::emdas ... ok
[INFO] [stdout] test precedence::femdas ... ok
[INFO] [stdout] test precedence::pfemdas ... ok
[INFO] [stdout] test precedence::mdas ... ok
[INFO] [stdout] 
[INFO] [stdout] test result: ok. 4 passed; 0 failed; 0 ignored; 0 measured; 0 filtered out; finished in 0.00s
[INFO] [stdout] 
[INFO] [stderr]    Doc-tests rcalc
[INFO] [stdout] 
[INFO] [stdout] running 10 tests
[INFO] [stdout] test src/rcalc/ast.rs - rcalc::ast::ASTNode (line 7) ... ignored
[INFO] [stdout] test src/rcalc/lexer.rs - rcalc::lexer::Lexer (line 14) ... ignored
[INFO] [stdout] test src/rcalc/token.rs - rcalc::token::Token (line 18) ... FAILED
[INFO] [stdout] test src/rcalc/ast.rs - rcalc::ast::ASTNode::from (line 24) ... FAILED
[INFO] [stdout] test src/rcalc/parser/parser.rs - rcalc::parser::parser::Parser (line 22) ... FAILED
[INFO] [stdout] test src/rcalc/lexer.rs - rcalc::lexer::Lexer::next_token (line 123) ... FAILED
[INFO] [stdout] test src/rcalc/lexer.rs - rcalc::lexer::Lexer::skip (line 104) ... FAILED
[INFO] [stdout] test src/lib.rs - (line 48) - compile fail ... ok
[INFO] [stdout] test src/lib.rs - (line 34) ... ok
[INFO] [stdout] test src/lib.rs - (line 23) ... ok
[INFO] [stdout] 
[INFO] [stdout] failures:
[INFO] [stdout] 
[INFO] [stdout] ---- src/rcalc/token.rs - rcalc::token::Token (line 18) stdout ----
[INFO] [stdout] error: cannot declare a non-inline module inside a block unless it has a path attribute
[INFO] [stdout]  --> src/rcalc/token.rs:19:1
[INFO] [stdout]   |
[INFO] [stdout] 4 | mod rcalc;
[INFO] [stdout]   | ^^^^^^^^^^
[INFO] [stdout] 
[INFO] [stdout] error: aborting due to previous error
[INFO] [stdout] 
[INFO] [stdout] Couldn't compile the test.
[INFO] [stdout] ---- src/rcalc/ast.rs - rcalc::ast::ASTNode::from (line 24) stdout ----
[INFO] [stdout] error: cannot declare a non-inline module inside a block unless it has a path attribute
[INFO] [stdout]  --> src/rcalc/ast.rs:25:1
[INFO] [stdout]   |
[INFO] [stdout] 4 | mod rcalc;
[INFO] [stdout]   | ^^^^^^^^^^
[INFO] [stdout] 
[INFO] [stdout] error: aborting due to previous error
[INFO] [stdout] 
[INFO] [stdout] Couldn't compile the test.
[INFO] [stdout] ---- src/rcalc/parser/parser.rs - rcalc::parser::parser::Parser (line 22) stdout ----
[INFO] [stdout] error: cannot declare a non-inline module inside a block unless it has a path attribute
[INFO] [stdout]  --> src/rcalc/parser/parser.rs:23:1
[INFO] [stdout]   |
[INFO] [stdout] 4 | mod rcalc;
[INFO] [stdout]   | ^^^^^^^^^^
[INFO] [stdout] 
[INFO] [stdout] error: aborting due to previous error
[INFO] [stdout] 
[INFO] [stdout] Couldn't compile the test.
[INFO] [stdout] ---- src/rcalc/lexer.rs - rcalc::lexer::Lexer::next_token (line 123) stdout ----
[INFO] [stdout] error: cannot declare a non-inline module inside a block unless it has a path attribute
[INFO] [stdout]  --> src/rcalc/lexer.rs:124:1
[INFO] [stdout]   |
[INFO] [stdout] 4 | mod rcalc;
[INFO] [stdout]   | ^^^^^^^^^^
[INFO] [stdout] 
[INFO] [stdout] error: aborting due to previous error
[INFO] [stdout] 
[INFO] [stdout] Couldn't compile the test.
[INFO] [stdout] ---- src/rcalc/lexer.rs - rcalc::lexer::Lexer::skip (line 104) stdout ----
[INFO] [stdout] error: cannot declare a non-inline module inside a block unless it has a path attribute
[INFO] [stdout]  --> src/rcalc/lexer.rs:105:1
[INFO] [stdout]   |
[INFO] [stdout] 4 | mod rcalc;
[INFO] [stdout]   | ^^^^^^^^^^
[INFO] [stdout] 
[INFO] [stdout] error: aborting due to previous error
[INFO] [stdout] 
[INFO] [stdout] Couldn't compile the test.
[INFO] [stdout] 
[INFO] [stdout] failures:
[INFO] [stdout]     src/rcalc/ast.rs - rcalc::ast::ASTNode::from (line 24)
[INFO] [stdout]     src/rcalc/lexer.rs - rcalc::lexer::Lexer::next_token (line 123)
[INFO] [stdout]     src/rcalc/lexer.rs - rcalc::lexer::Lexer::skip (line 104)
[INFO] [stdout]     src/rcalc/parser/parser.rs - rcalc::parser::parser::Parser (line 22)
[INFO] [stdout]     src/rcalc/token.rs - rcalc::token::Token (line 18)
[INFO] [stdout] 
[INFO] [stdout] test result: FAILED. 3 passed; 5 failed; 2 ignored; 0 measured; 0 filtered out; finished in 0.24s
[INFO] [stdout] 
[INFO] [stderr] error: test failed, to rerun pass '--doc'
[INFO] running `Command { std: "docker" "inspect" "4276172bfccd03dd8c3205effac10ea6e8e5cad4aa5d9f219e771ca8ccacca78", kill_on_drop: false }`
[INFO] running `Command { std: "docker" "rm" "-f" "4276172bfccd03dd8c3205effac10ea6e8e5cad4aa5d9f219e771ca8ccacca78", kill_on_drop: false }`
[INFO] [stdout] 4276172bfccd03dd8c3205effac10ea6e8e5cad4aa5d9f219e771ca8ccacca78
