[INFO] fetching crate rbatis_sql 2.0.15...
[INFO] testing rbatis_sql-2.0.15 against 1.54.0 for beta-1.55-1
[INFO] extracting crate rbatis_sql 2.0.15 into /workspace/builds/worker-9/source
[INFO] validating manifest of crates.io crate rbatis_sql 2.0.15 on toolchain 1.54.0
[INFO] running `Command { std: "/workspace/cargo-home/bin/cargo" "+1.54.0" "metadata" "--manifest-path" "Cargo.toml" "--no-deps", kill_on_drop: false }`
[INFO] started tweaking crates.io crate rbatis_sql 2.0.15
[INFO] finished tweaking crates.io crate rbatis_sql 2.0.15
[INFO] tweaked toml for crates.io crate rbatis_sql 2.0.15 written to /workspace/builds/worker-9/source/Cargo.toml
[INFO] running `Command { std: "/workspace/cargo-home/bin/cargo" "+1.54.0" "generate-lockfile" "--manifest-path" "Cargo.toml" "-Zno-index-update", kill_on_drop: false }`
[INFO] running `Command { std: "/workspace/cargo-home/bin/cargo" "+1.54.0" "fetch" "--manifest-path" "Cargo.toml", kill_on_drop: false }`
[INFO] running `Command { std: "docker" "create" "-v" "/var/lib/crater-agent-workspace/builds/worker-9/target:/opt/rustwide/target:rw,Z" "-v" "/var/lib/crater-agent-workspace/builds/worker-9/source:/opt/rustwide/workdir:ro,Z" "-v" "/var/lib/crater-agent-workspace/cargo-home:/opt/rustwide/cargo-home:ro,Z" "-v" "/var/lib/crater-agent-workspace/rustup-home:/opt/rustwide/rustup-home:ro,Z" "-e" "SOURCE_DIR=/opt/rustwide/workdir" "-e" "CARGO_TARGET_DIR=/opt/rustwide/target" "-e" "CARGO_HOME=/opt/rustwide/cargo-home" "-e" "RUSTUP_HOME=/opt/rustwide/rustup-home" "-w" "/opt/rustwide/workdir" "-m" "1610612736" "--user" "0:0" "--network" "none" "ghcr.io/rust-lang/crates-build-env/linux@sha256:34b6a614d2c27851fe6cbf88fbd1137609cefab8b10d0615aaeb6fd47975d74e" "/opt/rustwide/cargo-home/bin/cargo" "+1.54.0" "metadata" "--no-deps" "--format-version=1", kill_on_drop: false }`
[INFO] [stdout] d1563c627caa038389b88f74a0639ea6d74e039860580424459e70183b177214
[INFO] running `Command { std: "docker" "start" "-a" "d1563c627caa038389b88f74a0639ea6d74e039860580424459e70183b177214", kill_on_drop: false }`
[INFO] running `Command { std: "docker" "inspect" "d1563c627caa038389b88f74a0639ea6d74e039860580424459e70183b177214", kill_on_drop: false }`
[INFO] running `Command { std: "docker" "rm" "-f" "d1563c627caa038389b88f74a0639ea6d74e039860580424459e70183b177214", kill_on_drop: false }`
[INFO] [stdout] d1563c627caa038389b88f74a0639ea6d74e039860580424459e70183b177214
[INFO] running `Command { std: "docker" "create" "-v" "/var/lib/crater-agent-workspace/builds/worker-9/target:/opt/rustwide/target:rw,Z" "-v" "/var/lib/crater-agent-workspace/builds/worker-9/source:/opt/rustwide/workdir:ro,Z" "-v" "/var/lib/crater-agent-workspace/cargo-home:/opt/rustwide/cargo-home:ro,Z" "-v" "/var/lib/crater-agent-workspace/rustup-home:/opt/rustwide/rustup-home:ro,Z" "-e" "SOURCE_DIR=/opt/rustwide/workdir" "-e" "CARGO_TARGET_DIR=/opt/rustwide/target" "-e" "CARGO_INCREMENTAL=0" "-e" "RUST_BACKTRACE=full" "-e" "RUSTFLAGS=--cap-lints=warn" "-e" "CARGO_HOME=/opt/rustwide/cargo-home" "-e" "RUSTUP_HOME=/opt/rustwide/rustup-home" "-w" "/opt/rustwide/workdir" "-m" "1610612736" "--user" "0:0" "--network" "none" "ghcr.io/rust-lang/crates-build-env/linux@sha256:34b6a614d2c27851fe6cbf88fbd1137609cefab8b10d0615aaeb6fd47975d74e" "/opt/rustwide/cargo-home/bin/cargo" "+1.54.0" "build" "--frozen" "--message-format=json", kill_on_drop: false }`
[INFO] [stdout] 6b6d11c9ece8774bd9e2729500f002045afe51c8ecf5327bd69e3f1bb86f8551
[INFO] running `Command { std: "docker" "start" "-a" "6b6d11c9ece8774bd9e2729500f002045afe51c8ecf5327bd69e3f1bb86f8551", kill_on_drop: false }`
[INFO] [stderr]    Compiling syn v1.0.74
[INFO] [stderr]    Compiling dashmap v4.0.2
[INFO] [stderr]    Compiling proc-macro-error v1.0.4
[INFO] [stderr]    Compiling pest_generator v2.1.3
[INFO] [stderr]    Compiling serde_derive v1.0.127
[INFO] [stderr]    Compiling structopt-derive v0.4.15
[INFO] [stderr]    Compiling thiserror-impl v1.0.26
[INFO] [stderr]    Compiling pest_derive v2.1.0
[INFO] [stderr]    Compiling async-trait v0.1.51
[INFO] [stderr]    Compiling thiserror v1.0.26
[INFO] [stderr]    Compiling structopt v0.3.22
[INFO] [stderr]    Compiling serde v1.0.127
[INFO] [stderr]    Compiling serde_json v1.0.66
[INFO] [stderr]    Compiling html_parser v0.6.2
[INFO] [stderr]    Compiling rbatis_sql_macro v2.0.15
[INFO] [stderr]    Compiling rbatis_sql v2.0.15 (/opt/rustwide/workdir)
[INFO] [stderr]     Finished dev [unoptimized + debuginfo] target(s) in 34.54s
[INFO] running `Command { std: "docker" "inspect" "6b6d11c9ece8774bd9e2729500f002045afe51c8ecf5327bd69e3f1bb86f8551", kill_on_drop: false }`
[INFO] running `Command { std: "docker" "rm" "-f" "6b6d11c9ece8774bd9e2729500f002045afe51c8ecf5327bd69e3f1bb86f8551", kill_on_drop: false }`
[INFO] [stdout] 6b6d11c9ece8774bd9e2729500f002045afe51c8ecf5327bd69e3f1bb86f8551
[INFO] running `Command { std: "docker" "create" "-v" "/var/lib/crater-agent-workspace/builds/worker-9/target:/opt/rustwide/target:rw,Z" "-v" "/var/lib/crater-agent-workspace/builds/worker-9/source:/opt/rustwide/workdir:ro,Z" "-v" "/var/lib/crater-agent-workspace/cargo-home:/opt/rustwide/cargo-home:ro,Z" "-v" "/var/lib/crater-agent-workspace/rustup-home:/opt/rustwide/rustup-home:ro,Z" "-e" "SOURCE_DIR=/opt/rustwide/workdir" "-e" "CARGO_TARGET_DIR=/opt/rustwide/target" "-e" "CARGO_INCREMENTAL=0" "-e" "RUST_BACKTRACE=full" "-e" "RUSTFLAGS=--cap-lints=warn" "-e" "CARGO_HOME=/opt/rustwide/cargo-home" "-e" "RUSTUP_HOME=/opt/rustwide/rustup-home" "-w" "/opt/rustwide/workdir" "-m" "1610612736" "--user" "0:0" "--network" "none" "ghcr.io/rust-lang/crates-build-env/linux@sha256:34b6a614d2c27851fe6cbf88fbd1137609cefab8b10d0615aaeb6fd47975d74e" "/opt/rustwide/cargo-home/bin/cargo" "+1.54.0" "test" "--frozen" "--no-run" "--message-format=json", kill_on_drop: false }`
[INFO] [stdout] 49152fbfc2f1606394e3be75c4f3d6c1bc55b7fe6f156e91830ad514e69741b8
[INFO] running `Command { std: "docker" "start" "-a" "49152fbfc2f1606394e3be75c4f3d6c1bc55b7fe6f156e91830ad514e69741b8", kill_on_drop: false }`
[INFO] [stderr]    Compiling rbatis_sql v2.0.15 (/opt/rustwide/workdir)
[INFO] [stderr]     Finished test [unoptimized + debuginfo] target(s) in 2.00s
[INFO] running `Command { std: "docker" "inspect" "49152fbfc2f1606394e3be75c4f3d6c1bc55b7fe6f156e91830ad514e69741b8", kill_on_drop: false }`
[INFO] running `Command { std: "docker" "rm" "-f" "49152fbfc2f1606394e3be75c4f3d6c1bc55b7fe6f156e91830ad514e69741b8", kill_on_drop: false }`
[INFO] [stdout] 49152fbfc2f1606394e3be75c4f3d6c1bc55b7fe6f156e91830ad514e69741b8
[INFO] running `Command { std: "docker" "create" "-v" "/var/lib/crater-agent-workspace/builds/worker-9/target:/opt/rustwide/target:rw,Z" "-v" "/var/lib/crater-agent-workspace/builds/worker-9/source:/opt/rustwide/workdir:ro,Z" "-v" "/var/lib/crater-agent-workspace/cargo-home:/opt/rustwide/cargo-home:ro,Z" "-v" "/var/lib/crater-agent-workspace/rustup-home:/opt/rustwide/rustup-home:ro,Z" "-e" "SOURCE_DIR=/opt/rustwide/workdir" "-e" "CARGO_TARGET_DIR=/opt/rustwide/target" "-e" "CARGO_INCREMENTAL=0" "-e" "RUST_BACKTRACE=full" "-e" "RUSTFLAGS=--cap-lints=warn" "-e" "CARGO_HOME=/opt/rustwide/cargo-home" "-e" "RUSTUP_HOME=/opt/rustwide/rustup-home" "-w" "/opt/rustwide/workdir" "-m" "1610612736" "--user" "0:0" "--network" "none" "ghcr.io/rust-lang/crates-build-env/linux@sha256:34b6a614d2c27851fe6cbf88fbd1137609cefab8b10d0615aaeb6fd47975d74e" "/opt/rustwide/cargo-home/bin/cargo" "+1.54.0" "test" "--frozen", kill_on_drop: false }`
[INFO] [stdout] 521ef0ff9b92470a8270ab4f17675d5a41d2fb0427242f7f49933a5bbdf96298
[INFO] running `Command { std: "docker" "start" "-a" "521ef0ff9b92470a8270ab4f17675d5a41d2fb0427242f7f49933a5bbdf96298", kill_on_drop: false }`
[INFO] [stderr]     Finished test [unoptimized + debuginfo] target(s) in 0.05s
[INFO] [stderr]      Running unittests (/opt/rustwide/target/debug/deps/rbatis_sql-ce1964868bd375ca)
[INFO] [stdout] 
[INFO] [stdout] running 1 test
[INFO] [stdout] test error::test_json_error ... ok
[INFO] [stdout] 
[INFO] [stdout] test result: ok. 1 passed; 0 failed; 0 ignored; 0 measured; 0 filtered out; finished in 0.00s
[INFO] [stdout] 
[INFO] [stderr]    Doc-tests rbatis_sql
[INFO] [stdout] 
[INFO] [stdout] running 15 tests
[INFO] [stdout] test src/ops.rs - ops::BitXor::op_bitxor (line 380) ... ok
[INFO] [stdout] test src/ops.rs - ops::Not::op_not (line 326) ... ok
[INFO] [stdout] test src/ops.rs - ops::Mul::op_mul (line 281) ... ok
[INFO] [stdout] test src/ops.rs - ops::Sub::op_sub (line 266) ... ok
[INFO] [stdout] test src/ops.rs - ops::BitOr::op_bitor (line 362) ... ok
[INFO] [stdout] test src/ops.rs - ops::PartialOrd::op_partial_cmp (line 137) ... FAILED
[INFO] [stdout] test src/ops.rs - ops::BitAnd::op_bitand (line 344) ... ok
[INFO] [stdout] test src/ops.rs - ops::PartialOrd::op_partial_cmp (line 152) ... FAILED
[INFO] [stdout] test src/ops.rs - ops::Div::op_div (line 296) ... ok
[INFO] [stdout] test src/ops.rs - ops::Rem::op_rem (line 311) ... ok
[INFO] [stdout] test src/ops.rs - ops::PartialOrd::op_ge (line 224) ... ok
[INFO] [stdout] test src/ops.rs - ops::PartialOrd::op_gt (line 206) ... ok
[INFO] [stdout] test src/ops.rs - ops::Add::op_add (line 249) ... ok
[INFO] [stdout] test src/ops.rs - ops::PartialOrd::op_le (line 183) ... ok
[INFO] [stdout] test src/ops.rs - ops::PartialOrd::op_lt (line 164) ... ok
[INFO] [stdout] 
[INFO] [stdout] failures:
[INFO] [stdout] 
[INFO] [stdout] ---- src/ops.rs - ops::PartialOrd::op_partial_cmp (line 137) stdout ----
[INFO] [stdout] error[E0599]: no method named `op_partial_cmp` found for type `{float}` in the current scope
[INFO] [stdout]  --> src/ops.rs:140:18
[INFO] [stdout]   |
[INFO] [stdout] 5 | let result = 1.0.op_partial_cmp(&2.0);
[INFO] [stdout]   |                  ^^^^^^^^^^^^^^ method not found in `{float}`
[INFO] [stdout] 
[INFO] [stdout] error[E0599]: no method named `op_partial_cmp` found for type `{float}` in the current scope
[INFO] [stdout]  --> src/ops.rs:143:18
[INFO] [stdout]   |
[INFO] [stdout] 8 | let result = 1.0.op_partial_cmp(&1.0);
[INFO] [stdout]   |                  ^^^^^^^^^^^^^^ method not found in `{float}`
[INFO] [stdout] 
[INFO] [stdout] error[E0599]: no method named `op_partial_cmp` found for type `{float}` in the current scope
[INFO] [stdout]   --> src/ops.rs:146:18
[INFO] [stdout]    |
[INFO] [stdout] 11 | let result = 2.0.op_partial_cmp(&1.0);
[INFO] [stdout]    |                  ^^^^^^^^^^^^^^ method not found in `{float}`
[INFO] [stdout] 
[INFO] [stdout] error: aborting due to 3 previous errors
[INFO] [stdout] 
[INFO] [stdout] For more information about this error, try `rustc --explain E0599`.
[INFO] [stdout] Couldn't compile the test.
[INFO] [stdout] ---- src/ops.rs - ops::PartialOrd::op_partial_cmp (line 152) stdout ----
[INFO] [stdout] error[E0599]: no method named `op_partial_cmp` found for type `f64` in the current scope
[INFO] [stdout]  --> src/ops.rs:153:23
[INFO] [stdout]   |
[INFO] [stdout] 3 | let result = f64::NAN.op_partial_cmp(&1.0);
[INFO] [stdout]   |                       ^^^^^^^^^^^^^^ method not found in `f64`
[INFO] [stdout] 
[INFO] [stdout] error: aborting due to previous error
[INFO] [stdout] 
[INFO] [stdout] For more information about this error, try `rustc --explain E0599`.
[INFO] [stdout] Couldn't compile the test.
[INFO] [stdout] 
[INFO] [stdout] failures:
[INFO] [stdout]     src/ops.rs - ops::PartialOrd::op_partial_cmp (line 137)
[INFO] [stdout]     src/ops.rs - ops::PartialOrd::op_partial_cmp (line 152)
[INFO] [stdout] 
[INFO] [stdout] test result: FAILED. 13 passed; 2 failed; 0 ignored; 0 measured; 0 filtered out; finished in 1.88s
[INFO] [stdout] 
[INFO] [stderr] error: test failed, to rerun pass '--doc'
[INFO] running `Command { std: "docker" "inspect" "521ef0ff9b92470a8270ab4f17675d5a41d2fb0427242f7f49933a5bbdf96298", kill_on_drop: false }`
[INFO] running `Command { std: "docker" "rm" "-f" "521ef0ff9b92470a8270ab4f17675d5a41d2fb0427242f7f49933a5bbdf96298", kill_on_drop: false }`
[INFO] [stdout] 521ef0ff9b92470a8270ab4f17675d5a41d2fb0427242f7f49933a5bbdf96298
