[INFO] fetching crate raylib 3.5.0...
[INFO] testing raylib-3.5.0 against 1.54.0 for beta-1.55-1
[INFO] extracting crate raylib 3.5.0 into /workspace/builds/worker-3/source
[INFO] validating manifest of crates.io crate raylib 3.5.0 on toolchain 1.54.0
[INFO] running `Command { std: "/workspace/cargo-home/bin/cargo" "+1.54.0" "metadata" "--manifest-path" "Cargo.toml" "--no-deps", kill_on_drop: false }`
[INFO] started tweaking crates.io crate raylib 3.5.0
[INFO] finished tweaking crates.io crate raylib 3.5.0
[INFO] tweaked toml for crates.io crate raylib 3.5.0 written to /workspace/builds/worker-3/source/Cargo.toml
[INFO] running `Command { std: "/workspace/cargo-home/bin/cargo" "+1.54.0" "generate-lockfile" "--manifest-path" "Cargo.toml" "-Zno-index-update", kill_on_drop: false }`
[INFO] [stderr]     Blocking waiting for file lock on package cache
[INFO] running `Command { std: "/workspace/cargo-home/bin/cargo" "+1.54.0" "fetch" "--manifest-path" "Cargo.toml", kill_on_drop: false }`
[INFO] [stderr]     Blocking waiting for file lock on package cache
[INFO] running `Command { std: "docker" "create" "-v" "/var/lib/crater-agent-workspace/builds/worker-3/target:/opt/rustwide/target:rw,Z" "-v" "/var/lib/crater-agent-workspace/builds/worker-3/source:/opt/rustwide/workdir:ro,Z" "-v" "/var/lib/crater-agent-workspace/cargo-home:/opt/rustwide/cargo-home:ro,Z" "-v" "/var/lib/crater-agent-workspace/rustup-home:/opt/rustwide/rustup-home:ro,Z" "-e" "SOURCE_DIR=/opt/rustwide/workdir" "-e" "CARGO_TARGET_DIR=/opt/rustwide/target" "-e" "CARGO_HOME=/opt/rustwide/cargo-home" "-e" "RUSTUP_HOME=/opt/rustwide/rustup-home" "-w" "/opt/rustwide/workdir" "-m" "1610612736" "--user" "0:0" "--network" "none" "ghcr.io/rust-lang/crates-build-env/linux@sha256:34b6a614d2c27851fe6cbf88fbd1137609cefab8b10d0615aaeb6fd47975d74e" "/opt/rustwide/cargo-home/bin/cargo" "+1.54.0" "metadata" "--no-deps" "--format-version=1", kill_on_drop: false }`
[INFO] [stdout] 74bf25ba12bbd89e72ac4589de98547d9f7d92ab77c3a691f95623a7e4192646
[INFO] running `Command { std: "docker" "start" "-a" "74bf25ba12bbd89e72ac4589de98547d9f7d92ab77c3a691f95623a7e4192646", kill_on_drop: false }`
[INFO] running `Command { std: "docker" "inspect" "74bf25ba12bbd89e72ac4589de98547d9f7d92ab77c3a691f95623a7e4192646", kill_on_drop: false }`
[INFO] running `Command { std: "docker" "rm" "-f" "74bf25ba12bbd89e72ac4589de98547d9f7d92ab77c3a691f95623a7e4192646", kill_on_drop: false }`
[INFO] [stdout] 74bf25ba12bbd89e72ac4589de98547d9f7d92ab77c3a691f95623a7e4192646
[INFO] running `Command { std: "docker" "create" "-v" "/var/lib/crater-agent-workspace/builds/worker-3/target:/opt/rustwide/target:rw,Z" "-v" "/var/lib/crater-agent-workspace/builds/worker-3/source:/opt/rustwide/workdir:ro,Z" "-v" "/var/lib/crater-agent-workspace/cargo-home:/opt/rustwide/cargo-home:ro,Z" "-v" "/var/lib/crater-agent-workspace/rustup-home:/opt/rustwide/rustup-home:ro,Z" "-e" "SOURCE_DIR=/opt/rustwide/workdir" "-e" "CARGO_TARGET_DIR=/opt/rustwide/target" "-e" "CARGO_INCREMENTAL=0" "-e" "RUST_BACKTRACE=full" "-e" "RUSTFLAGS=--cap-lints=warn" "-e" "CARGO_HOME=/opt/rustwide/cargo-home" "-e" "RUSTUP_HOME=/opt/rustwide/rustup-home" "-w" "/opt/rustwide/workdir" "-m" "1610612736" "--user" "0:0" "--network" "none" "ghcr.io/rust-lang/crates-build-env/linux@sha256:34b6a614d2c27851fe6cbf88fbd1137609cefab8b10d0615aaeb6fd47975d74e" "/opt/rustwide/cargo-home/bin/cargo" "+1.54.0" "build" "--frozen" "--message-format=json", kill_on_drop: false }`
[INFO] [stdout] ebab5b9bed468dfd94090bd73c51c3629058d2ca0da687328fb7ae0e89ed5325
[INFO] running `Command { std: "docker" "start" "-a" "ebab5b9bed468dfd94090bd73c51c3629058d2ca0da687328fb7ae0e89ed5325", kill_on_drop: false }`
[INFO] [stderr]    Compiling fs_extra v1.2.0
[INFO] [stderr]    Compiling raylib-sys v3.5.0
[INFO] [stderr]    Compiling raylib v3.5.0 (/opt/rustwide/workdir)
[INFO] [stdout] warning: unnecessary parentheses around block return value
[INFO] [stdout]    --> src/core/math.rs:104:9
[INFO] [stdout]     |
[INFO] [stdout] 104 |         ((self.x * self.x) + (self.y * self.y))
[INFO] [stdout]     |         ^^^^^^^^^^^^^^^^^^^^^^^^^^^^^^^^^^^^^^^ help: remove these parentheses
[INFO] [stdout]     |
[INFO] [stdout]     = note: `#[warn(unused_parens)]` on by default
[INFO] [stdout] 
[INFO] [stdout] 
[INFO] [stdout] warning: unused import: `Vector4`
[INFO] [stdout]  --> src/core/texture.rs:3:36
[INFO] [stdout]   |
[INFO] [stdout] 3 | use crate::core::math::{Rectangle, Vector4};
[INFO] [stdout]   |                                    ^^^^^^^
[INFO] [stdout]   |
[INFO] [stdout]   = note: `#[warn(unused_imports)]` on by default
[INFO] [stdout] 
[INFO] [stdout] 
[INFO] [stdout] warning: variable does not need to be mutable
[INFO] [stdout]    --> src/core/window.rs:541:13
[INFO] [stdout]     |
[INFO] [stdout] 541 |         let mut state = WindowState::default();
[INFO] [stdout]     |             ----^^^^^
[INFO] [stdout]     |             |
[INFO] [stdout]     |             help: remove this `mut`
[INFO] [stdout]     |
[INFO] [stdout]     = note: `#[warn(unused_mut)]` on by default
[INFO] [stdout] 
[INFO] [stdout] 
[INFO] [stdout] warning: 3 warnings emitted
[INFO] [stdout] 
[INFO] [stdout] 
[INFO] [stderr]     Finished dev [unoptimized + debuginfo] target(s) in 30.95s
[INFO] running `Command { std: "docker" "inspect" "ebab5b9bed468dfd94090bd73c51c3629058d2ca0da687328fb7ae0e89ed5325", kill_on_drop: false }`
[INFO] running `Command { std: "docker" "rm" "-f" "ebab5b9bed468dfd94090bd73c51c3629058d2ca0da687328fb7ae0e89ed5325", kill_on_drop: false }`
[INFO] [stdout] ebab5b9bed468dfd94090bd73c51c3629058d2ca0da687328fb7ae0e89ed5325
[INFO] running `Command { std: "docker" "create" "-v" "/var/lib/crater-agent-workspace/builds/worker-3/target:/opt/rustwide/target:rw,Z" "-v" "/var/lib/crater-agent-workspace/builds/worker-3/source:/opt/rustwide/workdir:ro,Z" "-v" "/var/lib/crater-agent-workspace/cargo-home:/opt/rustwide/cargo-home:ro,Z" "-v" "/var/lib/crater-agent-workspace/rustup-home:/opt/rustwide/rustup-home:ro,Z" "-e" "SOURCE_DIR=/opt/rustwide/workdir" "-e" "CARGO_TARGET_DIR=/opt/rustwide/target" "-e" "CARGO_INCREMENTAL=0" "-e" "RUST_BACKTRACE=full" "-e" "RUSTFLAGS=--cap-lints=warn" "-e" "CARGO_HOME=/opt/rustwide/cargo-home" "-e" "RUSTUP_HOME=/opt/rustwide/rustup-home" "-w" "/opt/rustwide/workdir" "-m" "1610612736" "--user" "0:0" "--network" "none" "ghcr.io/rust-lang/crates-build-env/linux@sha256:34b6a614d2c27851fe6cbf88fbd1137609cefab8b10d0615aaeb6fd47975d74e" "/opt/rustwide/cargo-home/bin/cargo" "+1.54.0" "test" "--frozen" "--no-run" "--message-format=json", kill_on_drop: false }`
[INFO] [stdout] 11b7eaf7922e621f1aa0cbd8e58373fdab1317d077bb8d372e482b56d2ad2edf
[INFO] running `Command { std: "docker" "start" "-a" "11b7eaf7922e621f1aa0cbd8e58373fdab1317d077bb8d372e482b56d2ad2edf", kill_on_drop: false }`
[INFO] [stderr]    Compiling raylib v3.5.0 (/opt/rustwide/workdir)
[INFO] [stdout] warning: unnecessary parentheses around block return value
[INFO] [stdout]    --> src/core/math.rs:104:9
[INFO] [stdout]     |
[INFO] [stdout] 104 |         ((self.x * self.x) + (self.y * self.y))
[INFO] [stdout]     |         ^^^^^^^^^^^^^^^^^^^^^^^^^^^^^^^^^^^^^^^ help: remove these parentheses
[INFO] [stdout]     |
[INFO] [stdout]     = note: `#[warn(unused_parens)]` on by default
[INFO] [stdout] 
[INFO] [stdout] 
[INFO] [stdout] warning: unused import: `Vector4`
[INFO] [stdout]  --> src/core/texture.rs:3:36
[INFO] [stdout]   |
[INFO] [stdout] 3 | use crate::core::math::{Rectangle, Vector4};
[INFO] [stdout]   |                                    ^^^^^^^
[INFO] [stdout]   |
[INFO] [stdout]   = note: `#[warn(unused_imports)]` on by default
[INFO] [stdout] 
[INFO] [stdout] 
[INFO] [stdout] warning: variable does not need to be mutable
[INFO] [stdout]    --> src/core/window.rs:541:13
[INFO] [stdout]     |
[INFO] [stdout] 541 |         let mut state = WindowState::default();
[INFO] [stdout]     |             ----^^^^^
[INFO] [stdout]     |             |
[INFO] [stdout]     |             help: remove this `mut`
[INFO] [stdout]     |
[INFO] [stdout]     = note: `#[warn(unused_mut)]` on by default
[INFO] [stdout] 
[INFO] [stdout] 
[INFO] [stdout] warning: 3 warnings emitted
[INFO] [stdout] 
[INFO] [stdout] 
[INFO] [stdout] warning: unnecessary parentheses around block return value
[INFO] [stdout]    --> src/core/math.rs:104:9
[INFO] [stdout]     |
[INFO] [stdout] 104 |         ((self.x * self.x) + (self.y * self.y))
[INFO] [stdout]     |         ^^^^^^^^^^^^^^^^^^^^^^^^^^^^^^^^^^^^^^^ help: remove these parentheses
[INFO] [stdout]     |
[INFO] [stdout]     = note: `#[warn(unused_parens)]` on by default
[INFO] [stdout] 
[INFO] [stdout] 
[INFO] [stdout] warning: unused import: `Vector4`
[INFO] [stdout]  --> src/core/texture.rs:3:36
[INFO] [stdout]   |
[INFO] [stdout] 3 | use crate::core::math::{Rectangle, Vector4};
[INFO] [stdout]   |                                    ^^^^^^^
[INFO] [stdout]   |
[INFO] [stdout]   = note: `#[warn(unused_imports)]` on by default
[INFO] [stdout] 
[INFO] [stdout] 
[INFO] [stdout] warning: variable does not need to be mutable
[INFO] [stdout]    --> src/core/window.rs:541:13
[INFO] [stdout]     |
[INFO] [stdout] 541 |         let mut state = WindowState::default();
[INFO] [stdout]     |             ----^^^^^
[INFO] [stdout]     |             |
[INFO] [stdout]     |             help: remove this `mut`
[INFO] [stdout]     |
[INFO] [stdout]     = note: `#[warn(unused_mut)]` on by default
[INFO] [stdout] 
[INFO] [stdout] 
[INFO] [stdout] warning: 3 warnings emitted
[INFO] [stdout] 
[INFO] [stdout] 
[INFO] [stderr]     Finished test [unoptimized + debuginfo] target(s) in 1.70s
[INFO] running `Command { std: "docker" "inspect" "11b7eaf7922e621f1aa0cbd8e58373fdab1317d077bb8d372e482b56d2ad2edf", kill_on_drop: false }`
[INFO] running `Command { std: "docker" "rm" "-f" "11b7eaf7922e621f1aa0cbd8e58373fdab1317d077bb8d372e482b56d2ad2edf", kill_on_drop: false }`
[INFO] [stdout] 11b7eaf7922e621f1aa0cbd8e58373fdab1317d077bb8d372e482b56d2ad2edf
[INFO] running `Command { std: "docker" "create" "-v" "/var/lib/crater-agent-workspace/builds/worker-3/target:/opt/rustwide/target:rw,Z" "-v" "/var/lib/crater-agent-workspace/builds/worker-3/source:/opt/rustwide/workdir:ro,Z" "-v" "/var/lib/crater-agent-workspace/cargo-home:/opt/rustwide/cargo-home:ro,Z" "-v" "/var/lib/crater-agent-workspace/rustup-home:/opt/rustwide/rustup-home:ro,Z" "-e" "SOURCE_DIR=/opt/rustwide/workdir" "-e" "CARGO_TARGET_DIR=/opt/rustwide/target" "-e" "CARGO_INCREMENTAL=0" "-e" "RUST_BACKTRACE=full" "-e" "RUSTFLAGS=--cap-lints=warn" "-e" "CARGO_HOME=/opt/rustwide/cargo-home" "-e" "RUSTUP_HOME=/opt/rustwide/rustup-home" "-w" "/opt/rustwide/workdir" "-m" "1610612736" "--user" "0:0" "--network" "none" "ghcr.io/rust-lang/crates-build-env/linux@sha256:34b6a614d2c27851fe6cbf88fbd1137609cefab8b10d0615aaeb6fd47975d74e" "/opt/rustwide/cargo-home/bin/cargo" "+1.54.0" "test" "--frozen", kill_on_drop: false }`
[INFO] [stdout] 9b157bc9c4412ced7ca30244043380afc3948a1b93d469d4681098a18245e10c
[INFO] running `Command { std: "docker" "start" "-a" "9b157bc9c4412ced7ca30244043380afc3948a1b93d469d4681098a18245e10c", kill_on_drop: false }`
[INFO] [stderr] warning: unnecessary parentheses around block return value
[INFO] [stderr]    --> src/core/math.rs:104:9
[INFO] [stderr]     |
[INFO] [stderr] 104 |         ((self.x * self.x) + (self.y * self.y))
[INFO] [stderr]     |         ^^^^^^^^^^^^^^^^^^^^^^^^^^^^^^^^^^^^^^^ help: remove these parentheses
[INFO] [stderr]     |
[INFO] [stderr]     = note: `#[warn(unused_parens)]` on by default
[INFO] [stderr] 
[INFO] [stderr] warning: unused import: `Vector4`
[INFO] [stderr]  --> src/core/texture.rs:3:36
[INFO] [stderr]   |
[INFO] [stderr] 3 | use crate::core::math::{Rectangle, Vector4};
[INFO] [stderr]   |                                    ^^^^^^^
[INFO] [stderr]   |
[INFO] [stderr]   = note: `#[warn(unused_imports)]` on by default
[INFO] [stderr] 
[INFO] [stderr] warning: variable does not need to be mutable
[INFO] [stderr]    --> src/core/window.rs:541:13
[INFO] [stderr]     |
[INFO] [stderr] 541 |         let mut state = WindowState::default();
[INFO] [stderr]     |             ----^^^^^
[INFO] [stderr]     |             |
[INFO] [stderr]     |             help: remove this `mut`
[INFO] [stderr]     |
[INFO] [stderr]     = note: `#[warn(unused_mut)]` on by default
[INFO] [stderr] 
[INFO] [stderr] warning: 3 warnings emitted
[INFO] [stderr] 
[INFO] [stderr] warning: unnecessary parentheses around block return value
[INFO] [stderr]    --> src/core/math.rs:104:9
[INFO] [stderr]     |
[INFO] [stderr] 104 |         ((self.x * self.x) + (self.y * self.y))
[INFO] [stderr]     |         ^^^^^^^^^^^^^^^^^^^^^^^^^^^^^^^^^^^^^^^ help: remove these parentheses
[INFO] [stderr]     |
[INFO] [stderr]     = note: `#[warn(unused_parens)]` on by default
[INFO] [stderr] 
[INFO] [stderr] warning: unused import: `Vector4`
[INFO] [stderr]  --> src/core/texture.rs:3:36
[INFO] [stderr]   |
[INFO] [stderr] 3 | use crate::core::math::{Rectangle, Vector4};
[INFO] [stderr]   |                                    ^^^^^^^
[INFO] [stderr]   |
[INFO] [stderr]   = note: `#[warn(unused_imports)]` on by default
[INFO] [stderr] 
[INFO] [stderr] warning: variable does not need to be mutable
[INFO] [stderr]    --> src/core/window.rs:541:13
[INFO] [stderr]     |
[INFO] [stderr] 541 |         let mut state = WindowState::default();
[INFO] [stderr]     |             ----^^^^^
[INFO] [stderr]     |             |
[INFO] [stderr]     |             help: remove this `mut`
[INFO] [stderr]     |
[INFO] [stderr]     = note: `#[warn(unused_mut)]` on by default
[INFO] [stderr] 
[INFO] [stderr] warning: 3 warnings emitted
[INFO] [stderr] 
[INFO] [stderr]     Finished test [unoptimized + debuginfo] target(s) in 0.01s
[INFO] [stderr]      Running unittests (/opt/rustwide/target/debug/deps/raylib-0fc176d86e0d65c7)
[INFO] [stdout] 
[INFO] [stdout] running 2 tests
[INFO] [stdout] test core::logging::test_logging::test_logs ... ok
[INFO] [stderr]    Doc-tests raylib
[INFO] [stdout] test core::math::math_test::test_into ... ok
[INFO] [stdout] 
[INFO] [stdout] test result: ok. 2 passed; 0 failed; 0 ignored; 0 measured; 0 filtered out; finished in 0.00s
[INFO] [stdout] 
[INFO] [stdout] DEBUG: This Is From `test_logs`
[INFO] [stderr] warning: unnecessary parentheses around block return value
[INFO] [stderr]    --> /opt/rustwide/workdir/src/core/math.rs:104:9
[INFO] [stderr]     |
[INFO] [stderr] 104 |         ((self.x * self.x) + (self.y * self.y))
[INFO] [stderr]     |         ^^^^^^^^^^^^^^^^^^^^^^^^^^^^^^^^^^^^^^^ help: remove these parentheses
[INFO] [stderr]     |
[INFO] [stderr]     = note: `#[warn(unused_parens)]` on by default
[INFO] [stderr] 
[INFO] [stdout] 
[INFO] [stderr] warning: 1 warning emitted
[INFO] [stdout] running 12 tests
[INFO] [stderr] 
[INFO] [stdout] test src/core/misc.rs - core::misc::open_url (line 19) ... ignored
[INFO] [stdout] test src/core/misc.rs - core::misc::get_random_value (line 8) ... FAILED
[INFO] [stdout] test src/core/color.rs - core::color::Color::from_hex (line 53) ... ok
[INFO] [stdout] test src/core/data.rs - core::data::compress_data (line 6) ... ok
[INFO] [stdout] test src/core/data.rs - core::data::decompress_data (line 26) ... ok
[INFO] [stdout] test src/core/color.rs - core::color::Color::color_from_normalized (line 262) ... ok
[INFO] [stdout] test src/prelude.rs - prelude (line 23) ... ok
[INFO] [stdout] test src/core/window.rs - core::window::get_camera_matrix2D (line 346) ... ok
[INFO] [stdout] test src/core/window.rs - core::window::get_camera_matrix (line 328) ... ok
[INFO] [stdout] test src/core/window.rs - core::window::get_monitor_info (line 303) ... ok
[INFO] [stdout] test src/core/collision.rs - core::collision::Rectangle::get_collision_rec (line 20) ... ok
[INFO] [stdout] test src/lib.rs - (line 40) ... FAILED
[INFO] [stdout] 
[INFO] [stdout] failures:
[INFO] [stdout] 
[INFO] [stdout] ---- src/core/misc.rs - core::misc::get_random_value (line 8) stdout ----
[INFO] [stdout] error[E0282]: type annotations needed
[INFO] [stdout]  --> src/core/misc.rs:11:9
[INFO] [stdout]   |
[INFO] [stdout] 5 |     let r = get_random_value(0, 10);
[INFO] [stdout]   |         ^ consider giving `r` a type
[INFO] [stdout] 
[INFO] [stdout] error: aborting due to previous error
[INFO] [stdout] 
[INFO] [stdout] For more information about this error, try `rustc --explain E0282`.
[INFO] [stdout] Couldn't compile the test.
[INFO] [stdout] ---- src/lib.rs - (line 40) stdout ----
[INFO] [stdout] Test executable failed (exit code 101).
[INFO] [stdout] 
[INFO] [stdout] stdout:
[INFO] [stdout] INFO: Initializing raylib 3.5
[INFO] [stdout] WARNING: GLFW: Error: 65544 Description: X11: The DISPLAY environment variable is missing
[INFO] [stdout] WARNING: GLFW: Failed to initialize GLFW
[INFO] [stdout] 
[INFO] [stdout] stderr:
[INFO] [stdout] thread 'main' panicked at 'Attempting to create window failed!', src/core/mod.rs:208:13
[INFO] [stdout] stack backtrace:
[INFO] [stdout]    0:     0x5572977faeb0 - std::backtrace_rs::backtrace::libunwind::trace::h34055254b57d8e79
[INFO] [stdout]                                at /rustc/a178d0322ce20e33eac124758e837cbd80a6f633/library/std/src/../../backtrace/src/backtrace/libunwind.rs:90:5
[INFO] [stdout]    1:     0x5572977faeb0 - std::backtrace_rs::backtrace::trace_unsynchronized::h8f1e3fbd9afff6ec
[INFO] [stdout]                                at /rustc/a178d0322ce20e33eac124758e837cbd80a6f633/library/std/src/../../backtrace/src/backtrace/mod.rs:66:5
[INFO] [stdout]    2:     0x5572977faeb0 - std::sys_common::backtrace::_print_fmt::h3a99a796b770c360
[INFO] [stdout]                                at /rustc/a178d0322ce20e33eac124758e837cbd80a6f633/library/std/src/sys_common/backtrace.rs:67:5
[INFO] [stdout]    3:     0x5572977faeb0 - <std::sys_common::backtrace::_print::DisplayBacktrace as core::fmt::Display>::fmt::h32d1f94a80615d18
[INFO] [stdout]                                at /rustc/a178d0322ce20e33eac124758e837cbd80a6f633/library/std/src/sys_common/backtrace.rs:46:22
[INFO] [stdout]    4:     0x5572978144dc - core::fmt::write::h306731c068f7162c
[INFO] [stdout]                                at /rustc/a178d0322ce20e33eac124758e837cbd80a6f633/library/core/src/fmt/mod.rs:1110:17
[INFO] [stdout]    5:     0x5572977f9915 - std::io::Write::write_fmt::hd2fa90334eee2a21
[INFO] [stdout]                                at /rustc/a178d0322ce20e33eac124758e837cbd80a6f633/library/std/src/io/mod.rs:1588:15
[INFO] [stdout]    6:     0x5572977fcadb - std::sys_common::backtrace::_print::h5abaa2601a852287
[INFO] [stdout]                                at /rustc/a178d0322ce20e33eac124758e837cbd80a6f633/library/std/src/sys_common/backtrace.rs:49:5
[INFO] [stdout]    7:     0x5572977fcadb - std::sys_common::backtrace::print::h8d81445442bb638f
[INFO] [stdout]                                at /rustc/a178d0322ce20e33eac124758e837cbd80a6f633/library/std/src/sys_common/backtrace.rs:36:9
[INFO] [stdout]    8:     0x5572977fcadb - std::panicking::default_hook::{{closure}}::hcfe804496a9fa747
[INFO] [stdout]                                at /rustc/a178d0322ce20e33eac124758e837cbd80a6f633/library/std/src/panicking.rs:208:50
[INFO] [stdout]    9:     0x5572977fc5b1 - std::panicking::default_hook::hbea8e3ccf2ba8901
[INFO] [stdout]                                at /rustc/a178d0322ce20e33eac124758e837cbd80a6f633/library/std/src/panicking.rs:225:9
[INFO] [stdout]   10:     0x5572977fd1a4 - std::panicking::rust_panic_with_hook::h7ee9e1a2d0f8975a
[INFO] [stdout]                                at /rustc/a178d0322ce20e33eac124758e837cbd80a6f633/library/std/src/panicking.rs:622:17
[INFO] [stdout]   11:     0x5572977c6603 - std::panicking::begin_panic::{{closure}}::h3a837d0dc04495a2
[INFO] [stdout]                                at /rustc/a178d0322ce20e33eac124758e837cbd80a6f633/library/std/src/panicking.rs:542:9
[INFO] [stdout]   12:     0x5572977c68f9 - std::sys_common::backtrace::__rust_end_short_backtrace::h00d93519aa61bfaa
[INFO] [stdout]                                at /rustc/a178d0322ce20e33eac124758e837cbd80a6f633/library/std/src/sys_common/backtrace.rs:141:18
[INFO] [stdout]   13:     0x5572977c6539 - std::panicking::begin_panic::h5ef945472ac44e49
[INFO] [stdout]                                at /rustc/a178d0322ce20e33eac124758e837cbd80a6f633/library/std/src/panicking.rs:541:12
[INFO] [stdout]   14:     0x5572977c6ee9 - raylib::core::init_window::haa49726488285a43
[INFO] [stdout]                                at /opt/rustwide/workdir/src/core/mod.rs:208:13
[INFO] [stdout]   15:     0x5572977c6d52 - raylib::core::RaylibBuilder::build::hbeeb0260a30fe8ad
[INFO] [stdout]                                at /opt/rustwide/workdir/src/core/mod.rs:189:18
[INFO] [stdout]   16:     0x5572977c4f43 - rust_out::main::h2a38bb51b9580a7d
[INFO] [stdout]   17:     0x5572977c4c13 - core::ops::function::FnOnce::call_once::hb73b95e6982fd3f0
[INFO] [stdout]   18:     0x5572977c4ac9 - std::sys_common::backtrace::__rust_begin_short_backtrace::h8371d112165838d3
[INFO] [stdout]   19:     0x5572977c4b39 - std::rt::lang_start::{{closure}}::h783adf50233ec5ec
[INFO] [stdout]   20:     0x5572977fd6a9 - core::ops::function::impls::<impl core::ops::function::FnOnce<A> for &F>::call_once::h2aabc384aab89b7b
[INFO] [stdout]                                at /rustc/a178d0322ce20e33eac124758e837cbd80a6f633/library/core/src/ops/function.rs:259:13
[INFO] [stdout]   21:     0x5572977fd6a9 - std::panicking::try::do_call::hc5fcacb7a85fc7b1
[INFO] [stdout]                                at /rustc/a178d0322ce20e33eac124758e837cbd80a6f633/library/std/src/panicking.rs:401:40
[INFO] [stdout]   22:     0x5572977fd6a9 - std::panicking::try::hb5d9603af3abbe3a
[INFO] [stdout]                                at /rustc/a178d0322ce20e33eac124758e837cbd80a6f633/library/std/src/panicking.rs:365:19
[INFO] [stdout]   23:     0x5572977fd6a9 - std::panic::catch_unwind::h98fe6ac3925e64b4
[INFO] [stdout]                                at /rustc/a178d0322ce20e33eac124758e837cbd80a6f633/library/std/src/panic.rs:434:14
[INFO] [stdout]   24:     0x5572977fd6a9 - std::rt::lang_start_internal::h22ac7383c516f93e
[INFO] [stdout]                                at /rustc/a178d0322ce20e33eac124758e837cbd80a6f633/library/std/src/rt.rs:34:21
[INFO] [stdout]   25:     0x5572977c4b21 - std::rt::lang_start::h11b9716471e37ff8
[INFO] [stdout]   26:     0x5572977c5073 - main
[INFO] [stdout]   27:     0x7f2b232a30b3 - __libc_start_main
[INFO] [stdout]   28:     0x5572977c49fe - _start
[INFO] [stdout]   29:                0x0 - <unknown>
[INFO] [stdout] 
[INFO] [stdout] 
[INFO] [stdout] 
[INFO] [stdout] failures:
[INFO] [stdout]     src/core/misc.rs - core::misc::get_random_value (line 8)
[INFO] [stdout]     src/lib.rs - (line 40)
[INFO] [stdout] 
[INFO] [stdout] test result: FAILED. 9 passed; 2 failed; 1 ignored; 0 measured; 0 filtered out; finished in 1.18s
[INFO] [stdout] 
[INFO] [stderr] error: test failed, to rerun pass '--doc'
[INFO] running `Command { std: "docker" "inspect" "9b157bc9c4412ced7ca30244043380afc3948a1b93d469d4681098a18245e10c", kill_on_drop: false }`
[INFO] running `Command { std: "docker" "rm" "-f" "9b157bc9c4412ced7ca30244043380afc3948a1b93d469d4681098a18245e10c", kill_on_drop: false }`
[INFO] [stdout] 9b157bc9c4412ced7ca30244043380afc3948a1b93d469d4681098a18245e10c
