[INFO] fetching crate rawproxy 0.3.0...
[INFO] testing rawproxy-0.3.0 against 1.54.0 for beta-1.55-1
[INFO] extracting crate rawproxy 0.3.0 into /workspace/builds/worker-10/source
[INFO] validating manifest of crates.io crate rawproxy 0.3.0 on toolchain 1.54.0
[INFO] running `Command { std: "/workspace/cargo-home/bin/cargo" "+1.54.0" "metadata" "--manifest-path" "Cargo.toml" "--no-deps", kill_on_drop: false }`
[INFO] started tweaking crates.io crate rawproxy 0.3.0
[INFO] finished tweaking crates.io crate rawproxy 0.3.0
[INFO] tweaked toml for crates.io crate rawproxy 0.3.0 written to /workspace/builds/worker-10/source/Cargo.toml
[INFO] running `Command { std: "/workspace/cargo-home/bin/cargo" "+1.54.0" "generate-lockfile" "--manifest-path" "Cargo.toml" "-Zno-index-update", kill_on_drop: false }`
[INFO] [stderr]     Blocking waiting for file lock on package cache
[INFO] running `Command { std: "/workspace/cargo-home/bin/cargo" "+1.54.0" "fetch" "--manifest-path" "Cargo.toml", kill_on_drop: false }`
[INFO] [stderr]     Blocking waiting for file lock on package cache
[INFO] running `Command { std: "docker" "create" "-v" "/var/lib/crater-agent-workspace/builds/worker-10/target:/opt/rustwide/target:rw,Z" "-v" "/var/lib/crater-agent-workspace/builds/worker-10/source:/opt/rustwide/workdir:ro,Z" "-v" "/var/lib/crater-agent-workspace/cargo-home:/opt/rustwide/cargo-home:ro,Z" "-v" "/var/lib/crater-agent-workspace/rustup-home:/opt/rustwide/rustup-home:ro,Z" "-e" "SOURCE_DIR=/opt/rustwide/workdir" "-e" "CARGO_TARGET_DIR=/opt/rustwide/target" "-e" "CARGO_HOME=/opt/rustwide/cargo-home" "-e" "RUSTUP_HOME=/opt/rustwide/rustup-home" "-w" "/opt/rustwide/workdir" "-m" "1610612736" "--user" "0:0" "--network" "none" "ghcr.io/rust-lang/crates-build-env/linux@sha256:34b6a614d2c27851fe6cbf88fbd1137609cefab8b10d0615aaeb6fd47975d74e" "/opt/rustwide/cargo-home/bin/cargo" "+1.54.0" "metadata" "--no-deps" "--format-version=1", kill_on_drop: false }`
[INFO] [stdout] afbb34a380386b0d3aa1749ceb70453a07d4010b69c14b3346db5d428127773d
[INFO] running `Command { std: "docker" "start" "-a" "afbb34a380386b0d3aa1749ceb70453a07d4010b69c14b3346db5d428127773d", kill_on_drop: false }`
[INFO] running `Command { std: "docker" "inspect" "afbb34a380386b0d3aa1749ceb70453a07d4010b69c14b3346db5d428127773d", kill_on_drop: false }`
[INFO] running `Command { std: "docker" "rm" "-f" "afbb34a380386b0d3aa1749ceb70453a07d4010b69c14b3346db5d428127773d", kill_on_drop: false }`
[INFO] [stdout] afbb34a380386b0d3aa1749ceb70453a07d4010b69c14b3346db5d428127773d
[INFO] running `Command { std: "docker" "create" "-v" "/var/lib/crater-agent-workspace/builds/worker-10/target:/opt/rustwide/target:rw,Z" "-v" "/var/lib/crater-agent-workspace/builds/worker-10/source:/opt/rustwide/workdir:ro,Z" "-v" "/var/lib/crater-agent-workspace/cargo-home:/opt/rustwide/cargo-home:ro,Z" "-v" "/var/lib/crater-agent-workspace/rustup-home:/opt/rustwide/rustup-home:ro,Z" "-e" "SOURCE_DIR=/opt/rustwide/workdir" "-e" "CARGO_TARGET_DIR=/opt/rustwide/target" "-e" "CARGO_INCREMENTAL=0" "-e" "RUST_BACKTRACE=full" "-e" "RUSTFLAGS=--cap-lints=warn" "-e" "CARGO_HOME=/opt/rustwide/cargo-home" "-e" "RUSTUP_HOME=/opt/rustwide/rustup-home" "-w" "/opt/rustwide/workdir" "-m" "1610612736" "--user" "0:0" "--network" "none" "ghcr.io/rust-lang/crates-build-env/linux@sha256:34b6a614d2c27851fe6cbf88fbd1137609cefab8b10d0615aaeb6fd47975d74e" "/opt/rustwide/cargo-home/bin/cargo" "+1.54.0" "build" "--frozen" "--message-format=json", kill_on_drop: false }`
[INFO] [stdout] 13e0e240e2dae42b6b6914473ffbc502b9a1e49f70cc861c499c51ea3618adcb
[INFO] running `Command { std: "docker" "start" "-a" "13e0e240e2dae42b6b6914473ffbc502b9a1e49f70cc861c499c51ea3618adcb", kill_on_drop: false }`
[INFO] [stderr]    Compiling futures-core v0.3.16
[INFO] [stderr]    Compiling log v0.4.14
[INFO] [stderr]    Compiling fastrand v1.5.0
[INFO] [stderr]    Compiling futures-io v0.3.16
[INFO] [stderr]    Compiling value-bag v1.0.0-alpha.7
[INFO] [stderr]    Compiling socket2 v0.4.1
[INFO] [stderr]    Compiling ctor v0.1.20
[INFO] [stderr]    Compiling async-attributes v1.1.2
[INFO] [stderr]    Compiling futures-lite v1.12.0
[INFO] [stderr]    Compiling async-channel v1.6.1
[INFO] [stderr]    Compiling async-executor v1.4.1
[INFO] [stderr]    Compiling blocking v1.0.2
[INFO] [stderr]    Compiling polling v2.1.0
[INFO] [stderr]    Compiling kv-log-macro v1.0.7
[INFO] [stderr]    Compiling async-io v1.6.0
[INFO] [stderr]    Compiling async-process v1.1.0
[INFO] [stderr]    Compiling async-global-executor v2.0.2
[INFO] [stderr]    Compiling async-std v1.9.0
[INFO] [stderr]    Compiling async-uninet v0.1.1
[INFO] [stderr]    Compiling rawproxy v0.3.0 (/opt/rustwide/workdir)
[INFO] [stderr]     Finished dev [unoptimized + debuginfo] target(s) in 16.45s
[INFO] running `Command { std: "docker" "inspect" "13e0e240e2dae42b6b6914473ffbc502b9a1e49f70cc861c499c51ea3618adcb", kill_on_drop: false }`
[INFO] running `Command { std: "docker" "rm" "-f" "13e0e240e2dae42b6b6914473ffbc502b9a1e49f70cc861c499c51ea3618adcb", kill_on_drop: false }`
[INFO] [stdout] 13e0e240e2dae42b6b6914473ffbc502b9a1e49f70cc861c499c51ea3618adcb
[INFO] running `Command { std: "docker" "create" "-v" "/var/lib/crater-agent-workspace/builds/worker-10/target:/opt/rustwide/target:rw,Z" "-v" "/var/lib/crater-agent-workspace/builds/worker-10/source:/opt/rustwide/workdir:ro,Z" "-v" "/var/lib/crater-agent-workspace/cargo-home:/opt/rustwide/cargo-home:ro,Z" "-v" "/var/lib/crater-agent-workspace/rustup-home:/opt/rustwide/rustup-home:ro,Z" "-e" "SOURCE_DIR=/opt/rustwide/workdir" "-e" "CARGO_TARGET_DIR=/opt/rustwide/target" "-e" "CARGO_INCREMENTAL=0" "-e" "RUST_BACKTRACE=full" "-e" "RUSTFLAGS=--cap-lints=warn" "-e" "CARGO_HOME=/opt/rustwide/cargo-home" "-e" "RUSTUP_HOME=/opt/rustwide/rustup-home" "-w" "/opt/rustwide/workdir" "-m" "1610612736" "--user" "0:0" "--network" "none" "ghcr.io/rust-lang/crates-build-env/linux@sha256:34b6a614d2c27851fe6cbf88fbd1137609cefab8b10d0615aaeb6fd47975d74e" "/opt/rustwide/cargo-home/bin/cargo" "+1.54.0" "test" "--frozen" "--no-run" "--message-format=json", kill_on_drop: false }`
[INFO] [stdout] ab3d7fc0f6304141fc8a85f5070d5b90b1a35e70303baac11c45e94bc545106a
[INFO] running `Command { std: "docker" "start" "-a" "ab3d7fc0f6304141fc8a85f5070d5b90b1a35e70303baac11c45e94bc545106a", kill_on_drop: false }`
[INFO] [stderr]    Compiling rawproxy v0.3.0 (/opt/rustwide/workdir)
[INFO] [stderr]     Finished test [unoptimized + debuginfo] target(s) in 2.82s
[INFO] running `Command { std: "docker" "inspect" "ab3d7fc0f6304141fc8a85f5070d5b90b1a35e70303baac11c45e94bc545106a", kill_on_drop: false }`
[INFO] running `Command { std: "docker" "rm" "-f" "ab3d7fc0f6304141fc8a85f5070d5b90b1a35e70303baac11c45e94bc545106a", kill_on_drop: false }`
[INFO] [stdout] ab3d7fc0f6304141fc8a85f5070d5b90b1a35e70303baac11c45e94bc545106a
[INFO] running `Command { std: "docker" "create" "-v" "/var/lib/crater-agent-workspace/builds/worker-10/target:/opt/rustwide/target:rw,Z" "-v" "/var/lib/crater-agent-workspace/builds/worker-10/source:/opt/rustwide/workdir:ro,Z" "-v" "/var/lib/crater-agent-workspace/cargo-home:/opt/rustwide/cargo-home:ro,Z" "-v" "/var/lib/crater-agent-workspace/rustup-home:/opt/rustwide/rustup-home:ro,Z" "-e" "SOURCE_DIR=/opt/rustwide/workdir" "-e" "CARGO_TARGET_DIR=/opt/rustwide/target" "-e" "CARGO_INCREMENTAL=0" "-e" "RUST_BACKTRACE=full" "-e" "RUSTFLAGS=--cap-lints=warn" "-e" "CARGO_HOME=/opt/rustwide/cargo-home" "-e" "RUSTUP_HOME=/opt/rustwide/rustup-home" "-w" "/opt/rustwide/workdir" "-m" "1610612736" "--user" "0:0" "--network" "none" "ghcr.io/rust-lang/crates-build-env/linux@sha256:34b6a614d2c27851fe6cbf88fbd1137609cefab8b10d0615aaeb6fd47975d74e" "/opt/rustwide/cargo-home/bin/cargo" "+1.54.0" "test" "--frozen", kill_on_drop: false }`
[INFO] [stdout] 3e47da1d57005fbd0a472f4c905b0f6532075da5fa76a01ada187f39bc250475
[INFO] running `Command { std: "docker" "start" "-a" "3e47da1d57005fbd0a472f4c905b0f6532075da5fa76a01ada187f39bc250475", kill_on_drop: false }`
[INFO] [stderr]     Finished test [unoptimized + debuginfo] target(s) in 0.04s
[INFO] [stderr]      Running unittests (/opt/rustwide/target/debug/deps/rawproxy-0b56df554af67bc2)
[INFO] [stdout] 
[INFO] [stdout] running 4 tests
[INFO] [stdout] test utils::tests::checks_vector_has_sequence ... ok
[INFO] [stdout] test utils::tests::writes_header_value ... ok
[INFO] [stdout] test utils::tests::reads_header_value ... ok
[INFO] [stdout] test utils::tests::removes_header_value ... ok
[INFO] [stdout] 
[INFO] [stdout] test result: ok. 4 passed; 0 failed; 0 ignored; 0 measured; 0 filtered out; finished in 0.02s
[INFO] [stdout] 
[INFO] [stderr]      Running tests/tcp.rs (/opt/rustwide/target/debug/deps/tcp-ea7a78332ca51f34)
[INFO] [stdout] 
[INFO] [stdout] running 1 test
[INFO] [stdout] test starts_inet_server ... FAILED
[INFO] [stdout] 
[INFO] [stdout] failures:
[INFO] [stdout] 
[INFO] [stdout] ---- starts_inet_server stdout ----
[INFO] [stdout] thread 'starts_inet_server' panicked at 'called `Result::unwrap()` on an `Err` value: InvalidHeader("Host")', tests/tcp.rs:27:38
[INFO] [stdout] stack backtrace:
[INFO] [stdout]    0:     0x560299f3ed30 - std::backtrace_rs::backtrace::libunwind::trace::h34055254b57d8e79
[INFO] [stdout]                                at /rustc/a178d0322ce20e33eac124758e837cbd80a6f633/library/std/src/../../backtrace/src/backtrace/libunwind.rs:90:5
[INFO] [stdout]    1:     0x560299f3ed30 - std::backtrace_rs::backtrace::trace_unsynchronized::h8f1e3fbd9afff6ec
[INFO] [stdout]                                at /rustc/a178d0322ce20e33eac124758e837cbd80a6f633/library/std/src/../../backtrace/src/backtrace/mod.rs:66:5
[INFO] [stdout]    2:     0x560299f3ed30 - std::sys_common::backtrace::_print_fmt::h3a99a796b770c360
[INFO] [stdout]                                at /rustc/a178d0322ce20e33eac124758e837cbd80a6f633/library/std/src/sys_common/backtrace.rs:67:5
[INFO] [stdout]    3:     0x560299f3ed30 - <std::sys_common::backtrace::_print::DisplayBacktrace as core::fmt::Display>::fmt::h32d1f94a80615d18
[INFO] [stdout]                                at /rustc/a178d0322ce20e33eac124758e837cbd80a6f633/library/std/src/sys_common/backtrace.rs:46:22
[INFO] [stdout]    4:     0x560299f61f2c - core::fmt::write::h306731c068f7162c
[INFO] [stdout]                                at /rustc/a178d0322ce20e33eac124758e837cbd80a6f633/library/core/src/fmt/mod.rs:1110:17
[INFO] [stdout]    5:     0x560299f39715 - std::io::Write::write_fmt::h87f19b0a2cd190bc
[INFO] [stdout]                                at /rustc/a178d0322ce20e33eac124758e837cbd80a6f633/library/std/src/io/mod.rs:1588:15
[INFO] [stdout]    6:     0x560299f40f5b - std::sys_common::backtrace::_print::h5abaa2601a852287
[INFO] [stdout]                                at /rustc/a178d0322ce20e33eac124758e837cbd80a6f633/library/std/src/sys_common/backtrace.rs:49:5
[INFO] [stdout]    7:     0x560299f40f5b - std::sys_common::backtrace::print::h8d81445442bb638f
[INFO] [stdout]                                at /rustc/a178d0322ce20e33eac124758e837cbd80a6f633/library/std/src/sys_common/backtrace.rs:36:9
[INFO] [stdout]    8:     0x560299f40f5b - std::panicking::default_hook::{{closure}}::hcfe804496a9fa747
[INFO] [stdout]                                at /rustc/a178d0322ce20e33eac124758e837cbd80a6f633/library/std/src/panicking.rs:208:50
[INFO] [stdout]    9:     0x560299f40a6c - std::panicking::default_hook::hbea8e3ccf2ba8901
[INFO] [stdout]                                at /rustc/a178d0322ce20e33eac124758e837cbd80a6f633/library/std/src/panicking.rs:222:9
[INFO] [stdout]   10:     0x560299f41624 - std::panicking::rust_panic_with_hook::h7ee9e1a2d0f8975a
[INFO] [stdout]                                at /rustc/a178d0322ce20e33eac124758e837cbd80a6f633/library/std/src/panicking.rs:622:17
[INFO] [stdout]   11:     0x560299f41107 - std::panicking::begin_panic_handler::{{closure}}::h8ab3b4491718b2c7
[INFO] [stdout]                                at /rustc/a178d0322ce20e33eac124758e837cbd80a6f633/library/std/src/panicking.rs:519:13
[INFO] [stdout]   12:     0x560299f3f22c - std::sys_common::backtrace::__rust_end_short_backtrace::hd489062ffa586a9f
[INFO] [stdout]                                at /rustc/a178d0322ce20e33eac124758e837cbd80a6f633/library/std/src/sys_common/backtrace.rs:141:18
[INFO] [stdout]   13:     0x560299f41069 - rust_begin_unwind
[INFO] [stdout]                                at /rustc/a178d0322ce20e33eac124758e837cbd80a6f633/library/std/src/panicking.rs:515:5
[INFO] [stdout]   14:     0x560299dcc7a1 - core::panicking::panic_fmt::hca6330e3e14086b4
[INFO] [stdout]                                at /rustc/a178d0322ce20e33eac124758e837cbd80a6f633/library/core/src/panicking.rs:92:14
[INFO] [stdout]   15:     0x560299dcc893 - core::result::unwrap_failed::h6160d2b4bfbb0e87
[INFO] [stdout]                                at /rustc/a178d0322ce20e33eac124758e837cbd80a6f633/library/core/src/result.rs:1355:5
[INFO] [stdout]   16:     0x560299de9003 - core::result::Result<T,E>::unwrap::hd4cb6b4880735004
[INFO] [stdout]                                at /rustc/a178d0322ce20e33eac124758e837cbd80a6f633/library/core/src/result.rs:1037:23
[INFO] [stdout]   17:     0x560299df2b1e - tcp::starts_inet_server::{{closure}}::h688bfe60554a793c
[INFO] [stdout]                                at /opt/rustwide/workdir/tests/tcp.rs:27:9
[INFO] [stdout]   18:     0x560299dd231b - <core::future::from_generator::GenFuture<T> as core::future::future::Future>::poll::hd6b00353efcf5a72
[INFO] [stdout]                                at /rustc/a178d0322ce20e33eac124758e837cbd80a6f633/library/core/src/future/mod.rs:80:19
[INFO] [stdout]   19:     0x560299df3079 - <async_std::task::builder::SupportTaskLocals<F> as core::future::future::Future>::poll::{{closure}}::hb38a69ffb475dc99
[INFO] [stdout]                                at /opt/rustwide/cargo-home/registry/src/github.com-1ecc6299db9ec823/async-std-1.9.0/src/task/builder.rs:199:17
[INFO] [stdout]   20:     0x560299df1186 - async_std::task::task_locals_wrapper::TaskLocalsWrapper::set_current::{{closure}}::hf25746f6e4f80532
[INFO] [stdout]                                at /opt/rustwide/cargo-home/registry/src/github.com-1ecc6299db9ec823/async-std-1.9.0/src/task/task_locals_wrapper.rs:60:13
[INFO] [stdout]   21:     0x560299ddc201 - std::thread::local::LocalKey<T>::try_with::h618fdc84ab55b986
[INFO] [stdout]                                at /rustc/a178d0322ce20e33eac124758e837cbd80a6f633/library/std/src/thread/local.rs:400:16
[INFO] [stdout]   22:     0x560299ddba1d - std::thread::local::LocalKey<T>::with::ha56118f64fa2f5f3
[INFO] [stdout]                                at /rustc/a178d0322ce20e33eac124758e837cbd80a6f633/library/std/src/thread/local.rs:376:9
[INFO] [stdout]   23:     0x560299df0e08 - async_std::task::task_locals_wrapper::TaskLocalsWrapper::set_current::h1be8a7bc41042384
[INFO] [stdout]                                at /opt/rustwide/cargo-home/registry/src/github.com-1ecc6299db9ec823/async-std-1.9.0/src/task/task_locals_wrapper.rs:55:9
[INFO] [stdout]   24:     0x560299df2fd5 - <async_std::task::builder::SupportTaskLocals<F> as core::future::future::Future>::poll::h606178df46c4eea4
[INFO] [stdout]                                at /opt/rustwide/cargo-home/registry/src/github.com-1ecc6299db9ec823/async-std-1.9.0/src/task/builder.rs:197:13
[INFO] [stdout]   25:     0x560299df055b - <futures_lite::future::Or<F1,F2> as core::future::future::Future>::poll::ha5af86dc0d257695
[INFO] [stdout]                                at /opt/rustwide/cargo-home/registry/src/github.com-1ecc6299db9ec823/futures-lite-1.12.0/src/future.rs:526:33
[INFO] [stdout]   26:     0x560299dd83ca - async_executor::Executor::run::{{closure}}::h5224e60c96597682
[INFO] [stdout]                                at /opt/rustwide/cargo-home/registry/src/github.com-1ecc6299db9ec823/async-executor-1.4.1/src/lib.rs:242:9
[INFO] [stdout]   27:     0x560299dd1d4b - <core::future::from_generator::GenFuture<T> as core::future::future::Future>::poll::h9f5fb5650b1679c5
[INFO] [stdout]                                at /rustc/a178d0322ce20e33eac124758e837cbd80a6f633/library/core/src/future/mod.rs:80:19
[INFO] [stdout]   28:     0x560299dd7f56 - async_executor::LocalExecutor::run::{{closure}}::hcbaa08457cee1b41
[INFO] [stdout]                                at /opt/rustwide/cargo-home/registry/src/github.com-1ecc6299db9ec823/async-executor-1.4.1/src/lib.rs:447:9
[INFO] [stdout]   29:     0x560299dd174b - <core::future::from_generator::GenFuture<T> as core::future::future::Future>::poll::h85397e2633aabf8f
[INFO] [stdout]                                at /rustc/a178d0322ce20e33eac124758e837cbd80a6f633/library/core/src/future/mod.rs:80:19
[INFO] [stdout]   30:     0x560299de3d4d - async_io::driver::block_on::hd55e3ee730eb9de8
[INFO] [stdout]                                at /opt/rustwide/cargo-home/registry/src/github.com-1ecc6299db9ec823/async-io-1.6.0/src/driver.rs:142:33
[INFO] [stdout]   31:     0x560299dd2ab5 - async_global_executor::reactor::block_on::{{closure}}::h6af02aab945baf2f
[INFO] [stdout]                                at /opt/rustwide/cargo-home/registry/src/github.com-1ecc6299db9ec823/async-global-executor-2.0.2/src/reactor.rs:3:18
[INFO] [stdout]   32:     0x560299dd2a83 - async_global_executor::reactor::block_on::h63fb795327f7cc62
[INFO] [stdout]                                at /opt/rustwide/cargo-home/registry/src/github.com-1ecc6299db9ec823/async-global-executor-2.0.2/src/reactor.rs:12:5
[INFO] [stdout]   33:     0x560299df34f3 - async_global_executor::executor::block_on::{{closure}}::h07bf7e84a51d515f
[INFO] [stdout]                                at /opt/rustwide/cargo-home/registry/src/github.com-1ecc6299db9ec823/async-global-executor-2.0.2/src/executor.rs:26:36
[INFO] [stdout]   34:     0x560299ddca3a - std::thread::local::LocalKey<T>::try_with::heb77c8e3a28ad99b
[INFO] [stdout]                                at /rustc/a178d0322ce20e33eac124758e837cbd80a6f633/library/std/src/thread/local.rs:400:16
[INFO] [stdout]   35:     0x560299ddbb82 - std::thread::local::LocalKey<T>::with::hca86ebd9273d4b04
[INFO] [stdout]                                at /rustc/a178d0322ce20e33eac124758e837cbd80a6f633/library/std/src/thread/local.rs:376:9
[INFO] [stdout]   36:     0x560299df3496 - async_global_executor::executor::block_on::he67fc32a63833239
[INFO] [stdout]                                at /opt/rustwide/cargo-home/registry/src/github.com-1ecc6299db9ec823/async-global-executor-2.0.2/src/executor.rs:26:5
[INFO] [stdout]   37:     0x560299df5790 - async_std::task::builder::Builder::blocking::{{closure}}::{{closure}}::h7e93e29118fcb5e2
[INFO] [stdout]                                at /opt/rustwide/cargo-home/registry/src/github.com-1ecc6299db9ec823/async-std-1.9.0/src/task/builder.rs:171:25
[INFO] [stdout]   38:     0x560299df0f69 - async_std::task::task_locals_wrapper::TaskLocalsWrapper::set_current::{{closure}}::h4cdeb01c6bd26ebb
[INFO] [stdout]                                at /opt/rustwide/cargo-home/registry/src/github.com-1ecc6299db9ec823/async-std-1.9.0/src/task/task_locals_wrapper.rs:60:13
[INFO] [stdout]   39:     0x560299ddbd7a - std::thread::local::LocalKey<T>::try_with::h096c2275f49be49c
[INFO] [stdout]                                at /rustc/a178d0322ce20e33eac124758e837cbd80a6f633/library/std/src/thread/local.rs:400:16
[INFO] [stdout]   40:     0x560299ddb920 - std::thread::local::LocalKey<T>::with::h3fa0107b5b8b13f8
[INFO] [stdout]                                at /rustc/a178d0322ce20e33eac124758e837cbd80a6f633/library/std/src/thread/local.rs:376:9
[INFO] [stdout]   41:     0x560299df0ea7 - async_std::task::task_locals_wrapper::TaskLocalsWrapper::set_current::h552a7ab872ee5c0b
[INFO] [stdout]                                at /opt/rustwide/cargo-home/registry/src/github.com-1ecc6299db9ec823/async-std-1.9.0/src/task/task_locals_wrapper.rs:55:9
[INFO] [stdout]   42:     0x560299df56ea - async_std::task::builder::Builder::blocking::{{closure}}::h2798fb3b972abfef
[INFO] [stdout]                                at /opt/rustwide/cargo-home/registry/src/github.com-1ecc6299db9ec823/async-std-1.9.0/src/task/builder.rs:168:17
[INFO] [stdout]   43:     0x560299ddc692 - std::thread::local::LocalKey<T>::try_with::hc9329e7ad54562b4
[INFO] [stdout]                                at /rustc/a178d0322ce20e33eac124758e837cbd80a6f633/library/std/src/thread/local.rs:400:16
[INFO] [stdout]   44:     0x560299ddbad2 - std::thread::local::LocalKey<T>::with::hc0e95b9d489680d7
[INFO] [stdout]                                at /rustc/a178d0322ce20e33eac124758e837cbd80a6f633/library/std/src/thread/local.rs:376:9
[INFO] [stdout]   45:     0x560299df557b - async_std::task::builder::Builder::blocking::h77d99f4a7a34f4eb
[INFO] [stdout]                                at /opt/rustwide/cargo-home/registry/src/github.com-1ecc6299db9ec823/async-std-1.9.0/src/task/builder.rs:161:9
[INFO] [stdout]   46:     0x560299df139c - async_std::task::block_on::block_on::hbc4540b2f9a62751
[INFO] [stdout]                                at /opt/rustwide/cargo-home/registry/src/github.com-1ecc6299db9ec823/async-std-1.9.0/src/task/block_on.rs:33:5
[INFO] [stdout]   47:     0x560299df143b - tcp::starts_inet_server::hb295f1fd573f3b90
[INFO] [stdout]                                at /opt/rustwide/workdir/tests/tcp.rs:5:1
[INFO] [stdout]   48:     0x560299df13fa - tcp::starts_inet_server::{{closure}}::h3a5812cf887f376a
[INFO] [stdout]                                at /opt/rustwide/workdir/tests/tcp.rs:5:1
[INFO] [stdout]   49:     0x560299dcdcbe - core::ops::function::FnOnce::call_once::hb7d76079c3e5dff7
[INFO] [stdout]                                at /rustc/a178d0322ce20e33eac124758e837cbd80a6f633/library/core/src/ops/function.rs:227:5
[INFO] [stdout]   50:     0x560299e24723 - core::ops::function::FnOnce::call_once::h152e7e439ff59e19
[INFO] [stdout]                                at /rustc/a178d0322ce20e33eac124758e837cbd80a6f633/library/core/src/ops/function.rs:227:5
[INFO] [stdout]   51:     0x560299e24723 - test::__rust_begin_short_backtrace::h0908f3b1fdbb72ab
[INFO] [stdout]                                at /rustc/a178d0322ce20e33eac124758e837cbd80a6f633/library/test/src/lib.rs:577:5
[INFO] [stdout]   52:     0x560299e231e0 - <alloc::boxed::Box<F,A> as core::ops::function::FnOnce<Args>>::call_once::hf6d2a51e5587546c
[INFO] [stdout]                                at /rustc/a178d0322ce20e33eac124758e837cbd80a6f633/library/alloc/src/boxed.rs:1575:9
[INFO] [stdout]   53:     0x560299e231e0 - <std::panic::AssertUnwindSafe<F> as core::ops::function::FnOnce<()>>::call_once::h8af660f3a89ef593
[INFO] [stdout]                                at /rustc/a178d0322ce20e33eac124758e837cbd80a6f633/library/std/src/panic.rs:347:9
[INFO] [stdout]   54:     0x560299e231e0 - std::panicking::try::do_call::hd36aef60f84b6d36
[INFO] [stdout]                                at /rustc/a178d0322ce20e33eac124758e837cbd80a6f633/library/std/src/panicking.rs:401:40
[INFO] [stdout]   55:     0x560299e231e0 - std::panicking::try::h9932b4480e69817c
[INFO] [stdout]                                at /rustc/a178d0322ce20e33eac124758e837cbd80a6f633/library/std/src/panicking.rs:365:19
[INFO] [stdout]   56:     0x560299e231e0 - std::panic::catch_unwind::h6aa177099cfff5f8
[INFO] [stdout]                                at /rustc/a178d0322ce20e33eac124758e837cbd80a6f633/library/std/src/panic.rs:434:14
[INFO] [stdout]   57:     0x560299e231e0 - test::run_test_in_process::h5884d6f2d99e20c3
[INFO] [stdout]                                at /rustc/a178d0322ce20e33eac124758e837cbd80a6f633/library/test/src/lib.rs:600:18
[INFO] [stdout]   58:     0x560299e231e0 - test::run_test::run_test_inner::{{closure}}::h6fdc58c6d5f5b6e3
[INFO] [stdout]                                at /rustc/a178d0322ce20e33eac124758e837cbd80a6f633/library/test/src/lib.rs:492:39
[INFO] [stdout]   59:     0x560299dfc892 - test::run_test::run_test_inner::{{closure}}::h408365d67a78ade8
[INFO] [stdout]                                at /rustc/a178d0322ce20e33eac124758e837cbd80a6f633/library/test/src/lib.rs:519:37
[INFO] [stdout]   60:     0x560299dfc892 - std::sys_common::backtrace::__rust_begin_short_backtrace::hb560b77c4f701523
[INFO] [stdout]                                at /rustc/a178d0322ce20e33eac124758e837cbd80a6f633/library/std/src/sys_common/backtrace.rs:125:18
[INFO] [stdout]   61:     0x560299e00448 - std::thread::Builder::spawn_unchecked::{{closure}}::{{closure}}::hf2e7831dad93c597
[INFO] [stdout]                                at /rustc/a178d0322ce20e33eac124758e837cbd80a6f633/library/std/src/thread/mod.rs:481:17
[INFO] [stdout]   62:     0x560299e00448 - <std::panic::AssertUnwindSafe<F> as core::ops::function::FnOnce<()>>::call_once::hd2e08783d8be4d02
[INFO] [stdout]                                at /rustc/a178d0322ce20e33eac124758e837cbd80a6f633/library/std/src/panic.rs:347:9
[INFO] [stdout]   63:     0x560299e00448 - std::panicking::try::do_call::h062597b7acfd6b82
[INFO] [stdout]                                at /rustc/a178d0322ce20e33eac124758e837cbd80a6f633/library/std/src/panicking.rs:401:40
[INFO] [stdout]   64:     0x560299e00448 - std::panicking::try::h0d7b79db04c14552
[INFO] [stdout]                                at /rustc/a178d0322ce20e33eac124758e837cbd80a6f633/library/std/src/panicking.rs:365:19
[INFO] [stdout]   65:     0x560299e00448 - std::panic::catch_unwind::hb01a0b5e7c8cd43b
[INFO] [stdout]                                at /rustc/a178d0322ce20e33eac124758e837cbd80a6f633/library/std/src/panic.rs:434:14
[INFO] [stdout]   66:     0x560299e00448 - std::thread::Builder::spawn_unchecked::{{closure}}::h5bde48cc887e0d1e
[INFO] [stdout]                                at /rustc/a178d0322ce20e33eac124758e837cbd80a6f633/library/std/src/thread/mod.rs:480:30
[INFO] [stdout]   67:     0x560299e00448 - core::ops::function::FnOnce::call_once{{vtable.shim}}::h745ea30807a29e55
[INFO] [stdout]                                at /rustc/a178d0322ce20e33eac124758e837cbd80a6f633/library/core/src/ops/function.rs:227:5
[INFO] [stdout]   68:     0x560299f469d7 - <alloc::boxed::Box<F,A> as core::ops::function::FnOnce<Args>>::call_once::h7ece6cfefaff1005
[INFO] [stdout]                                at /rustc/a178d0322ce20e33eac124758e837cbd80a6f633/library/alloc/src/boxed.rs:1575:9
[INFO] [stdout]   69:     0x560299f469d7 - <alloc::boxed::Box<F,A> as core::ops::function::FnOnce<Args>>::call_once::hb8b48e55c21f193e
[INFO] [stdout]                                at /rustc/a178d0322ce20e33eac124758e837cbd80a6f633/library/alloc/src/boxed.rs:1575:9
[INFO] [stdout]   70:     0x560299f469d7 - std::sys::unix::thread::Thread::new::thread_start::h8c7c4450dba62914
[INFO] [stdout]                                at /rustc/a178d0322ce20e33eac124758e837cbd80a6f633/library/std/src/sys/unix/thread.rs:71:17
[INFO] [stdout]   71:     0x7f62891dd609 - start_thread
[INFO] [stdout]   72:     0x7f6288faf293 - clone
[INFO] [stdout]   73:                0x0 - <unknown>
[INFO] [stdout] 
[INFO] [stdout] 
[INFO] [stdout] failures:
[INFO] [stdout]     starts_inet_server
[INFO] [stdout] 
[INFO] [stdout] test result: FAILED. 0 passed; 1 failed; 0 ignored; 0 measured; 0 filtered out; finished in 0.02s
[INFO] [stdout] 
[INFO] [stderr] error: test failed, to rerun pass '--test tcp'
[INFO] running `Command { std: "docker" "inspect" "3e47da1d57005fbd0a472f4c905b0f6532075da5fa76a01ada187f39bc250475", kill_on_drop: false }`
[INFO] running `Command { std: "docker" "rm" "-f" "3e47da1d57005fbd0a472f4c905b0f6532075da5fa76a01ada187f39bc250475", kill_on_drop: false }`
[INFO] [stdout] 3e47da1d57005fbd0a472f4c905b0f6532075da5fa76a01ada187f39bc250475
