[INFO] fetching crate rash_core 1.0.0...
[INFO] testing rash_core-1.0.0 against 1.54.0 for beta-1.55-1
[INFO] extracting crate rash_core 1.0.0 into /workspace/builds/worker-12/source
[INFO] validating manifest of crates.io crate rash_core 1.0.0 on toolchain 1.54.0
[INFO] running `Command { std: "/workspace/cargo-home/bin/cargo" "+1.54.0" "metadata" "--manifest-path" "Cargo.toml" "--no-deps", kill_on_drop: false }`
[INFO] started tweaking crates.io crate rash_core 1.0.0
[INFO] finished tweaking crates.io crate rash_core 1.0.0
[INFO] tweaked toml for crates.io crate rash_core 1.0.0 written to /workspace/builds/worker-12/source/Cargo.toml
[INFO] crate crates.io crate rash_core 1.0.0 already has a lockfile, it will not be regenerated
[INFO] running `Command { std: "/workspace/cargo-home/bin/cargo" "+1.54.0" "fetch" "--manifest-path" "Cargo.toml", kill_on_drop: false }`
[INFO] [stderr]     Blocking waiting for file lock on package cache
[INFO] running `Command { std: "docker" "create" "-v" "/var/lib/crater-agent-workspace/builds/worker-12/target:/opt/rustwide/target:rw,Z" "-v" "/var/lib/crater-agent-workspace/builds/worker-12/source:/opt/rustwide/workdir:ro,Z" "-v" "/var/lib/crater-agent-workspace/cargo-home:/opt/rustwide/cargo-home:ro,Z" "-v" "/var/lib/crater-agent-workspace/rustup-home:/opt/rustwide/rustup-home:ro,Z" "-e" "SOURCE_DIR=/opt/rustwide/workdir" "-e" "CARGO_TARGET_DIR=/opt/rustwide/target" "-e" "CARGO_HOME=/opt/rustwide/cargo-home" "-e" "RUSTUP_HOME=/opt/rustwide/rustup-home" "-w" "/opt/rustwide/workdir" "-m" "1610612736" "--user" "0:0" "--network" "none" "ghcr.io/rust-lang/crates-build-env/linux@sha256:34b6a614d2c27851fe6cbf88fbd1137609cefab8b10d0615aaeb6fd47975d74e" "/opt/rustwide/cargo-home/bin/cargo" "+1.54.0" "metadata" "--no-deps" "--format-version=1", kill_on_drop: false }`
[INFO] [stdout] f55985acd1ce55376d93b47502ad7cc7575c58f8a35ea7b48d68bc0bc1c534bf
[INFO] running `Command { std: "docker" "start" "-a" "f55985acd1ce55376d93b47502ad7cc7575c58f8a35ea7b48d68bc0bc1c534bf", kill_on_drop: false }`
[INFO] running `Command { std: "docker" "inspect" "f55985acd1ce55376d93b47502ad7cc7575c58f8a35ea7b48d68bc0bc1c534bf", kill_on_drop: false }`
[INFO] running `Command { std: "docker" "rm" "-f" "f55985acd1ce55376d93b47502ad7cc7575c58f8a35ea7b48d68bc0bc1c534bf", kill_on_drop: false }`
[INFO] [stdout] f55985acd1ce55376d93b47502ad7cc7575c58f8a35ea7b48d68bc0bc1c534bf
[INFO] running `Command { std: "docker" "create" "-v" "/var/lib/crater-agent-workspace/builds/worker-12/target:/opt/rustwide/target:rw,Z" "-v" "/var/lib/crater-agent-workspace/builds/worker-12/source:/opt/rustwide/workdir:ro,Z" "-v" "/var/lib/crater-agent-workspace/cargo-home:/opt/rustwide/cargo-home:ro,Z" "-v" "/var/lib/crater-agent-workspace/rustup-home:/opt/rustwide/rustup-home:ro,Z" "-e" "SOURCE_DIR=/opt/rustwide/workdir" "-e" "CARGO_TARGET_DIR=/opt/rustwide/target" "-e" "CARGO_INCREMENTAL=0" "-e" "RUST_BACKTRACE=full" "-e" "RUSTFLAGS=--cap-lints=warn" "-e" "CARGO_HOME=/opt/rustwide/cargo-home" "-e" "RUSTUP_HOME=/opt/rustwide/rustup-home" "-w" "/opt/rustwide/workdir" "-m" "1610612736" "--user" "0:0" "--network" "none" "ghcr.io/rust-lang/crates-build-env/linux@sha256:34b6a614d2c27851fe6cbf88fbd1137609cefab8b10d0615aaeb6fd47975d74e" "/opt/rustwide/cargo-home/bin/cargo" "+1.54.0" "build" "--frozen" "--message-format=json", kill_on_drop: false }`
[INFO] [stdout] 92e50b7b83bb48b4b77ae4acbccec9ac3909ed8fa6c7e824ff16ed883eacf0e9
[INFO] running `Command { std: "docker" "start" "-a" "92e50b7b83bb48b4b77ae4acbccec9ac3909ed8fa6c7e824ff16ed883eacf0e9", kill_on_drop: false }`
[INFO] [stderr]    Compiling proc-macro2 v1.0.18
[INFO] [stderr]    Compiling syn v1.0.31
[INFO] [stderr]    Compiling libc v0.2.71
[INFO] [stderr]    Compiling memchr v2.3.3
[INFO] [stderr]    Compiling regex-syntax v0.6.18
[INFO] [stderr]    Compiling ucd-trie v0.1.3
[INFO] [stderr]    Compiling serde v1.0.111
[INFO] [stderr]    Compiling maplit v1.0.2
[INFO] [stderr]    Compiling serde_json v1.0.55
[INFO] [stderr]    Compiling unicode-width v0.1.7
[INFO] [stderr]    Compiling linked-hash-map v0.5.3
[INFO] [stderr]    Compiling itoa v0.4.5
[INFO] [stderr]    Compiling dtoa v0.4.5
[INFO] [stderr]    Compiling thread_local v1.0.1
[INFO] [stderr]    Compiling crossbeam-utils v0.7.2
[INFO] [stderr]    Compiling indexmap v1.4.0
[INFO] [stderr]    Compiling log v0.4.8
[INFO] [stderr]    Compiling textwrap v0.11.0
[INFO] [stderr]    Compiling pest v2.1.3
[INFO] [stderr]    Compiling yaml-rust v0.4.4
[INFO] [stderr]    Compiling aho-corasick v0.7.10
[INFO] [stderr]    Compiling bstr v0.2.13
[INFO] [stderr]    Compiling atty v0.2.14
[INFO] [stderr]    Compiling errno v0.2.5
[INFO] [stderr]    Compiling term_size v1.0.0-beta1
[INFO] [stderr]    Compiling exec v0.3.1
[INFO] [stderr]    Compiling colored v1.9.3
[INFO] [stderr]    Compiling quote v1.0.7
[INFO] [stderr]    Compiling fern v0.6.0
[INFO] [stderr]    Compiling pest_meta v2.1.3
[INFO] [stderr]    Compiling regex v1.3.9
[INFO] [stderr]    Compiling globset v0.4.5
[INFO] [stderr]    Compiling ignore v0.4.16
[INFO] [stderr]    Compiling globwalk v0.8.0
[INFO] [stderr]    Compiling syn-mid v0.5.0
[INFO] [stderr]    Compiling pest_generator v2.1.3
[INFO] [stderr]    Compiling serde_derive v1.0.111
[INFO] [stderr]    Compiling proc-macro-error-attr v0.4.12
[INFO] [stderr]    Compiling pest_derive v2.1.0
[INFO] [stderr]    Compiling rash_derive v1.0.0
[INFO] [stderr]    Compiling proc-macro-error v0.4.12
[INFO] [stderr]    Compiling clap_derive v3.0.0-beta.1
[INFO] [stderr]    Compiling clap v3.0.0-beta.1
[INFO] [stderr]    Compiling serde_yaml v0.8.13
[INFO] [stderr]    Compiling tera v1.3.1
[INFO] [stderr]    Compiling rash_core v1.0.0 (/opt/rustwide/workdir)
[INFO] [stderr]     Finished dev [unoptimized + debuginfo] target(s) in 47.47s
[INFO] running `Command { std: "docker" "inspect" "92e50b7b83bb48b4b77ae4acbccec9ac3909ed8fa6c7e824ff16ed883eacf0e9", kill_on_drop: false }`
[INFO] running `Command { std: "docker" "rm" "-f" "92e50b7b83bb48b4b77ae4acbccec9ac3909ed8fa6c7e824ff16ed883eacf0e9", kill_on_drop: false }`
[INFO] [stdout] 92e50b7b83bb48b4b77ae4acbccec9ac3909ed8fa6c7e824ff16ed883eacf0e9
[INFO] running `Command { std: "docker" "create" "-v" "/var/lib/crater-agent-workspace/builds/worker-12/target:/opt/rustwide/target:rw,Z" "-v" "/var/lib/crater-agent-workspace/builds/worker-12/source:/opt/rustwide/workdir:ro,Z" "-v" "/var/lib/crater-agent-workspace/cargo-home:/opt/rustwide/cargo-home:ro,Z" "-v" "/var/lib/crater-agent-workspace/rustup-home:/opt/rustwide/rustup-home:ro,Z" "-e" "SOURCE_DIR=/opt/rustwide/workdir" "-e" "CARGO_TARGET_DIR=/opt/rustwide/target" "-e" "CARGO_INCREMENTAL=0" "-e" "RUST_BACKTRACE=full" "-e" "RUSTFLAGS=--cap-lints=warn" "-e" "CARGO_HOME=/opt/rustwide/cargo-home" "-e" "RUSTUP_HOME=/opt/rustwide/rustup-home" "-w" "/opt/rustwide/workdir" "-m" "1610612736" "--user" "0:0" "--network" "none" "ghcr.io/rust-lang/crates-build-env/linux@sha256:34b6a614d2c27851fe6cbf88fbd1137609cefab8b10d0615aaeb6fd47975d74e" "/opt/rustwide/cargo-home/bin/cargo" "+1.54.0" "test" "--frozen" "--no-run" "--message-format=json", kill_on_drop: false }`
[INFO] [stdout] 6c33aa4857a758ad9870e7b7e76da3a1189b2615fe9ef723867e37b34f27b57d
[INFO] running `Command { std: "docker" "start" "-a" "6c33aa4857a758ad9870e7b7e76da3a1189b2615fe9ef723867e37b34f27b57d", kill_on_drop: false }`
[INFO] [stderr]    Compiling getrandom v0.1.14
[INFO] [stderr]    Compiling ppv-lite86 v0.2.8
[INFO] [stderr]    Compiling cargo-husky v1.5.0
[INFO] [stderr]    Compiling remove_dir_all v0.5.2
[INFO] [stderr]    Compiling rand_core v0.5.1
[INFO] [stderr]    Compiling rand_chacha v0.2.2
[INFO] [stderr]    Compiling rand v0.7.3
[INFO] [stderr]    Compiling tempfile v3.1.0
[INFO] [stderr]    Compiling rash_core v1.0.0 (/opt/rustwide/workdir)
[INFO] [stdout] warning: panic message is not a string literal
[INFO] [stdout]   --> src/lib.rs:54:25
[INFO] [stdout]    |
[INFO] [stdout] 54 |             _ => panic!(context_error),
[INFO] [stdout]    |                         ^^^^^^^^^^^^^
[INFO] [stdout]    |
[INFO] [stdout]    = note: `#[warn(non_fmt_panic)]` on by default
[INFO] [stdout]    = note: this is no longer accepted in Rust 2021
[INFO] [stdout] help: add a "{}" format string to Display the message
[INFO] [stdout]    |
[INFO] [stdout] 54 |             _ => panic!("{}", context_error),
[INFO] [stdout]    |                         ^^^^^
[INFO] [stdout] help: or use std::panic::panic_any instead
[INFO] [stdout]    |
[INFO] [stdout] 54 |             _ => std::panic::panic_any(context_error),
[INFO] [stdout]    |                  ^^^^^^^^^^^^^^^^^^^^^
[INFO] [stdout] 
[INFO] [stdout] 
[INFO] [stdout] warning: 1 warning emitted
[INFO] [stdout] 
[INFO] [stdout] 
[INFO] [stderr]     Finished test [unoptimized + debuginfo] target(s) in 9.31s
[INFO] running `Command { std: "docker" "inspect" "6c33aa4857a758ad9870e7b7e76da3a1189b2615fe9ef723867e37b34f27b57d", kill_on_drop: false }`
[INFO] running `Command { std: "docker" "rm" "-f" "6c33aa4857a758ad9870e7b7e76da3a1189b2615fe9ef723867e37b34f27b57d", kill_on_drop: false }`
[INFO] [stdout] 6c33aa4857a758ad9870e7b7e76da3a1189b2615fe9ef723867e37b34f27b57d
[INFO] running `Command { std: "docker" "create" "-v" "/var/lib/crater-agent-workspace/builds/worker-12/target:/opt/rustwide/target:rw,Z" "-v" "/var/lib/crater-agent-workspace/builds/worker-12/source:/opt/rustwide/workdir:ro,Z" "-v" "/var/lib/crater-agent-workspace/cargo-home:/opt/rustwide/cargo-home:ro,Z" "-v" "/var/lib/crater-agent-workspace/rustup-home:/opt/rustwide/rustup-home:ro,Z" "-e" "SOURCE_DIR=/opt/rustwide/workdir" "-e" "CARGO_TARGET_DIR=/opt/rustwide/target" "-e" "CARGO_INCREMENTAL=0" "-e" "RUST_BACKTRACE=full" "-e" "RUSTFLAGS=--cap-lints=warn" "-e" "CARGO_HOME=/opt/rustwide/cargo-home" "-e" "RUSTUP_HOME=/opt/rustwide/rustup-home" "-w" "/opt/rustwide/workdir" "-m" "1610612736" "--user" "0:0" "--network" "none" "ghcr.io/rust-lang/crates-build-env/linux@sha256:34b6a614d2c27851fe6cbf88fbd1137609cefab8b10d0615aaeb6fd47975d74e" "/opt/rustwide/cargo-home/bin/cargo" "+1.54.0" "test" "--frozen", kill_on_drop: false }`
[INFO] [stdout] 945d77a9c27bc223336394ff64167d491e65afdb1b0c9f13b767f28fce8f64a1
[INFO] running `Command { std: "docker" "start" "-a" "945d77a9c27bc223336394ff64167d491e65afdb1b0c9f13b767f28fce8f64a1", kill_on_drop: false }`
[INFO] [stdout] 
[INFO] [stderr] warning: panic message is not a string literal
[INFO] [stdout] running 37 tests
[INFO] [stderr]   --> src/lib.rs:54:25
[INFO] [stdout] test error::test::test_downcasting ... ok
[INFO] [stderr]    |
[INFO] [stdout] test error::test::test_debug_error ... ok
[INFO] [stderr] 54 |             _ => panic!(context_error),
[INFO] [stdout] test modules::template::tests::test_parse_params_mode_int ... ok
[INFO] [stderr]    |                         ^^^^^^^^^^^^^
[INFO] [stderr]    |
[INFO] [stderr]    = note: `#[warn(non_fmt_panic)]` on by default
[INFO] [stderr]    = note: this is no longer accepted in Rust 2021
[INFO] [stderr] help: add a "{}" format string to Display the message
[INFO] [stderr]    |
[INFO] [stderr] 54 |             _ => panic!("{}", context_error),
[INFO] [stderr]    |                         ^^^^^
[INFO] [stderr] help: or use std::panic::panic_any instead
[INFO] [stderr]    |
[INFO] [stderr] 54 |             _ => std::panic::panic_any(context_error),
[INFO] [stderr]    |                  ^^^^^^^^^^^^^^^^^^^^^
[INFO] [stderr] 
[INFO] [stderr] warning: 1 warning emitted
[INFO] [stderr] 
[INFO] [stderr]     Finished test [unoptimized + debuginfo] target(s) in 0.06s
[INFO] [stderr]      Running unittests (/opt/rustwide/target/debug/deps/rash_core-7bfc9d38e97816c0)
[INFO] [stdout] test modules::template::tests::test_parse_params ... ok
[INFO] [stdout] test modules::copy::tests::test_parse_params_mode_int ... ok
[INFO] [stdout] test modules::template::tests::test_parse_params_no_mode ... ok
[INFO] [stdout] test task::tests::test_from_yaml_no_module ... ok
[INFO] [stdout] test task::tests::test_render_iterator_list_with_vars ... ok
[INFO] [stdout] test task::tests::test_is_exec ... ok
[INFO] [stdout] test task::tests::test_render_iterator ... ok
[INFO] [stdout] test modules::copy::tests::test_parse_params ... ok
[INFO] [stdout] test task::tests::test_render_params_no_hash_map ... ok
[INFO] [stdout] test task::tests::test_is_exec_bool ... ok
[INFO] [stdout] test task::tests::test_task_execute ... ok
[INFO] [stdout] test utils::tests::test_get_yaml ... ok
[INFO] [stdout] test utils::tests::test_parse_octal ... ok
[INFO] [stdout] test modules::command::tests::test_parse_params ... ok
[INFO] [stdout] test modules::assert::tests::test_parse_params ... ok
[INFO] [stdout] test modules::copy::tests::test_verify_file_read_only_no_change_permissions ... ok
[INFO] [stdout] test task::tests::test_from_yaml ... ok
[INFO] [stdout] test task::tests::test_is_exec_false ... ok
[INFO] [stdout] test task::tests::test_read_tasks ... ok
[INFO] [stdout] test modules::assert::tests::test_verify_conditions_fail ... ok
[INFO] [stdout] test task::tests::test_render_params ... ok
[INFO] [stdout] test task::tests::test_from_yaml_invalid_attr ... ok
[INFO] [stdout] test modules::assert::tests::test_verify_conditions ... ok
[INFO] [stdout] test task::tests::test_render_iterator_var ... ok
[INFO] [stdout] test modules::copy::tests::test_parse_params_no_mode ... ok
[INFO] [stdout] test vars::builtin::tests::test_builtin_new ... ok
[INFO] [stdout] test modules::copy::tests::test_verify_file_no_change ... ok
[INFO] [stdout] test vars::env::tests::test_inventory_from_envars ... ok
[INFO] [stdout] test vars::env::tests::test_inventory_from_envars_none ... ok
[INFO] [stdout] test modules::copy::tests::test_verify_file_create ... ok
[INFO] [stdout] test modules::copy::tests::test_verify_file_read_only ... ok
[INFO] [stdout] test modules::template::tests::test_render_content ... ok
[INFO] [stdout] test modules::copy::tests::test_verify_file_change ... ok
[INFO] [stdout] test tests::test_command_ls ... ok
[INFO] [stdout] 
[INFO] [stdout] test result: ok. 37 passed; 0 failed; 0 ignored; 0 measured; 0 filtered out; finished in 0.09s
[INFO] [stdout] 
[INFO] [stdout] 
[INFO] [stdout] running 0 tests
[INFO] [stdout] 
[INFO] [stdout] test result: ok. 0 passed; 0 failed; 0 ignored; 0 measured; 0 filtered out; finished in 0.00s
[INFO] [stdout] 
[INFO] [stdout] 
[INFO] [stdout] running 1 test
[INFO] [stderr]      Running unittests (/opt/rustwide/target/debug/deps/rash-92600a80c6bb813e)
[INFO] [stderr]      Running tests/rash_derive.rs (/opt/rustwide/target/debug/deps/rash_derive-b2358e684a681e54)
[INFO] [stdout] test tests::test_fieldnames ... ok
[INFO] [stdout] 
[INFO] [stdout] test result: ok. 1 passed; 0 failed; 0 ignored; 0 measured; 0 filtered out; finished in 0.00s
[INFO] [stdout] 
[INFO] [stderr]    Doc-tests rash_core
[INFO] [stdout] 
[INFO] [stdout] running 12 tests
[INFO] [stdout] test src/modules/mod.rs - modules::get_param (line 156) ... ignored
[INFO] [stdout] test src/modules/mod.rs - modules::get_param_bool (line 176) ... ignored
[INFO] [stdout] test src/modules/mod.rs - modules::get_param_list (line 196) ... ignored
[INFO] [stdout] test src/error.rs - error::Error::from (line 82) ... FAILED
[INFO] [stdout] test src/error.rs - error::Error::get_mut (line 254) ... FAILED
[INFO] [stdout] test src/error.rs - error::Error::kind (line 178) ... ok
[INFO] [stdout] test src/error.rs - error::Error::from (line 107) ... ok
[INFO] [stdout] test src/error.rs - error::Error::new (line 148) ... ok
[INFO] [stdout] test src/error.rs - error::Error::get_ref (line 226) ... ok
[INFO] [stdout] test src/error.rs - error::Error::raw_os_error (line 198) ... ok
[INFO] [stdout] test src/error.rs - error::Error::into_inner (line 315) ... ok
[INFO] [stdout] test src/vars/env.rs - vars::env::load (line 29) ... ok
[INFO] [stdout] 
[INFO] [stdout] failures:
[INFO] [stdout] 
[INFO] [stdout] ---- src/error.rs - error::Error::from (line 82) stdout ----
[INFO] [stdout] error: linking with `cc` failed: exit status: 1
[INFO] [stdout]   |
[INFO] [stdout]   = note: "cc" "-m64" "/tmp/rustdoctestdVrGnC/rust_out.rust_out.7rcbfp3g-cgu.0.rcgu.o" "/tmp/rustdoctestdVrGnC/rust_out.33dyzt1ekirinwy8.rcgu.o" "-Wl,--as-needed" "-L" "/opt/rustwide/target/debug/deps" "-L" "/opt/rustwide/target/debug/deps" "-L" "/opt/rustwide/rustup-home/toolchains/1.54.0-x86_64-unknown-linux-gnu/lib/rustlib/x86_64-unknown-linux-gnu/lib" "-Wl,-Bstatic" "/opt/rustwide/target/debug/deps/librash_core-4102fbdfe9cb7584.rlib" "/opt/rustwide/target/debug/deps/libterm_size-3e2c252f26953f90.rlib" "/opt/rustwide/target/debug/deps/libtera-49fc32b75064baf0.rlib" "/opt/rustwide/target/debug/deps/libglobwalk-cf218ab6371af764.rlib" "/opt/rustwide/target/debug/deps/libbitflags-f89ae4b715176e2d.rlib" "/opt/rustwide/target/debug/deps/libignore-32c9c8a453e0a62f.rlib" "/opt/rustwide/target/debug/deps/libcrossbeam_utils-79c2bd225d0d7f75.rlib" "/opt/rustwide/target/debug/deps/libwalkdir-d3d1a098ed37f0d0.rlib" "/opt/rustwide/target/debug/deps/libsame_file-6c7da3b22554f6bc.rlib" "/opt/rustwide/target/debug/deps/libglobset-94c1e11bedc2021e.rlib" "/opt/rustwide/target/debug/deps/libfnv-56e05e18a5751d51.rlib" "/opt/rustwide/target/debug/deps/libbstr-eb6262bf05f4fb1b.rlib" "/opt/rustwide/target/debug/deps/libpest-1fd504d61df9f5b0.rlib" "/opt/rustwide/target/debug/deps/libucd_trie-bb7f8c75dd4129d2.rlib" "/opt/rustwide/target/debug/deps/libregex-68c107e0c29c2e91.rlib" "/opt/rustwide/target/debug/deps/libthread_local-79a746b2b8f7bdad.rlib" "/opt/rustwide/target/debug/deps/libregex_syntax-cc6f85808d425969.rlib" "/opt/rustwide/target/debug/deps/libaho_corasick-7b6979d0a71c6d34.rlib" "/opt/rustwide/target/debug/deps/libmemchr-d7dcdb754b97af01.rlib" "/opt/rustwide/target/debug/deps/libserde_yaml-584eb99ca4abe03a.rlib" "/opt/rustwide/target/debug/deps/libdtoa-711e034e13d76af2.rlib" "/opt/rustwide/target/debug/deps/libexec-c1ae00511bfd5dd5.rlib" "/opt/rustwide/target/debug/deps/liberrno-e0777af049e1a4d8.rlib" "/opt/rustwide/target/debug/deps/libfern-e6f42a2306ca4b17.rlib" "/opt/rustwide/target/debug/deps/libcolored-082e77204756cc75.rlib" "/opt/rustwide/target/debug/deps/libatty-9d88fdb4d0d49fc6.rlib" "/opt/rustwide/target/debug/deps/libyaml_rust-ce4685d71923c74a.rlib" "/opt/rustwide/target/debug/deps/liblinked_hash_map-de1a8ab92ba38215.rlib" "/opt/rustwide/target/debug/deps/libserde_json-097f8e9471bd55df.rlib" "/opt/rustwide/target/debug/deps/libryu-059aa1fbb24cd15e.rlib" "/opt/rustwide/target/debug/deps/libitoa-750145aa3fde7b04.rlib" "/opt/rustwide/target/debug/deps/libserde-647b4430bf2e1ad3.rlib" "/opt/rustwide/target/debug/deps/liblog-1acff040ad67833f.rlib" "/opt/rustwide/target/debug/deps/libcfg_if-e7a28af79b261e75.rlib" "/opt/rustwide/target/debug/deps/liblibc-f14f9a5269b59615.rlib" "/opt/rustwide/target/debug/deps/liblazy_static-5c53d641eb010a81.rlib" "-Wl,--start-group" "/opt/rustwide/rustup-home/toolchains/1.54.0-x86_64-unknown-linux-gnu/lib/rustlib/x86_64-unknown-linux-gnu/lib/libstd-2420485b9e5ef5e1.rlib" "/opt/rustwide/rustup-home/toolchains/1.54.0-x86_64-unknown-linux-gnu/lib/rustlib/x86_64-unknown-linux-gnu/lib/libpanic_unwind-785e3cb61c4b1960.rlib" "/opt/rustwide/rustup-home/toolchains/1.54.0-x86_64-unknown-linux-gnu/lib/rustlib/x86_64-unknown-linux-gnu/lib/libminiz_oxide-087191a88bdaa22d.rlib" "/opt/rustwide/rustup-home/toolchains/1.54.0-x86_64-unknown-linux-gnu/lib/rustlib/x86_64-unknown-linux-gnu/lib/libadler-9981842c02975178.rlib" "/opt/rustwide/rustup-home/toolchains/1.54.0-x86_64-unknown-linux-gnu/lib/rustlib/x86_64-unknown-linux-gnu/lib/libobject-6fb405869b015fde.rlib" "/opt/rustwide/rustup-home/toolchains/1.54.0-x86_64-unknown-linux-gnu/lib/rustlib/x86_64-unknown-linux-gnu/lib/libaddr2line-d05c5c3c56004b7b.rlib" "/opt/rustwide/rustup-home/toolchains/1.54.0-x86_64-unknown-linux-gnu/lib/rustlib/x86_64-unknown-linux-gnu/lib/libgimli-42d74d2097528b38.rlib" "/opt/rustwide/rustup-home/toolchains/1.54.0-x86_64-unknown-linux-gnu/lib/rustlib/x86_64-unknown-linux-gnu/lib/libstd_detect-fb36534c113d2209.rlib" "/opt/rustwide/rustup-home/toolchains/1.54.0-x86_64-unknown-linux-gnu/lib/rustlib/x86_64-unknown-linux-gnu/lib/librustc_demangle-b56b9042c12b6535.rlib" "/opt/rustwide/rustup-home/toolchains/1.54.0-x86_64-unknown-linux-gnu/lib/rustlib/x86_64-unknown-linux-gnu/lib/libhashbrown-491902d6cb3e76df.rlib" "/opt/rustwide/rustup-home/toolchains/1.54.0-x86_64-unknown-linux-gnu/lib/rustlib/x86_64-unknown-linux-gnu/lib/librustc_std_workspace_alloc-61834e0981b8c367.rlib" "/opt/rustwide/rustup-home/toolchains/1.54.0-x86_64-unknown-linux-gnu/lib/rustlib/x86_64-unknown-linux-gnu/lib/libunwind-f78aa99d613a55bc.rlib" "/opt/rustwide/rustup-home/toolchains/1.54.0-x86_64-unknown-linux-gnu/lib/rustlib/x86_64-unknown-linux-gnu/lib/libcfg_if-53ee54cd7fed2c57.rlib" "/opt/rustwide/rustup-home/toolchains/1.54.0-x86_64-unknown-linux-gnu/lib/rustlib/x86_64-unknown-linux-gnu/lib/liblibc-544ecdbd6cda3c58.rlib" "/opt/rustwide/rustup-home/toolchains/1.54.0-x86_64-unknown-linux-gnu/lib/rustlib/x86_64-unknown-linux-gnu/lib/liballoc-379cc252b6943a79.rlib" "/opt/rustwide/rustup-home/toolchains/1.54.0-x86_64-unknown-linux-gnu/lib/rustlib/x86_64-unknown-linux-gnu/lib/librustc_std_workspace_core-8063eea38dcc5e62.rlib" "/opt/rustwide/rustup-home/toolchains/1.54.0-x86_64-unknown-linux-gnu/lib/rustlib/x86_64-unknown-linux-gnu/lib/libcore-5b228734afae15ee.rlib" "-Wl,--end-group" "/opt/rustwide/rustup-home/toolchains/1.54.0-x86_64-unknown-linux-gnu/lib/rustlib/x86_64-unknown-linux-gnu/lib/libcompiler_builtins-d6c7a399d95d173f.rlib" "-Wl,-Bdynamic" "-lutil" "-ldl" "-lutil" "-lgcc_s" "-lutil" "-lrt" "-lpthread" "-lm" "-ldl" "-lc" "-Wl,--eh-frame-hdr" "-Wl,-znoexecstack" "-L" "/opt/rustwide/rustup-home/toolchains/1.54.0-x86_64-unknown-linux-gnu/lib/rustlib/x86_64-unknown-linux-gnu/lib" "-o" "/tmp/rustdoctestdVrGnC/rust_out" "-Wl,--gc-sections" "-pie" "-Wl,-zrelro" "-Wl,-znow" "-nodefaultlibs"
[INFO] [stdout]   = note: collect2: fatal error: ld terminated with signal 9 [Killed]
[INFO] [stdout]           compilation terminated.
[INFO] [stdout]           
[INFO] [stdout] 
[INFO] [stdout] error: aborting due to previous error
[INFO] [stdout] 
[INFO] [stdout] Couldn't compile the test.
[INFO] [stdout] ---- src/error.rs - error::Error::get_mut (line 254) stdout ----
[INFO] [stdout] error: linking with `cc` failed: exit status: 1
[INFO] [stdout]   |
[INFO] [stdout]   = note: "cc" "-m64" "/tmp/rustdoctestTMCSsS/rust_out.rust_out.7rcbfp3g-cgu.0.rcgu.o" "/tmp/rustdoctestTMCSsS/rust_out.33dyzt1ekirinwy8.rcgu.o" "-Wl,--as-needed" "-L" "/opt/rustwide/target/debug/deps" "-L" "/opt/rustwide/target/debug/deps" "-L" "/opt/rustwide/rustup-home/toolchains/1.54.0-x86_64-unknown-linux-gnu/lib/rustlib/x86_64-unknown-linux-gnu/lib" "-Wl,-Bstatic" "/opt/rustwide/target/debug/deps/librash_core-4102fbdfe9cb7584.rlib" "/opt/rustwide/target/debug/deps/libterm_size-3e2c252f26953f90.rlib" "/opt/rustwide/target/debug/deps/libtera-49fc32b75064baf0.rlib" "/opt/rustwide/target/debug/deps/libglobwalk-cf218ab6371af764.rlib" "/opt/rustwide/target/debug/deps/libbitflags-f89ae4b715176e2d.rlib" "/opt/rustwide/target/debug/deps/libignore-32c9c8a453e0a62f.rlib" "/opt/rustwide/target/debug/deps/libcrossbeam_utils-79c2bd225d0d7f75.rlib" "/opt/rustwide/target/debug/deps/libwalkdir-d3d1a098ed37f0d0.rlib" "/opt/rustwide/target/debug/deps/libsame_file-6c7da3b22554f6bc.rlib" "/opt/rustwide/target/debug/deps/libglobset-94c1e11bedc2021e.rlib" "/opt/rustwide/target/debug/deps/libfnv-56e05e18a5751d51.rlib" "/opt/rustwide/target/debug/deps/libbstr-eb6262bf05f4fb1b.rlib" "/opt/rustwide/target/debug/deps/libpest-1fd504d61df9f5b0.rlib" "/opt/rustwide/target/debug/deps/libucd_trie-bb7f8c75dd4129d2.rlib" "/opt/rustwide/target/debug/deps/libregex-68c107e0c29c2e91.rlib" "/opt/rustwide/target/debug/deps/libthread_local-79a746b2b8f7bdad.rlib" "/opt/rustwide/target/debug/deps/libregex_syntax-cc6f85808d425969.rlib" "/opt/rustwide/target/debug/deps/libaho_corasick-7b6979d0a71c6d34.rlib" "/opt/rustwide/target/debug/deps/libmemchr-d7dcdb754b97af01.rlib" "/opt/rustwide/target/debug/deps/libserde_yaml-584eb99ca4abe03a.rlib" "/opt/rustwide/target/debug/deps/libdtoa-711e034e13d76af2.rlib" "/opt/rustwide/target/debug/deps/libexec-c1ae00511bfd5dd5.rlib" "/opt/rustwide/target/debug/deps/liberrno-e0777af049e1a4d8.rlib" "/opt/rustwide/target/debug/deps/libfern-e6f42a2306ca4b17.rlib" "/opt/rustwide/target/debug/deps/libcolored-082e77204756cc75.rlib" "/opt/rustwide/target/debug/deps/libatty-9d88fdb4d0d49fc6.rlib" "/opt/rustwide/target/debug/deps/libyaml_rust-ce4685d71923c74a.rlib" "/opt/rustwide/target/debug/deps/liblinked_hash_map-de1a8ab92ba38215.rlib" "/opt/rustwide/target/debug/deps/libserde_json-097f8e9471bd55df.rlib" "/opt/rustwide/target/debug/deps/libryu-059aa1fbb24cd15e.rlib" "/opt/rustwide/target/debug/deps/libitoa-750145aa3fde7b04.rlib" "/opt/rustwide/target/debug/deps/libserde-647b4430bf2e1ad3.rlib" "/opt/rustwide/target/debug/deps/liblog-1acff040ad67833f.rlib" "/opt/rustwide/target/debug/deps/libcfg_if-e7a28af79b261e75.rlib" "/opt/rustwide/target/debug/deps/liblibc-f14f9a5269b59615.rlib" "/opt/rustwide/target/debug/deps/liblazy_static-5c53d641eb010a81.rlib" "-Wl,--start-group" "/opt/rustwide/rustup-home/toolchains/1.54.0-x86_64-unknown-linux-gnu/lib/rustlib/x86_64-unknown-linux-gnu/lib/libstd-2420485b9e5ef5e1.rlib" "/opt/rustwide/rustup-home/toolchains/1.54.0-x86_64-unknown-linux-gnu/lib/rustlib/x86_64-unknown-linux-gnu/lib/libpanic_unwind-785e3cb61c4b1960.rlib" "/opt/rustwide/rustup-home/toolchains/1.54.0-x86_64-unknown-linux-gnu/lib/rustlib/x86_64-unknown-linux-gnu/lib/libminiz_oxide-087191a88bdaa22d.rlib" "/opt/rustwide/rustup-home/toolchains/1.54.0-x86_64-unknown-linux-gnu/lib/rustlib/x86_64-unknown-linux-gnu/lib/libadler-9981842c02975178.rlib" "/opt/rustwide/rustup-home/toolchains/1.54.0-x86_64-unknown-linux-gnu/lib/rustlib/x86_64-unknown-linux-gnu/lib/libobject-6fb405869b015fde.rlib" "/opt/rustwide/rustup-home/toolchains/1.54.0-x86_64-unknown-linux-gnu/lib/rustlib/x86_64-unknown-linux-gnu/lib/libaddr2line-d05c5c3c56004b7b.rlib" "/opt/rustwide/rustup-home/toolchains/1.54.0-x86_64-unknown-linux-gnu/lib/rustlib/x86_64-unknown-linux-gnu/lib/libgimli-42d74d2097528b38.rlib" "/opt/rustwide/rustup-home/toolchains/1.54.0-x86_64-unknown-linux-gnu/lib/rustlib/x86_64-unknown-linux-gnu/lib/libstd_detect-fb36534c113d2209.rlib" "/opt/rustwide/rustup-home/toolchains/1.54.0-x86_64-unknown-linux-gnu/lib/rustlib/x86_64-unknown-linux-gnu/lib/librustc_demangle-b56b9042c12b6535.rlib" "/opt/rustwide/rustup-home/toolchains/1.54.0-x86_64-unknown-linux-gnu/lib/rustlib/x86_64-unknown-linux-gnu/lib/libhashbrown-491902d6cb3e76df.rlib" "/opt/rustwide/rustup-home/toolchains/1.54.0-x86_64-unknown-linux-gnu/lib/rustlib/x86_64-unknown-linux-gnu/lib/librustc_std_workspace_alloc-61834e0981b8c367.rlib" "/opt/rustwide/rustup-home/toolchains/1.54.0-x86_64-unknown-linux-gnu/lib/rustlib/x86_64-unknown-linux-gnu/lib/libunwind-f78aa99d613a55bc.rlib" "/opt/rustwide/rustup-home/toolchains/1.54.0-x86_64-unknown-linux-gnu/lib/rustlib/x86_64-unknown-linux-gnu/lib/libcfg_if-53ee54cd7fed2c57.rlib" "/opt/rustwide/rustup-home/toolchains/1.54.0-x86_64-unknown-linux-gnu/lib/rustlib/x86_64-unknown-linux-gnu/lib/liblibc-544ecdbd6cda3c58.rlib" "/opt/rustwide/rustup-home/toolchains/1.54.0-x86_64-unknown-linux-gnu/lib/rustlib/x86_64-unknown-linux-gnu/lib/liballoc-379cc252b6943a79.rlib" "/opt/rustwide/rustup-home/toolchains/1.54.0-x86_64-unknown-linux-gnu/lib/rustlib/x86_64-unknown-linux-gnu/lib/librustc_std_workspace_core-8063eea38dcc5e62.rlib" "/opt/rustwide/rustup-home/toolchains/1.54.0-x86_64-unknown-linux-gnu/lib/rustlib/x86_64-unknown-linux-gnu/lib/libcore-5b228734afae15ee.rlib" "-Wl,--end-group" "/opt/rustwide/rustup-home/toolchains/1.54.0-x86_64-unknown-linux-gnu/lib/rustlib/x86_64-unknown-linux-gnu/lib/libcompiler_builtins-d6c7a399d95d173f.rlib" "-Wl,-Bdynamic" "-lutil" "-ldl" "-lutil" "-lgcc_s" "-lutil" "-lrt" "-lpthread" "-lm" "-ldl" "-lc" "-Wl,--eh-frame-hdr" "-Wl,-znoexecstack" "-L" "/opt/rustwide/rustup-home/toolchains/1.54.0-x86_64-unknown-linux-gnu/lib/rustlib/x86_64-unknown-linux-gnu/lib" "-o" "/tmp/rustdoctestTMCSsS/rust_out" "-Wl,--gc-sections" "-pie" "-Wl,-zrelro" "-Wl,-znow" "-nodefaultlibs"
[INFO] [stdout]   = note: collect2: fatal error: ld terminated with signal 9 [Killed]
[INFO] [stdout]           compilation terminated.
[INFO] [stdout]           
[INFO] [stdout] 
[INFO] [stdout] error: aborting due to previous error
[INFO] [stdout] 
[INFO] [stdout] Couldn't compile the test.
[INFO] [stdout] 
[INFO] [stdout] failures:
[INFO] [stdout]     src/error.rs - error::Error::from (line 82)
[INFO] [stdout]     src/error.rs - error::Error::get_mut (line 254)
[INFO] [stdout] 
[INFO] [stdout] test result: FAILED. 7 passed; 2 failed; 3 ignored; 0 measured; 0 filtered out; finished in 6.69s
[INFO] [stdout] 
[INFO] [stderr] error: test failed, to rerun pass '--doc'
[INFO] running `Command { std: "docker" "inspect" "945d77a9c27bc223336394ff64167d491e65afdb1b0c9f13b767f28fce8f64a1", kill_on_drop: false }`
[INFO] running `Command { std: "docker" "rm" "-f" "945d77a9c27bc223336394ff64167d491e65afdb1b0c9f13b767f28fce8f64a1", kill_on_drop: false }`
[INFO] [stdout] 945d77a9c27bc223336394ff64167d491e65afdb1b0c9f13b767f28fce8f64a1
