[INFO] fetching crate rarbg_api 1.0.0...
[INFO] testing rarbg_api-1.0.0 against 1.54.0 for beta-1.55-1
[INFO] extracting crate rarbg_api 1.0.0 into /workspace/builds/worker-3/source
[INFO] validating manifest of crates.io crate rarbg_api 1.0.0 on toolchain 1.54.0
[INFO] running `Command { std: "/workspace/cargo-home/bin/cargo" "+1.54.0" "metadata" "--manifest-path" "Cargo.toml" "--no-deps", kill_on_drop: false }`
[INFO] started tweaking crates.io crate rarbg_api 1.0.0
[INFO] finished tweaking crates.io crate rarbg_api 1.0.0
[INFO] tweaked toml for crates.io crate rarbg_api 1.0.0 written to /workspace/builds/worker-3/source/Cargo.toml
[INFO] crate crates.io crate rarbg_api 1.0.0 already has a lockfile, it will not be regenerated
[INFO] running `Command { std: "/workspace/cargo-home/bin/cargo" "+1.54.0" "fetch" "--manifest-path" "Cargo.toml", kill_on_drop: false }`
[INFO] running `Command { std: "docker" "create" "-v" "/var/lib/crater-agent-workspace/builds/worker-3/target:/opt/rustwide/target:rw,Z" "-v" "/var/lib/crater-agent-workspace/builds/worker-3/source:/opt/rustwide/workdir:ro,Z" "-v" "/var/lib/crater-agent-workspace/cargo-home:/opt/rustwide/cargo-home:ro,Z" "-v" "/var/lib/crater-agent-workspace/rustup-home:/opt/rustwide/rustup-home:ro,Z" "-e" "SOURCE_DIR=/opt/rustwide/workdir" "-e" "CARGO_TARGET_DIR=/opt/rustwide/target" "-e" "CARGO_HOME=/opt/rustwide/cargo-home" "-e" "RUSTUP_HOME=/opt/rustwide/rustup-home" "-w" "/opt/rustwide/workdir" "-m" "1610612736" "--user" "0:0" "--network" "none" "ghcr.io/rust-lang/crates-build-env/linux@sha256:34b6a614d2c27851fe6cbf88fbd1137609cefab8b10d0615aaeb6fd47975d74e" "/opt/rustwide/cargo-home/bin/cargo" "+1.54.0" "metadata" "--no-deps" "--format-version=1", kill_on_drop: false }`
[INFO] [stdout] c5a3ee2b46ba62ff3fb219b77558eaca80a8beb4eec00fd2bef9f913b6b2116f
[INFO] running `Command { std: "docker" "start" "-a" "c5a3ee2b46ba62ff3fb219b77558eaca80a8beb4eec00fd2bef9f913b6b2116f", kill_on_drop: false }`
[INFO] running `Command { std: "docker" "inspect" "c5a3ee2b46ba62ff3fb219b77558eaca80a8beb4eec00fd2bef9f913b6b2116f", kill_on_drop: false }`
[INFO] running `Command { std: "docker" "rm" "-f" "c5a3ee2b46ba62ff3fb219b77558eaca80a8beb4eec00fd2bef9f913b6b2116f", kill_on_drop: false }`
[INFO] [stdout] c5a3ee2b46ba62ff3fb219b77558eaca80a8beb4eec00fd2bef9f913b6b2116f
[INFO] running `Command { std: "docker" "create" "-v" "/var/lib/crater-agent-workspace/builds/worker-3/target:/opt/rustwide/target:rw,Z" "-v" "/var/lib/crater-agent-workspace/builds/worker-3/source:/opt/rustwide/workdir:ro,Z" "-v" "/var/lib/crater-agent-workspace/cargo-home:/opt/rustwide/cargo-home:ro,Z" "-v" "/var/lib/crater-agent-workspace/rustup-home:/opt/rustwide/rustup-home:ro,Z" "-e" "SOURCE_DIR=/opt/rustwide/workdir" "-e" "CARGO_TARGET_DIR=/opt/rustwide/target" "-e" "CARGO_INCREMENTAL=0" "-e" "RUST_BACKTRACE=full" "-e" "RUSTFLAGS=--cap-lints=warn" "-e" "CARGO_HOME=/opt/rustwide/cargo-home" "-e" "RUSTUP_HOME=/opt/rustwide/rustup-home" "-w" "/opt/rustwide/workdir" "-m" "1610612736" "--user" "0:0" "--network" "none" "ghcr.io/rust-lang/crates-build-env/linux@sha256:34b6a614d2c27851fe6cbf88fbd1137609cefab8b10d0615aaeb6fd47975d74e" "/opt/rustwide/cargo-home/bin/cargo" "+1.54.0" "build" "--frozen" "--message-format=json", kill_on_drop: false }`
[INFO] [stdout] 009aed1ad8b44db2eb5b79e5a1c479c0cc6a62e4f830a1a47c89eee9015692dd
[INFO] running `Command { std: "docker" "start" "-a" "009aed1ad8b44db2eb5b79e5a1c479c0cc6a62e4f830a1a47c89eee9015692dd", kill_on_drop: false }`
[INFO] [stderr]    Compiling libc v0.2.86
[INFO] [stderr]    Compiling syn v1.0.60
[INFO] [stderr]    Compiling memchr v2.3.4
[INFO] [stderr]    Compiling futures-core v0.3.12
[INFO] [stderr]    Compiling serde_derive v1.0.123
[INFO] [stderr]    Compiling serde v1.0.123
[INFO] [stderr]    Compiling once_cell v1.5.2
[INFO] [stderr]    Compiling futures-io v0.3.12
[INFO] [stderr]    Compiling httparse v1.3.5
[INFO] [stderr]    Compiling futures-sink v0.3.12
[INFO] [stderr]    Compiling serde_json v1.0.62
[INFO] [stderr]    Compiling tokio v1.2.0
[INFO] [stderr]    Compiling tinyvec v1.1.1
[INFO] [stderr]    Compiling tracing v0.1.23
[INFO] [stderr]    Compiling quote v1.0.9
[INFO] [stderr]    Compiling futures-channel v0.3.12
[INFO] [stderr]    Compiling futures-task v0.3.12
[INFO] [stderr]    Compiling futures-util v0.3.12
[INFO] [stderr]    Compiling unicode-normalization v0.1.17
[INFO] [stderr]    Compiling mio v0.7.7
[INFO] [stderr]    Compiling num_cpus v1.13.0
[INFO] [stderr]    Compiling openssl-sys v0.9.60
[INFO] [stderr]    Compiling socket2 v0.3.19
[INFO] [stderr]    Compiling getrandom v0.2.2
[INFO] [stderr]    Compiling time v0.1.44
[INFO] [stderr]    Compiling uuid v0.8.2
[INFO] [stderr]    Compiling idna v0.2.1
[INFO] [stderr]    Compiling openssl v0.10.32
[INFO] [stderr]    Compiling url v2.2.0
[INFO] [stderr]    Compiling native-tls v0.2.7
[INFO] [stderr]    Compiling tokio-util v0.6.3
[INFO] [stderr]    Compiling tokio-native-tls v0.3.0
[INFO] [stderr]    Compiling pin-project-internal v1.0.5
[INFO] [stderr]    Compiling pin-project v1.0.5
[INFO] [stderr]    Compiling tracing-futures v0.2.5
[INFO] [stderr]    Compiling h2 v0.3.0
[INFO] [stderr]    Compiling hyper v0.14.4
[INFO] [stderr]    Compiling serde_urlencoded v0.7.0
[INFO] [stderr]    Compiling chrono v0.4.19
[INFO] [stderr]    Compiling hyper-tls v0.5.0
[INFO] [stderr]    Compiling reqwest v0.11.0
[INFO] [stderr]    Compiling rarbg_api v1.0.0 (/opt/rustwide/workdir)
[INFO] [stderr]     Finished dev [unoptimized + debuginfo] target(s) in 36.20s
[INFO] running `Command { std: "docker" "inspect" "009aed1ad8b44db2eb5b79e5a1c479c0cc6a62e4f830a1a47c89eee9015692dd", kill_on_drop: false }`
[INFO] running `Command { std: "docker" "rm" "-f" "009aed1ad8b44db2eb5b79e5a1c479c0cc6a62e4f830a1a47c89eee9015692dd", kill_on_drop: false }`
[INFO] [stdout] 009aed1ad8b44db2eb5b79e5a1c479c0cc6a62e4f830a1a47c89eee9015692dd
[INFO] running `Command { std: "docker" "create" "-v" "/var/lib/crater-agent-workspace/builds/worker-3/target:/opt/rustwide/target:rw,Z" "-v" "/var/lib/crater-agent-workspace/builds/worker-3/source:/opt/rustwide/workdir:ro,Z" "-v" "/var/lib/crater-agent-workspace/cargo-home:/opt/rustwide/cargo-home:ro,Z" "-v" "/var/lib/crater-agent-workspace/rustup-home:/opt/rustwide/rustup-home:ro,Z" "-e" "SOURCE_DIR=/opt/rustwide/workdir" "-e" "CARGO_TARGET_DIR=/opt/rustwide/target" "-e" "CARGO_INCREMENTAL=0" "-e" "RUST_BACKTRACE=full" "-e" "RUSTFLAGS=--cap-lints=warn" "-e" "CARGO_HOME=/opt/rustwide/cargo-home" "-e" "RUSTUP_HOME=/opt/rustwide/rustup-home" "-w" "/opt/rustwide/workdir" "-m" "1610612736" "--user" "0:0" "--network" "none" "ghcr.io/rust-lang/crates-build-env/linux@sha256:34b6a614d2c27851fe6cbf88fbd1137609cefab8b10d0615aaeb6fd47975d74e" "/opt/rustwide/cargo-home/bin/cargo" "+1.54.0" "test" "--frozen" "--no-run" "--message-format=json", kill_on_drop: false }`
[INFO] [stdout] 057eafaa6f47328f8057703b40c95da483449ef5c6bf3c67201ffd01cea3bb0b
[INFO] running `Command { std: "docker" "start" "-a" "057eafaa6f47328f8057703b40c95da483449ef5c6bf3c67201ffd01cea3bb0b", kill_on_drop: false }`
[INFO] [stderr]    Compiling rarbg_api v1.0.0 (/opt/rustwide/workdir)
[INFO] [stderr]     Finished test [unoptimized + debuginfo] target(s) in 1.61s
[INFO] running `Command { std: "docker" "inspect" "057eafaa6f47328f8057703b40c95da483449ef5c6bf3c67201ffd01cea3bb0b", kill_on_drop: false }`
[INFO] running `Command { std: "docker" "rm" "-f" "057eafaa6f47328f8057703b40c95da483449ef5c6bf3c67201ffd01cea3bb0b", kill_on_drop: false }`
[INFO] [stdout] 057eafaa6f47328f8057703b40c95da483449ef5c6bf3c67201ffd01cea3bb0b
[INFO] running `Command { std: "docker" "create" "-v" "/var/lib/crater-agent-workspace/builds/worker-3/target:/opt/rustwide/target:rw,Z" "-v" "/var/lib/crater-agent-workspace/builds/worker-3/source:/opt/rustwide/workdir:ro,Z" "-v" "/var/lib/crater-agent-workspace/cargo-home:/opt/rustwide/cargo-home:ro,Z" "-v" "/var/lib/crater-agent-workspace/rustup-home:/opt/rustwide/rustup-home:ro,Z" "-e" "SOURCE_DIR=/opt/rustwide/workdir" "-e" "CARGO_TARGET_DIR=/opt/rustwide/target" "-e" "CARGO_INCREMENTAL=0" "-e" "RUST_BACKTRACE=full" "-e" "RUSTFLAGS=--cap-lints=warn" "-e" "CARGO_HOME=/opt/rustwide/cargo-home" "-e" "RUSTUP_HOME=/opt/rustwide/rustup-home" "-w" "/opt/rustwide/workdir" "-m" "1610612736" "--user" "0:0" "--network" "none" "ghcr.io/rust-lang/crates-build-env/linux@sha256:34b6a614d2c27851fe6cbf88fbd1137609cefab8b10d0615aaeb6fd47975d74e" "/opt/rustwide/cargo-home/bin/cargo" "+1.54.0" "test" "--frozen", kill_on_drop: false }`
[INFO] [stdout] 879b15385fb7711113d050266a0c069aeac7da855cda5fb697f7801e606641a1
[INFO] running `Command { std: "docker" "start" "-a" "879b15385fb7711113d050266a0c069aeac7da855cda5fb697f7801e606641a1", kill_on_drop: false }`
[INFO] [stderr]     Blocking waiting for file lock on package cache
[INFO] [stderr]     Blocking waiting for file lock on package cache
[INFO] [stdout] 
[INFO] [stderr]     Finished test [unoptimized + debuginfo] target(s) in 0.26s
[INFO] [stdout] running 0 tests
[INFO] [stderr]      Running unittests (/opt/rustwide/target/debug/deps/rarbg_api-d0ac54c86834e45e)
[INFO] [stdout] 
[INFO] [stderr]    Doc-tests rarbg_api
[INFO] [stdout] test result: ok. 0 passed; 0 failed; 0 ignored; 0 measured; 0 filtered out; finished in 0.00s
[INFO] [stdout] 
[INFO] [stdout] 
[INFO] [stdout] running 20 tests
[INFO] [stdout] test src/token.rs - token::Token::created_at (line 34) ... FAILED
[INFO] [stdout] test src/lib.rs - RarBgApi::search (line 171) ... FAILED
[INFO] [stdout] test src/lib.rs - RarBgApi::search_by_imdb (line 183) ... FAILED
[INFO] [stdout] test src/lib.rs - RarBgApi::list (line 158) ... FAILED
[INFO] [stdout] test src/token.rs - token::Token::new (line 50) ... FAILED
[INFO] [stdout] test src/lib.rs - RarBgApi::search_by_tvdb (line 196) ... FAILED
[INFO] [stdout] test src/lib.rs - RarBgApi::app_id (line 47) ... FAILED
[INFO] [stdout] test src/lib.rs - RarBgApi::search_by_tmdb (line 209) ... FAILED
[INFO] [stdout] test src/token.rs - token::Token::value (line 22) ... FAILED
[INFO] [stdout] test src/lib.rs - RarBgApi::token (line 59) ... FAILED
[INFO] [stdout] test src/lib.rs - RarBgApi::new (line 78) ... FAILED
[INFO] [stdout] test src/token.rs - token::Token::is_valid (line 91) ... FAILED
[INFO] [stdout] test src/api_parameters_builder.rs - api_parameters_builder::ApiParametersBuilder::ranked (line 24) ... FAILED
[INFO] [stdout] test src/api_parameters_builder.rs - api_parameters_builder::ApiParametersBuilder::sort_by (line 65) ... FAILED
[INFO] [stdout] test src/api_parameters_builder.rs - api_parameters_builder::ApiParametersBuilder::format (line 105) ... ok
[INFO] [stdout] test src/api_parameters_builder.rs - api_parameters_builder::ApiParametersBuilder::minimum_seeders (line 79) ... ok
[INFO] [stdout] test src/api_parameters_builder.rs - api_parameters_builder::ApiParametersBuilder::categories (line 51) ... ok
[INFO] [stdout] test src/api_parameters_builder.rs - api_parameters_builder::ApiParametersBuilder::build (line 140) ... ok
[INFO] [stdout] test src/api_parameters_builder.rs - api_parameters_builder::ApiParametersBuilder::minimum_leechers (line 92) ... ok
[INFO] [stdout] test src/api_parameters_builder.rs - api_parameters_builder::ApiParametersBuilder::limit (line 37) ... ok
[INFO] [stdout] 
[INFO] [stdout] failures:
[INFO] [stdout] 
[INFO] [stdout] ---- src/token.rs - token::Token::created_at (line 34) stdout ----
[INFO] [stdout] error[E0728]: `await` is only allowed inside `async` functions and blocks
[INFO] [stdout]  --> src/token.rs:36:13
[INFO] [stdout]   |
[INFO] [stdout] 3 | fn main() { #[allow(non_snake_case)] fn _doctest_main_src_token_rs_34_0() {
[INFO] [stdout]   |                                         ------------------------------- this is not `async`
[INFO] [stdout] 4 | use rarbg_api::token::Token;
[INFO] [stdout] 5 | let token = Token::new("example").await;
[INFO] [stdout]   |             ^^^^^^^^^^^^^^^^^^^^^^^^^^^ only allowed inside `async` functions and blocks
[INFO] [stdout] 
[INFO] [stdout] error: aborting due to previous error
[INFO] [stdout] 
[INFO] [stdout] For more information about this error, try `rustc --explain E0728`.
[INFO] [stdout] Couldn't compile the test.
[INFO] [stdout] ---- src/lib.rs - RarBgApi::search (line 171) stdout ----
[INFO] [stdout] error[E0728]: `await` is only allowed inside `async` functions and blocks
[INFO] [stdout]  --> src/lib.rs:173:15
[INFO] [stdout]   |
[INFO] [stdout] 3 | fn main() { #[allow(non_snake_case)] fn _doctest_main_src_lib_rs_171_0() {
[INFO] [stdout]   |                                         ------------------------------ this is not `async`
[INFO] [stdout] 4 | use rarbg_api::RarBgApi;
[INFO] [stdout] 5 | let mut api = RarBgApi::new("example").await;
[INFO] [stdout]   |               ^^^^^^^^^^^^^^^^^^^^^^^^^^^^^^ only allowed inside `async` functions and blocks
[INFO] [stdout] 
[INFO] [stdout] error[E0728]: `await` is only allowed inside `async` functions and blocks
[INFO] [stdout]  --> src/lib.rs:174:14
[INFO] [stdout]   |
[INFO] [stdout] 3 | fn main() { #[allow(non_snake_case)] fn _doctest_main_src_lib_rs_171_0() {
[INFO] [stdout]   |                                         ------------------------------ this is not `async`
[INFO] [stdout] ...
[INFO] [stdout] 6 | let result = api.search("Rick and Morty", None).await;
[INFO] [stdout]   |              ^^^^^^^^^^^^^^^^^^^^^^^^^^^^^^^^^^^^^^^^ only allowed inside `async` functions and blocks
[INFO] [stdout] 
[INFO] [stdout] error: aborting due to 2 previous errors
[INFO] [stdout] 
[INFO] [stdout] For more information about this error, try `rustc --explain E0728`.
[INFO] [stdout] Couldn't compile the test.
[INFO] [stdout] ---- src/lib.rs - RarBgApi::search_by_imdb (line 183) stdout ----
[INFO] [stdout] error[E0728]: `await` is only allowed inside `async` functions and blocks
[INFO] [stdout]  --> src/lib.rs:185:15
[INFO] [stdout]   |
[INFO] [stdout] 3 | fn main() { #[allow(non_snake_case)] fn _doctest_main_src_lib_rs_183_0() {
[INFO] [stdout]   |                                         ------------------------------ this is not `async`
[INFO] [stdout] 4 | use rarbg_api::RarBgApi;
[INFO] [stdout] 5 | let mut api = RarBgApi::new("example").await;
[INFO] [stdout]   |               ^^^^^^^^^^^^^^^^^^^^^^^^^^^^^^ only allowed inside `async` functions and blocks
[INFO] [stdout] 
[INFO] [stdout] error[E0728]: `await` is only allowed inside `async` functions and blocks
[INFO] [stdout]  --> src/lib.rs:187:14
[INFO] [stdout]   |
[INFO] [stdout] 3 | fn main() { #[allow(non_snake_case)] fn _doctest_main_src_lib_rs_183_0() {
[INFO] [stdout]   |                                         ------------------------------ this is not `async`
[INFO] [stdout] ...
[INFO] [stdout] 7 | let result = api.search_by_imdb("tt2861424", None).await;
[INFO] [stdout]   |              ^^^^^^^^^^^^^^^^^^^^^^^^^^^^^^^^^^^^^^^^^^^ only allowed inside `async` functions and blocks
[INFO] [stdout] 
[INFO] [stdout] error: aborting due to 2 previous errors
[INFO] [stdout] 
[INFO] [stdout] For more information about this error, try `rustc --explain E0728`.
[INFO] [stdout] Couldn't compile the test.
[INFO] [stdout] ---- src/lib.rs - RarBgApi::list (line 158) stdout ----
[INFO] [stdout] error[E0728]: `await` is only allowed inside `async` functions and blocks
[INFO] [stdout]  --> src/lib.rs:160:15
[INFO] [stdout]   |
[INFO] [stdout] 3 | fn main() { #[allow(non_snake_case)] fn _doctest_main_src_lib_rs_158_0() {
[INFO] [stdout]   |                                         ------------------------------ this is not `async`
[INFO] [stdout] 4 | use rarbg_api::RarBgApi;
[INFO] [stdout] 5 | let mut api = RarBgApi::new("example").await;
[INFO] [stdout]   |               ^^^^^^^^^^^^^^^^^^^^^^^^^^^^^^ only allowed inside `async` functions and blocks
[INFO] [stdout] 
[INFO] [stdout] error[E0728]: `await` is only allowed inside `async` functions and blocks
[INFO] [stdout]  --> src/lib.rs:162:14
[INFO] [stdout]   |
[INFO] [stdout] 3 | fn main() { #[allow(non_snake_case)] fn _doctest_main_src_lib_rs_158_0() {
[INFO] [stdout]   |                                         ------------------------------ this is not `async`
[INFO] [stdout] ...
[INFO] [stdout] 7 | let result = api.list(None).await;
[INFO] [stdout]   |              ^^^^^^^^^^^^^^^^^^^^ only allowed inside `async` functions and blocks
[INFO] [stdout] 
[INFO] [stdout] error: aborting due to 2 previous errors
[INFO] [stdout] 
[INFO] [stdout] For more information about this error, try `rustc --explain E0728`.
[INFO] [stdout] Couldn't compile the test.
[INFO] [stdout] ---- src/token.rs - token::Token::new (line 50) stdout ----
[INFO] [stdout] error[E0728]: `await` is only allowed inside `async` functions and blocks
[INFO] [stdout]  --> src/token.rs:52:13
[INFO] [stdout]   |
[INFO] [stdout] 3 | fn main() { #[allow(non_snake_case)] fn _doctest_main_src_token_rs_50_0() {
[INFO] [stdout]   |                                         ------------------------------- this is not `async`
[INFO] [stdout] 4 | use rarbg_api::token::Token;
[INFO] [stdout] 5 | let token = Token::new("example").await;
[INFO] [stdout]   |             ^^^^^^^^^^^^^^^^^^^^^^^^^^^ only allowed inside `async` functions and blocks
[INFO] [stdout] 
[INFO] [stdout] error: aborting due to previous error
[INFO] [stdout] 
[INFO] [stdout] For more information about this error, try `rustc --explain E0728`.
[INFO] [stdout] Couldn't compile the test.
[INFO] [stdout] ---- src/lib.rs - RarBgApi::search_by_tvdb (line 196) stdout ----
[INFO] [stdout] error[E0728]: `await` is only allowed inside `async` functions and blocks
[INFO] [stdout]  --> src/lib.rs:198:15
[INFO] [stdout]   |
[INFO] [stdout] 3 | fn main() { #[allow(non_snake_case)] fn _doctest_main_src_lib_rs_196_0() {
[INFO] [stdout]   |                                         ------------------------------ this is not `async`
[INFO] [stdout] 4 | use rarbg_api::RarBgApi;
[INFO] [stdout] 5 | let mut api = RarBgApi::new("example").await;
[INFO] [stdout]   |               ^^^^^^^^^^^^^^^^^^^^^^^^^^^^^^ only allowed inside `async` functions and blocks
[INFO] [stdout] 
[INFO] [stdout] error[E0728]: `await` is only allowed inside `async` functions and blocks
[INFO] [stdout]  --> src/lib.rs:200:14
[INFO] [stdout]   |
[INFO] [stdout] 3 | fn main() { #[allow(non_snake_case)] fn _doctest_main_src_lib_rs_196_0() {
[INFO] [stdout]   |                                         ------------------------------ this is not `async`
[INFO] [stdout] ...
[INFO] [stdout] 7 | let result = api.search_by_tvdb("275274", None).await;
[INFO] [stdout]   |              ^^^^^^^^^^^^^^^^^^^^^^^^^^^^^^^^^^^^^^^^ only allowed inside `async` functions and blocks
[INFO] [stdout] 
[INFO] [stdout] error: aborting due to 2 previous errors
[INFO] [stdout] 
[INFO] [stdout] For more information about this error, try `rustc --explain E0728`.
[INFO] [stdout] Couldn't compile the test.
[INFO] [stdout] ---- src/lib.rs - RarBgApi::app_id (line 47) stdout ----
[INFO] [stdout] error[E0728]: `await` is only allowed inside `async` functions and blocks
[INFO] [stdout]  --> src/lib.rs:49:11
[INFO] [stdout]   |
[INFO] [stdout] 3 | fn main() { #[allow(non_snake_case)] fn _doctest_main_src_lib_rs_47_0() {
[INFO] [stdout]   |                                         ----------------------------- this is not `async`
[INFO] [stdout] 4 | use rarbg_api::RarBgApi;
[INFO] [stdout] 5 | let api = RarBgApi::new("example").await;
[INFO] [stdout]   |           ^^^^^^^^^^^^^^^^^^^^^^^^^^^^^^ only allowed inside `async` functions and blocks
[INFO] [stdout] 
[INFO] [stdout] error: aborting due to previous error
[INFO] [stdout] 
[INFO] [stdout] For more information about this error, try `rustc --explain E0728`.
[INFO] [stdout] Couldn't compile the test.
[INFO] [stdout] ---- src/lib.rs - RarBgApi::search_by_tmdb (line 209) stdout ----
[INFO] [stdout] error[E0728]: `await` is only allowed inside `async` functions and blocks
[INFO] [stdout]  --> src/lib.rs:211:15
[INFO] [stdout]   |
[INFO] [stdout] 3 | fn main() { #[allow(non_snake_case)] fn _doctest_main_src_lib_rs_209_0() {
[INFO] [stdout]   |                                         ------------------------------ this is not `async`
[INFO] [stdout] 4 | use rarbg_api::RarBgApi;
[INFO] [stdout] 5 | let mut api = RarBgApi::new("example").await;
[INFO] [stdout]   |               ^^^^^^^^^^^^^^^^^^^^^^^^^^^^^^ only allowed inside `async` functions and blocks
[INFO] [stdout] 
[INFO] [stdout] error[E0728]: `await` is only allowed inside `async` functions and blocks
[INFO] [stdout]  --> src/lib.rs:213:14
[INFO] [stdout]   |
[INFO] [stdout] 3 | fn main() { #[allow(non_snake_case)] fn _doctest_main_src_lib_rs_209_0() {
[INFO] [stdout]   |                                         ------------------------------ this is not `async`
[INFO] [stdout] ...
[INFO] [stdout] 7 | let result = api.search_by_tmdb("60625", None).await;
[INFO] [stdout]   |              ^^^^^^^^^^^^^^^^^^^^^^^^^^^^^^^^^^^^^^^ only allowed inside `async` functions and blocks
[INFO] [stdout] 
[INFO] [stdout] error: aborting due to 2 previous errors
[INFO] [stdout] 
[INFO] [stdout] For more information about this error, try `rustc --explain E0728`.
[INFO] [stdout] Couldn't compile the test.
[INFO] [stdout] ---- src/token.rs - token::Token::value (line 22) stdout ----
[INFO] [stdout] error[E0728]: `await` is only allowed inside `async` functions and blocks
[INFO] [stdout]  --> src/token.rs:24:13
[INFO] [stdout]   |
[INFO] [stdout] 3 | fn main() { #[allow(non_snake_case)] fn _doctest_main_src_token_rs_22_0() {
[INFO] [stdout]   |                                         ------------------------------- this is not `async`
[INFO] [stdout] 4 | use rarbg_api::token::Token;
[INFO] [stdout] 5 | let token = Token::new("example").await;
[INFO] [stdout]   |             ^^^^^^^^^^^^^^^^^^^^^^^^^^^ only allowed inside `async` functions and blocks
[INFO] [stdout] 
[INFO] [stdout] error: aborting due to previous error
[INFO] [stdout] 
[INFO] [stdout] For more information about this error, try `rustc --explain E0728`.
[INFO] [stdout] Couldn't compile the test.
[INFO] [stdout] ---- src/lib.rs - RarBgApi::token (line 59) stdout ----
[INFO] [stdout] error[E0728]: `await` is only allowed inside `async` functions and blocks
[INFO] [stdout]  --> src/lib.rs:63:11
[INFO] [stdout]   |
[INFO] [stdout] 3 | fn main() { #[allow(non_snake_case)] fn _doctest_main_src_lib_rs_59_0() {
[INFO] [stdout]   |                                         ----------------------------- this is not `async`
[INFO] [stdout] ...
[INFO] [stdout] 7 | let api = RarBgApi::new("example").await;
[INFO] [stdout]   |           ^^^^^^^^^^^^^^^^^^^^^^^^^^^^^^ only allowed inside `async` functions and blocks
[INFO] [stdout] 
[INFO] [stdout] error: aborting due to previous error
[INFO] [stdout] 
[INFO] [stdout] For more information about this error, try `rustc --explain E0728`.
[INFO] [stdout] Couldn't compile the test.
[INFO] [stdout] ---- src/lib.rs - RarBgApi::new (line 78) stdout ----
[INFO] [stdout] error[E0728]: `await` is only allowed inside `async` functions and blocks
[INFO] [stdout]  --> src/lib.rs:80:11
[INFO] [stdout]   |
[INFO] [stdout] 3 | fn main() { #[allow(non_snake_case)] fn _doctest_main_src_lib_rs_78_0() {
[INFO] [stdout]   |                                         ----------------------------- this is not `async`
[INFO] [stdout] 4 | use rarbg_api::RarBgApi;
[INFO] [stdout] 5 | let api = RarBgApi::new("example").await;
[INFO] [stdout]   |           ^^^^^^^^^^^^^^^^^^^^^^^^^^^^^^ only allowed inside `async` functions and blocks
[INFO] [stdout] 
[INFO] [stdout] error: aborting due to previous error
[INFO] [stdout] 
[INFO] [stdout] For more information about this error, try `rustc --explain E0728`.
[INFO] [stdout] Couldn't compile the test.
[INFO] [stdout] ---- src/token.rs - token::Token::is_valid (line 91) stdout ----
[INFO] [stdout] error[E0728]: `await` is only allowed inside `async` functions and blocks
[INFO] [stdout]  --> src/token.rs:93:13
[INFO] [stdout]   |
[INFO] [stdout] 3 | fn main() { #[allow(non_snake_case)] fn _doctest_main_src_token_rs_91_0() {
[INFO] [stdout]   |                                         ------------------------------- this is not `async`
[INFO] [stdout] 4 | use rarbg_api::token::Token;
[INFO] [stdout] 5 | let token = Token::new("example").await;
[INFO] [stdout]   |             ^^^^^^^^^^^^^^^^^^^^^^^^^^^ only allowed inside `async` functions and blocks
[INFO] [stdout] 
[INFO] [stdout] error: aborting due to previous error
[INFO] [stdout] 
[INFO] [stdout] For more information about this error, try `rustc --explain E0728`.
[INFO] [stdout] Couldn't compile the test.
[INFO] [stdout] ---- src/api_parameters_builder.rs - api_parameters_builder::ApiParametersBuilder::ranked (line 24) stdout ----
[INFO] [stdout] error: linking with `cc` failed: exit status: 1
[INFO] [stdout]   |
[INFO] [stdout]   = note: "cc" "-m64" "/tmp/rustdoctestJ24Y9i/rust_out.rust_out.7rcbfp3g-cgu.0.rcgu.o" "/tmp/rustdoctestJ24Y9i/rust_out.33dyzt1ekirinwy8.rcgu.o" "-Wl,--as-needed" "-L" "/opt/rustwide/target/debug/deps" "-L" "/opt/rustwide/target/debug/deps" "-L" "/opt/rustwide/rustup-home/toolchains/1.54.0-x86_64-unknown-linux-gnu/lib/rustlib/x86_64-unknown-linux-gnu/lib" "-Wl,-Bstatic" "/opt/rustwide/target/debug/deps/librarbg_api-49bd1051f054414a.rlib" "/opt/rustwide/target/debug/deps/libuuid-8ec8f928b1167c89.rlib" "/opt/rustwide/target/debug/deps/libgetrandom-b8656f937197b685.rlib" "/opt/rustwide/target/debug/deps/libreqwest-35c3a570e2013746.rlib" "/opt/rustwide/target/debug/deps/libhyper_tls-73fc81a36daef762.rlib" "/opt/rustwide/target/debug/deps/libipnet-ea18a4d807066a23.rlib" "/opt/rustwide/target/debug/deps/libtokio_native_tls-462687d3dca31d2c.rlib" "/opt/rustwide/target/debug/deps/libserde_urlencoded-52b78c43039513e0.rlib" "/opt/rustwide/target/debug/deps/libmime-12522ef5c2462da9.rlib" "/opt/rustwide/target/debug/deps/libencoding_rs-51e21ce37bda7a9c.rlib" "/opt/rustwide/target/debug/deps/libserde_json-c0d0ecc79064daef.rlib" "/opt/rustwide/target/debug/deps/libryu-059aa1fbb24cd15e.rlib" "/opt/rustwide/target/debug/deps/libbase64-5c7414cfb92860e8.rlib" "/opt/rustwide/target/debug/deps/libnative_tls-5eaafb233dced219.rlib" "/opt/rustwide/target/debug/deps/libopenssl_probe-448ee40efb9df675.rlib" "/opt/rustwide/target/debug/deps/libopenssl-7de91197a95ca20f.rlib" "/opt/rustwide/target/debug/deps/libopenssl_sys-8a476cf419d03c19.rlib" "/opt/rustwide/target/debug/deps/libforeign_types-6dd7ccee81750d2f.rlib" "/opt/rustwide/target/debug/deps/libforeign_types_shared-1812f2e1ab1a4883.rlib" "/opt/rustwide/target/debug/deps/libbitflags-f89ae4b715176e2d.rlib" "/opt/rustwide/target/debug/deps/libhyper-0ffbd4a4a37af2d1.rlib" "/opt/rustwide/target/debug/deps/libwant-8978c7a581707af0.rlib" "/opt/rustwide/target/debug/deps/libtry_lock-a39996d6fbbee158.rlib" "/opt/rustwide/target/debug/deps/libhttparse-1cca0dce99b95028.rlib" "/opt/rustwide/target/debug/deps/libsocket2-afa7b9c2b8667728.rlib" "/opt/rustwide/target/debug/deps/libh2-9b4bedc81745be21.rlib" "/opt/rustwide/target/debug/deps/libtracing_futures-75cc77a980b963fe.rlib" "/opt/rustwide/target/debug/deps/libindexmap-2a44ae6762b15c90.rlib" "/opt/rustwide/target/debug/deps/libhashbrown-a70fed2d776e2164.rlib" "/opt/rustwide/target/debug/deps/libtokio_util-e4a76c3d9a547024.rlib" "/opt/rustwide/target/debug/deps/libfutures_sink-d33c0ea7df8a52ac.rlib" "/opt/rustwide/target/debug/deps/libpin_project-dccd577a2713338a.rlib" "/opt/rustwide/target/debug/deps/libtower_service-6686e1e00a5b1c4a.rlib" "/opt/rustwide/target/debug/deps/libfutures_channel-24d6cf86da100851.rlib" "/opt/rustwide/target/debug/deps/libtracing-fadd3f2b79e4cf56.rlib" "/opt/rustwide/target/debug/deps/libtracing_core-0927c15890bc5e5e.rlib" "/opt/rustwide/target/debug/deps/libtokio-4ae4c05555443109.rlib" "/opt/rustwide/target/debug/deps/libnum_cpus-e514064f178f0011.rlib" "/opt/rustwide/target/debug/deps/libmio-856205ebff326ebb.rlib" "/opt/rustwide/target/debug/deps/libhttp_body-9e8b3478127f9881.rlib" "/opt/rustwide/target/debug/deps/liblog-975203197fcf8dc1.rlib" "/opt/rustwide/target/debug/deps/libcfg_if-38c8a3e888ecb06a.rlib" "/opt/rustwide/target/debug/deps/libfutures_util-1dcd19240323d3db.rlib" "/opt/rustwide/target/debug/deps/libmemchr-4b0efb25cb3e65ef.rlib" "/opt/rustwide/target/debug/deps/libfutures_io-8964924a7e6683a8.rlib" "/opt/rustwide/target/debug/deps/libslab-a95947d689540fa4.rlib" "/opt/rustwide/target/debug/deps/libpin_project_lite-abccb797364aa7f4.rlib" "/opt/rustwide/target/debug/deps/libfutures_task-f0bd228ce81f8ccb.rlib" "/opt/rustwide/target/debug/deps/libonce_cell-5567bc89bfa5a76a.rlib" "/opt/rustwide/target/debug/deps/libpin_utils-576e633f12357c97.rlib" "/opt/rustwide/target/debug/deps/libfutures_core-b9303aed0671cad9.rlib" "/opt/rustwide/target/debug/deps/liblazy_static-5c53d641eb010a81.rlib" "/opt/rustwide/target/debug/deps/liburl-b5a365ce9f11a1b2.rlib" "/opt/rustwide/target/debug/deps/libidna-d27f128e3364ce65.rlib" "/opt/rustwide/target/debug/deps/libunicode_normalization-dafba359870038b5.rlib" "/opt/rustwide/target/debug/deps/libtinyvec-dd4c492ec8be24e7.rlib" "/opt/rustwide/target/debug/deps/libtinyvec_macros-f6b5563d3767ea26.rlib" "/opt/rustwide/target/debug/deps/libunicode_bidi-658b16b5d9bb5631.rlib" "/opt/rustwide/target/debug/deps/libform_urlencoded-c1c18490b4197c1f.rlib" "/opt/rustwide/target/debug/deps/libpercent_encoding-549c334c22432c49.rlib" "/opt/rustwide/target/debug/deps/libmatches-5bfcef5685786a07.rlib" "/opt/rustwide/target/debug/deps/libhttp-ba76b004da8101b9.rlib" "/opt/rustwide/target/debug/deps/libitoa-9ccdb0b3e3d11258.rlib" "/opt/rustwide/target/debug/deps/libbytes-df7cac8fc38da202.rlib" "/opt/rustwide/target/debug/deps/libfnv-56e05e18a5751d51.rlib" "/opt/rustwide/target/debug/deps/libchrono-6f2bc39e9e7dc4dd.rlib" "/opt/rustwide/target/debug/deps/libserde-62cc2316048f3b02.rlib" "/opt/rustwide/target/debug/deps/libnum_integer-016eaeb10a6f0eb9.rlib" "/opt/rustwide/target/debug/deps/libnum_traits-3ea67f5534c2ade7.rlib" "/opt/rustwide/target/debug/deps/libtime-97a17a9e75a7a539.rlib" "/opt/rustwide/target/debug/deps/liblibc-9246745d57fffb70.rlib" "-Wl,--start-group" "/opt/rustwide/rustup-home/toolchains/1.54.0-x86_64-unknown-linux-gnu/lib/rustlib/x86_64-unknown-linux-gnu/lib/libstd-2420485b9e5ef5e1.rlib" "/opt/rustwide/rustup-home/toolchains/1.54.0-x86_64-unknown-linux-gnu/lib/rustlib/x86_64-unknown-linux-gnu/lib/libpanic_unwind-785e3cb61c4b1960.rlib" "/opt/rustwide/rustup-home/toolchains/1.54.0-x86_64-unknown-linux-gnu/lib/rustlib/x86_64-unknown-linux-gnu/lib/libminiz_oxide-087191a88bdaa22d.rlib" "/opt/rustwide/rustup-home/toolchains/1.54.0-x86_64-unknown-linux-gnu/lib/rustlib/x86_64-unknown-linux-gnu/lib/libadler-9981842c02975178.rlib" "/opt/rustwide/rustup-home/toolchains/1.54.0-x86_64-unknown-linux-gnu/lib/rustlib/x86_64-unknown-linux-gnu/lib/libobject-6fb405869b015fde.rlib" "/opt/rustwide/rustup-home/toolchains/1.54.0-x86_64-unknown-linux-gnu/lib/rustlib/x86_64-unknown-linux-gnu/lib/libaddr2line-d05c5c3c56004b7b.rlib" "/opt/rustwide/rustup-home/toolchains/1.54.0-x86_64-unknown-linux-gnu/lib/rustlib/x86_64-unknown-linux-gnu/lib/libgimli-42d74d2097528b38.rlib" "/opt/rustwide/rustup-home/toolchains/1.54.0-x86_64-unknown-linux-gnu/lib/rustlib/x86_64-unknown-linux-gnu/lib/libstd_detect-fb36534c113d2209.rlib" "/opt/rustwide/rustup-home/toolchains/1.54.0-x86_64-unknown-linux-gnu/lib/rustlib/x86_64-unknown-linux-gnu/lib/librustc_demangle-b56b9042c12b6535.rlib" "/opt/rustwide/rustup-home/toolchains/1.54.0-x86_64-unknown-linux-gnu/lib/rustlib/x86_64-unknown-linux-gnu/lib/libhashbrown-491902d6cb3e76df.rlib" "/opt/rustwide/rustup-home/toolchains/1.54.0-x86_64-unknown-linux-gnu/lib/rustlib/x86_64-unknown-linux-gnu/lib/librustc_std_workspace_alloc-61834e0981b8c367.rlib" "/opt/rustwide/rustup-home/toolchains/1.54.0-x86_64-unknown-linux-gnu/lib/rustlib/x86_64-unknown-linux-gnu/lib/libunwind-f78aa99d613a55bc.rlib" "/opt/rustwide/rustup-home/toolchains/1.54.0-x86_64-unknown-linux-gnu/lib/rustlib/x86_64-unknown-linux-gnu/lib/libcfg_if-53ee54cd7fed2c57.rlib" "/opt/rustwide/rustup-home/toolchains/1.54.0-x86_64-unknown-linux-gnu/lib/rustlib/x86_64-unknown-linux-gnu/lib/liblibc-544ecdbd6cda3c58.rlib" "/opt/rustwide/rustup-home/toolchains/1.54.0-x86_64-unknown-linux-gnu/lib/rustlib/x86_64-unknown-linux-gnu/lib/liballoc-379cc252b6943a79.rlib" "/opt/rustwide/rustup-home/toolchains/1.54.0-x86_64-unknown-linux-gnu/lib/rustlib/x86_64-unknown-linux-gnu/lib/librustc_std_workspace_core-8063eea38dcc5e62.rlib" "/opt/rustwide/rustup-home/toolchains/1.54.0-x86_64-unknown-linux-gnu/lib/rustlib/x86_64-unknown-linux-gnu/lib/libcore-5b228734afae15ee.rlib" "-Wl,--end-group" "/opt/rustwide/rustup-home/toolchains/1.54.0-x86_64-unknown-linux-gnu/lib/rustlib/x86_64-unknown-linux-gnu/lib/libcompiler_builtins-d6c7a399d95d173f.rlib" "-Wl,-Bdynamic" "-lssl" "-lcrypto" "-lgcc_s" "-lutil" "-lrt" "-lpthread" "-lm" "-ldl" "-lc" "-Wl,--eh-frame-hdr" "-Wl,-znoexecstack" "-L" "/opt/rustwide/rustup-home/toolchains/1.54.0-x86_64-unknown-linux-gnu/lib/rustlib/x86_64-unknown-linux-gnu/lib" "-o" "/tmp/rustdoctestJ24Y9i/rust_out" "-Wl,--gc-sections" "-pie" "-Wl,-zrelro" "-Wl,-znow" "-nodefaultlibs"
[INFO] [stdout]   = note: collect2: fatal error: ld terminated with signal 9 [Killed]
[INFO] [stdout]           compilation terminated.
[INFO] [stdout]           
[INFO] [stdout] 
[INFO] [stdout] error: aborting due to previous error
[INFO] [stdout] 
[INFO] [stdout] Couldn't compile the test.
[INFO] [stdout] ---- src/api_parameters_builder.rs - api_parameters_builder::ApiParametersBuilder::sort_by (line 65) stdout ----
[INFO] [stdout] error: linking with `cc` failed: exit status: 1
[INFO] [stdout]   |
[INFO] [stdout]   = note: "cc" "-m64" "/tmp/rustdoctestc7ZHVk/rust_out.rust_out.7rcbfp3g-cgu.0.rcgu.o" "/tmp/rustdoctestc7ZHVk/rust_out.33dyzt1ekirinwy8.rcgu.o" "-Wl,--as-needed" "-L" "/opt/rustwide/target/debug/deps" "-L" "/opt/rustwide/target/debug/deps" "-L" "/opt/rustwide/rustup-home/toolchains/1.54.0-x86_64-unknown-linux-gnu/lib/rustlib/x86_64-unknown-linux-gnu/lib" "-Wl,-Bstatic" "/opt/rustwide/target/debug/deps/librarbg_api-49bd1051f054414a.rlib" "/opt/rustwide/target/debug/deps/libuuid-8ec8f928b1167c89.rlib" "/opt/rustwide/target/debug/deps/libgetrandom-b8656f937197b685.rlib" "/opt/rustwide/target/debug/deps/libreqwest-35c3a570e2013746.rlib" "/opt/rustwide/target/debug/deps/libhyper_tls-73fc81a36daef762.rlib" "/opt/rustwide/target/debug/deps/libipnet-ea18a4d807066a23.rlib" "/opt/rustwide/target/debug/deps/libtokio_native_tls-462687d3dca31d2c.rlib" "/opt/rustwide/target/debug/deps/libserde_urlencoded-52b78c43039513e0.rlib" "/opt/rustwide/target/debug/deps/libmime-12522ef5c2462da9.rlib" "/opt/rustwide/target/debug/deps/libencoding_rs-51e21ce37bda7a9c.rlib" "/opt/rustwide/target/debug/deps/libserde_json-c0d0ecc79064daef.rlib" "/opt/rustwide/target/debug/deps/libryu-059aa1fbb24cd15e.rlib" "/opt/rustwide/target/debug/deps/libbase64-5c7414cfb92860e8.rlib" "/opt/rustwide/target/debug/deps/libnative_tls-5eaafb233dced219.rlib" "/opt/rustwide/target/debug/deps/libopenssl_probe-448ee40efb9df675.rlib" "/opt/rustwide/target/debug/deps/libopenssl-7de91197a95ca20f.rlib" "/opt/rustwide/target/debug/deps/libopenssl_sys-8a476cf419d03c19.rlib" "/opt/rustwide/target/debug/deps/libforeign_types-6dd7ccee81750d2f.rlib" "/opt/rustwide/target/debug/deps/libforeign_types_shared-1812f2e1ab1a4883.rlib" "/opt/rustwide/target/debug/deps/libbitflags-f89ae4b715176e2d.rlib" "/opt/rustwide/target/debug/deps/libhyper-0ffbd4a4a37af2d1.rlib" "/opt/rustwide/target/debug/deps/libwant-8978c7a581707af0.rlib" "/opt/rustwide/target/debug/deps/libtry_lock-a39996d6fbbee158.rlib" "/opt/rustwide/target/debug/deps/libhttparse-1cca0dce99b95028.rlib" "/opt/rustwide/target/debug/deps/libsocket2-afa7b9c2b8667728.rlib" "/opt/rustwide/target/debug/deps/libh2-9b4bedc81745be21.rlib" "/opt/rustwide/target/debug/deps/libtracing_futures-75cc77a980b963fe.rlib" "/opt/rustwide/target/debug/deps/libindexmap-2a44ae6762b15c90.rlib" "/opt/rustwide/target/debug/deps/libhashbrown-a70fed2d776e2164.rlib" "/opt/rustwide/target/debug/deps/libtokio_util-e4a76c3d9a547024.rlib" "/opt/rustwide/target/debug/deps/libfutures_sink-d33c0ea7df8a52ac.rlib" "/opt/rustwide/target/debug/deps/libpin_project-dccd577a2713338a.rlib" "/opt/rustwide/target/debug/deps/libtower_service-6686e1e00a5b1c4a.rlib" "/opt/rustwide/target/debug/deps/libfutures_channel-24d6cf86da100851.rlib" "/opt/rustwide/target/debug/deps/libtracing-fadd3f2b79e4cf56.rlib" "/opt/rustwide/target/debug/deps/libtracing_core-0927c15890bc5e5e.rlib" "/opt/rustwide/target/debug/deps/libtokio-4ae4c05555443109.rlib" "/opt/rustwide/target/debug/deps/libnum_cpus-e514064f178f0011.rlib" "/opt/rustwide/target/debug/deps/libmio-856205ebff326ebb.rlib" "/opt/rustwide/target/debug/deps/libhttp_body-9e8b3478127f9881.rlib" "/opt/rustwide/target/debug/deps/liblog-975203197fcf8dc1.rlib" "/opt/rustwide/target/debug/deps/libcfg_if-38c8a3e888ecb06a.rlib" "/opt/rustwide/target/debug/deps/libfutures_util-1dcd19240323d3db.rlib" "/opt/rustwide/target/debug/deps/libmemchr-4b0efb25cb3e65ef.rlib" "/opt/rustwide/target/debug/deps/libfutures_io-8964924a7e6683a8.rlib" "/opt/rustwide/target/debug/deps/libslab-a95947d689540fa4.rlib" "/opt/rustwide/target/debug/deps/libpin_project_lite-abccb797364aa7f4.rlib" "/opt/rustwide/target/debug/deps/libfutures_task-f0bd228ce81f8ccb.rlib" "/opt/rustwide/target/debug/deps/libonce_cell-5567bc89bfa5a76a.rlib" "/opt/rustwide/target/debug/deps/libpin_utils-576e633f12357c97.rlib" "/opt/rustwide/target/debug/deps/libfutures_core-b9303aed0671cad9.rlib" "/opt/rustwide/target/debug/deps/liblazy_static-5c53d641eb010a81.rlib" "/opt/rustwide/target/debug/deps/liburl-b5a365ce9f11a1b2.rlib" "/opt/rustwide/target/debug/deps/libidna-d27f128e3364ce65.rlib" "/opt/rustwide/target/debug/deps/libunicode_normalization-dafba359870038b5.rlib" "/opt/rustwide/target/debug/deps/libtinyvec-dd4c492ec8be24e7.rlib" "/opt/rustwide/target/debug/deps/libtinyvec_macros-f6b5563d3767ea26.rlib" "/opt/rustwide/target/debug/deps/libunicode_bidi-658b16b5d9bb5631.rlib" "/opt/rustwide/target/debug/deps/libform_urlencoded-c1c18490b4197c1f.rlib" "/opt/rustwide/target/debug/deps/libpercent_encoding-549c334c22432c49.rlib" "/opt/rustwide/target/debug/deps/libmatches-5bfcef5685786a07.rlib" "/opt/rustwide/target/debug/deps/libhttp-ba76b004da8101b9.rlib" "/opt/rustwide/target/debug/deps/libitoa-9ccdb0b3e3d11258.rlib" "/opt/rustwide/target/debug/deps/libbytes-df7cac8fc38da202.rlib" "/opt/rustwide/target/debug/deps/libfnv-56e05e18a5751d51.rlib" "/opt/rustwide/target/debug/deps/libchrono-6f2bc39e9e7dc4dd.rlib" "/opt/rustwide/target/debug/deps/libserde-62cc2316048f3b02.rlib" "/opt/rustwide/target/debug/deps/libnum_integer-016eaeb10a6f0eb9.rlib" "/opt/rustwide/target/debug/deps/libnum_traits-3ea67f5534c2ade7.rlib" "/opt/rustwide/target/debug/deps/libtime-97a17a9e75a7a539.rlib" "/opt/rustwide/target/debug/deps/liblibc-9246745d57fffb70.rlib" "-Wl,--start-group" "/opt/rustwide/rustup-home/toolchains/1.54.0-x86_64-unknown-linux-gnu/lib/rustlib/x86_64-unknown-linux-gnu/lib/libstd-2420485b9e5ef5e1.rlib" "/opt/rustwide/rustup-home/toolchains/1.54.0-x86_64-unknown-linux-gnu/lib/rustlib/x86_64-unknown-linux-gnu/lib/libpanic_unwind-785e3cb61c4b1960.rlib" "/opt/rustwide/rustup-home/toolchains/1.54.0-x86_64-unknown-linux-gnu/lib/rustlib/x86_64-unknown-linux-gnu/lib/libminiz_oxide-087191a88bdaa22d.rlib" "/opt/rustwide/rustup-home/toolchains/1.54.0-x86_64-unknown-linux-gnu/lib/rustlib/x86_64-unknown-linux-gnu/lib/libadler-9981842c02975178.rlib" "/opt/rustwide/rustup-home/toolchains/1.54.0-x86_64-unknown-linux-gnu/lib/rustlib/x86_64-unknown-linux-gnu/lib/libobject-6fb405869b015fde.rlib" "/opt/rustwide/rustup-home/toolchains/1.54.0-x86_64-unknown-linux-gnu/lib/rustlib/x86_64-unknown-linux-gnu/lib/libaddr2line-d05c5c3c56004b7b.rlib" "/opt/rustwide/rustup-home/toolchains/1.54.0-x86_64-unknown-linux-gnu/lib/rustlib/x86_64-unknown-linux-gnu/lib/libgimli-42d74d2097528b38.rlib" "/opt/rustwide/rustup-home/toolchains/1.54.0-x86_64-unknown-linux-gnu/lib/rustlib/x86_64-unknown-linux-gnu/lib/libstd_detect-fb36534c113d2209.rlib" "/opt/rustwide/rustup-home/toolchains/1.54.0-x86_64-unknown-linux-gnu/lib/rustlib/x86_64-unknown-linux-gnu/lib/librustc_demangle-b56b9042c12b6535.rlib" "/opt/rustwide/rustup-home/toolchains/1.54.0-x86_64-unknown-linux-gnu/lib/rustlib/x86_64-unknown-linux-gnu/lib/libhashbrown-491902d6cb3e76df.rlib" "/opt/rustwide/rustup-home/toolchains/1.54.0-x86_64-unknown-linux-gnu/lib/rustlib/x86_64-unknown-linux-gnu/lib/librustc_std_workspace_alloc-61834e0981b8c367.rlib" "/opt/rustwide/rustup-home/toolchains/1.54.0-x86_64-unknown-linux-gnu/lib/rustlib/x86_64-unknown-linux-gnu/lib/libunwind-f78aa99d613a55bc.rlib" "/opt/rustwide/rustup-home/toolchains/1.54.0-x86_64-unknown-linux-gnu/lib/rustlib/x86_64-unknown-linux-gnu/lib/libcfg_if-53ee54cd7fed2c57.rlib" "/opt/rustwide/rustup-home/toolchains/1.54.0-x86_64-unknown-linux-gnu/lib/rustlib/x86_64-unknown-linux-gnu/lib/liblibc-544ecdbd6cda3c58.rlib" "/opt/rustwide/rustup-home/toolchains/1.54.0-x86_64-unknown-linux-gnu/lib/rustlib/x86_64-unknown-linux-gnu/lib/liballoc-379cc252b6943a79.rlib" "/opt/rustwide/rustup-home/toolchains/1.54.0-x86_64-unknown-linux-gnu/lib/rustlib/x86_64-unknown-linux-gnu/lib/librustc_std_workspace_core-8063eea38dcc5e62.rlib" "/opt/rustwide/rustup-home/toolchains/1.54.0-x86_64-unknown-linux-gnu/lib/rustlib/x86_64-unknown-linux-gnu/lib/libcore-5b228734afae15ee.rlib" "-Wl,--end-group" "/opt/rustwide/rustup-home/toolchains/1.54.0-x86_64-unknown-linux-gnu/lib/rustlib/x86_64-unknown-linux-gnu/lib/libcompiler_builtins-d6c7a399d95d173f.rlib" "-Wl,-Bdynamic" "-lssl" "-lcrypto" "-lgcc_s" "-lutil" "-lrt" "-lpthread" "-lm" "-ldl" "-lc" "-Wl,--eh-frame-hdr" "-Wl,-znoexecstack" "-L" "/opt/rustwide/rustup-home/toolchains/1.54.0-x86_64-unknown-linux-gnu/lib/rustlib/x86_64-unknown-linux-gnu/lib" "-o" "/tmp/rustdoctestc7ZHVk/rust_out" "-Wl,--gc-sections" "-pie" "-Wl,-zrelro" "-Wl,-znow" "-nodefaultlibs"
[INFO] [stdout]   = note: collect2: fatal error: ld terminated with signal 9 [Killed]
[INFO] [stdout]           compilation terminated.
[INFO] [stdout]           
[INFO] [stdout] 
[INFO] [stdout] error: aborting due to previous error
[INFO] [stdout] 
[INFO] [stdout] Couldn't compile the test.
[INFO] [stdout] 
[INFO] [stdout] failures:
[INFO] [stdout]     src/api_parameters_builder.rs - api_parameters_builder::ApiParametersBuilder::ranked (line 24)
[INFO] [stdout]     src/api_parameters_builder.rs - api_parameters_builder::ApiParametersBuilder::sort_by (line 65)
[INFO] [stdout]     src/lib.rs - RarBgApi::app_id (line 47)
[INFO] [stdout]     src/lib.rs - RarBgApi::list (line 158)
[INFO] [stdout]     src/lib.rs - RarBgApi::new (line 78)
[INFO] [stdout]     src/lib.rs - RarBgApi::search (line 171)
[INFO] [stdout]     src/lib.rs - RarBgApi::search_by_imdb (line 183)
[INFO] [stdout]     src/lib.rs - RarBgApi::search_by_tmdb (line 209)
[INFO] [stdout]     src/lib.rs - RarBgApi::search_by_tvdb (line 196)
[INFO] [stdout]     src/lib.rs - RarBgApi::token (line 59)
[INFO] [stdout]     src/token.rs - token::Token::created_at (line 34)
[INFO] [stdout]     src/token.rs - token::Token::is_valid (line 91)
[INFO] [stdout]     src/token.rs - token::Token::new (line 50)
[INFO] [stdout]     src/token.rs - token::Token::value (line 22)
[INFO] [stdout] 
[INFO] [stdout] test result: FAILED. 6 passed; 14 failed; 0 ignored; 0 measured; 0 filtered out; finished in 6.15s
[INFO] [stdout] 
[INFO] [stderr] error: test failed, to rerun pass '--doc'
[INFO] running `Command { std: "docker" "inspect" "879b15385fb7711113d050266a0c069aeac7da855cda5fb697f7801e606641a1", kill_on_drop: false }`
[INFO] running `Command { std: "docker" "rm" "-f" "879b15385fb7711113d050266a0c069aeac7da855cda5fb697f7801e606641a1", kill_on_drop: false }`
[INFO] [stdout] 879b15385fb7711113d050266a0c069aeac7da855cda5fb697f7801e606641a1
