[INFO] fetching crate rand_pwd 1.1.3...
[INFO] testing rand_pwd-1.1.3 against 1.54.0 for beta-1.55-1
[INFO] extracting crate rand_pwd 1.1.3 into /workspace/builds/worker-7/source
[INFO] validating manifest of crates.io crate rand_pwd 1.1.3 on toolchain 1.54.0
[INFO] running `Command { std: "/workspace/cargo-home/bin/cargo" "+1.54.0" "metadata" "--manifest-path" "Cargo.toml" "--no-deps", kill_on_drop: false }`
[INFO] started tweaking crates.io crate rand_pwd 1.1.3
[INFO] finished tweaking crates.io crate rand_pwd 1.1.3
[INFO] tweaked toml for crates.io crate rand_pwd 1.1.3 written to /workspace/builds/worker-7/source/Cargo.toml
[INFO] crate crates.io crate rand_pwd 1.1.3 already has a lockfile, it will not be regenerated
[INFO] running `Command { std: "/workspace/cargo-home/bin/cargo" "+1.54.0" "fetch" "--manifest-path" "Cargo.toml", kill_on_drop: false }`
[INFO] [stderr]     Blocking waiting for file lock on package cache
[INFO] running `Command { std: "docker" "create" "-v" "/var/lib/crater-agent-workspace/builds/worker-7/target:/opt/rustwide/target:rw,Z" "-v" "/var/lib/crater-agent-workspace/builds/worker-7/source:/opt/rustwide/workdir:ro,Z" "-v" "/var/lib/crater-agent-workspace/cargo-home:/opt/rustwide/cargo-home:ro,Z" "-v" "/var/lib/crater-agent-workspace/rustup-home:/opt/rustwide/rustup-home:ro,Z" "-e" "SOURCE_DIR=/opt/rustwide/workdir" "-e" "CARGO_TARGET_DIR=/opt/rustwide/target" "-e" "CARGO_HOME=/opt/rustwide/cargo-home" "-e" "RUSTUP_HOME=/opt/rustwide/rustup-home" "-w" "/opt/rustwide/workdir" "-m" "1610612736" "--user" "0:0" "--network" "none" "ghcr.io/rust-lang/crates-build-env/linux@sha256:34b6a614d2c27851fe6cbf88fbd1137609cefab8b10d0615aaeb6fd47975d74e" "/opt/rustwide/cargo-home/bin/cargo" "+1.54.0" "metadata" "--no-deps" "--format-version=1", kill_on_drop: false }`
[INFO] [stdout] d803368fd3dd43be3477929490e1768152c6a6f562f6bd3446fc5f62883f43ee
[INFO] running `Command { std: "docker" "start" "-a" "d803368fd3dd43be3477929490e1768152c6a6f562f6bd3446fc5f62883f43ee", kill_on_drop: false }`
[INFO] running `Command { std: "docker" "inspect" "d803368fd3dd43be3477929490e1768152c6a6f562f6bd3446fc5f62883f43ee", kill_on_drop: false }`
[INFO] running `Command { std: "docker" "rm" "-f" "d803368fd3dd43be3477929490e1768152c6a6f562f6bd3446fc5f62883f43ee", kill_on_drop: false }`
[INFO] [stdout] d803368fd3dd43be3477929490e1768152c6a6f562f6bd3446fc5f62883f43ee
[INFO] running `Command { std: "docker" "create" "-v" "/var/lib/crater-agent-workspace/builds/worker-7/target:/opt/rustwide/target:rw,Z" "-v" "/var/lib/crater-agent-workspace/builds/worker-7/source:/opt/rustwide/workdir:ro,Z" "-v" "/var/lib/crater-agent-workspace/cargo-home:/opt/rustwide/cargo-home:ro,Z" "-v" "/var/lib/crater-agent-workspace/rustup-home:/opt/rustwide/rustup-home:ro,Z" "-e" "SOURCE_DIR=/opt/rustwide/workdir" "-e" "CARGO_TARGET_DIR=/opt/rustwide/target" "-e" "CARGO_INCREMENTAL=0" "-e" "RUST_BACKTRACE=full" "-e" "RUSTFLAGS=--cap-lints=warn" "-e" "CARGO_HOME=/opt/rustwide/cargo-home" "-e" "RUSTUP_HOME=/opt/rustwide/rustup-home" "-w" "/opt/rustwide/workdir" "-m" "1610612736" "--user" "0:0" "--network" "none" "ghcr.io/rust-lang/crates-build-env/linux@sha256:34b6a614d2c27851fe6cbf88fbd1137609cefab8b10d0615aaeb6fd47975d74e" "/opt/rustwide/cargo-home/bin/cargo" "+1.54.0" "build" "--frozen" "--message-format=json", kill_on_drop: false }`
[INFO] [stdout] ba01fe80bab2b356418128505dd6d5fd5c5600b3b2719180f0a6be0216a50965
[INFO] running `Command { std: "docker" "start" "-a" "ba01fe80bab2b356418128505dd6d5fd5c5600b3b2719180f0a6be0216a50965", kill_on_drop: false }`
[INFO] [stderr]    Compiling libc v0.2.74
[INFO] [stderr]    Compiling typenum v1.12.0
[INFO] [stderr]    Compiling rayon-core v1.7.1
[INFO] [stderr]    Compiling stable_deref_trait v1.2.0
[INFO] [stderr]    Compiling heapless v0.5.5
[INFO] [stderr]    Compiling ppv-lite86 v0.2.8
[INFO] [stderr]    Compiling either v1.6.0
[INFO] [stderr]    Compiling memoffset v0.5.5
[INFO] [stderr]    Compiling crossbeam-epoch v0.8.2
[INFO] [stderr]    Compiling num-traits v0.2.12
[INFO] [stderr]    Compiling num-integer v0.1.43
[INFO] [stderr]    Compiling rayon v1.3.1
[INFO] [stderr]    Compiling num-bigint v0.3.0
[INFO] [stderr]    Compiling crossbeam-queue v0.2.3
[INFO] [stderr]    Compiling hash32 v0.1.1
[INFO] [stderr]    Compiling crossbeam-deque v0.7.3
[INFO] [stderr]    Compiling getrandom v0.1.14
[INFO] [stderr]    Compiling num_cpus v1.13.0
[INFO] [stderr]    Compiling rand_core v0.5.1
[INFO] [stderr]    Compiling generic-array v0.12.3
[INFO] [stderr]    Compiling generic-array v0.13.2
[INFO] [stderr]    Compiling rand_chacha v0.2.2
[INFO] [stderr]    Compiling rand v0.7.3
[INFO] [stderr]    Compiling as-slice v0.1.3
[INFO] [stderr]    Compiling rand_pwd v1.1.3 (/opt/rustwide/workdir)
[INFO] [stderr]     Finished dev [unoptimized + debuginfo] target(s) in 5.27s
[INFO] running `Command { std: "docker" "inspect" "ba01fe80bab2b356418128505dd6d5fd5c5600b3b2719180f0a6be0216a50965", kill_on_drop: false }`
[INFO] running `Command { std: "docker" "rm" "-f" "ba01fe80bab2b356418128505dd6d5fd5c5600b3b2719180f0a6be0216a50965", kill_on_drop: false }`
[INFO] [stdout] ba01fe80bab2b356418128505dd6d5fd5c5600b3b2719180f0a6be0216a50965
[INFO] running `Command { std: "docker" "create" "-v" "/var/lib/crater-agent-workspace/builds/worker-7/target:/opt/rustwide/target:rw,Z" "-v" "/var/lib/crater-agent-workspace/builds/worker-7/source:/opt/rustwide/workdir:ro,Z" "-v" "/var/lib/crater-agent-workspace/cargo-home:/opt/rustwide/cargo-home:ro,Z" "-v" "/var/lib/crater-agent-workspace/rustup-home:/opt/rustwide/rustup-home:ro,Z" "-e" "SOURCE_DIR=/opt/rustwide/workdir" "-e" "CARGO_TARGET_DIR=/opt/rustwide/target" "-e" "CARGO_INCREMENTAL=0" "-e" "RUST_BACKTRACE=full" "-e" "RUSTFLAGS=--cap-lints=warn" "-e" "CARGO_HOME=/opt/rustwide/cargo-home" "-e" "RUSTUP_HOME=/opt/rustwide/rustup-home" "-w" "/opt/rustwide/workdir" "-m" "1610612736" "--user" "0:0" "--network" "none" "ghcr.io/rust-lang/crates-build-env/linux@sha256:34b6a614d2c27851fe6cbf88fbd1137609cefab8b10d0615aaeb6fd47975d74e" "/opt/rustwide/cargo-home/bin/cargo" "+1.54.0" "test" "--frozen" "--no-run" "--message-format=json", kill_on_drop: false }`
[INFO] [stdout] b5be389367fd8f51b425272c0f8e808d1799a79c43f91b06edfaf17399379ae1
[INFO] running `Command { std: "docker" "start" "-a" "b5be389367fd8f51b425272c0f8e808d1799a79c43f91b06edfaf17399379ae1", kill_on_drop: false }`
[INFO] [stderr]    Compiling rand_pwd v1.1.3 (/opt/rustwide/workdir)
[INFO] [stderr]     Finished test [unoptimized + debuginfo] target(s) in 1.41s
[INFO] running `Command { std: "docker" "inspect" "b5be389367fd8f51b425272c0f8e808d1799a79c43f91b06edfaf17399379ae1", kill_on_drop: false }`
[INFO] running `Command { std: "docker" "rm" "-f" "b5be389367fd8f51b425272c0f8e808d1799a79c43f91b06edfaf17399379ae1", kill_on_drop: false }`
[INFO] [stdout] b5be389367fd8f51b425272c0f8e808d1799a79c43f91b06edfaf17399379ae1
[INFO] running `Command { std: "docker" "create" "-v" "/var/lib/crater-agent-workspace/builds/worker-7/target:/opt/rustwide/target:rw,Z" "-v" "/var/lib/crater-agent-workspace/builds/worker-7/source:/opt/rustwide/workdir:ro,Z" "-v" "/var/lib/crater-agent-workspace/cargo-home:/opt/rustwide/cargo-home:ro,Z" "-v" "/var/lib/crater-agent-workspace/rustup-home:/opt/rustwide/rustup-home:ro,Z" "-e" "SOURCE_DIR=/opt/rustwide/workdir" "-e" "CARGO_TARGET_DIR=/opt/rustwide/target" "-e" "CARGO_INCREMENTAL=0" "-e" "RUST_BACKTRACE=full" "-e" "RUSTFLAGS=--cap-lints=warn" "-e" "CARGO_HOME=/opt/rustwide/cargo-home" "-e" "RUSTUP_HOME=/opt/rustwide/rustup-home" "-w" "/opt/rustwide/workdir" "-m" "1610612736" "--user" "0:0" "--network" "none" "ghcr.io/rust-lang/crates-build-env/linux@sha256:34b6a614d2c27851fe6cbf88fbd1137609cefab8b10d0615aaeb6fd47975d74e" "/opt/rustwide/cargo-home/bin/cargo" "+1.54.0" "test" "--frozen", kill_on_drop: false }`
[INFO] [stdout] d590317b4809ee8b4a915afbd780a4d7f7e997e09c9a19c1d7f6e9dffef6d80e
[INFO] running `Command { std: "docker" "start" "-a" "d590317b4809ee8b4a915afbd780a4d7f7e997e09c9a19c1d7f6e9dffef6d80e", kill_on_drop: false }`
[INFO] [stderr]     Finished test [unoptimized + debuginfo] target(s) in 0.03s
[INFO] [stderr]      Running unittests (/opt/rustwide/target/debug/deps/rand_pwd-acce1fe53c6a9f50)
[INFO] [stdout] 
[INFO] [stdout] running 0 tests
[INFO] [stdout] 
[INFO] [stdout] test result: ok. 0 passed; 0 failed; 0 ignored; 0 measured; 0 filtered out; finished in 0.00s
[INFO] [stdout] 
[INFO] [stderr]    Doc-tests rand_pwd
[INFO] [stdout] 
[INFO] [stdout] running 9 tests
[INFO] [stdout] test src/lib.rs - RandPwd::set_val (line 135) ... FAILED
[INFO] [stdout] test src/lib.rs - RandPwd::len (line 201) ... ok
[INFO] [stdout] test src/lib.rs - RandPwd::new (line 75) ... ok
[INFO] [stdout] test src/lib.rs - RandPwd::unit (line 178) ... ok
[INFO] [stdout] test src/lib.rs - RandPwd::get_cnt (line 222) ... ok
[INFO] [stdout] test src/lib.rs - RandPwd::val (line 114) ... ok
[INFO] [stdout] test src/lib.rs - RandPwd::set_cnt (line 246) ... ok
[INFO] [stdout] test src/lib.rs - (line 2) ... ok
[INFO] [stdout] test src/lib.rs - RandPwd::join (line 286) ... ok
[INFO] [stdout] 
[INFO] [stdout] failures:
[INFO] [stdout] 
[INFO] [stdout] ---- src/lib.rs - RandPwd::set_val (line 135) stdout ----
[INFO] [stdout] error[E0252]: the name `RandPwd` is defined multiple times
[INFO] [stdout]   --> src/lib.rs:146:5
[INFO] [stdout]    |
[INFO] [stdout] 5  | use rand_pwd::RandPwd;
[INFO] [stdout]    |     ----------------- previous import of the type `RandPwd` here
[INFO] [stdout] ...
[INFO] [stdout] 14 | use rand_pwd::RandPwd;
[INFO] [stdout]    |     ^^^^^^^^^^^^^^^^^ `RandPwd` reimported here
[INFO] [stdout]    |
[INFO] [stdout]    = note: `RandPwd` must be defined only once in the type namespace of this block
[INFO] [stdout] 
[INFO] [stdout] error: aborting due to previous error
[INFO] [stdout] 
[INFO] [stdout] For more information about this error, try `rustc --explain E0252`.
[INFO] [stdout] Couldn't compile the test.
[INFO] [stdout] 
[INFO] [stdout] failures:
[INFO] [stdout]     src/lib.rs - RandPwd::set_val (line 135)
[INFO] [stdout] 
[INFO] [stdout] test result: FAILED. 8 passed; 1 failed; 0 ignored; 0 measured; 0 filtered out; finished in 1.63s
[INFO] [stdout] 
[INFO] [stderr] error: test failed, to rerun pass '--doc'
[INFO] running `Command { std: "docker" "inspect" "d590317b4809ee8b4a915afbd780a4d7f7e997e09c9a19c1d7f6e9dffef6d80e", kill_on_drop: false }`
[INFO] running `Command { std: "docker" "rm" "-f" "d590317b4809ee8b4a915afbd780a4d7f7e997e09c9a19c1d7f6e9dffef6d80e", kill_on_drop: false }`
[INFO] [stdout] d590317b4809ee8b4a915afbd780a4d7f7e997e09c9a19c1d7f6e9dffef6d80e
