[INFO] fetching crate rammer 0.2.2...
[INFO] testing rammer-0.2.2 against 1.54.0 for beta-1.55-1
[INFO] extracting crate rammer 0.2.2 into /workspace/builds/worker-14/source
[INFO] validating manifest of crates.io crate rammer 0.2.2 on toolchain 1.54.0
[INFO] running `Command { std: "/workspace/cargo-home/bin/cargo" "+1.54.0" "metadata" "--manifest-path" "Cargo.toml" "--no-deps", kill_on_drop: false }`
[INFO] started tweaking crates.io crate rammer 0.2.2
[INFO] finished tweaking crates.io crate rammer 0.2.2
[INFO] tweaked toml for crates.io crate rammer 0.2.2 written to /workspace/builds/worker-14/source/Cargo.toml
[INFO] crate crates.io crate rammer 0.2.2 already has a lockfile, it will not be regenerated
[INFO] running `Command { std: "/workspace/cargo-home/bin/cargo" "+1.54.0" "fetch" "--manifest-path" "Cargo.toml", kill_on_drop: false }`
[INFO] running `Command { std: "docker" "create" "-v" "/var/lib/crater-agent-workspace/builds/worker-14/target:/opt/rustwide/target:rw,Z" "-v" "/var/lib/crater-agent-workspace/builds/worker-14/source:/opt/rustwide/workdir:ro,Z" "-v" "/var/lib/crater-agent-workspace/cargo-home:/opt/rustwide/cargo-home:ro,Z" "-v" "/var/lib/crater-agent-workspace/rustup-home:/opt/rustwide/rustup-home:ro,Z" "-e" "SOURCE_DIR=/opt/rustwide/workdir" "-e" "CARGO_TARGET_DIR=/opt/rustwide/target" "-e" "CARGO_HOME=/opt/rustwide/cargo-home" "-e" "RUSTUP_HOME=/opt/rustwide/rustup-home" "-w" "/opt/rustwide/workdir" "-m" "1610612736" "--user" "0:0" "--network" "none" "ghcr.io/rust-lang/crates-build-env/linux@sha256:34b6a614d2c27851fe6cbf88fbd1137609cefab8b10d0615aaeb6fd47975d74e" "/opt/rustwide/cargo-home/bin/cargo" "+1.54.0" "metadata" "--no-deps" "--format-version=1", kill_on_drop: false }`
[INFO] [stdout] e52edfd8f322215cefbb539eb886231f74b41ba9d978d375cf0a1f50a48c0ac6
[INFO] running `Command { std: "docker" "start" "-a" "e52edfd8f322215cefbb539eb886231f74b41ba9d978d375cf0a1f50a48c0ac6", kill_on_drop: false }`
[INFO] running `Command { std: "docker" "inspect" "e52edfd8f322215cefbb539eb886231f74b41ba9d978d375cf0a1f50a48c0ac6", kill_on_drop: false }`
[INFO] running `Command { std: "docker" "rm" "-f" "e52edfd8f322215cefbb539eb886231f74b41ba9d978d375cf0a1f50a48c0ac6", kill_on_drop: false }`
[INFO] [stdout] e52edfd8f322215cefbb539eb886231f74b41ba9d978d375cf0a1f50a48c0ac6
[INFO] running `Command { std: "docker" "create" "-v" "/var/lib/crater-agent-workspace/builds/worker-14/target:/opt/rustwide/target:rw,Z" "-v" "/var/lib/crater-agent-workspace/builds/worker-14/source:/opt/rustwide/workdir:ro,Z" "-v" "/var/lib/crater-agent-workspace/cargo-home:/opt/rustwide/cargo-home:ro,Z" "-v" "/var/lib/crater-agent-workspace/rustup-home:/opt/rustwide/rustup-home:ro,Z" "-e" "SOURCE_DIR=/opt/rustwide/workdir" "-e" "CARGO_TARGET_DIR=/opt/rustwide/target" "-e" "CARGO_INCREMENTAL=0" "-e" "RUST_BACKTRACE=full" "-e" "RUSTFLAGS=--cap-lints=warn" "-e" "CARGO_HOME=/opt/rustwide/cargo-home" "-e" "RUSTUP_HOME=/opt/rustwide/rustup-home" "-w" "/opt/rustwide/workdir" "-m" "1610612736" "--user" "0:0" "--network" "none" "ghcr.io/rust-lang/crates-build-env/linux@sha256:34b6a614d2c27851fe6cbf88fbd1137609cefab8b10d0615aaeb6fd47975d74e" "/opt/rustwide/cargo-home/bin/cargo" "+1.54.0" "build" "--frozen" "--message-format=json", kill_on_drop: false }`
[INFO] [stdout] ecf1432c9f6596e144351ff1a60f7a75254e3e5003b31642337c51b89977c344
[INFO] running `Command { std: "docker" "start" "-a" "ecf1432c9f6596e144351ff1a60f7a75254e3e5003b31642337c51b89977c344", kill_on_drop: false }`
[INFO] [stderr]    Compiling proc-macro2 v1.0.24
[INFO] [stderr]    Compiling unicode-xid v0.2.1
[INFO] [stderr]    Compiling const_fn v0.4.4
[INFO] [stderr]    Compiling syn v1.0.55
[INFO] [stderr]    Compiling libc v0.2.81
[INFO] [stderr]    Compiling serde_derive v1.0.118
[INFO] [stderr]    Compiling rayon-core v1.9.0
[INFO] [stderr]    Compiling serde v1.0.118
[INFO] [stderr]    Compiling serde_json v1.0.60
[INFO] [stderr]    Compiling itoa v0.4.6
[INFO] [stderr]    Compiling unicode-segmentation v1.7.1
[INFO] [stderr]    Compiling crossbeam-utils v0.8.1
[INFO] [stderr]    Compiling memoffset v0.6.1
[INFO] [stderr]    Compiling rayon v1.5.0
[INFO] [stderr]    Compiling num_cpus v1.13.0
[INFO] [stderr]    Compiling quote v1.0.8
[INFO] [stderr]    Compiling crossbeam-epoch v0.9.1
[INFO] [stderr]    Compiling crossbeam-channel v0.5.0
[INFO] [stderr]    Compiling crossbeam-deque v0.8.0
[INFO] [stderr]    Compiling rammer v0.2.2 (/opt/rustwide/workdir)
[INFO] [stderr]     Finished dev [unoptimized + debuginfo] target(s) in 23.87s
[INFO] running `Command { std: "docker" "inspect" "ecf1432c9f6596e144351ff1a60f7a75254e3e5003b31642337c51b89977c344", kill_on_drop: false }`
[INFO] running `Command { std: "docker" "rm" "-f" "ecf1432c9f6596e144351ff1a60f7a75254e3e5003b31642337c51b89977c344", kill_on_drop: false }`
[INFO] [stdout] ecf1432c9f6596e144351ff1a60f7a75254e3e5003b31642337c51b89977c344
[INFO] running `Command { std: "docker" "create" "-v" "/var/lib/crater-agent-workspace/builds/worker-14/target:/opt/rustwide/target:rw,Z" "-v" "/var/lib/crater-agent-workspace/builds/worker-14/source:/opt/rustwide/workdir:ro,Z" "-v" "/var/lib/crater-agent-workspace/cargo-home:/opt/rustwide/cargo-home:ro,Z" "-v" "/var/lib/crater-agent-workspace/rustup-home:/opt/rustwide/rustup-home:ro,Z" "-e" "SOURCE_DIR=/opt/rustwide/workdir" "-e" "CARGO_TARGET_DIR=/opt/rustwide/target" "-e" "CARGO_INCREMENTAL=0" "-e" "RUST_BACKTRACE=full" "-e" "RUSTFLAGS=--cap-lints=warn" "-e" "CARGO_HOME=/opt/rustwide/cargo-home" "-e" "RUSTUP_HOME=/opt/rustwide/rustup-home" "-w" "/opt/rustwide/workdir" "-m" "1610612736" "--user" "0:0" "--network" "none" "ghcr.io/rust-lang/crates-build-env/linux@sha256:34b6a614d2c27851fe6cbf88fbd1137609cefab8b10d0615aaeb6fd47975d74e" "/opt/rustwide/cargo-home/bin/cargo" "+1.54.0" "test" "--frozen" "--no-run" "--message-format=json", kill_on_drop: false }`
[INFO] [stdout] 54e146ed9fd85249df81dd8205833b655d4ae5d4bfe7f180edc273bf37a83607
[INFO] running `Command { std: "docker" "start" "-a" "54e146ed9fd85249df81dd8205833b655d4ae5d4bfe7f180edc273bf37a83607", kill_on_drop: false }`
[INFO] [stderr]     Blocking waiting for file lock on package cache
[INFO] [stderr]    Compiling rammer v0.2.2 (/opt/rustwide/workdir)
[INFO] [stderr]     Finished test [unoptimized + debuginfo] target(s) in 1.67s
[INFO] running `Command { std: "docker" "inspect" "54e146ed9fd85249df81dd8205833b655d4ae5d4bfe7f180edc273bf37a83607", kill_on_drop: false }`
[INFO] running `Command { std: "docker" "rm" "-f" "54e146ed9fd85249df81dd8205833b655d4ae5d4bfe7f180edc273bf37a83607", kill_on_drop: false }`
[INFO] [stdout] 54e146ed9fd85249df81dd8205833b655d4ae5d4bfe7f180edc273bf37a83607
[INFO] running `Command { std: "docker" "create" "-v" "/var/lib/crater-agent-workspace/builds/worker-14/target:/opt/rustwide/target:rw,Z" "-v" "/var/lib/crater-agent-workspace/builds/worker-14/source:/opt/rustwide/workdir:ro,Z" "-v" "/var/lib/crater-agent-workspace/cargo-home:/opt/rustwide/cargo-home:ro,Z" "-v" "/var/lib/crater-agent-workspace/rustup-home:/opt/rustwide/rustup-home:ro,Z" "-e" "SOURCE_DIR=/opt/rustwide/workdir" "-e" "CARGO_TARGET_DIR=/opt/rustwide/target" "-e" "CARGO_INCREMENTAL=0" "-e" "RUST_BACKTRACE=full" "-e" "RUSTFLAGS=--cap-lints=warn" "-e" "CARGO_HOME=/opt/rustwide/cargo-home" "-e" "RUSTUP_HOME=/opt/rustwide/rustup-home" "-w" "/opt/rustwide/workdir" "-m" "1610612736" "--user" "0:0" "--network" "none" "ghcr.io/rust-lang/crates-build-env/linux@sha256:34b6a614d2c27851fe6cbf88fbd1137609cefab8b10d0615aaeb6fd47975d74e" "/opt/rustwide/cargo-home/bin/cargo" "+1.54.0" "test" "--frozen", kill_on_drop: false }`
[INFO] [stdout] b866b61b28a0623dcc5a6266c56cafa95229c332e78254af29e7b4677befd0ed
[INFO] running `Command { std: "docker" "start" "-a" "b866b61b28a0623dcc5a6266c56cafa95229c332e78254af29e7b4677befd0ed", kill_on_drop: false }`
[INFO] [stderr]     Finished test [unoptimized + debuginfo] target(s) in 0.03s
[INFO] [stderr]      Running unittests (/opt/rustwide/target/debug/deps/rammer-930c91913dd86061)
[INFO] [stdout] 
[INFO] [stdout] running 25 tests
[INFO] [stdout] test bag_of_words::tests::bow_from_ascii_skip_punctuation ... ignored
[INFO] [stdout] test bag_of_words::tests::bow_from_2_emoji_no_space ... ok
[INFO] [stdout] test bag_of_words::tests::bow_2_from_unicode_no_spaces_emoji ... ok
[INFO] [stdout] test bag_of_words::tests::bow_2_from_unicode ... ok
[INFO] [stdout] test bag_of_words::tests::bow_from_empty_string ... ok
[INFO] [stdout] test bag_of_words::tests::bow_from_2_eq_words ... ok
[INFO] [stdout] test bag_of_words::tests::bow_from_file_ascii_only ... ok
[INFO] [stdout] test bag_of_words::tests::bow_from_one_word ... ok
[INFO] [stdout] test bag_of_words::tests::bow_from_file_unicode_and_ascii ... ok
[INFO] [stdout] test bag_of_words::tests::bow_from_file_unicode_only ... ok
[INFO] [stdout] test bag_of_words::tests::bow_from_unicode ... ok
[INFO] [stdout] test bag_of_words::tests::combine_both_non_empty ... ok
[INFO] [stdout] test bag_of_words::tests::combine_empty_bows ... ok
[INFO] [stdout] test bag_of_words::tests::combine_both_non_empty_different ... ok
[INFO] [stdout] test bag_of_words::tests::combine_empty_with_non_empty ... ok
[INFO] [stdout] test bag_of_words::tests::combine_non_empty_with_empty ... ok
[INFO] [stdout] test bag_of_words::tests::freq_0 ... ok
[INFO] [stdout] test bag_of_words::tests::combine_three ... ok
[INFO] [stdout] test bag_of_words::tests::freq_1 ... ok
[INFO] [stdout] test bag_of_words::tests::freq_1_of_2 ... ok
[INFO] [stdout] test bag_of_words::tests::freq_1_of_5 ... ok
[INFO] [stdout] test bag_of_words::tests::new_bow ... ok
[INFO] [stdout] test hs_model::tests::filter_test ... ok
[INFO] [stdout] test bag_of_words::tests::from_iter ... ok
[INFO] [stdout] test bag_of_words::tests::bow_from_test_data_folder ... ok
[INFO] [stdout] 
[INFO] [stdout] test result: ok. 24 passed; 0 failed; 1 ignored; 0 measured; 0 filtered out; finished in 0.02s
[INFO] [stdout] 
[INFO] [stderr]      Running unittests (/opt/rustwide/target/debug/deps/generate_model-847270e70e668fb3)
[INFO] [stdout] 
[INFO] [stdout] running 0 tests
[INFO] [stdout] 
[INFO] [stdout] test result: ok. 0 passed; 0 failed; 0 ignored; 0 measured; 0 filtered out; finished in 0.00s
[INFO] [stdout] 
[INFO] [stderr]      Running unittests (/opt/rustwide/target/debug/deps/validate_model-5c98699ef10c1eff)
[INFO] [stdout] 
[INFO] [stdout] running 0 tests
[INFO] [stdout] 
[INFO] [stdout] test result: ok. 0 passed; 0 failed; 0 ignored; 0 measured; 0 filtered out; finished in 0.00s
[INFO] [stdout] 
[INFO] [stderr]    Doc-tests rammer
[INFO] [stdout] 
[INFO] [stdout] running 22 tests
[INFO] [stdout] test src/lib.rs - (line 18) - compile ... ok
[INFO] [stdout] test src/lib.rs - (line 6) - compile ... ok
[INFO] [stdout] test src/bag_of_words.rs - bag_of_words::BagOfWords::combine (line 85) ... ok
[INFO] [stdout] test src/bag_of_words.rs - bag_of_words (line 4) ... FAILED
[INFO] [stdout] test src/hs_model.rs - hs_model::HSModel::add_spam_bow (line 43) ... ok
[INFO] [stdout] test src/hs_model.rs - hs_model::HSModel::add_ham_bow (line 55) ... ok
[INFO] [stdout] test src/hs_model.rs - hs_model::HSModel (line 16) ... ok
[INFO] [stdout] test src/bag_of_words.rs - bag_of_words::BagOfWords::new (line 40) ... ok
[INFO] [stdout] test src/hs_model.rs - hs_model::HSModel::read_from_json (line 121) ... FAILED
[INFO] [stdout] test src/hs_model.rs - hs_model::HSModel::text_spam_probability (line 80) ... ok
[INFO] [stdout] test src/bag_of_words.rs - bag_of_words::BagOfWords::total_word_count (line 100) ... ok
[INFO] [stdout] test src/bag_of_words.rs - bag_of_words::BagOfWords::from_file (line 53) ... ok
[INFO] [stdout] test src/hs_model.rs - hs_model (line 2) ... ok
[INFO] [stdout] test src/hs_model.rs - hs_model::HSModel::from_bows (line 67) ... ok
[INFO] [stdout] test src/hs_model.rs - hs_model::HSModel::new (line 31) ... ok
[INFO] [stdout] test src/bag_of_words.rs - bag_of_words::BagOfWords (line 135) ... ok
[INFO] [stdout] test src/bag_of_words.rs - bag_of_words::BagOfWords (line 152) ... ok
[INFO] [stdout] test src/hs_model.rs - hs_model::HSModel::write_to_json (line 109) ... FAILED
[INFO] [stdout] test src/bag_of_words.rs - bag_of_words::BagOfWords (line 25) ... FAILED
[INFO] [stdout] test src/bag_of_words.rs - bag_of_words::BagOfWords (line 175) ... ok
[INFO] [stdout] test src/bag_of_words.rs - bag_of_words::BagOfWords::from_folder (line 65) ... FAILED
[INFO] [stdout] test src/bag_of_words.rs - bag_of_words::BagOfWords::word_frequency (line 111) ... ok
[INFO] [stdout] 
[INFO] [stdout] failures:
[INFO] [stdout] 
[INFO] [stdout] ---- src/bag_of_words.rs - bag_of_words (line 4) stdout ----
[INFO] [stdout] Test executable failed (exit code 101).
[INFO] [stdout] 
[INFO] [stdout] stderr:
[INFO] [stdout] thread 'main' panicked at 'ok: Os { code: 2, kind: NotFound, message: "No such file or directory" }', src/bag_of_words.rs:71:14
[INFO] [stdout] stack backtrace:
[INFO] [stdout]    0:     0x55a276c0ef60 - std::backtrace_rs::backtrace::libunwind::trace::h34055254b57d8e79
[INFO] [stdout]                                at /rustc/a178d0322ce20e33eac124758e837cbd80a6f633/library/std/src/../../backtrace/src/backtrace/libunwind.rs:90:5
[INFO] [stdout]    1:     0x55a276c0ef60 - std::backtrace_rs::backtrace::trace_unsynchronized::h8f1e3fbd9afff6ec
[INFO] [stdout]                                at /rustc/a178d0322ce20e33eac124758e837cbd80a6f633/library/std/src/../../backtrace/src/backtrace/mod.rs:66:5
[INFO] [stdout]    2:     0x55a276c0ef60 - std::sys_common::backtrace::_print_fmt::h3a99a796b770c360
[INFO] [stdout]                                at /rustc/a178d0322ce20e33eac124758e837cbd80a6f633/library/std/src/sys_common/backtrace.rs:67:5
[INFO] [stdout]    3:     0x55a276c0ef60 - <std::sys_common::backtrace::_print::DisplayBacktrace as core::fmt::Display>::fmt::h32d1f94a80615d18
[INFO] [stdout]                                at /rustc/a178d0322ce20e33eac124758e837cbd80a6f633/library/std/src/sys_common/backtrace.rs:46:22
[INFO] [stdout]    4:     0x55a276c2a1ec - core::fmt::write::h306731c068f7162c
[INFO] [stdout]                                at /rustc/a178d0322ce20e33eac124758e837cbd80a6f633/library/core/src/fmt/mod.rs:1110:17
[INFO] [stdout]    5:     0x55a276c0d315 - std::io::Write::write_fmt::hd2fa90334eee2a21
[INFO] [stdout]                                at /rustc/a178d0322ce20e33eac124758e837cbd80a6f633/library/std/src/io/mod.rs:1588:15
[INFO] [stdout]    6:     0x55a276c10f3b - std::sys_common::backtrace::_print::h5abaa2601a852287
[INFO] [stdout]                                at /rustc/a178d0322ce20e33eac124758e837cbd80a6f633/library/std/src/sys_common/backtrace.rs:49:5
[INFO] [stdout]    7:     0x55a276c10f3b - std::sys_common::backtrace::print::h8d81445442bb638f
[INFO] [stdout]                                at /rustc/a178d0322ce20e33eac124758e837cbd80a6f633/library/std/src/sys_common/backtrace.rs:36:9
[INFO] [stdout]    8:     0x55a276c10f3b - std::panicking::default_hook::{{closure}}::hcfe804496a9fa747
[INFO] [stdout]                                at /rustc/a178d0322ce20e33eac124758e837cbd80a6f633/library/std/src/panicking.rs:208:50
[INFO] [stdout]    9:     0x55a276c10a11 - std::panicking::default_hook::hbea8e3ccf2ba8901
[INFO] [stdout]                                at /rustc/a178d0322ce20e33eac124758e837cbd80a6f633/library/std/src/panicking.rs:225:9
[INFO] [stdout]   10:     0x55a276c11604 - std::panicking::rust_panic_with_hook::h7ee9e1a2d0f8975a
[INFO] [stdout]                                at /rustc/a178d0322ce20e33eac124758e837cbd80a6f633/library/std/src/panicking.rs:622:17
[INFO] [stdout]   11:     0x55a276c110e7 - std::panicking::begin_panic_handler::{{closure}}::h8ab3b4491718b2c7
[INFO] [stdout]                                at /rustc/a178d0322ce20e33eac124758e837cbd80a6f633/library/std/src/panicking.rs:519:13
[INFO] [stdout]   12:     0x55a276c0f45c - std::sys_common::backtrace::__rust_end_short_backtrace::hd489062ffa586a9f
[INFO] [stdout]                                at /rustc/a178d0322ce20e33eac124758e837cbd80a6f633/library/std/src/sys_common/backtrace.rs:141:18
[INFO] [stdout]   13:     0x55a276c11049 - rust_begin_unwind
[INFO] [stdout]                                at /rustc/a178d0322ce20e33eac124758e837cbd80a6f633/library/std/src/panicking.rs:515:5
[INFO] [stdout]   14:     0x55a276b67f91 - core::panicking::panic_fmt::hca6330e3e14086b4
[INFO] [stdout]                                at /rustc/a178d0322ce20e33eac124758e837cbd80a6f633/library/core/src/panicking.rs:92:14
[INFO] [stdout]   15:     0x55a276b68023 - core::result::unwrap_failed::h6160d2b4bfbb0e87
[INFO] [stdout]                                at /rustc/a178d0322ce20e33eac124758e837cbd80a6f633/library/core/src/result.rs:1355:5
[INFO] [stdout]   16:     0x55a276b6faca - core::result::Result<T,E>::expect::h56adb313aff7a112
[INFO] [stdout]                                at /rustc/a178d0322ce20e33eac124758e837cbd80a6f633/library/core/src/result.rs:997:23
[INFO] [stdout]   17:     0x55a276b6e091 - rammer::bag_of_words::BagOfWords::from_folder::hcf0291f26f409255
[INFO] [stdout]                                at /opt/rustwide/workdir/src/bag_of_words.rs:70:9
[INFO] [stdout]   18:     0x55a276b6899c - rust_out::main::_doctest_main_src_bag_of_words_rs_4_0::h3e12e5261e91c8c4
[INFO] [stdout]   19:     0x55a276b68966 - rust_out::main::h2a38bb51b9580a7d
[INFO] [stdout]   20:     0x55a276b68903 - core::ops::function::FnOnce::call_once::hb73b95e6982fd3f0
[INFO] [stdout]   21:     0x55a276b687f9 - std::sys_common::backtrace::__rust_begin_short_backtrace::h8371d112165838d3
[INFO] [stdout]   22:     0x55a276b68869 - std::rt::lang_start::{{closure}}::h783adf50233ec5ec
[INFO] [stdout]   23:     0x55a276c11c09 - core::ops::function::impls::<impl core::ops::function::FnOnce<A> for &F>::call_once::h2aabc384aab89b7b
[INFO] [stdout]                                at /rustc/a178d0322ce20e33eac124758e837cbd80a6f633/library/core/src/ops/function.rs:259:13
[INFO] [stdout]   24:     0x55a276c11c09 - std::panicking::try::do_call::hc5fcacb7a85fc7b1
[INFO] [stdout]                                at /rustc/a178d0322ce20e33eac124758e837cbd80a6f633/library/std/src/panicking.rs:401:40
[INFO] [stdout]   25:     0x55a276c11c09 - std::panicking::try::hb5d9603af3abbe3a
[INFO] [stdout]                                at /rustc/a178d0322ce20e33eac124758e837cbd80a6f633/library/std/src/panicking.rs:365:19
[INFO] [stdout]   26:     0x55a276c11c09 - std::panic::catch_unwind::h98fe6ac3925e64b4
[INFO] [stdout]                                at /rustc/a178d0322ce20e33eac124758e837cbd80a6f633/library/std/src/panic.rs:434:14
[INFO] [stdout]   27:     0x55a276c11c09 - std::rt::lang_start_internal::h22ac7383c516f93e
[INFO] [stdout]                                at /rustc/a178d0322ce20e33eac124758e837cbd80a6f633/library/std/src/rt.rs:34:21
[INFO] [stdout]   28:     0x55a276b68851 - std::rt::lang_start::h11b9716471e37ff8
[INFO] [stdout]   29:     0x55a276b68b03 - main
[INFO] [stdout]   30:     0x7fe6824f60b3 - __libc_start_main
[INFO] [stdout]   31:     0x55a276b6872e - _start
[INFO] [stdout]   32:                0x0 - <unknown>
[INFO] [stdout] 
[INFO] [stdout] 
[INFO] [stdout] ---- src/hs_model.rs - hs_model::HSModel::read_from_json (line 121) stdout ----
[INFO] [stdout] Test executable failed (exit code 101).
[INFO] [stdout] 
[INFO] [stdout] stderr:
[INFO] [stdout] thread 'main' panicked at 'called `Option::unwrap()` on a `None` value', src/hs_model.rs:5:78
[INFO] [stdout] stack backtrace:
[INFO] [stdout]    0:     0x560bff3ad610 - std::backtrace_rs::backtrace::libunwind::trace::h34055254b57d8e79
[INFO] [stdout]                                at /rustc/a178d0322ce20e33eac124758e837cbd80a6f633/library/std/src/../../backtrace/src/backtrace/libunwind.rs:90:5
[INFO] [stdout]    1:     0x560bff3ad610 - std::backtrace_rs::backtrace::trace_unsynchronized::h8f1e3fbd9afff6ec
[INFO] [stdout]                                at /rustc/a178d0322ce20e33eac124758e837cbd80a6f633/library/std/src/../../backtrace/src/backtrace/mod.rs:66:5
[INFO] [stdout]    2:     0x560bff3ad610 - std::sys_common::backtrace::_print_fmt::h3a99a796b770c360
[INFO] [stdout]                                at /rustc/a178d0322ce20e33eac124758e837cbd80a6f633/library/std/src/sys_common/backtrace.rs:67:5
[INFO] [stdout]    3:     0x560bff3ad610 - <std::sys_common::backtrace::_print::DisplayBacktrace as core::fmt::Display>::fmt::h32d1f94a80615d18
[INFO] [stdout]                                at /rustc/a178d0322ce20e33eac124758e837cbd80a6f633/library/std/src/sys_common/backtrace.rs:46:22
[INFO] [stdout]    4:     0x560bff3cb3ec - core::fmt::write::h306731c068f7162c
[INFO] [stdout]                                at /rustc/a178d0322ce20e33eac124758e837cbd80a6f633/library/core/src/fmt/mod.rs:1110:17
[INFO] [stdout]    5:     0x560bff3ac075 - std::io::Write::write_fmt::hd2fa90334eee2a21
[INFO] [stdout]                                at /rustc/a178d0322ce20e33eac124758e837cbd80a6f633/library/std/src/io/mod.rs:1588:15
[INFO] [stdout]    6:     0x560bff3af23b - std::sys_common::backtrace::_print::h5abaa2601a852287
[INFO] [stdout]                                at /rustc/a178d0322ce20e33eac124758e837cbd80a6f633/library/std/src/sys_common/backtrace.rs:49:5
[INFO] [stdout]    7:     0x560bff3af23b - std::sys_common::backtrace::print::h8d81445442bb638f
[INFO] [stdout]                                at /rustc/a178d0322ce20e33eac124758e837cbd80a6f633/library/std/src/sys_common/backtrace.rs:36:9
[INFO] [stdout]    8:     0x560bff3af23b - std::panicking::default_hook::{{closure}}::hcfe804496a9fa747
[INFO] [stdout]                                at /rustc/a178d0322ce20e33eac124758e837cbd80a6f633/library/std/src/panicking.rs:208:50
[INFO] [stdout]    9:     0x560bff3aed11 - std::panicking::default_hook::hbea8e3ccf2ba8901
[INFO] [stdout]                                at /rustc/a178d0322ce20e33eac124758e837cbd80a6f633/library/std/src/panicking.rs:225:9
[INFO] [stdout]   10:     0x560bff3af904 - std::panicking::rust_panic_with_hook::h7ee9e1a2d0f8975a
[INFO] [stdout]                                at /rustc/a178d0322ce20e33eac124758e837cbd80a6f633/library/std/src/panicking.rs:622:17
[INFO] [stdout]   11:     0x560bff3af3b7 - std::panicking::begin_panic_handler::{{closure}}::h8ab3b4491718b2c7
[INFO] [stdout]                                at /rustc/a178d0322ce20e33eac124758e837cbd80a6f633/library/std/src/panicking.rs:517:13
[INFO] [stdout]   12:     0x560bff3adb0c - std::sys_common::backtrace::__rust_end_short_backtrace::hd489062ffa586a9f
[INFO] [stdout]                                at /rustc/a178d0322ce20e33eac124758e837cbd80a6f633/library/std/src/sys_common/backtrace.rs:141:18
[INFO] [stdout]   13:     0x560bff3af349 - rust_begin_unwind
[INFO] [stdout]                                at /rustc/a178d0322ce20e33eac124758e837cbd80a6f633/library/std/src/panicking.rs:515:5
[INFO] [stdout]   14:     0x560bff374ea1 - core::panicking::panic_fmt::hca6330e3e14086b4
[INFO] [stdout]                                at /rustc/a178d0322ce20e33eac124758e837cbd80a6f633/library/core/src/panicking.rs:92:14
[INFO] [stdout]   15:     0x560bff374ded - core::panicking::panic::h1a48d878ff3dcd40
[INFO] [stdout]                                at /rustc/a178d0322ce20e33eac124758e837cbd80a6f633/library/core/src/panicking.rs:50:5
[INFO] [stdout]   16:     0x560bff375897 - core::option::Option<T>::unwrap::hcf34b146c799be07
[INFO] [stdout]   17:     0x560bff375944 - rust_out::main::_doctest_main_src_hs_model_rs_121_0::haa7c1f51ea12e31f
[INFO] [stdout]   18:     0x560bff375906 - rust_out::main::h2a38bb51b9580a7d
[INFO] [stdout]   19:     0x560bff375833 - core::ops::function::FnOnce::call_once::hb73b95e6982fd3f0
[INFO] [stdout]   20:     0x560bff375729 - std::sys_common::backtrace::__rust_begin_short_backtrace::h8371d112165838d3
[INFO] [stdout]   21:     0x560bff375799 - std::rt::lang_start::{{closure}}::h783adf50233ec5ec
[INFO] [stdout]   22:     0x560bff3afe09 - core::ops::function::impls::<impl core::ops::function::FnOnce<A> for &F>::call_once::h2aabc384aab89b7b
[INFO] [stdout]                                at /rustc/a178d0322ce20e33eac124758e837cbd80a6f633/library/core/src/ops/function.rs:259:13
[INFO] [stdout]   23:     0x560bff3afe09 - std::panicking::try::do_call::hc5fcacb7a85fc7b1
[INFO] [stdout]                                at /rustc/a178d0322ce20e33eac124758e837cbd80a6f633/library/std/src/panicking.rs:401:40
[INFO] [stdout]   24:     0x560bff3afe09 - std::panicking::try::hb5d9603af3abbe3a
[INFO] [stdout]                                at /rustc/a178d0322ce20e33eac124758e837cbd80a6f633/library/std/src/panicking.rs:365:19
[INFO] [stdout]   25:     0x560bff3afe09 - std::panic::catch_unwind::h98fe6ac3925e64b4
[INFO] [stdout]                                at /rustc/a178d0322ce20e33eac124758e837cbd80a6f633/library/std/src/panic.rs:434:14
[INFO] [stdout]   26:     0x560bff3afe09 - std::rt::lang_start_internal::h22ac7383c516f93e
[INFO] [stdout]                                at /rustc/a178d0322ce20e33eac124758e837cbd80a6f633/library/std/src/rt.rs:34:21
[INFO] [stdout]   27:     0x560bff375781 - std::rt::lang_start::h11b9716471e37ff8
[INFO] [stdout]   28:     0x560bff375973 - main
[INFO] [stdout]   29:     0x7fbc16e370b3 - __libc_start_main
[INFO] [stdout]   30:     0x560bff37565e - _start
[INFO] [stdout]   31:                0x0 - <unknown>
[INFO] [stdout] 
[INFO] [stdout] 
[INFO] [stdout] ---- src/hs_model.rs - hs_model::HSModel::write_to_json (line 109) stdout ----
[INFO] [stdout] Test executable failed (exit code 101).
[INFO] [stdout] 
[INFO] [stdout] stderr:
[INFO] [stdout] thread 'main' panicked at 'called `Result::unwrap()` on an `Err` value: Os { code: 2, kind: NotFound, message: "No such file or directory" }', src/hs_model.rs:116:46
[INFO] [stdout] stack backtrace:
[INFO] [stdout]    0:     0x55f6e976b760 - std::backtrace_rs::backtrace::libunwind::trace::h34055254b57d8e79
[INFO] [stdout]                                at /rustc/a178d0322ce20e33eac124758e837cbd80a6f633/library/std/src/../../backtrace/src/backtrace/libunwind.rs:90:5
[INFO] [stdout]    1:     0x55f6e976b760 - std::backtrace_rs::backtrace::trace_unsynchronized::h8f1e3fbd9afff6ec
[INFO] [stdout]                                at /rustc/a178d0322ce20e33eac124758e837cbd80a6f633/library/std/src/../../backtrace/src/backtrace/mod.rs:66:5
[INFO] [stdout]    2:     0x55f6e976b760 - std::sys_common::backtrace::_print_fmt::h3a99a796b770c360
[INFO] [stdout]                                at /rustc/a178d0322ce20e33eac124758e837cbd80a6f633/library/std/src/sys_common/backtrace.rs:67:5
[INFO] [stdout]    3:     0x55f6e976b760 - <std::sys_common::backtrace::_print::DisplayBacktrace as core::fmt::Display>::fmt::h32d1f94a80615d18
[INFO] [stdout]                                at /rustc/a178d0322ce20e33eac124758e837cbd80a6f633/library/std/src/sys_common/backtrace.rs:46:22
[INFO] [stdout]    4:     0x55f6e978553c - core::fmt::write::h306731c068f7162c
[INFO] [stdout]                                at /rustc/a178d0322ce20e33eac124758e837cbd80a6f633/library/core/src/fmt/mod.rs:1110:17
[INFO] [stdout]    5:     0x55f6e976a1c5 - std::io::Write::write_fmt::hd2fa90334eee2a21
[INFO] [stdout]                                at /rustc/a178d0322ce20e33eac124758e837cbd80a6f633/library/std/src/io/mod.rs:1588:15
[INFO] [stdout]    6:     0x55f6e976d38b - std::sys_common::backtrace::_print::h5abaa2601a852287
[INFO] [stdout]                                at /rustc/a178d0322ce20e33eac124758e837cbd80a6f633/library/std/src/sys_common/backtrace.rs:49:5
[INFO] [stdout]    7:     0x55f6e976d38b - std::sys_common::backtrace::print::h8d81445442bb638f
[INFO] [stdout]                                at /rustc/a178d0322ce20e33eac124758e837cbd80a6f633/library/std/src/sys_common/backtrace.rs:36:9
[INFO] [stdout]    8:     0x55f6e976d38b - std::panicking::default_hook::{{closure}}::hcfe804496a9fa747
[INFO] [stdout]                                at /rustc/a178d0322ce20e33eac124758e837cbd80a6f633/library/std/src/panicking.rs:208:50
[INFO] [stdout]    9:     0x55f6e976ce61 - std::panicking::default_hook::hbea8e3ccf2ba8901
[INFO] [stdout]                                at /rustc/a178d0322ce20e33eac124758e837cbd80a6f633/library/std/src/panicking.rs:225:9
[INFO] [stdout]   10:     0x55f6e976da54 - std::panicking::rust_panic_with_hook::h7ee9e1a2d0f8975a
[INFO] [stdout]                                at /rustc/a178d0322ce20e33eac124758e837cbd80a6f633/library/std/src/panicking.rs:622:17
[INFO] [stdout]   11:     0x55f6e976d537 - std::panicking::begin_panic_handler::{{closure}}::h8ab3b4491718b2c7
[INFO] [stdout]                                at /rustc/a178d0322ce20e33eac124758e837cbd80a6f633/library/std/src/panicking.rs:519:13
[INFO] [stdout]   12:     0x55f6e976bc5c - std::sys_common::backtrace::__rust_end_short_backtrace::hd489062ffa586a9f
[INFO] [stdout]                                at /rustc/a178d0322ce20e33eac124758e837cbd80a6f633/library/std/src/sys_common/backtrace.rs:141:18
[INFO] [stdout]   13:     0x55f6e976d499 - rust_begin_unwind
[INFO] [stdout]                                at /rustc/a178d0322ce20e33eac124758e837cbd80a6f633/library/std/src/panicking.rs:515:5
[INFO] [stdout]   14:     0x55f6e9741ea1 - core::panicking::panic_fmt::hca6330e3e14086b4
[INFO] [stdout]                                at /rustc/a178d0322ce20e33eac124758e837cbd80a6f633/library/core/src/panicking.rs:92:14
[INFO] [stdout]   15:     0x55f6e9741f33 - core::result::unwrap_failed::h6160d2b4bfbb0e87
[INFO] [stdout]                                at /rustc/a178d0322ce20e33eac124758e837cbd80a6f633/library/core/src/result.rs:1355:5
[INFO] [stdout]   16:     0x55f6e97514b7 - core::result::Result<T,E>::unwrap::h2a7ecde053877bfe
[INFO] [stdout]                                at /rustc/a178d0322ce20e33eac124758e837cbd80a6f633/library/core/src/result.rs:1037:23
[INFO] [stdout]   17:     0x55f6e9742f49 - rammer::hs_model::HSModel::write_to_json::hbd89e0dbe83950d0
[INFO] [stdout]                                at /opt/rustwide/workdir/src/hs_model.rs:116:13
[INFO] [stdout]   18:     0x55f6e97428f2 - rust_out::main::_doctest_main_src_hs_model_rs_109_0::hedf89ec5182fc09f
[INFO] [stdout]   19:     0x55f6e9742836 - rust_out::main::h2a38bb51b9580a7d
[INFO] [stdout]   20:     0x55f6e97427d3 - core::ops::function::FnOnce::call_once::hb73b95e6982fd3f0
[INFO] [stdout]   21:     0x55f6e97426c9 - std::sys_common::backtrace::__rust_begin_short_backtrace::h8371d112165838d3
[INFO] [stdout]   22:     0x55f6e9742739 - std::rt::lang_start::{{closure}}::h783adf50233ec5ec
[INFO] [stdout]   23:     0x55f6e976df59 - core::ops::function::impls::<impl core::ops::function::FnOnce<A> for &F>::call_once::h2aabc384aab89b7b
[INFO] [stdout]                                at /rustc/a178d0322ce20e33eac124758e837cbd80a6f633/library/core/src/ops/function.rs:259:13
[INFO] [stdout]   24:     0x55f6e976df59 - std::panicking::try::do_call::hc5fcacb7a85fc7b1
[INFO] [stdout]                                at /rustc/a178d0322ce20e33eac124758e837cbd80a6f633/library/std/src/panicking.rs:401:40
[INFO] [stdout]   25:     0x55f6e976df59 - std::panicking::try::hb5d9603af3abbe3a
[INFO] [stdout]                                at /rustc/a178d0322ce20e33eac124758e837cbd80a6f633/library/std/src/panicking.rs:365:19
[INFO] [stdout]   26:     0x55f6e976df59 - std::panic::catch_unwind::h98fe6ac3925e64b4
[INFO] [stdout]                                at /rustc/a178d0322ce20e33eac124758e837cbd80a6f633/library/std/src/panic.rs:434:14
[INFO] [stdout]   27:     0x55f6e976df59 - std::rt::lang_start_internal::h22ac7383c516f93e
[INFO] [stdout]                                at /rustc/a178d0322ce20e33eac124758e837cbd80a6f633/library/std/src/rt.rs:34:21
[INFO] [stdout]   28:     0x55f6e9742721 - std::rt::lang_start::h11b9716471e37ff8
[INFO] [stdout]   29:     0x55f6e9742963 - main
[INFO] [stdout]   30:     0x7fe725c470b3 - __libc_start_main
[INFO] [stdout]   31:     0x55f6e97425fe - _start
[INFO] [stdout]   32:                0x0 - <unknown>
[INFO] [stdout] 
[INFO] [stdout] 
[INFO] [stdout] ---- src/bag_of_words.rs - bag_of_words::BagOfWords (line 25) stdout ----
[INFO] [stdout] Test executable failed (exit code 101).
[INFO] [stdout] 
[INFO] [stdout] stderr:
[INFO] [stdout] thread 'main' panicked at 'ok: Os { code: 2, kind: NotFound, message: "No such file or directory" }', src/bag_of_words.rs:71:14
[INFO] [stdout] stack backtrace:
[INFO] [stdout]    0:     0x560e8b3a3380 - std::backtrace_rs::backtrace::libunwind::trace::h34055254b57d8e79
[INFO] [stdout]                                at /rustc/a178d0322ce20e33eac124758e837cbd80a6f633/library/std/src/../../backtrace/src/backtrace/libunwind.rs:90:5
[INFO] [stdout]    1:     0x560e8b3a3380 - std::backtrace_rs::backtrace::trace_unsynchronized::h8f1e3fbd9afff6ec
[INFO] [stdout]                                at /rustc/a178d0322ce20e33eac124758e837cbd80a6f633/library/std/src/../../backtrace/src/backtrace/mod.rs:66:5
[INFO] [stdout]    2:     0x560e8b3a3380 - std::sys_common::backtrace::_print_fmt::h3a99a796b770c360
[INFO] [stdout]                                at /rustc/a178d0322ce20e33eac124758e837cbd80a6f633/library/std/src/sys_common/backtrace.rs:67:5
[INFO] [stdout]    3:     0x560e8b3a3380 - <std::sys_common::backtrace::_print::DisplayBacktrace as core::fmt::Display>::fmt::h32d1f94a80615d18
[INFO] [stdout]                                at /rustc/a178d0322ce20e33eac124758e837cbd80a6f633/library/std/src/sys_common/backtrace.rs:46:22
[INFO] [stdout]    4:     0x560e8b3be60c - core::fmt::write::h306731c068f7162c
[INFO] [stdout]                                at /rustc/a178d0322ce20e33eac124758e837cbd80a6f633/library/core/src/fmt/mod.rs:1110:17
[INFO] [stdout]    5:     0x560e8b3a1735 - std::io::Write::write_fmt::hd2fa90334eee2a21
[INFO] [stdout]                                at /rustc/a178d0322ce20e33eac124758e837cbd80a6f633/library/std/src/io/mod.rs:1588:15
[INFO] [stdout]    6:     0x560e8b3a535b - std::sys_common::backtrace::_print::h5abaa2601a852287
[INFO] [stdout]                                at /rustc/a178d0322ce20e33eac124758e837cbd80a6f633/library/std/src/sys_common/backtrace.rs:49:5
[INFO] [stdout]    7:     0x560e8b3a535b - std::sys_common::backtrace::print::h8d81445442bb638f
[INFO] [stdout]                                at /rustc/a178d0322ce20e33eac124758e837cbd80a6f633/library/std/src/sys_common/backtrace.rs:36:9
[INFO] [stdout]    8:     0x560e8b3a535b - std::panicking::default_hook::{{closure}}::hcfe804496a9fa747
[INFO] [stdout]                                at /rustc/a178d0322ce20e33eac124758e837cbd80a6f633/library/std/src/panicking.rs:208:50
[INFO] [stdout]    9:     0x560e8b3a4e31 - std::panicking::default_hook::hbea8e3ccf2ba8901
[INFO] [stdout]                                at /rustc/a178d0322ce20e33eac124758e837cbd80a6f633/library/std/src/panicking.rs:225:9
[INFO] [stdout]   10:     0x560e8b3a5a24 - std::panicking::rust_panic_with_hook::h7ee9e1a2d0f8975a
[INFO] [stdout]                                at /rustc/a178d0322ce20e33eac124758e837cbd80a6f633/library/std/src/panicking.rs:622:17
[INFO] [stdout]   11:     0x560e8b3a5507 - std::panicking::begin_panic_handler::{{closure}}::h8ab3b4491718b2c7
[INFO] [stdout]                                at /rustc/a178d0322ce20e33eac124758e837cbd80a6f633/library/std/src/panicking.rs:519:13
[INFO] [stdout]   12:     0x560e8b3a387c - std::sys_common::backtrace::__rust_end_short_backtrace::hd489062ffa586a9f
[INFO] [stdout]                                at /rustc/a178d0322ce20e33eac124758e837cbd80a6f633/library/std/src/sys_common/backtrace.rs:141:18
[INFO] [stdout]   13:     0x560e8b3a5469 - rust_begin_unwind
[INFO] [stdout]                                at /rustc/a178d0322ce20e33eac124758e837cbd80a6f633/library/std/src/panicking.rs:515:5
[INFO] [stdout]   14:     0x560e8b2fff91 - core::panicking::panic_fmt::hca6330e3e14086b4
[INFO] [stdout]                                at /rustc/a178d0322ce20e33eac124758e837cbd80a6f633/library/core/src/panicking.rs:92:14
[INFO] [stdout]   15:     0x560e8b300023 - core::result::unwrap_failed::h6160d2b4bfbb0e87
[INFO] [stdout]                                at /rustc/a178d0322ce20e33eac124758e837cbd80a6f633/library/core/src/result.rs:1355:5
[INFO] [stdout]   16:     0x560e8b3049ea - core::result::Result<T,E>::expect::h56adb313aff7a112
[INFO] [stdout]                                at /rustc/a178d0322ce20e33eac124758e837cbd80a6f633/library/core/src/result.rs:997:23
[INFO] [stdout]   17:     0x560e8b303541 - rammer::bag_of_words::BagOfWords::from_folder::hcf0291f26f409255
[INFO] [stdout]                                at /opt/rustwide/workdir/src/bag_of_words.rs:70:9
[INFO] [stdout]   18:     0x560e8b300a3c - rust_out::main::_doctest_main_src_bag_of_words_rs_25_0::h3c4946b37085dfeb
[INFO] [stdout]   19:     0x560e8b3009d6 - rust_out::main::h2a38bb51b9580a7d
[INFO] [stdout]   20:     0x560e8b300903 - core::ops::function::FnOnce::call_once::hb73b95e6982fd3f0
[INFO] [stdout]   21:     0x560e8b3007f9 - std::sys_common::backtrace::__rust_begin_short_backtrace::h8371d112165838d3
[INFO] [stdout]   22:     0x560e8b300869 - std::rt::lang_start::{{closure}}::h783adf50233ec5ec
[INFO] [stdout]   23:     0x560e8b3a6029 - core::ops::function::impls::<impl core::ops::function::FnOnce<A> for &F>::call_once::h2aabc384aab89b7b
[INFO] [stdout]                                at /rustc/a178d0322ce20e33eac124758e837cbd80a6f633/library/core/src/ops/function.rs:259:13
[INFO] [stdout]   24:     0x560e8b3a6029 - std::panicking::try::do_call::hc5fcacb7a85fc7b1
[INFO] [stdout]                                at /rustc/a178d0322ce20e33eac124758e837cbd80a6f633/library/std/src/panicking.rs:401:40
[INFO] [stdout]   25:     0x560e8b3a6029 - std::panicking::try::hb5d9603af3abbe3a
[INFO] [stdout]                                at /rustc/a178d0322ce20e33eac124758e837cbd80a6f633/library/std/src/panicking.rs:365:19
[INFO] [stdout]   26:     0x560e8b3a6029 - std::panic::catch_unwind::h98fe6ac3925e64b4
[INFO] [stdout]                                at /rustc/a178d0322ce20e33eac124758e837cbd80a6f633/library/std/src/panic.rs:434:14
[INFO] [stdout]   27:     0x560e8b3a6029 - std::rt::lang_start_internal::h22ac7383c516f93e
[INFO] [stdout]                                at /rustc/a178d0322ce20e33eac124758e837cbd80a6f633/library/std/src/rt.rs:34:21
[INFO] [stdout]   28:     0x560e8b300851 - std::rt::lang_start::h11b9716471e37ff8
[INFO] [stdout]   29:     0x560e8b300b33 - main
[INFO] [stdout]   30:     0x7ff44b4380b3 - __libc_start_main
[INFO] [stdout]   31:     0x560e8b30072e - _start
[INFO] [stdout]   32:                0x0 - <unknown>
[INFO] [stdout] 
[INFO] [stdout] 
[INFO] [stdout] ---- src/bag_of_words.rs - bag_of_words::BagOfWords::from_folder (line 65) stdout ----
[INFO] [stdout] Test executable failed (exit code 101).
[INFO] [stdout] 
[INFO] [stdout] stderr:
[INFO] [stdout] thread 'main' panicked at 'ok: Os { code: 2, kind: NotFound, message: "No such file or directory" }', src/bag_of_words.rs:71:14
[INFO] [stdout] stack backtrace:
[INFO] [stdout]    0:     0x557cc7d72200 - std::backtrace_rs::backtrace::libunwind::trace::h34055254b57d8e79
[INFO] [stdout]                                at /rustc/a178d0322ce20e33eac124758e837cbd80a6f633/library/std/src/../../backtrace/src/backtrace/libunwind.rs:90:5
[INFO] [stdout]    1:     0x557cc7d72200 - std::backtrace_rs::backtrace::trace_unsynchronized::h8f1e3fbd9afff6ec
[INFO] [stdout]                                at /rustc/a178d0322ce20e33eac124758e837cbd80a6f633/library/std/src/../../backtrace/src/backtrace/mod.rs:66:5
[INFO] [stdout]    2:     0x557cc7d72200 - std::sys_common::backtrace::_print_fmt::h3a99a796b770c360
[INFO] [stdout]                                at /rustc/a178d0322ce20e33eac124758e837cbd80a6f633/library/std/src/sys_common/backtrace.rs:67:5
[INFO] [stdout]    3:     0x557cc7d72200 - <std::sys_common::backtrace::_print::DisplayBacktrace as core::fmt::Display>::fmt::h32d1f94a80615d18
[INFO] [stdout]                                at /rustc/a178d0322ce20e33eac124758e837cbd80a6f633/library/std/src/sys_common/backtrace.rs:46:22
[INFO] [stdout]    4:     0x557cc7d8d48c - core::fmt::write::h306731c068f7162c
[INFO] [stdout]                                at /rustc/a178d0322ce20e33eac124758e837cbd80a6f633/library/core/src/fmt/mod.rs:1110:17
[INFO] [stdout]    5:     0x557cc7d705b5 - std::io::Write::write_fmt::hd2fa90334eee2a21
[INFO] [stdout]                                at /rustc/a178d0322ce20e33eac124758e837cbd80a6f633/library/std/src/io/mod.rs:1588:15
[INFO] [stdout]    6:     0x557cc7d741db - std::sys_common::backtrace::_print::h5abaa2601a852287
[INFO] [stdout]                                at /rustc/a178d0322ce20e33eac124758e837cbd80a6f633/library/std/src/sys_common/backtrace.rs:49:5
[INFO] [stdout]    7:     0x557cc7d741db - std::sys_common::backtrace::print::h8d81445442bb638f
[INFO] [stdout]                                at /rustc/a178d0322ce20e33eac124758e837cbd80a6f633/library/std/src/sys_common/backtrace.rs:36:9
[INFO] [stdout]    8:     0x557cc7d741db - std::panicking::default_hook::{{closure}}::hcfe804496a9fa747
[INFO] [stdout]                                at /rustc/a178d0322ce20e33eac124758e837cbd80a6f633/library/std/src/panicking.rs:208:50
[INFO] [stdout]    9:     0x557cc7d73cb1 - std::panicking::default_hook::hbea8e3ccf2ba8901
[INFO] [stdout]                                at /rustc/a178d0322ce20e33eac124758e837cbd80a6f633/library/std/src/panicking.rs:225:9
[INFO] [stdout]   10:     0x557cc7d748a4 - std::panicking::rust_panic_with_hook::h7ee9e1a2d0f8975a
[INFO] [stdout]                                at /rustc/a178d0322ce20e33eac124758e837cbd80a6f633/library/std/src/panicking.rs:622:17
[INFO] [stdout]   11:     0x557cc7d74387 - std::panicking::begin_panic_handler::{{closure}}::h8ab3b4491718b2c7
[INFO] [stdout]                                at /rustc/a178d0322ce20e33eac124758e837cbd80a6f633/library/std/src/panicking.rs:519:13
[INFO] [stdout]   12:     0x557cc7d726fc - std::sys_common::backtrace::__rust_end_short_backtrace::hd489062ffa586a9f
[INFO] [stdout]                                at /rustc/a178d0322ce20e33eac124758e837cbd80a6f633/library/std/src/sys_common/backtrace.rs:141:18
[INFO] [stdout]   13:     0x557cc7d742e9 - rust_begin_unwind
[INFO] [stdout]                                at /rustc/a178d0322ce20e33eac124758e837cbd80a6f633/library/std/src/panicking.rs:515:5
[INFO] [stdout]   14:     0x557cc7ccef91 - core::panicking::panic_fmt::hca6330e3e14086b4
[INFO] [stdout]                                at /rustc/a178d0322ce20e33eac124758e837cbd80a6f633/library/core/src/panicking.rs:92:14
[INFO] [stdout]   15:     0x557cc7ccf023 - core::result::unwrap_failed::h6160d2b4bfbb0e87
[INFO] [stdout]                                at /rustc/a178d0322ce20e33eac124758e837cbd80a6f633/library/core/src/result.rs:1355:5
[INFO] [stdout]   16:     0x557cc7cd386a - core::result::Result<T,E>::expect::h56adb313aff7a112
[INFO] [stdout]                                at /rustc/a178d0322ce20e33eac124758e837cbd80a6f633/library/core/src/result.rs:997:23
[INFO] [stdout]   17:     0x557cc7cd23c1 - rammer::bag_of_words::BagOfWords::from_folder::hcf0291f26f409255
[INFO] [stdout]                                at /opt/rustwide/workdir/src/bag_of_words.rs:70:9
[INFO] [stdout]   18:     0x557cc7ccf98b - rust_out::main::_doctest_main_src_bag_of_words_rs_65_0::hb090ccac8e3ddc50
[INFO] [stdout]   19:     0x557cc7ccf966 - rust_out::main::h2a38bb51b9580a7d
[INFO] [stdout]   20:     0x557cc7ccf903 - core::ops::function::FnOnce::call_once::hb73b95e6982fd3f0
[INFO] [stdout]   21:     0x557cc7ccf7f9 - std::sys_common::backtrace::__rust_begin_short_backtrace::h8371d112165838d3
[INFO] [stdout]   22:     0x557cc7ccf869 - std::rt::lang_start::{{closure}}::h783adf50233ec5ec
[INFO] [stdout]   23:     0x557cc7d74ea9 - core::ops::function::impls::<impl core::ops::function::FnOnce<A> for &F>::call_once::h2aabc384aab89b7b
[INFO] [stdout]                                at /rustc/a178d0322ce20e33eac124758e837cbd80a6f633/library/core/src/ops/function.rs:259:13
[INFO] [stdout]   24:     0x557cc7d74ea9 - std::panicking::try::do_call::hc5fcacb7a85fc7b1
[INFO] [stdout]                                at /rustc/a178d0322ce20e33eac124758e837cbd80a6f633/library/std/src/panicking.rs:401:40
[INFO] [stdout]   25:     0x557cc7d74ea9 - std::panicking::try::hb5d9603af3abbe3a
[INFO] [stdout]                                at /rustc/a178d0322ce20e33eac124758e837cbd80a6f633/library/std/src/panicking.rs:365:19
[INFO] [stdout]   26:     0x557cc7d74ea9 - std::panic::catch_unwind::h98fe6ac3925e64b4
[INFO] [stdout]                                at /rustc/a178d0322ce20e33eac124758e837cbd80a6f633/library/std/src/panic.rs:434:14
[INFO] [stdout]   27:     0x557cc7d74ea9 - std::rt::lang_start_internal::h22ac7383c516f93e
[INFO] [stdout]                                at /rustc/a178d0322ce20e33eac124758e837cbd80a6f633/library/std/src/rt.rs:34:21
[INFO] [stdout]   28:     0x557cc7ccf851 - std::rt::lang_start::h11b9716471e37ff8
[INFO] [stdout]   29:     0x557cc7ccf9b3 - main
[INFO] [stdout]   30:     0x7f07022920b3 - __libc_start_main
[INFO] [stdout]   31:     0x557cc7ccf72e - _start
[INFO] [stdout]   32:                0x0 - <unknown>
[INFO] [stdout] 
[INFO] [stdout] 
[INFO] [stdout] 
[INFO] [stdout] failures:
[INFO] [stdout]     src/bag_of_words.rs - bag_of_words (line 4)
[INFO] [stdout]     src/bag_of_words.rs - bag_of_words::BagOfWords (line 25)
[INFO] [stdout]     src/bag_of_words.rs - bag_of_words::BagOfWords::from_folder (line 65)
[INFO] [stdout]     src/hs_model.rs - hs_model::HSModel::read_from_json (line 121)
[INFO] [stdout]     src/hs_model.rs - hs_model::HSModel::write_to_json (line 109)
[INFO] [stdout] 
[INFO] [stdout] test result: FAILED. 17 passed; 5 failed; 0 ignored; 0 measured; 0 filtered out; finished in 2.15s
[INFO] [stdout] 
[INFO] [stderr] error: test failed, to rerun pass '--doc'
[INFO] running `Command { std: "docker" "inspect" "b866b61b28a0623dcc5a6266c56cafa95229c332e78254af29e7b4677befd0ed", kill_on_drop: false }`
[INFO] running `Command { std: "docker" "rm" "-f" "b866b61b28a0623dcc5a6266c56cafa95229c332e78254af29e7b4677befd0ed", kill_on_drop: false }`
[INFO] [stdout] b866b61b28a0623dcc5a6266c56cafa95229c332e78254af29e7b4677befd0ed
