[INFO] fetching crate racetrack-proc-macro 0.0.1...
[INFO] testing racetrack-proc-macro-0.0.1 against 1.54.0 for beta-1.55-1
[INFO] extracting crate racetrack-proc-macro 0.0.1 into /workspace/builds/worker-9/source
[INFO] validating manifest of crates.io crate racetrack-proc-macro 0.0.1 on toolchain 1.54.0
[INFO] running `Command { std: "/workspace/cargo-home/bin/cargo" "+1.54.0" "metadata" "--manifest-path" "Cargo.toml" "--no-deps", kill_on_drop: false }`
[INFO] started tweaking crates.io crate racetrack-proc-macro 0.0.1
[INFO] finished tweaking crates.io crate racetrack-proc-macro 0.0.1
[INFO] tweaked toml for crates.io crate racetrack-proc-macro 0.0.1 written to /workspace/builds/worker-9/source/Cargo.toml
[INFO] running `Command { std: "/workspace/cargo-home/bin/cargo" "+1.54.0" "generate-lockfile" "--manifest-path" "Cargo.toml" "-Zno-index-update", kill_on_drop: false }`
[INFO] running `Command { std: "/workspace/cargo-home/bin/cargo" "+1.54.0" "fetch" "--manifest-path" "Cargo.toml", kill_on_drop: false }`
[INFO] running `Command { std: "docker" "create" "-v" "/var/lib/crater-agent-workspace/builds/worker-9/target:/opt/rustwide/target:rw,Z" "-v" "/var/lib/crater-agent-workspace/builds/worker-9/source:/opt/rustwide/workdir:ro,Z" "-v" "/var/lib/crater-agent-workspace/cargo-home:/opt/rustwide/cargo-home:ro,Z" "-v" "/var/lib/crater-agent-workspace/rustup-home:/opt/rustwide/rustup-home:ro,Z" "-e" "SOURCE_DIR=/opt/rustwide/workdir" "-e" "CARGO_TARGET_DIR=/opt/rustwide/target" "-e" "CARGO_HOME=/opt/rustwide/cargo-home" "-e" "RUSTUP_HOME=/opt/rustwide/rustup-home" "-w" "/opt/rustwide/workdir" "-m" "1610612736" "--user" "0:0" "--network" "none" "ghcr.io/rust-lang/crates-build-env/linux@sha256:34b6a614d2c27851fe6cbf88fbd1137609cefab8b10d0615aaeb6fd47975d74e" "/opt/rustwide/cargo-home/bin/cargo" "+1.54.0" "metadata" "--no-deps" "--format-version=1", kill_on_drop: false }`
[INFO] [stdout] 9eb3e25d71303f086b33cb998de58ae28c9b4c0f51764a87d9d6fa42295eaed9
[INFO] running `Command { std: "docker" "start" "-a" "9eb3e25d71303f086b33cb998de58ae28c9b4c0f51764a87d9d6fa42295eaed9", kill_on_drop: false }`
[INFO] running `Command { std: "docker" "inspect" "9eb3e25d71303f086b33cb998de58ae28c9b4c0f51764a87d9d6fa42295eaed9", kill_on_drop: false }`
[INFO] running `Command { std: "docker" "rm" "-f" "9eb3e25d71303f086b33cb998de58ae28c9b4c0f51764a87d9d6fa42295eaed9", kill_on_drop: false }`
[INFO] [stdout] 9eb3e25d71303f086b33cb998de58ae28c9b4c0f51764a87d9d6fa42295eaed9
[INFO] running `Command { std: "docker" "create" "-v" "/var/lib/crater-agent-workspace/builds/worker-9/target:/opt/rustwide/target:rw,Z" "-v" "/var/lib/crater-agent-workspace/builds/worker-9/source:/opt/rustwide/workdir:ro,Z" "-v" "/var/lib/crater-agent-workspace/cargo-home:/opt/rustwide/cargo-home:ro,Z" "-v" "/var/lib/crater-agent-workspace/rustup-home:/opt/rustwide/rustup-home:ro,Z" "-e" "SOURCE_DIR=/opt/rustwide/workdir" "-e" "CARGO_TARGET_DIR=/opt/rustwide/target" "-e" "CARGO_INCREMENTAL=0" "-e" "RUST_BACKTRACE=full" "-e" "RUSTFLAGS=--cap-lints=warn" "-e" "CARGO_HOME=/opt/rustwide/cargo-home" "-e" "RUSTUP_HOME=/opt/rustwide/rustup-home" "-w" "/opt/rustwide/workdir" "-m" "1610612736" "--user" "0:0" "--network" "none" "ghcr.io/rust-lang/crates-build-env/linux@sha256:34b6a614d2c27851fe6cbf88fbd1137609cefab8b10d0615aaeb6fd47975d74e" "/opt/rustwide/cargo-home/bin/cargo" "+1.54.0" "build" "--frozen" "--message-format=json", kill_on_drop: false }`
[INFO] [stdout] 5a3585b7324e3219947f52cc38d40d9fe83d5ab106a4bc81d10d39bd59a28306
[INFO] running `Command { std: "docker" "start" "-a" "5a3585b7324e3219947f52cc38d40d9fe83d5ab106a4bc81d10d39bd59a28306", kill_on_drop: false }`
[INFO] [stderr]    Compiling racetrack-proc-macro v0.0.1 (/opt/rustwide/workdir)
[INFO] [stderr]     Finished dev [unoptimized + debuginfo] target(s) in 2.05s
[INFO] running `Command { std: "docker" "inspect" "5a3585b7324e3219947f52cc38d40d9fe83d5ab106a4bc81d10d39bd59a28306", kill_on_drop: false }`
[INFO] running `Command { std: "docker" "rm" "-f" "5a3585b7324e3219947f52cc38d40d9fe83d5ab106a4bc81d10d39bd59a28306", kill_on_drop: false }`
[INFO] [stdout] 5a3585b7324e3219947f52cc38d40d9fe83d5ab106a4bc81d10d39bd59a28306
[INFO] running `Command { std: "docker" "create" "-v" "/var/lib/crater-agent-workspace/builds/worker-9/target:/opt/rustwide/target:rw,Z" "-v" "/var/lib/crater-agent-workspace/builds/worker-9/source:/opt/rustwide/workdir:ro,Z" "-v" "/var/lib/crater-agent-workspace/cargo-home:/opt/rustwide/cargo-home:ro,Z" "-v" "/var/lib/crater-agent-workspace/rustup-home:/opt/rustwide/rustup-home:ro,Z" "-e" "SOURCE_DIR=/opt/rustwide/workdir" "-e" "CARGO_TARGET_DIR=/opt/rustwide/target" "-e" "CARGO_INCREMENTAL=0" "-e" "RUST_BACKTRACE=full" "-e" "RUSTFLAGS=--cap-lints=warn" "-e" "CARGO_HOME=/opt/rustwide/cargo-home" "-e" "RUSTUP_HOME=/opt/rustwide/rustup-home" "-w" "/opt/rustwide/workdir" "-m" "1610612736" "--user" "0:0" "--network" "none" "ghcr.io/rust-lang/crates-build-env/linux@sha256:34b6a614d2c27851fe6cbf88fbd1137609cefab8b10d0615aaeb6fd47975d74e" "/opt/rustwide/cargo-home/bin/cargo" "+1.54.0" "test" "--frozen" "--no-run" "--message-format=json", kill_on_drop: false }`
[INFO] [stdout] f60e65204706d66bfc48d5325bf0619f9e5b7e46bc9431f7cc16434616012871
[INFO] running `Command { std: "docker" "start" "-a" "f60e65204706d66bfc48d5325bf0619f9e5b7e46bc9431f7cc16434616012871", kill_on_drop: false }`
[INFO] [stderr]    Compiling racetrack-proc-macro v0.0.1 (/opt/rustwide/workdir)
[INFO] [stderr]     Finished test [unoptimized + debuginfo] target(s) in 0.76s
[INFO] running `Command { std: "docker" "inspect" "f60e65204706d66bfc48d5325bf0619f9e5b7e46bc9431f7cc16434616012871", kill_on_drop: false }`
[INFO] running `Command { std: "docker" "rm" "-f" "f60e65204706d66bfc48d5325bf0619f9e5b7e46bc9431f7cc16434616012871", kill_on_drop: false }`
[INFO] [stdout] f60e65204706d66bfc48d5325bf0619f9e5b7e46bc9431f7cc16434616012871
[INFO] running `Command { std: "docker" "create" "-v" "/var/lib/crater-agent-workspace/builds/worker-9/target:/opt/rustwide/target:rw,Z" "-v" "/var/lib/crater-agent-workspace/builds/worker-9/source:/opt/rustwide/workdir:ro,Z" "-v" "/var/lib/crater-agent-workspace/cargo-home:/opt/rustwide/cargo-home:ro,Z" "-v" "/var/lib/crater-agent-workspace/rustup-home:/opt/rustwide/rustup-home:ro,Z" "-e" "SOURCE_DIR=/opt/rustwide/workdir" "-e" "CARGO_TARGET_DIR=/opt/rustwide/target" "-e" "CARGO_INCREMENTAL=0" "-e" "RUST_BACKTRACE=full" "-e" "RUSTFLAGS=--cap-lints=warn" "-e" "CARGO_HOME=/opt/rustwide/cargo-home" "-e" "RUSTUP_HOME=/opt/rustwide/rustup-home" "-w" "/opt/rustwide/workdir" "-m" "1610612736" "--user" "0:0" "--network" "none" "ghcr.io/rust-lang/crates-build-env/linux@sha256:34b6a614d2c27851fe6cbf88fbd1137609cefab8b10d0615aaeb6fd47975d74e" "/opt/rustwide/cargo-home/bin/cargo" "+1.54.0" "test" "--frozen", kill_on_drop: false }`
[INFO] [stdout] d8ff1d3e803fb9ee53f71cc00a8eb3ecc773471b9d3d3a2792bfe76684a75b16
[INFO] running `Command { std: "docker" "start" "-a" "d8ff1d3e803fb9ee53f71cc00a8eb3ecc773471b9d3d3a2792bfe76684a75b16", kill_on_drop: false }`
[INFO] [stderr]     Finished test [unoptimized + debuginfo] target(s) in 0.02s
[INFO] [stdout] 
[INFO] [stderr]      Running unittests (/opt/rustwide/target/debug/deps/racetrack_proc_macro-1117eb5f4194cc16)
[INFO] [stdout] running 0 tests
[INFO] [stdout] 
[INFO] [stdout] test result: ok. 0 passed; 0 failed; 0 ignored; 0 measured; 0 filtered out; finished in 0.00s
[INFO] [stdout] 
[INFO] [stderr]    Doc-tests racetrack-proc-macro
[INFO] [stdout] 
[INFO] [stdout] running 1 test
[INFO] [stderr] error: test failed, to rerun pass '--doc'
[INFO] [stdout] test src/lib.rs - track_with (line 34) ... FAILED
[INFO] [stdout] 
[INFO] [stdout] failures:
[INFO] [stdout] 
[INFO] [stdout] ---- src/lib.rs - track_with (line 34) stdout ----
[INFO] [stdout] error[E0432]: unresolved import `racetrack`
[INFO] [stdout]  --> src/lib.rs:36:5
[INFO] [stdout]   |
[INFO] [stdout] 4 | use racetrack::{Tracker, track_with};
[INFO] [stdout]   |     ^^^^^^^^^ use of undeclared crate or module `racetrack`
[INFO] [stdout] 
[INFO] [stdout] error: cannot determine resolution for the attribute macro `track_with`
[INFO] [stdout]  --> src/lib.rs:40:3
[INFO] [stdout]   |
[INFO] [stdout] 8 | #[track_with(0, namespace = "Tracked")]
[INFO] [stdout]   |   ^^^^^^^^^^
[INFO] [stdout]   |
[INFO] [stdout]   = note: import resolution is stuck, try simplifying macro imports
[INFO] [stdout] 
[INFO] [stdout] error: aborting due to 2 previous errors
[INFO] [stdout] 
[INFO] [stdout] For more information about this error, try `rustc --explain E0432`.
[INFO] [stdout] Couldn't compile the test.
[INFO] [stdout] 
[INFO] [stdout] failures:
[INFO] [stdout]     src/lib.rs - track_with (line 34)
[INFO] [stdout] 
[INFO] [stdout] test result: FAILED. 0 passed; 1 failed; 0 ignored; 0 measured; 0 filtered out; finished in 0.11s
[INFO] [stdout] 
[INFO] running `Command { std: "docker" "inspect" "d8ff1d3e803fb9ee53f71cc00a8eb3ecc773471b9d3d3a2792bfe76684a75b16", kill_on_drop: false }`
[INFO] running `Command { std: "docker" "rm" "-f" "d8ff1d3e803fb9ee53f71cc00a8eb3ecc773471b9d3d3a2792bfe76684a75b16", kill_on_drop: false }`
[INFO] [stdout] d8ff1d3e803fb9ee53f71cc00a8eb3ecc773471b9d3d3a2792bfe76684a75b16
