[INFO] fetching crate ra_ap_la-arena 0.0.67...
[INFO] testing ra_ap_la-arena-0.0.67 against 1.54.0 for beta-1.55-1
[INFO] extracting crate ra_ap_la-arena 0.0.67 into /workspace/builds/worker-14/source
[INFO] validating manifest of crates.io crate ra_ap_la-arena 0.0.67 on toolchain 1.54.0
[INFO] running `Command { std: "/workspace/cargo-home/bin/cargo" "+1.54.0" "metadata" "--manifest-path" "Cargo.toml" "--no-deps", kill_on_drop: false }`
[INFO] started tweaking crates.io crate ra_ap_la-arena 0.0.67
[INFO] finished tweaking crates.io crate ra_ap_la-arena 0.0.67
[INFO] tweaked toml for crates.io crate ra_ap_la-arena 0.0.67 written to /workspace/builds/worker-14/source/Cargo.toml
[INFO] running `Command { std: "/workspace/cargo-home/bin/cargo" "+1.54.0" "generate-lockfile" "--manifest-path" "Cargo.toml" "-Zno-index-update", kill_on_drop: false }`
[INFO] running `Command { std: "/workspace/cargo-home/bin/cargo" "+1.54.0" "fetch" "--manifest-path" "Cargo.toml", kill_on_drop: false }`
[INFO] running `Command { std: "docker" "create" "-v" "/var/lib/crater-agent-workspace/builds/worker-14/target:/opt/rustwide/target:rw,Z" "-v" "/var/lib/crater-agent-workspace/builds/worker-14/source:/opt/rustwide/workdir:ro,Z" "-v" "/var/lib/crater-agent-workspace/cargo-home:/opt/rustwide/cargo-home:ro,Z" "-v" "/var/lib/crater-agent-workspace/rustup-home:/opt/rustwide/rustup-home:ro,Z" "-e" "SOURCE_DIR=/opt/rustwide/workdir" "-e" "CARGO_TARGET_DIR=/opt/rustwide/target" "-e" "CARGO_HOME=/opt/rustwide/cargo-home" "-e" "RUSTUP_HOME=/opt/rustwide/rustup-home" "-w" "/opt/rustwide/workdir" "-m" "1610612736" "--user" "0:0" "--network" "none" "ghcr.io/rust-lang/crates-build-env/linux@sha256:34b6a614d2c27851fe6cbf88fbd1137609cefab8b10d0615aaeb6fd47975d74e" "/opt/rustwide/cargo-home/bin/cargo" "+1.54.0" "metadata" "--no-deps" "--format-version=1", kill_on_drop: false }`
[INFO] [stdout] 253860d17585d7937857a7a64336073033296515582bfc9c16b36f3165406607
[INFO] running `Command { std: "docker" "start" "-a" "253860d17585d7937857a7a64336073033296515582bfc9c16b36f3165406607", kill_on_drop: false }`
[INFO] running `Command { std: "docker" "inspect" "253860d17585d7937857a7a64336073033296515582bfc9c16b36f3165406607", kill_on_drop: false }`
[INFO] running `Command { std: "docker" "rm" "-f" "253860d17585d7937857a7a64336073033296515582bfc9c16b36f3165406607", kill_on_drop: false }`
[INFO] [stdout] 253860d17585d7937857a7a64336073033296515582bfc9c16b36f3165406607
[INFO] running `Command { std: "docker" "create" "-v" "/var/lib/crater-agent-workspace/builds/worker-14/target:/opt/rustwide/target:rw,Z" "-v" "/var/lib/crater-agent-workspace/builds/worker-14/source:/opt/rustwide/workdir:ro,Z" "-v" "/var/lib/crater-agent-workspace/cargo-home:/opt/rustwide/cargo-home:ro,Z" "-v" "/var/lib/crater-agent-workspace/rustup-home:/opt/rustwide/rustup-home:ro,Z" "-e" "SOURCE_DIR=/opt/rustwide/workdir" "-e" "CARGO_TARGET_DIR=/opt/rustwide/target" "-e" "CARGO_INCREMENTAL=0" "-e" "RUST_BACKTRACE=full" "-e" "RUSTFLAGS=--cap-lints=warn" "-e" "CARGO_HOME=/opt/rustwide/cargo-home" "-e" "RUSTUP_HOME=/opt/rustwide/rustup-home" "-w" "/opt/rustwide/workdir" "-m" "1610612736" "--user" "0:0" "--network" "none" "ghcr.io/rust-lang/crates-build-env/linux@sha256:34b6a614d2c27851fe6cbf88fbd1137609cefab8b10d0615aaeb6fd47975d74e" "/opt/rustwide/cargo-home/bin/cargo" "+1.54.0" "build" "--frozen" "--message-format=json", kill_on_drop: false }`
[INFO] [stdout] 3707ee1ebcc4187953d6b9dcc05897b6c03d2fd18b31a2652a36cd29dfdeeaac
[INFO] running `Command { std: "docker" "start" "-a" "3707ee1ebcc4187953d6b9dcc05897b6c03d2fd18b31a2652a36cd29dfdeeaac", kill_on_drop: false }`
[INFO] [stderr]    Compiling ra_ap_la-arena v0.0.67 (/opt/rustwide/workdir)
[INFO] [stderr]     Finished dev [unoptimized + debuginfo] target(s) in 0.99s
[INFO] running `Command { std: "docker" "inspect" "3707ee1ebcc4187953d6b9dcc05897b6c03d2fd18b31a2652a36cd29dfdeeaac", kill_on_drop: false }`
[INFO] running `Command { std: "docker" "rm" "-f" "3707ee1ebcc4187953d6b9dcc05897b6c03d2fd18b31a2652a36cd29dfdeeaac", kill_on_drop: false }`
[INFO] [stdout] 3707ee1ebcc4187953d6b9dcc05897b6c03d2fd18b31a2652a36cd29dfdeeaac
[INFO] running `Command { std: "docker" "create" "-v" "/var/lib/crater-agent-workspace/builds/worker-14/target:/opt/rustwide/target:rw,Z" "-v" "/var/lib/crater-agent-workspace/builds/worker-14/source:/opt/rustwide/workdir:ro,Z" "-v" "/var/lib/crater-agent-workspace/cargo-home:/opt/rustwide/cargo-home:ro,Z" "-v" "/var/lib/crater-agent-workspace/rustup-home:/opt/rustwide/rustup-home:ro,Z" "-e" "SOURCE_DIR=/opt/rustwide/workdir" "-e" "CARGO_TARGET_DIR=/opt/rustwide/target" "-e" "CARGO_INCREMENTAL=0" "-e" "RUST_BACKTRACE=full" "-e" "RUSTFLAGS=--cap-lints=warn" "-e" "CARGO_HOME=/opt/rustwide/cargo-home" "-e" "RUSTUP_HOME=/opt/rustwide/rustup-home" "-w" "/opt/rustwide/workdir" "-m" "1610612736" "--user" "0:0" "--network" "none" "ghcr.io/rust-lang/crates-build-env/linux@sha256:34b6a614d2c27851fe6cbf88fbd1137609cefab8b10d0615aaeb6fd47975d74e" "/opt/rustwide/cargo-home/bin/cargo" "+1.54.0" "test" "--frozen" "--no-run" "--message-format=json", kill_on_drop: false }`
[INFO] [stdout] 6af33718a7fb6b875dfe0976a3a83c40b05c4d8560d7d8dbfcc69ea657f0dfd1
[INFO] running `Command { std: "docker" "start" "-a" "6af33718a7fb6b875dfe0976a3a83c40b05c4d8560d7d8dbfcc69ea657f0dfd1", kill_on_drop: false }`
[INFO] [stderr]    Compiling ra_ap_la-arena v0.0.67 (/opt/rustwide/workdir)
[INFO] [stderr]     Finished test [unoptimized + debuginfo] target(s) in 0.80s
[INFO] running `Command { std: "docker" "inspect" "6af33718a7fb6b875dfe0976a3a83c40b05c4d8560d7d8dbfcc69ea657f0dfd1", kill_on_drop: false }`
[INFO] running `Command { std: "docker" "rm" "-f" "6af33718a7fb6b875dfe0976a3a83c40b05c4d8560d7d8dbfcc69ea657f0dfd1", kill_on_drop: false }`
[INFO] [stdout] 6af33718a7fb6b875dfe0976a3a83c40b05c4d8560d7d8dbfcc69ea657f0dfd1
[INFO] running `Command { std: "docker" "create" "-v" "/var/lib/crater-agent-workspace/builds/worker-14/target:/opt/rustwide/target:rw,Z" "-v" "/var/lib/crater-agent-workspace/builds/worker-14/source:/opt/rustwide/workdir:ro,Z" "-v" "/var/lib/crater-agent-workspace/cargo-home:/opt/rustwide/cargo-home:ro,Z" "-v" "/var/lib/crater-agent-workspace/rustup-home:/opt/rustwide/rustup-home:ro,Z" "-e" "SOURCE_DIR=/opt/rustwide/workdir" "-e" "CARGO_TARGET_DIR=/opt/rustwide/target" "-e" "CARGO_INCREMENTAL=0" "-e" "RUST_BACKTRACE=full" "-e" "RUSTFLAGS=--cap-lints=warn" "-e" "CARGO_HOME=/opt/rustwide/cargo-home" "-e" "RUSTUP_HOME=/opt/rustwide/rustup-home" "-w" "/opt/rustwide/workdir" "-m" "1610612736" "--user" "0:0" "--network" "none" "ghcr.io/rust-lang/crates-build-env/linux@sha256:34b6a614d2c27851fe6cbf88fbd1137609cefab8b10d0615aaeb6fd47975d74e" "/opt/rustwide/cargo-home/bin/cargo" "+1.54.0" "test" "--frozen", kill_on_drop: false }`
[INFO] [stdout] 0053d9233c673674a1737a27668970843483175ff495401726aaf483781fc0be
[INFO] running `Command { std: "docker" "start" "-a" "0053d9233c673674a1737a27668970843483175ff495401726aaf483781fc0be", kill_on_drop: false }`
[INFO] [stdout] 
[INFO] [stderr]     Finished test [unoptimized + debuginfo] target(s) in 0.09s
[INFO] [stdout] running 0 tests
[INFO] [stderr]      Running unittests (/opt/rustwide/target/debug/deps/ra_ap_la_arena-7b81a3235ff9d004)
[INFO] [stdout] 
[INFO] [stderr]    Doc-tests ra_ap_la-arena
[INFO] [stdout] test result: ok. 0 passed; 0 failed; 0 ignored; 0 measured; 0 filtered out; finished in 0.00s
[INFO] [stdout] 
[INFO] [stdout] 
[INFO] [stdout] running 7 tests
[INFO] [stdout] test src/lib.rs - Arena<T>::is_empty (line 153) ... FAILED
[INFO] [stdout] test src/lib.rs - Arena<T>::iter (line 180) ... FAILED
[INFO] [stdout] test src/lib.rs - Arena<T>::iter_mut (line 199) ... FAILED
[INFO] [stdout] test src/lib.rs - Arena<T>::alloc (line 166) ... FAILED
[INFO] [stdout] test src/lib.rs - Arena<T>::clear (line 117) ... FAILED
[INFO] [stdout] test src/lib.rs - Arena<T>::new (line 107) ... FAILED
[INFO] [stderr] error: test failed, to rerun pass '--doc'
[INFO] [stdout] test src/lib.rs - Arena<T>::len (line 134) ... FAILED
[INFO] [stdout] 
[INFO] [stdout] failures:
[INFO] [stdout] 
[INFO] [stdout] ---- src/lib.rs - Arena<T>::is_empty (line 153) stdout ----
[INFO] [stdout] error[E0433]: failed to resolve: use of undeclared crate or module `la_arena`
[INFO] [stdout]  --> src/lib.rs:154:27
[INFO] [stdout]   |
[INFO] [stdout] 3 | let mut arena = la_arena::Arena::new();
[INFO] [stdout]   |                           ^^^^^ not found in `la_arena`
[INFO] [stdout]   |
[INFO] [stdout] help: consider importing this struct
[INFO] [stdout]   |
[INFO] [stdout] 2 | use ra_ap_la_arena::Arena;
[INFO] [stdout]   |
[INFO] [stdout] 
[INFO] [stdout] error: aborting due to previous error
[INFO] [stdout] 
[INFO] [stdout] For more information about this error, try `rustc --explain E0433`.
[INFO] [stdout] Couldn't compile the test.
[INFO] [stdout] ---- src/lib.rs - Arena<T>::iter (line 180) stdout ----
[INFO] [stdout] error[E0433]: failed to resolve: use of undeclared crate or module `la_arena`
[INFO] [stdout]  --> src/lib.rs:181:27
[INFO] [stdout]   |
[INFO] [stdout] 3 | let mut arena = la_arena::Arena::new();
[INFO] [stdout]   |                           ^^^^^ not found in `la_arena`
[INFO] [stdout]   |
[INFO] [stdout] help: consider importing this struct
[INFO] [stdout]   |
[INFO] [stdout] 2 | use ra_ap_la_arena::Arena;
[INFO] [stdout]   |
[INFO] [stdout] 
[INFO] [stdout] error: aborting due to previous error
[INFO] [stdout] 
[INFO] [stdout] For more information about this error, try `rustc --explain E0433`.
[INFO] [stdout] Couldn't compile the test.
[INFO] [stdout] ---- src/lib.rs - Arena<T>::iter_mut (line 199) stdout ----
[INFO] [stdout] error[E0433]: failed to resolve: use of undeclared crate or module `la_arena`
[INFO] [stdout]  --> src/lib.rs:200:27
[INFO] [stdout]   |
[INFO] [stdout] 3 | let mut arena = la_arena::Arena::new();
[INFO] [stdout]   |                           ^^^^^ not found in `la_arena`
[INFO] [stdout]   |
[INFO] [stdout] help: consider importing this struct
[INFO] [stdout]   |
[INFO] [stdout] 2 | use ra_ap_la_arena::Arena;
[INFO] [stdout]   |
[INFO] [stdout] 
[INFO] [stdout] error: aborting due to previous error
[INFO] [stdout] 
[INFO] [stdout] For more information about this error, try `rustc --explain E0433`.
[INFO] [stdout] Couldn't compile the test.
[INFO] [stdout] ---- src/lib.rs - Arena<T>::alloc (line 166) stdout ----
[INFO] [stdout] error[E0433]: failed to resolve: use of undeclared crate or module `la_arena`
[INFO] [stdout]  --> src/lib.rs:167:27
[INFO] [stdout]   |
[INFO] [stdout] 3 | let mut arena = la_arena::Arena::new();
[INFO] [stdout]   |                           ^^^^^ not found in `la_arena`
[INFO] [stdout]   |
[INFO] [stdout] help: consider importing this struct
[INFO] [stdout]   |
[INFO] [stdout] 2 | use ra_ap_la_arena::Arena;
[INFO] [stdout]   |
[INFO] [stdout] 
[INFO] [stdout] error: aborting due to previous error
[INFO] [stdout] 
[INFO] [stdout] For more information about this error, try `rustc --explain E0433`.
[INFO] [stdout] Couldn't compile the test.
[INFO] [stdout] ---- src/lib.rs - Arena<T>::clear (line 117) stdout ----
[INFO] [stdout] error[E0433]: failed to resolve: use of undeclared crate or module `la_arena`
[INFO] [stdout]  --> src/lib.rs:118:27
[INFO] [stdout]   |
[INFO] [stdout] 3 | let mut arena = la_arena::Arena::new();
[INFO] [stdout]   |                           ^^^^^ not found in `la_arena`
[INFO] [stdout]   |
[INFO] [stdout] help: consider importing this struct
[INFO] [stdout]   |
[INFO] [stdout] 2 | use ra_ap_la_arena::Arena;
[INFO] [stdout]   |
[INFO] [stdout] 
[INFO] [stdout] error: aborting due to previous error
[INFO] [stdout] 
[INFO] [stdout] For more information about this error, try `rustc --explain E0433`.
[INFO] [stdout] Couldn't compile the test.
[INFO] [stdout] ---- src/lib.rs - Arena<T>::new (line 107) stdout ----
[INFO] [stdout] error[E0433]: failed to resolve: use of undeclared crate or module `la_arena`
[INFO] [stdout]  --> src/lib.rs:108:12
[INFO] [stdout]   |
[INFO] [stdout] 3 | let arena: la_arena::Arena<i32> = la_arena::Arena::new();
[INFO] [stdout]   |            ^^^^^^^^ use of undeclared crate or module `la_arena`
[INFO] [stdout] 
[INFO] [stdout] error[E0433]: failed to resolve: use of undeclared crate or module `la_arena`
[INFO] [stdout]  --> src/lib.rs:108:45
[INFO] [stdout]   |
[INFO] [stdout] 3 | let arena: la_arena::Arena<i32> = la_arena::Arena::new();
[INFO] [stdout]   |                                             ^^^^^ not found in `la_arena`
[INFO] [stdout]   |
[INFO] [stdout] help: consider importing this struct
[INFO] [stdout]   |
[INFO] [stdout] 2 | use ra_ap_la_arena::Arena;
[INFO] [stdout]   |
[INFO] [stdout] 
[INFO] [stdout] error: aborting due to 2 previous errors
[INFO] [stdout] 
[INFO] [stdout] For more information about this error, try `rustc --explain E0433`.
[INFO] [stdout] Couldn't compile the test.
[INFO] [stdout] ---- src/lib.rs - Arena<T>::len (line 134) stdout ----
[INFO] [stdout] error[E0433]: failed to resolve: use of undeclared crate or module `la_arena`
[INFO] [stdout]  --> src/lib.rs:135:27
[INFO] [stdout]   |
[INFO] [stdout] 3 | let mut arena = la_arena::Arena::new();
[INFO] [stdout]   |                           ^^^^^ not found in `la_arena`
[INFO] [stdout]   |
[INFO] [stdout] help: consider importing this struct
[INFO] [stdout]   |
[INFO] [stdout] 2 | use ra_ap_la_arena::Arena;
[INFO] [stdout]   |
[INFO] [stdout] 
[INFO] [stdout] error: aborting due to previous error
[INFO] [stdout] 
[INFO] [stdout] For more information about this error, try `rustc --explain E0433`.
[INFO] [stdout] Couldn't compile the test.
[INFO] [stdout] 
[INFO] [stdout] failures:
[INFO] [stdout]     src/lib.rs - Arena<T>::alloc (line 166)
[INFO] [stdout]     src/lib.rs - Arena<T>::clear (line 117)
[INFO] [stdout]     src/lib.rs - Arena<T>::is_empty (line 153)
[INFO] [stdout]     src/lib.rs - Arena<T>::iter (line 180)
[INFO] [stdout]     src/lib.rs - Arena<T>::iter_mut (line 199)
[INFO] [stdout]     src/lib.rs - Arena<T>::len (line 134)
[INFO] [stdout]     src/lib.rs - Arena<T>::new (line 107)
[INFO] [stdout] 
[INFO] [stdout] test result: FAILED. 0 passed; 7 failed; 0 ignored; 0 measured; 0 filtered out; finished in 0.34s
[INFO] [stdout] 
[INFO] running `Command { std: "docker" "inspect" "0053d9233c673674a1737a27668970843483175ff495401726aaf483781fc0be", kill_on_drop: false }`
[INFO] running `Command { std: "docker" "rm" "-f" "0053d9233c673674a1737a27668970843483175ff495401726aaf483781fc0be", kill_on_drop: false }`
[INFO] [stdout] 0053d9233c673674a1737a27668970843483175ff495401726aaf483781fc0be
