[INFO] fetching crate r_tools 0.1.2...
[INFO] testing r_tools-0.1.2 against 1.54.0 for beta-1.55-1
[INFO] extracting crate r_tools 0.1.2 into /workspace/builds/worker-5/source
[INFO] validating manifest of crates.io crate r_tools 0.1.2 on toolchain 1.54.0
[INFO] running `Command { std: "/workspace/cargo-home/bin/cargo" "+1.54.0" "metadata" "--manifest-path" "Cargo.toml" "--no-deps", kill_on_drop: false }`
[INFO] started tweaking crates.io crate r_tools 0.1.2
[INFO] finished tweaking crates.io crate r_tools 0.1.2
[INFO] tweaked toml for crates.io crate r_tools 0.1.2 written to /workspace/builds/worker-5/source/Cargo.toml
[INFO] running `Command { std: "/workspace/cargo-home/bin/cargo" "+1.54.0" "generate-lockfile" "--manifest-path" "Cargo.toml" "-Zno-index-update", kill_on_drop: false }`
[INFO] running `Command { std: "/workspace/cargo-home/bin/cargo" "+1.54.0" "fetch" "--manifest-path" "Cargo.toml", kill_on_drop: false }`
[INFO] running `Command { std: "docker" "create" "-v" "/var/lib/crater-agent-workspace/builds/worker-5/target:/opt/rustwide/target:rw,Z" "-v" "/var/lib/crater-agent-workspace/builds/worker-5/source:/opt/rustwide/workdir:ro,Z" "-v" "/var/lib/crater-agent-workspace/cargo-home:/opt/rustwide/cargo-home:ro,Z" "-v" "/var/lib/crater-agent-workspace/rustup-home:/opt/rustwide/rustup-home:ro,Z" "-e" "SOURCE_DIR=/opt/rustwide/workdir" "-e" "CARGO_TARGET_DIR=/opt/rustwide/target" "-e" "CARGO_HOME=/opt/rustwide/cargo-home" "-e" "RUSTUP_HOME=/opt/rustwide/rustup-home" "-w" "/opt/rustwide/workdir" "-m" "1610612736" "--user" "0:0" "--network" "none" "ghcr.io/rust-lang/crates-build-env/linux@sha256:34b6a614d2c27851fe6cbf88fbd1137609cefab8b10d0615aaeb6fd47975d74e" "/opt/rustwide/cargo-home/bin/cargo" "+1.54.0" "metadata" "--no-deps" "--format-version=1", kill_on_drop: false }`
[INFO] [stdout] a2dbedd3c2ccdbdcd9dc6fd1c5e068b2616fe11708dabb3b60cb1a148d4c77af
[INFO] running `Command { std: "docker" "start" "-a" "a2dbedd3c2ccdbdcd9dc6fd1c5e068b2616fe11708dabb3b60cb1a148d4c77af", kill_on_drop: false }`
[INFO] running `Command { std: "docker" "inspect" "a2dbedd3c2ccdbdcd9dc6fd1c5e068b2616fe11708dabb3b60cb1a148d4c77af", kill_on_drop: false }`
[INFO] running `Command { std: "docker" "rm" "-f" "a2dbedd3c2ccdbdcd9dc6fd1c5e068b2616fe11708dabb3b60cb1a148d4c77af", kill_on_drop: false }`
[INFO] [stdout] a2dbedd3c2ccdbdcd9dc6fd1c5e068b2616fe11708dabb3b60cb1a148d4c77af
[INFO] running `Command { std: "docker" "create" "-v" "/var/lib/crater-agent-workspace/builds/worker-5/target:/opt/rustwide/target:rw,Z" "-v" "/var/lib/crater-agent-workspace/builds/worker-5/source:/opt/rustwide/workdir:ro,Z" "-v" "/var/lib/crater-agent-workspace/cargo-home:/opt/rustwide/cargo-home:ro,Z" "-v" "/var/lib/crater-agent-workspace/rustup-home:/opt/rustwide/rustup-home:ro,Z" "-e" "SOURCE_DIR=/opt/rustwide/workdir" "-e" "CARGO_TARGET_DIR=/opt/rustwide/target" "-e" "CARGO_INCREMENTAL=0" "-e" "RUST_BACKTRACE=full" "-e" "RUSTFLAGS=--cap-lints=warn" "-e" "CARGO_HOME=/opt/rustwide/cargo-home" "-e" "RUSTUP_HOME=/opt/rustwide/rustup-home" "-w" "/opt/rustwide/workdir" "-m" "1610612736" "--user" "0:0" "--network" "none" "ghcr.io/rust-lang/crates-build-env/linux@sha256:34b6a614d2c27851fe6cbf88fbd1137609cefab8b10d0615aaeb6fd47975d74e" "/opt/rustwide/cargo-home/bin/cargo" "+1.54.0" "build" "--frozen" "--message-format=json", kill_on_drop: false }`
[INFO] [stdout] 76fe24f3ea185fb9b9bd1f5440c777f2b838c5319200bda5d898b54553aa2c28
[INFO] running `Command { std: "docker" "start" "-a" "76fe24f3ea185fb9b9bd1f5440c777f2b838c5319200bda5d898b54553aa2c28", kill_on_drop: false }`
[INFO] [stderr]    Compiling r_tools v0.1.2 (/opt/rustwide/workdir)
[INFO] [stderr]     Finished dev [unoptimized + debuginfo] target(s) in 0.86s
[INFO] running `Command { std: "docker" "inspect" "76fe24f3ea185fb9b9bd1f5440c777f2b838c5319200bda5d898b54553aa2c28", kill_on_drop: false }`
[INFO] running `Command { std: "docker" "rm" "-f" "76fe24f3ea185fb9b9bd1f5440c777f2b838c5319200bda5d898b54553aa2c28", kill_on_drop: false }`
[INFO] [stdout] 76fe24f3ea185fb9b9bd1f5440c777f2b838c5319200bda5d898b54553aa2c28
[INFO] running `Command { std: "docker" "create" "-v" "/var/lib/crater-agent-workspace/builds/worker-5/target:/opt/rustwide/target:rw,Z" "-v" "/var/lib/crater-agent-workspace/builds/worker-5/source:/opt/rustwide/workdir:ro,Z" "-v" "/var/lib/crater-agent-workspace/cargo-home:/opt/rustwide/cargo-home:ro,Z" "-v" "/var/lib/crater-agent-workspace/rustup-home:/opt/rustwide/rustup-home:ro,Z" "-e" "SOURCE_DIR=/opt/rustwide/workdir" "-e" "CARGO_TARGET_DIR=/opt/rustwide/target" "-e" "CARGO_INCREMENTAL=0" "-e" "RUST_BACKTRACE=full" "-e" "RUSTFLAGS=--cap-lints=warn" "-e" "CARGO_HOME=/opt/rustwide/cargo-home" "-e" "RUSTUP_HOME=/opt/rustwide/rustup-home" "-w" "/opt/rustwide/workdir" "-m" "1610612736" "--user" "0:0" "--network" "none" "ghcr.io/rust-lang/crates-build-env/linux@sha256:34b6a614d2c27851fe6cbf88fbd1137609cefab8b10d0615aaeb6fd47975d74e" "/opt/rustwide/cargo-home/bin/cargo" "+1.54.0" "test" "--frozen" "--no-run" "--message-format=json", kill_on_drop: false }`
[INFO] [stdout] 1586384c619e8ce2ecac2248878d28982fd122509dd7d9021c28ad3b373d9264
[INFO] running `Command { std: "docker" "start" "-a" "1586384c619e8ce2ecac2248878d28982fd122509dd7d9021c28ad3b373d9264", kill_on_drop: false }`
[INFO] [stderr]    Compiling r_tools v0.1.2 (/opt/rustwide/workdir)
[INFO] [stderr]     Finished test [unoptimized + debuginfo] target(s) in 0.48s
[INFO] running `Command { std: "docker" "inspect" "1586384c619e8ce2ecac2248878d28982fd122509dd7d9021c28ad3b373d9264", kill_on_drop: false }`
[INFO] running `Command { std: "docker" "rm" "-f" "1586384c619e8ce2ecac2248878d28982fd122509dd7d9021c28ad3b373d9264", kill_on_drop: false }`
[INFO] [stdout] 1586384c619e8ce2ecac2248878d28982fd122509dd7d9021c28ad3b373d9264
[INFO] running `Command { std: "docker" "create" "-v" "/var/lib/crater-agent-workspace/builds/worker-5/target:/opt/rustwide/target:rw,Z" "-v" "/var/lib/crater-agent-workspace/builds/worker-5/source:/opt/rustwide/workdir:ro,Z" "-v" "/var/lib/crater-agent-workspace/cargo-home:/opt/rustwide/cargo-home:ro,Z" "-v" "/var/lib/crater-agent-workspace/rustup-home:/opt/rustwide/rustup-home:ro,Z" "-e" "SOURCE_DIR=/opt/rustwide/workdir" "-e" "CARGO_TARGET_DIR=/opt/rustwide/target" "-e" "CARGO_INCREMENTAL=0" "-e" "RUST_BACKTRACE=full" "-e" "RUSTFLAGS=--cap-lints=warn" "-e" "CARGO_HOME=/opt/rustwide/cargo-home" "-e" "RUSTUP_HOME=/opt/rustwide/rustup-home" "-w" "/opt/rustwide/workdir" "-m" "1610612736" "--user" "0:0" "--network" "none" "ghcr.io/rust-lang/crates-build-env/linux@sha256:34b6a614d2c27851fe6cbf88fbd1137609cefab8b10d0615aaeb6fd47975d74e" "/opt/rustwide/cargo-home/bin/cargo" "+1.54.0" "test" "--frozen", kill_on_drop: false }`
[INFO] [stdout] 9c4d78062a585668a597edbf73ec1a365925092cd25aec69b943137b809a9e79
[INFO] running `Command { std: "docker" "start" "-a" "9c4d78062a585668a597edbf73ec1a365925092cd25aec69b943137b809a9e79", kill_on_drop: false }`
[INFO] [stdout] 
[INFO] [stderr]     Finished test [unoptimized + debuginfo] target(s) in 0.02s
[INFO] [stdout] running 0 tests
[INFO] [stderr]      Running unittests (/opt/rustwide/target/debug/deps/r_tools-523ad3f6d2064f6b)
[INFO] [stdout] 
[INFO] [stderr]    Doc-tests r_tools
[INFO] [stdout] test result: ok. 0 passed; 0 failed; 0 ignored; 0 measured; 0 filtered out; finished in 0.00s
[INFO] [stdout] 
[INFO] [stdout] 
[INFO] [stdout] running 1 test
[INFO] [stdout] test src/lib.rs - r_input (line 10) ... FAILED
[INFO] [stdout] 
[INFO] [stdout] failures:
[INFO] [stdout] 
[INFO] [stdout] ---- src/lib.rs - r_input (line 10) stdout ----
[INFO] [stdout] error[E0425]: cannot find function `r_input` in this scope
[INFO] [stdout]  --> src/lib.rs:12:20
[INFO] [stdout]   |
[INFO] [stdout] 4 | let name: String = r_input(prompt);
[INFO] [stdout]   |                    ^^^^^^^ not found in this scope
[INFO] [stdout] 
[INFO] [stdout] error[E0308]: mismatched types
[INFO] [stdout]  --> src/lib.rs:11:22
[INFO] [stdout]   |
[INFO] [stdout] 3 | let prompt: String = "What is your name: ";
[INFO] [stdout]   |             ------   ^^^^^^^^^^^^^^^^^^^^^
[INFO] [stdout]   |             |        |
[INFO] [stdout]   |             |        expected struct `String`, found `&str`
[INFO] [stdout]   |             |        help: try using a conversion method: `"What is your name: ".to_string()`
[INFO] [stdout]   |             expected due to this
[INFO] [stdout] 
[INFO] [stdout] error: aborting due to 2 previous errors
[INFO] [stdout] 
[INFO] [stdout] Some errors have detailed explanations: E0308, E0425.
[INFO] [stdout] For more information about an error, try `rustc --explain E0308`.
[INFO] [stdout] Couldn't compile the test.
[INFO] [stdout] 
[INFO] [stdout] failures:
[INFO] [stdout]     src/lib.rs - r_input (line 10)
[INFO] [stdout] 
[INFO] [stdout] test result: FAILED. 0 passed; 1 failed; 0 ignored; 0 measured; 0 filtered out; finished in 0.23s
[INFO] [stdout] 
[INFO] [stderr] error: test failed, to rerun pass '--doc'
[INFO] running `Command { std: "docker" "inspect" "9c4d78062a585668a597edbf73ec1a365925092cd25aec69b943137b809a9e79", kill_on_drop: false }`
[INFO] running `Command { std: "docker" "rm" "-f" "9c4d78062a585668a597edbf73ec1a365925092cd25aec69b943137b809a9e79", kill_on_drop: false }`
[INFO] [stdout] 9c4d78062a585668a597edbf73ec1a365925092cd25aec69b943137b809a9e79
