[INFO] fetching crate r2d2_redis_patch 0.6.1...
[INFO] testing r2d2_redis_patch-0.6.1 against 1.54.0 for beta-1.55-1
[INFO] extracting crate r2d2_redis_patch 0.6.1 into /workspace/builds/worker-10/source
[INFO] validating manifest of crates.io crate r2d2_redis_patch 0.6.1 on toolchain 1.54.0
[INFO] running `Command { std: "/workspace/cargo-home/bin/cargo" "+1.54.0" "metadata" "--manifest-path" "Cargo.toml" "--no-deps", kill_on_drop: false }`
[INFO] started tweaking crates.io crate r2d2_redis_patch 0.6.1
[INFO] removed 1 missing tests
[INFO] finished tweaking crates.io crate r2d2_redis_patch 0.6.1
[INFO] tweaked toml for crates.io crate r2d2_redis_patch 0.6.1 written to /workspace/builds/worker-10/source/Cargo.toml
[INFO] running `Command { std: "/workspace/cargo-home/bin/cargo" "+1.54.0" "generate-lockfile" "--manifest-path" "Cargo.toml" "-Zno-index-update", kill_on_drop: false }`
[INFO] running `Command { std: "/workspace/cargo-home/bin/cargo" "+1.54.0" "fetch" "--manifest-path" "Cargo.toml", kill_on_drop: false }`
[INFO] [stderr]     Blocking waiting for file lock on package cache
[INFO] running `Command { std: "docker" "create" "-v" "/var/lib/crater-agent-workspace/builds/worker-10/target:/opt/rustwide/target:rw,Z" "-v" "/var/lib/crater-agent-workspace/builds/worker-10/source:/opt/rustwide/workdir:ro,Z" "-v" "/var/lib/crater-agent-workspace/cargo-home:/opt/rustwide/cargo-home:ro,Z" "-v" "/var/lib/crater-agent-workspace/rustup-home:/opt/rustwide/rustup-home:ro,Z" "-e" "SOURCE_DIR=/opt/rustwide/workdir" "-e" "CARGO_TARGET_DIR=/opt/rustwide/target" "-e" "CARGO_HOME=/opt/rustwide/cargo-home" "-e" "RUSTUP_HOME=/opt/rustwide/rustup-home" "-w" "/opt/rustwide/workdir" "-m" "1610612736" "--user" "0:0" "--network" "none" "ghcr.io/rust-lang/crates-build-env/linux@sha256:34b6a614d2c27851fe6cbf88fbd1137609cefab8b10d0615aaeb6fd47975d74e" "/opt/rustwide/cargo-home/bin/cargo" "+1.54.0" "metadata" "--no-deps" "--format-version=1", kill_on_drop: false }`
[INFO] [stdout] fa331f00b6d8c10e9a3bbe3a75859cfcd53d232d65fe679fb73667ccec7683fd
[INFO] running `Command { std: "docker" "start" "-a" "fa331f00b6d8c10e9a3bbe3a75859cfcd53d232d65fe679fb73667ccec7683fd", kill_on_drop: false }`
[INFO] running `Command { std: "docker" "inspect" "fa331f00b6d8c10e9a3bbe3a75859cfcd53d232d65fe679fb73667ccec7683fd", kill_on_drop: false }`
[INFO] running `Command { std: "docker" "rm" "-f" "fa331f00b6d8c10e9a3bbe3a75859cfcd53d232d65fe679fb73667ccec7683fd", kill_on_drop: false }`
[INFO] [stdout] fa331f00b6d8c10e9a3bbe3a75859cfcd53d232d65fe679fb73667ccec7683fd
[INFO] running `Command { std: "docker" "create" "-v" "/var/lib/crater-agent-workspace/builds/worker-10/target:/opt/rustwide/target:rw,Z" "-v" "/var/lib/crater-agent-workspace/builds/worker-10/source:/opt/rustwide/workdir:ro,Z" "-v" "/var/lib/crater-agent-workspace/cargo-home:/opt/rustwide/cargo-home:ro,Z" "-v" "/var/lib/crater-agent-workspace/rustup-home:/opt/rustwide/rustup-home:ro,Z" "-e" "SOURCE_DIR=/opt/rustwide/workdir" "-e" "CARGO_TARGET_DIR=/opt/rustwide/target" "-e" "CARGO_INCREMENTAL=0" "-e" "RUST_BACKTRACE=full" "-e" "RUSTFLAGS=--cap-lints=warn" "-e" "CARGO_HOME=/opt/rustwide/cargo-home" "-e" "RUSTUP_HOME=/opt/rustwide/rustup-home" "-w" "/opt/rustwide/workdir" "-m" "1610612736" "--user" "0:0" "--network" "none" "ghcr.io/rust-lang/crates-build-env/linux@sha256:34b6a614d2c27851fe6cbf88fbd1137609cefab8b10d0615aaeb6fd47975d74e" "/opt/rustwide/cargo-home/bin/cargo" "+1.54.0" "build" "--frozen" "--message-format=json", kill_on_drop: false }`
[INFO] [stdout] e61de9d742e68439c8b3b7919e4459feaf005beda226843dfeafd7496cc5ed36
[INFO] running `Command { std: "docker" "start" "-a" "e61de9d742e68439c8b3b7919e4459feaf005beda226843dfeafd7496cc5ed36", kill_on_drop: false }`
[INFO] [stderr]     Blocking waiting for file lock on package cache
[INFO] [stderr]    Compiling redis v0.8.0
[INFO] [stderr]    Compiling sha1 v0.2.0
[INFO] [stderr]    Compiling instant v0.1.10
[INFO] [stderr]    Compiling lock_api v0.4.4
[INFO] [stderr]    Compiling parking_lot_core v0.8.3
[INFO] [stderr]    Compiling parking_lot v0.11.1
[INFO] [stderr]    Compiling scheduled-thread-pool v0.2.5
[INFO] [stderr]    Compiling r2d2 v0.8.9
[INFO] [stderr]    Compiling r2d2_redis_patch v0.6.1 (/opt/rustwide/workdir)
[INFO] [stdout] warning: trait objects without an explicit `dyn` are deprecated
[INFO] [stdout]   --> src/lib.rs:34:32
[INFO] [stdout]    |
[INFO] [stdout] 34 |     fn cause(&self) -> Option<&error::Error> {
[INFO] [stdout]    |                                ^^^^^^^^^^^^ help: use `dyn`: `dyn error::Error`
[INFO] [stdout]    |
[INFO] [stdout]    = note: `#[warn(bare_trait_objects)]` on by default
[INFO] [stdout]    = warning: this was previously accepted by the compiler but is being phased out; it will become a hard error in the 2021 edition!
[INFO] [stdout]    = note: for more information, see issue #80165 <https://github.com/rust-lang/rust/issues/80165>
[INFO] [stdout] 
[INFO] [stdout] 
[INFO] [stdout] warning: use of deprecated macro `try`: use the `?` operator instead
[INFO] [stdout]   --> src/lib.rs:93:30
[INFO] [stdout]    |
[INFO] [stdout] 93 |             connection_info: try!(params.into_connection_info()),
[INFO] [stdout]    |                              ^^^
[INFO] [stdout]    |
[INFO] [stdout]    = note: `#[warn(deprecated)]` on by default
[INFO] [stdout] 
[INFO] [stdout] 
[INFO] [stdout] warning: use of deprecated associated function `std::error::Error::cause`: replaced by Error::source, which can support downcasting
[INFO] [stdout]   --> src/lib.rs:20:20
[INFO] [stdout]    |
[INFO] [stdout] 20 |         match self.cause() {
[INFO] [stdout]    |                    ^^^^^
[INFO] [stdout] 
[INFO] [stdout] 
[INFO] [stdout] warning: use of deprecated associated function `std::error::Error::description`: use the Display impl or to_string()
[INFO] [stdout]   --> src/lib.rs:21:55
[INFO] [stdout]    |
[INFO] [stdout] 21 |             Some(cause) => write!(fmt, "{}: {}", self.description(), cause),
[INFO] [stdout]    |                                                       ^^^^^^^^^^^
[INFO] [stdout] 
[INFO] [stdout] 
[INFO] [stdout] warning: use of deprecated associated function `std::error::Error::description`: use the Display impl or to_string()
[INFO] [stdout]   --> src/lib.rs:22:44
[INFO] [stdout]    |
[INFO] [stdout] 22 |             None => write!(fmt, "{}", self.description()),
[INFO] [stdout]    |                                            ^^^^^^^^^^^
[INFO] [stdout] 
[INFO] [stdout] 
[INFO] [stdout] warning: use of deprecated associated function `std::error::Error::description`: use the Display impl or to_string()
[INFO] [stdout]   --> src/lib.rs:30:42
[INFO] [stdout]    |
[INFO] [stdout] 30 |             Error::Other(ref err) => err.description()
[INFO] [stdout]    |                                          ^^^^^^^^^^^
[INFO] [stdout] 
[INFO] [stdout] 
[INFO] [stdout] warning: use of deprecated associated function `std::error::Error::cause`: replaced by Error::source, which can support downcasting
[INFO] [stdout]   --> src/lib.rs:36:42
[INFO] [stdout]    |
[INFO] [stdout] 36 |             Error::Other(ref err) => err.cause()
[INFO] [stdout]    |                                          ^^^^^
[INFO] [stdout] 
[INFO] [stdout] 
[INFO] [stdout] warning: 7 warnings emitted
[INFO] [stdout] 
[INFO] [stdout] 
[INFO] [stderr]     Finished dev [unoptimized + debuginfo] target(s) in 5.14s
[INFO] running `Command { std: "docker" "inspect" "e61de9d742e68439c8b3b7919e4459feaf005beda226843dfeafd7496cc5ed36", kill_on_drop: false }`
[INFO] running `Command { std: "docker" "rm" "-f" "e61de9d742e68439c8b3b7919e4459feaf005beda226843dfeafd7496cc5ed36", kill_on_drop: false }`
[INFO] [stdout] e61de9d742e68439c8b3b7919e4459feaf005beda226843dfeafd7496cc5ed36
[INFO] running `Command { std: "docker" "create" "-v" "/var/lib/crater-agent-workspace/builds/worker-10/target:/opt/rustwide/target:rw,Z" "-v" "/var/lib/crater-agent-workspace/builds/worker-10/source:/opt/rustwide/workdir:ro,Z" "-v" "/var/lib/crater-agent-workspace/cargo-home:/opt/rustwide/cargo-home:ro,Z" "-v" "/var/lib/crater-agent-workspace/rustup-home:/opt/rustwide/rustup-home:ro,Z" "-e" "SOURCE_DIR=/opt/rustwide/workdir" "-e" "CARGO_TARGET_DIR=/opt/rustwide/target" "-e" "CARGO_INCREMENTAL=0" "-e" "RUST_BACKTRACE=full" "-e" "RUSTFLAGS=--cap-lints=warn" "-e" "CARGO_HOME=/opt/rustwide/cargo-home" "-e" "RUSTUP_HOME=/opt/rustwide/rustup-home" "-w" "/opt/rustwide/workdir" "-m" "1610612736" "--user" "0:0" "--network" "none" "ghcr.io/rust-lang/crates-build-env/linux@sha256:34b6a614d2c27851fe6cbf88fbd1137609cefab8b10d0615aaeb6fd47975d74e" "/opt/rustwide/cargo-home/bin/cargo" "+1.54.0" "test" "--frozen" "--no-run" "--message-format=json", kill_on_drop: false }`
[INFO] [stdout] c16def9dc091f97a8901fe186655957a646dc32e4b2ee893788b093992ee14fc
[INFO] running `Command { std: "docker" "start" "-a" "c16def9dc091f97a8901fe186655957a646dc32e4b2ee893788b093992ee14fc", kill_on_drop: false }`
[INFO] [stderr]     Finished test [unoptimized + debuginfo] target(s) in 0.04s
[INFO] [stdout] warning: trait objects without an explicit `dyn` are deprecated
[INFO] [stdout]   --> src/lib.rs:34:32
[INFO] [stdout]    |
[INFO] [stdout] 34 |     fn cause(&self) -> Option<&error::Error> {
[INFO] [stdout]    |                                ^^^^^^^^^^^^ help: use `dyn`: `dyn error::Error`
[INFO] [stdout]    |
[INFO] [stdout]    = note: `#[warn(bare_trait_objects)]` on by default
[INFO] [stdout]    = warning: this was previously accepted by the compiler but is being phased out; it will become a hard error in the 2021 edition!
[INFO] [stdout]    = note: for more information, see issue #80165 <https://github.com/rust-lang/rust/issues/80165>
[INFO] [stdout] 
[INFO] [stdout] 
[INFO] [stdout] warning: use of deprecated macro `try`: use the `?` operator instead
[INFO] [stdout]   --> src/lib.rs:93:30
[INFO] [stdout]    |
[INFO] [stdout] 93 |             connection_info: try!(params.into_connection_info()),
[INFO] [stdout]    |                              ^^^
[INFO] [stdout]    |
[INFO] [stdout]    = note: `#[warn(deprecated)]` on by default
[INFO] [stdout] 
[INFO] [stdout] 
[INFO] [stdout] warning: use of deprecated associated function `std::error::Error::cause`: replaced by Error::source, which can support downcasting
[INFO] [stdout]   --> src/lib.rs:20:20
[INFO] [stdout]    |
[INFO] [stdout] 20 |         match self.cause() {
[INFO] [stdout]    |                    ^^^^^
[INFO] [stdout] 
[INFO] [stdout] 
[INFO] [stdout] warning: use of deprecated associated function `std::error::Error::description`: use the Display impl or to_string()
[INFO] [stdout]   --> src/lib.rs:21:55
[INFO] [stdout]    |
[INFO] [stdout] 21 |             Some(cause) => write!(fmt, "{}: {}", self.description(), cause),
[INFO] [stdout]    |                                                       ^^^^^^^^^^^
[INFO] [stdout] 
[INFO] [stdout] 
[INFO] [stdout] warning: use of deprecated associated function `std::error::Error::description`: use the Display impl or to_string()
[INFO] [stdout]   --> src/lib.rs:22:44
[INFO] [stdout]    |
[INFO] [stdout] 22 |             None => write!(fmt, "{}", self.description()),
[INFO] [stdout]    |                                            ^^^^^^^^^^^
[INFO] [stdout] 
[INFO] [stdout] 
[INFO] [stdout] warning: use of deprecated associated function `std::error::Error::description`: use the Display impl or to_string()
[INFO] [stdout]   --> src/lib.rs:30:42
[INFO] [stdout]    |
[INFO] [stdout] 30 |             Error::Other(ref err) => err.description()
[INFO] [stdout]    |                                          ^^^^^^^^^^^
[INFO] [stdout] 
[INFO] [stdout] 
[INFO] [stdout] warning: use of deprecated associated function `std::error::Error::cause`: replaced by Error::source, which can support downcasting
[INFO] [stdout]   --> src/lib.rs:36:42
[INFO] [stdout]    |
[INFO] [stdout] 36 |             Error::Other(ref err) => err.cause()
[INFO] [stdout]    |                                          ^^^^^
[INFO] [stdout] 
[INFO] [stdout] 
[INFO] [stdout] warning: 7 warnings emitted
[INFO] [stdout] 
[INFO] [stdout] 
[INFO] running `Command { std: "docker" "inspect" "c16def9dc091f97a8901fe186655957a646dc32e4b2ee893788b093992ee14fc", kill_on_drop: false }`
[INFO] running `Command { std: "docker" "rm" "-f" "c16def9dc091f97a8901fe186655957a646dc32e4b2ee893788b093992ee14fc", kill_on_drop: false }`
[INFO] [stdout] c16def9dc091f97a8901fe186655957a646dc32e4b2ee893788b093992ee14fc
[INFO] running `Command { std: "docker" "create" "-v" "/var/lib/crater-agent-workspace/builds/worker-10/target:/opt/rustwide/target:rw,Z" "-v" "/var/lib/crater-agent-workspace/builds/worker-10/source:/opt/rustwide/workdir:ro,Z" "-v" "/var/lib/crater-agent-workspace/cargo-home:/opt/rustwide/cargo-home:ro,Z" "-v" "/var/lib/crater-agent-workspace/rustup-home:/opt/rustwide/rustup-home:ro,Z" "-e" "SOURCE_DIR=/opt/rustwide/workdir" "-e" "CARGO_TARGET_DIR=/opt/rustwide/target" "-e" "CARGO_INCREMENTAL=0" "-e" "RUST_BACKTRACE=full" "-e" "RUSTFLAGS=--cap-lints=warn" "-e" "CARGO_HOME=/opt/rustwide/cargo-home" "-e" "RUSTUP_HOME=/opt/rustwide/rustup-home" "-w" "/opt/rustwide/workdir" "-m" "1610612736" "--user" "0:0" "--network" "none" "ghcr.io/rust-lang/crates-build-env/linux@sha256:34b6a614d2c27851fe6cbf88fbd1137609cefab8b10d0615aaeb6fd47975d74e" "/opt/rustwide/cargo-home/bin/cargo" "+1.54.0" "test" "--frozen", kill_on_drop: false }`
[INFO] [stdout] 9b6c30cd44f516803bccf8c6ba2d4976c1fd34db45d4fd0c2adb54d47a862d74
[INFO] running `Command { std: "docker" "start" "-a" "9b6c30cd44f516803bccf8c6ba2d4976c1fd34db45d4fd0c2adb54d47a862d74", kill_on_drop: false }`
[INFO] [stderr] warning: trait objects without an explicit `dyn` are deprecated
[INFO] [stderr]   --> src/lib.rs:34:32
[INFO] [stderr]    |
[INFO] [stderr] 34 |     fn cause(&self) -> Option<&error::Error> {
[INFO] [stderr]    |                                ^^^^^^^^^^^^ help: use `dyn`: `dyn error::Error`
[INFO] [stderr]    |
[INFO] [stderr]    = note: `#[warn(bare_trait_objects)]` on by default
[INFO] [stderr]    = warning: this was previously accepted by the compiler but is being phased out; it will become a hard error in the 2021 edition!
[INFO] [stderr]    = note: for more information, see issue #80165 <https://github.com/rust-lang/rust/issues/80165>
[INFO] [stderr] 
[INFO] [stderr] warning: use of deprecated macro `try`: use the `?` operator instead
[INFO] [stderr]   --> src/lib.rs:93:30
[INFO] [stderr]    |
[INFO] [stderr] 93 |             connection_info: try!(params.into_connection_info()),
[INFO] [stderr]    |                              ^^^
[INFO] [stderr]    |
[INFO] [stderr]    = note: `#[warn(deprecated)]` on by default
[INFO] [stderr] 
[INFO] [stderr] warning: use of deprecated associated function `std::error::Error::cause`: replaced by Error::source, which can support downcasting
[INFO] [stderr]   --> src/lib.rs:20:20
[INFO] [stderr]    |
[INFO] [stderr] 20 |         match self.cause() {
[INFO] [stderr]    |                    ^^^^^
[INFO] [stderr] 
[INFO] [stderr] warning: use of deprecated associated function `std::error::Error::description`: use the Display impl or to_string()
[INFO] [stderr]   --> src/lib.rs:21:55
[INFO] [stderr]    |
[INFO] [stderr] 21 |             Some(cause) => write!(fmt, "{}: {}", self.description(), cause),
[INFO] [stderr]    |                                                       ^^^^^^^^^^^
[INFO] [stderr] 
[INFO] [stderr] warning: use of deprecated associated function `std::error::Error::description`: use the Display impl or to_string()
[INFO] [stderr]   --> src/lib.rs:22:44
[INFO] [stderr]    |
[INFO] [stderr] 22 |             None => write!(fmt, "{}", self.description()),
[INFO] [stderr]    |                                            ^^^^^^^^^^^
[INFO] [stderr] 
[INFO] [stderr] warning: use of deprecated associated function `std::error::Error::description`: use the Display impl or to_string()
[INFO] [stderr]   --> src/lib.rs:30:42
[INFO] [stderr]    |
[INFO] [stderr] 30 |             Error::Other(ref err) => err.description()
[INFO] [stderr]    |                                          ^^^^^^^^^^^
[INFO] [stderr] 
[INFO] [stderr] warning: use of deprecated associated function `std::error::Error::cause`: replaced by Error::source, which can support downcasting
[INFO] [stderr]   --> src/lib.rs:36:42
[INFO] [stderr]    |
[INFO] [stderr] 36 |             Error::Other(ref err) => err.cause()
[INFO] [stderr]    |                                          ^^^^^
[INFO] [stderr] 
[INFO] [stderr] warning: 7 warnings emitted
[INFO] [stderr] 
[INFO] [stderr]     Finished test [unoptimized + debuginfo] target(s) in 0.03s
[INFO] [stderr]    Doc-tests r2d2_redis_patch
[INFO] [stdout] 
[INFO] [stdout] running 1 test
[INFO] [stdout] test src/lib.rs - RedisConnectionManager (line 45) ... FAILED
[INFO] [stdout] 
[INFO] [stdout] failures:
[INFO] [stdout] 
[INFO] [stdout] ---- src/lib.rs - RedisConnectionManager (line 45) stdout ----
[INFO] [stdout] error[E0463]: can't find crate for `r2d2_redis`
[INFO] [stdout]  --> src/lib.rs:47:1
[INFO] [stdout]   |
[INFO] [stdout] 3 | extern crate r2d2_redis;
[INFO] [stdout]   | ^^^^^^^^^^^^^^^^^^^^^^^^ can't find crate
[INFO] [stdout] 
[INFO] [stdout] error: aborting due to previous error
[INFO] [stdout] 
[INFO] [stdout] For more information about this error, try `rustc --explain E0463`.
[INFO] [stdout] Couldn't compile the test.
[INFO] [stdout] 
[INFO] [stdout] failures:
[INFO] [stdout]     src/lib.rs - RedisConnectionManager (line 45)
[INFO] [stdout] 
[INFO] [stdout] test result: FAILED. 0 passed; 1 failed; 0 ignored; 0 measured; 0 filtered out; finished in 0.12s
[INFO] [stdout] 
[INFO] [stderr] error: test failed, to rerun pass '--doc'
[INFO] running `Command { std: "docker" "inspect" "9b6c30cd44f516803bccf8c6ba2d4976c1fd34db45d4fd0c2adb54d47a862d74", kill_on_drop: false }`
[INFO] running `Command { std: "docker" "rm" "-f" "9b6c30cd44f516803bccf8c6ba2d4976c1fd34db45d4fd0c2adb54d47a862d74", kill_on_drop: false }`
[INFO] [stdout] 9b6c30cd44f516803bccf8c6ba2d4976c1fd34db45d4fd0c2adb54d47a862d74
