[INFO] fetching crate quilkin-macros 0.1.0...
[INFO] testing quilkin-macros-0.1.0 against beta-2021-08-01 for beta-1.55-1
[INFO] extracting crate quilkin-macros 0.1.0 into /workspace/builds/worker-15/source
[INFO] validating manifest of crates.io crate quilkin-macros 0.1.0 on toolchain beta-2021-08-01
[INFO] running `Command { std: "/workspace/cargo-home/bin/cargo" "+beta-2021-08-01" "metadata" "--manifest-path" "Cargo.toml" "--no-deps", kill_on_drop: false }`
[INFO] started tweaking crates.io crate quilkin-macros 0.1.0
[INFO] finished tweaking crates.io crate quilkin-macros 0.1.0
[INFO] tweaked toml for crates.io crate quilkin-macros 0.1.0 written to /workspace/builds/worker-15/source/Cargo.toml
[INFO] running `Command { std: "/workspace/cargo-home/bin/cargo" "+beta-2021-08-01" "generate-lockfile" "--manifest-path" "Cargo.toml" "-Zno-index-update", kill_on_drop: false }`
[INFO] running `Command { std: "/workspace/cargo-home/bin/cargo" "+beta-2021-08-01" "fetch" "--manifest-path" "Cargo.toml", kill_on_drop: false }`
[INFO] [stderr]     Blocking waiting for file lock on package cache
[INFO] running `Command { std: "docker" "create" "-v" "/var/lib/crater-agent-workspace/builds/worker-15/target:/opt/rustwide/target:rw,Z" "-v" "/var/lib/crater-agent-workspace/builds/worker-15/source:/opt/rustwide/workdir:ro,Z" "-v" "/var/lib/crater-agent-workspace/cargo-home:/opt/rustwide/cargo-home:ro,Z" "-v" "/var/lib/crater-agent-workspace/rustup-home:/opt/rustwide/rustup-home:ro,Z" "-e" "SOURCE_DIR=/opt/rustwide/workdir" "-e" "CARGO_TARGET_DIR=/opt/rustwide/target" "-e" "CARGO_HOME=/opt/rustwide/cargo-home" "-e" "RUSTUP_HOME=/opt/rustwide/rustup-home" "-w" "/opt/rustwide/workdir" "-m" "1610612736" "--user" "0:0" "--network" "none" "ghcr.io/rust-lang/crates-build-env/linux@sha256:34b6a614d2c27851fe6cbf88fbd1137609cefab8b10d0615aaeb6fd47975d74e" "/opt/rustwide/cargo-home/bin/cargo" "+beta-2021-08-01" "metadata" "--no-deps" "--format-version=1", kill_on_drop: false }`
[INFO] [stdout] 77595ec83e35ce4508a2a27106878404d0079ced6d030feb14fa78840562fb1b
[INFO] running `Command { std: "docker" "start" "-a" "77595ec83e35ce4508a2a27106878404d0079ced6d030feb14fa78840562fb1b", kill_on_drop: false }`
[INFO] running `Command { std: "docker" "inspect" "77595ec83e35ce4508a2a27106878404d0079ced6d030feb14fa78840562fb1b", kill_on_drop: false }`
[INFO] running `Command { std: "docker" "rm" "-f" "77595ec83e35ce4508a2a27106878404d0079ced6d030feb14fa78840562fb1b", kill_on_drop: false }`
[INFO] [stdout] 77595ec83e35ce4508a2a27106878404d0079ced6d030feb14fa78840562fb1b
[INFO] running `Command { std: "docker" "create" "-v" "/var/lib/crater-agent-workspace/builds/worker-15/target:/opt/rustwide/target:rw,Z" "-v" "/var/lib/crater-agent-workspace/builds/worker-15/source:/opt/rustwide/workdir:ro,Z" "-v" "/var/lib/crater-agent-workspace/cargo-home:/opt/rustwide/cargo-home:ro,Z" "-v" "/var/lib/crater-agent-workspace/rustup-home:/opt/rustwide/rustup-home:ro,Z" "-e" "SOURCE_DIR=/opt/rustwide/workdir" "-e" "CARGO_TARGET_DIR=/opt/rustwide/target" "-e" "CARGO_INCREMENTAL=0" "-e" "RUST_BACKTRACE=full" "-e" "RUSTFLAGS=--cap-lints=warn" "-e" "CARGO_HOME=/opt/rustwide/cargo-home" "-e" "RUSTUP_HOME=/opt/rustwide/rustup-home" "-w" "/opt/rustwide/workdir" "-m" "1610612736" "--user" "0:0" "--network" "none" "ghcr.io/rust-lang/crates-build-env/linux@sha256:34b6a614d2c27851fe6cbf88fbd1137609cefab8b10d0615aaeb6fd47975d74e" "/opt/rustwide/cargo-home/bin/cargo" "+beta-2021-08-01" "build" "--frozen" "--message-format=json", kill_on_drop: false }`
[INFO] [stdout] 27d479ad9b110f4eca1711d8db56af90d0e7748e41d8cedf49caea20ec8e2622
[INFO] running `Command { std: "docker" "start" "-a" "27d479ad9b110f4eca1711d8db56af90d0e7748e41d8cedf49caea20ec8e2622", kill_on_drop: false }`
[INFO] [stderr]    Compiling quilkin-macros v0.1.0 (/opt/rustwide/workdir)
[INFO] [stderr]     Finished dev [unoptimized + debuginfo] target(s) in 2.51s
[INFO] running `Command { std: "docker" "inspect" "27d479ad9b110f4eca1711d8db56af90d0e7748e41d8cedf49caea20ec8e2622", kill_on_drop: false }`
[INFO] running `Command { std: "docker" "rm" "-f" "27d479ad9b110f4eca1711d8db56af90d0e7748e41d8cedf49caea20ec8e2622", kill_on_drop: false }`
[INFO] [stdout] 27d479ad9b110f4eca1711d8db56af90d0e7748e41d8cedf49caea20ec8e2622
[INFO] running `Command { std: "docker" "create" "-v" "/var/lib/crater-agent-workspace/builds/worker-15/target:/opt/rustwide/target:rw,Z" "-v" "/var/lib/crater-agent-workspace/builds/worker-15/source:/opt/rustwide/workdir:ro,Z" "-v" "/var/lib/crater-agent-workspace/cargo-home:/opt/rustwide/cargo-home:ro,Z" "-v" "/var/lib/crater-agent-workspace/rustup-home:/opt/rustwide/rustup-home:ro,Z" "-e" "SOURCE_DIR=/opt/rustwide/workdir" "-e" "CARGO_TARGET_DIR=/opt/rustwide/target" "-e" "CARGO_INCREMENTAL=0" "-e" "RUST_BACKTRACE=full" "-e" "RUSTFLAGS=--cap-lints=warn" "-e" "CARGO_HOME=/opt/rustwide/cargo-home" "-e" "RUSTUP_HOME=/opt/rustwide/rustup-home" "-w" "/opt/rustwide/workdir" "-m" "1610612736" "--user" "0:0" "--network" "none" "ghcr.io/rust-lang/crates-build-env/linux@sha256:34b6a614d2c27851fe6cbf88fbd1137609cefab8b10d0615aaeb6fd47975d74e" "/opt/rustwide/cargo-home/bin/cargo" "+beta-2021-08-01" "test" "--frozen" "--no-run" "--message-format=json", kill_on_drop: false }`
[INFO] [stdout] ab03d22e3c0118bbbd1ecd6d6bae653a67735377cffe39c974f2e16c55936614
[INFO] running `Command { std: "docker" "start" "-a" "ab03d22e3c0118bbbd1ecd6d6bae653a67735377cffe39c974f2e16c55936614", kill_on_drop: false }`
[INFO] [stderr]    Compiling quilkin-macros v0.1.0 (/opt/rustwide/workdir)
[INFO] [stderr]     Finished test [unoptimized + debuginfo] target(s) in 0.43s
[INFO] running `Command { std: "docker" "inspect" "ab03d22e3c0118bbbd1ecd6d6bae653a67735377cffe39c974f2e16c55936614", kill_on_drop: false }`
[INFO] running `Command { std: "docker" "rm" "-f" "ab03d22e3c0118bbbd1ecd6d6bae653a67735377cffe39c974f2e16c55936614", kill_on_drop: false }`
[INFO] [stdout] ab03d22e3c0118bbbd1ecd6d6bae653a67735377cffe39c974f2e16c55936614
[INFO] running `Command { std: "docker" "create" "-v" "/var/lib/crater-agent-workspace/builds/worker-15/target:/opt/rustwide/target:rw,Z" "-v" "/var/lib/crater-agent-workspace/builds/worker-15/source:/opt/rustwide/workdir:ro,Z" "-v" "/var/lib/crater-agent-workspace/cargo-home:/opt/rustwide/cargo-home:ro,Z" "-v" "/var/lib/crater-agent-workspace/rustup-home:/opt/rustwide/rustup-home:ro,Z" "-e" "SOURCE_DIR=/opt/rustwide/workdir" "-e" "CARGO_TARGET_DIR=/opt/rustwide/target" "-e" "CARGO_INCREMENTAL=0" "-e" "RUST_BACKTRACE=full" "-e" "RUSTFLAGS=--cap-lints=warn" "-e" "CARGO_HOME=/opt/rustwide/cargo-home" "-e" "RUSTUP_HOME=/opt/rustwide/rustup-home" "-w" "/opt/rustwide/workdir" "-m" "1610612736" "--user" "0:0" "--network" "none" "ghcr.io/rust-lang/crates-build-env/linux@sha256:34b6a614d2c27851fe6cbf88fbd1137609cefab8b10d0615aaeb6fd47975d74e" "/opt/rustwide/cargo-home/bin/cargo" "+beta-2021-08-01" "test" "--frozen", kill_on_drop: false }`
[INFO] [stdout] dc80f7532bec1a0955bafcca1ae771b7e0c9a9750fc553369a762eb43d4cfa03
[INFO] running `Command { std: "docker" "start" "-a" "dc80f7532bec1a0955bafcca1ae771b7e0c9a9750fc553369a762eb43d4cfa03", kill_on_drop: false }`
[INFO] [stderr]     Finished test [unoptimized + debuginfo] target(s) in 0.01s
[INFO] [stderr]      Running unittests (/opt/rustwide/target/debug/deps/quilkin_macros-adc7c20bb0e96aa8)
[INFO] [stderr]    Doc-tests quilkin-macros
[INFO] [stdout] 
[INFO] [stdout] running 0 tests
[INFO] [stdout] 
[INFO] [stdout] test result: ok. 0 passed; 0 failed; 0 ignored; 0 measured; 0 filtered out; finished in 0.00s
[INFO] [stdout] 
[INFO] [stdout] 
[INFO] [stdout] running 4 tests
[INFO] [stdout] test src/lib.rs - include_proto (line 37) ... FAILED
[INFO] [stdout] test src/lib.rs - include_proto (line 32) ... FAILED
[INFO] [stdout] test src/lib.rs - filter (line 78) ... FAILED
[INFO] [stdout] test src/lib.rs - filter (line 84) ... FAILED
[INFO] [stdout] 
[INFO] [stdout] failures:
[INFO] [stdout] 
[INFO] [stdout] ---- src/lib.rs - include_proto (line 37) stdout ----
[INFO] [stdout] error[E0433]: failed to resolve: use of undeclared crate or module `tonic`
[INFO] [stdout]  --> src/lib.rs:44:21
[INFO] [stdout]   |
[INFO] [stdout] 9 |                     tonic::include_proto!("quilkin.extensions.filters.debug.v1alpha1");
[INFO] [stdout]   |                     ^^^^^ use of undeclared crate or module `tonic`
[INFO] [stdout] 
[INFO] [stdout] error: aborting due to previous error
[INFO] [stdout] 
[INFO] [stdout] For more information about this error, try `rustc --explain E0433`.
[INFO] [stdout] Couldn't compile the test.
[INFO] [stdout] ---- src/lib.rs - include_proto (line 32) stdout ----
[INFO] [stdout] error[E0433]: failed to resolve: use of undeclared crate or module `quilkin`
[INFO] [stdout]  --> src/lib.rs:33:1
[INFO] [stdout]   |
[INFO] [stdout] 3 | quilkin::include_proto!("quilkin.extensions.filters.debug.v1alpha1");
[INFO] [stdout]   | ^^^^^^^ use of undeclared crate or module `quilkin`
[INFO] [stdout] 
[INFO] [stdout] error: aborting due to previous error
[INFO] [stdout] 
[INFO] [stdout] For more information about this error, try `rustc --explain E0433`.
[INFO] [stdout] Couldn't compile the test.
[INFO] [stdout] ---- src/lib.rs - filter (line 78) stdout ----
[INFO] [stdout] error[E0433]: failed to resolve: use of undeclared crate or module `quilkin`
[INFO] [stdout]  --> src/lib.rs:79:3
[INFO] [stdout]   |
[INFO] [stdout] 3 | #[quilkin::filter("quilkin.extensions.filters.debug.v1alpha1.Debug")]
[INFO] [stdout]   |   ^^^^^^^ use of undeclared crate or module `quilkin`
[INFO] [stdout] 
[INFO] [stdout] error: aborting due to previous error
[INFO] [stdout] 
[INFO] [stdout] For more information about this error, try `rustc --explain E0433`.
[INFO] [stdout] Couldn't compile the test.
[INFO] [stdout] ---- src/lib.rs - filter (line 84) stdout ----
[INFO] [stdout] error[E0573]: expected type, found derive macro `Debug`
[INFO] [stdout]  --> src/lib.rs:85:6
[INFO] [stdout]   |
[INFO] [stdout] 3 | impl Debug {
[INFO] [stdout]   |      ^^^^^ not a type
[INFO] [stdout]   |
[INFO] [stdout] help: consider importing one of these items instead
[INFO] [stdout]   |
[INFO] [stdout] 2 | use core::fmt::Debug;
[INFO] [stdout]   |
[INFO] [stdout] 2 | use std::fmt::Debug;
[INFO] [stdout]   |
[INFO] [stdout] 2 | use syn::__private::Debug;
[INFO] [stdout]   |
[INFO] [stdout] 
[INFO] [stdout] error[E0106]: missing lifetime specifier
[INFO] [stdout]  --> src/lib.rs:86:36
[INFO] [stdout]   |
[INFO] [stdout] 4 |     pub (crate) const FILTER_NAME: &str = "quilkin.extensions.filters.debug.v1alpha1.Debug";
[INFO] [stdout]   |                                    ^ expected named lifetime parameter
[INFO] [stdout]   |
[INFO] [stdout] help: consider using the `'static` lifetime
[INFO] [stdout]   |
[INFO] [stdout] 4 |     pub (crate) const FILTER_NAME: &'static str = "quilkin.extensions.filters.debug.v1alpha1.Debug";
[INFO] [stdout]   |                                     ^^^^^^^
[INFO] [stdout] help: consider introducing a named lifetime parameter
[INFO] [stdout]   |
[INFO] [stdout] 3 | impl<'a> Debug {
[INFO] [stdout] 4 |     pub (crate) const FILTER_NAME: &'a str = "quilkin.extensions.filters.debug.v1alpha1.Debug";
[INFO] [stdout]   |
[INFO] [stdout] 
[INFO] [stdout] error: aborting due to 2 previous errors
[INFO] [stdout] 
[INFO] [stdout] Some errors have detailed explanations: E0106, E0573.
[INFO] [stdout] For more information about an error, try `rustc --explain E0106`.
[INFO] [stdout] Couldn't compile the test.
[INFO] [stdout] 
[INFO] [stdout] failures:
[INFO] [stdout]     src/lib.rs - filter (line 78)
[INFO] [stdout]     src/lib.rs - filter (line 84)
[INFO] [stdout]     src/lib.rs - include_proto (line 32)
[INFO] [stdout]     src/lib.rs - include_proto (line 37)
[INFO] [stdout] 
[INFO] [stdout] test result: FAILED. 0 passed; 4 failed; 0 ignored; 0 measured; 0 filtered out; finished in 0.10s
[INFO] [stdout] 
[INFO] [stderr] error: test failed, to rerun pass '--doc'
[INFO] running `Command { std: "docker" "inspect" "dc80f7532bec1a0955bafcca1ae771b7e0c9a9750fc553369a762eb43d4cfa03", kill_on_drop: false }`
[INFO] running `Command { std: "docker" "rm" "-f" "dc80f7532bec1a0955bafcca1ae771b7e0c9a9750fc553369a762eb43d4cfa03", kill_on_drop: false }`
[INFO] [stdout] dc80f7532bec1a0955bafcca1ae771b7e0c9a9750fc553369a762eb43d4cfa03
