[INFO] fetching crate quicksilver-utils-async 0.3.0...
[INFO] testing quicksilver-utils-async-0.3.0 against 1.54.0 for beta-1.55-1
[INFO] extracting crate quicksilver-utils-async 0.3.0 into /workspace/builds/worker-14/source
[INFO] validating manifest of crates.io crate quicksilver-utils-async 0.3.0 on toolchain 1.54.0
[INFO] running `Command { std: "/workspace/cargo-home/bin/cargo" "+1.54.0" "metadata" "--manifest-path" "Cargo.toml" "--no-deps", kill_on_drop: false }`
[INFO] started tweaking crates.io crate quicksilver-utils-async 0.3.0
[INFO] finished tweaking crates.io crate quicksilver-utils-async 0.3.0
[INFO] tweaked toml for crates.io crate quicksilver-utils-async 0.3.0 written to /workspace/builds/worker-14/source/Cargo.toml
[INFO] crate crates.io crate quicksilver-utils-async 0.3.0 already has a lockfile, it will not be regenerated
[INFO] running `Command { std: "/workspace/cargo-home/bin/cargo" "+1.54.0" "fetch" "--manifest-path" "Cargo.toml", kill_on_drop: false }`
[INFO] [stderr]     Blocking waiting for file lock on package cache
[INFO] running `Command { std: "docker" "create" "-v" "/var/lib/crater-agent-workspace/builds/worker-14/target:/opt/rustwide/target:rw,Z" "-v" "/var/lib/crater-agent-workspace/builds/worker-14/source:/opt/rustwide/workdir:ro,Z" "-v" "/var/lib/crater-agent-workspace/cargo-home:/opt/rustwide/cargo-home:ro,Z" "-v" "/var/lib/crater-agent-workspace/rustup-home:/opt/rustwide/rustup-home:ro,Z" "-e" "SOURCE_DIR=/opt/rustwide/workdir" "-e" "CARGO_TARGET_DIR=/opt/rustwide/target" "-e" "CARGO_HOME=/opt/rustwide/cargo-home" "-e" "RUSTUP_HOME=/opt/rustwide/rustup-home" "-w" "/opt/rustwide/workdir" "-m" "1610612736" "--user" "0:0" "--network" "none" "ghcr.io/rust-lang/crates-build-env/linux@sha256:34b6a614d2c27851fe6cbf88fbd1137609cefab8b10d0615aaeb6fd47975d74e" "/opt/rustwide/cargo-home/bin/cargo" "+1.54.0" "metadata" "--no-deps" "--format-version=1", kill_on_drop: false }`
[INFO] [stdout] 367b0b87acf39bf429c2da24abe22f104d6fc857de7e929f38b46dc0bebbce4a
[INFO] running `Command { std: "docker" "start" "-a" "367b0b87acf39bf429c2da24abe22f104d6fc857de7e929f38b46dc0bebbce4a", kill_on_drop: false }`
[INFO] running `Command { std: "docker" "inspect" "367b0b87acf39bf429c2da24abe22f104d6fc857de7e929f38b46dc0bebbce4a", kill_on_drop: false }`
[INFO] running `Command { std: "docker" "rm" "-f" "367b0b87acf39bf429c2da24abe22f104d6fc857de7e929f38b46dc0bebbce4a", kill_on_drop: false }`
[INFO] [stdout] 367b0b87acf39bf429c2da24abe22f104d6fc857de7e929f38b46dc0bebbce4a
[INFO] running `Command { std: "docker" "create" "-v" "/var/lib/crater-agent-workspace/builds/worker-14/target:/opt/rustwide/target:rw,Z" "-v" "/var/lib/crater-agent-workspace/builds/worker-14/source:/opt/rustwide/workdir:ro,Z" "-v" "/var/lib/crater-agent-workspace/cargo-home:/opt/rustwide/cargo-home:ro,Z" "-v" "/var/lib/crater-agent-workspace/rustup-home:/opt/rustwide/rustup-home:ro,Z" "-e" "SOURCE_DIR=/opt/rustwide/workdir" "-e" "CARGO_TARGET_DIR=/opt/rustwide/target" "-e" "CARGO_INCREMENTAL=0" "-e" "RUST_BACKTRACE=full" "-e" "RUSTFLAGS=--cap-lints=warn" "-e" "CARGO_HOME=/opt/rustwide/cargo-home" "-e" "RUSTUP_HOME=/opt/rustwide/rustup-home" "-w" "/opt/rustwide/workdir" "-m" "1610612736" "--user" "0:0" "--network" "none" "ghcr.io/rust-lang/crates-build-env/linux@sha256:34b6a614d2c27851fe6cbf88fbd1137609cefab8b10d0615aaeb6fd47975d74e" "/opt/rustwide/cargo-home/bin/cargo" "+1.54.0" "build" "--frozen" "--message-format=json", kill_on_drop: false }`
[INFO] [stdout] baea68425cad88f7ee30a3930337666720a8937f76ab9188ddb0bd78c6d002e8
[INFO] running `Command { std: "docker" "start" "-a" "baea68425cad88f7ee30a3930337666720a8937f76ab9188ddb0bd78c6d002e8", kill_on_drop: false }`
[INFO] [stderr]    Compiling libc v0.2.66
[INFO] [stderr]    Compiling log v0.4.8
[INFO] [stderr]    Compiling pkg-config v0.3.17
[INFO] [stderr]    Compiling byteorder v1.3.2
[INFO] [stderr]    Compiling memchr v2.3.0
[INFO] [stderr]    Compiling proc-macro2 v1.0.8
[INFO] [stderr]    Compiling pin-utils v0.1.0-alpha.4
[INFO] [stderr]    Compiling syn v1.0.14
[INFO] [stderr]    Compiling proc-macro-nested v0.1.3
[INFO] [stderr]    Compiling futures-sink-preview v0.3.0-alpha.19
[INFO] [stderr]    Compiling futures-core-preview v0.3.0-alpha.19
[INFO] [stderr]    Compiling itoa v0.4.5
[INFO] [stderr]    Compiling futures-core v0.3.3
[INFO] [stderr]    Compiling futures v0.1.29
[INFO] [stderr]    Compiling smallvec v1.2.0
[INFO] [stderr]    Compiling futures-io v0.3.3
[INFO] [stderr]    Compiling futures-io-preview v0.3.0-alpha.19
[INFO] [stderr]    Compiling futures-sink v0.3.3
[INFO] [stderr]    Compiling untrusted v0.7.0
[INFO] [stderr]    Compiling getrandom v0.1.14
[INFO] [stderr]    Compiling fnv v1.0.6
[INFO] [stderr]    Compiling serde v1.0.104
[INFO] [stderr]    Compiling futures-task v0.3.3
[INFO] [stderr]    Compiling ppv-lite86 v0.2.6
[INFO] [stderr]    Compiling ryu v1.0.2
[INFO] [stderr]    Compiling curl v0.4.25
[INFO] [stderr]    Compiling httparse v1.3.4
[INFO] [stderr]    Compiling isahc v0.7.6
[INFO] [stderr]    Compiling scopeguard v1.0.0
[INFO] [stderr]    Compiling dtoa v0.4.5
[INFO] [stderr]    Compiling sha1 v0.6.0
[INFO] [stderr]    Compiling futures-timer v2.0.2
[INFO] [stderr]    Compiling once_cell v1.3.1
[INFO] [stderr]    Compiling base64 v0.11.0
[INFO] [stderr]    Compiling libnghttp2-sys v0.1.2
[INFO] [stderr]    Compiling ring v0.16.11
[INFO] [stderr]    Compiling unicase v2.6.0
[INFO] [stderr]    Compiling crossbeam-utils v0.7.0
[INFO] [stderr]    Compiling crossbeam-epoch v0.8.0
[INFO] [stderr]    Compiling unicode-normalization v0.1.12
[INFO] [stderr]    Compiling http v0.2.0
[INFO] [stderr]    Compiling futures-channel-preview v0.3.0-alpha.19
[INFO] [stderr]    Compiling futures-channel v0.3.3
[INFO] [stderr]    Compiling memoffset v0.5.3
[INFO] [stderr]    Compiling c2-chacha v0.2.3
[INFO] [stderr]    Compiling sluice v0.4.2
[INFO] [stderr]    Compiling libz-sys v1.0.25
[INFO] [stderr]    Compiling openssl-sys v0.9.54
[INFO] [stderr]    Compiling curl-sys v0.4.25
[INFO] [stderr]    Compiling base64 v0.10.1
[INFO] [stderr]    Compiling kv-log-macro v1.0.4
[INFO] [stderr]    Compiling iovec v0.1.4
[INFO] [stderr]    Compiling num_cpus v1.12.0
[INFO] [stderr]    Compiling socket2 v0.3.11
[INFO] [stderr]    Compiling net2 v0.2.33
[INFO] [stderr]    Compiling async-task v1.3.1
[INFO] [stderr]    Compiling crossbeam-channel v0.4.0
[INFO] [stderr]    Compiling bytes v0.4.12
[INFO] [stderr]    Compiling rand_core v0.5.1
[INFO] [stderr]    Compiling idna v0.2.0
[INFO] [stderr]    Compiling quote v1.0.2
[INFO] [stderr]    Compiling mime_guess v2.0.1
[INFO] [stderr]    Compiling mio v0.6.21
[INFO] [stderr]    Compiling rand_chacha v0.2.1
[INFO] [stderr]    Compiling crossbeam-deque v0.7.2
[INFO] [stderr]    Compiling rand v0.7.3
[INFO] [stderr]    Compiling tokio-io v0.1.13
[INFO] [stderr]    Compiling http v0.1.21
[INFO] [stderr]    Compiling url v2.1.1
[INFO] [stderr]    Compiling mio-uds v0.6.7
[INFO] [stderr]    Compiling async-std v1.5.0
[INFO] [stderr]    Compiling futures-util-preview v0.3.0-alpha.19
[INFO] [stderr]    Compiling webpki v0.21.2
[INFO] [stderr]    Compiling sct v0.6.0
[INFO] [stderr]    Compiling webpki-roots v0.17.0
[INFO] [stderr]    Compiling rustls v0.16.0
[INFO] [stderr]    Compiling serde_json v1.0.46
[INFO] [stderr]    Compiling serde_urlencoded v0.6.1
[INFO] [stderr]    Compiling futures-executor-preview v0.3.0-alpha.19
[INFO] [stderr]    Compiling futures-preview v0.3.0-alpha.19
[INFO] [stderr]    Compiling proc-macro-hack v0.5.11
[INFO] [stderr]    Compiling thiserror-impl v1.0.10
[INFO] [stderr]    Compiling futures-macro v0.3.3
[INFO] [stderr]    Compiling thiserror v1.0.10
[INFO] [stderr]    Compiling futures-util v0.3.3
[INFO] [stderr]    Compiling surf v1.0.3
[INFO] [stderr]    Compiling futures-executor v0.3.3
[INFO] [stderr]    Compiling futures v0.3.3
[INFO] [stderr]    Compiling async-tls v0.6.0
[INFO] [stderr]    Compiling soketto v0.3.2
[INFO] [stderr]    Compiling quicksilver-utils-async v0.3.0 (/opt/rustwide/workdir)
[INFO] [stderr]     Finished dev [unoptimized + debuginfo] target(s) in 1m 03s
[INFO] running `Command { std: "docker" "inspect" "baea68425cad88f7ee30a3930337666720a8937f76ab9188ddb0bd78c6d002e8", kill_on_drop: false }`
[INFO] running `Command { std: "docker" "rm" "-f" "baea68425cad88f7ee30a3930337666720a8937f76ab9188ddb0bd78c6d002e8", kill_on_drop: false }`
[INFO] [stdout] baea68425cad88f7ee30a3930337666720a8937f76ab9188ddb0bd78c6d002e8
[INFO] running `Command { std: "docker" "create" "-v" "/var/lib/crater-agent-workspace/builds/worker-14/target:/opt/rustwide/target:rw,Z" "-v" "/var/lib/crater-agent-workspace/builds/worker-14/source:/opt/rustwide/workdir:ro,Z" "-v" "/var/lib/crater-agent-workspace/cargo-home:/opt/rustwide/cargo-home:ro,Z" "-v" "/var/lib/crater-agent-workspace/rustup-home:/opt/rustwide/rustup-home:ro,Z" "-e" "SOURCE_DIR=/opt/rustwide/workdir" "-e" "CARGO_TARGET_DIR=/opt/rustwide/target" "-e" "CARGO_INCREMENTAL=0" "-e" "RUST_BACKTRACE=full" "-e" "RUSTFLAGS=--cap-lints=warn" "-e" "CARGO_HOME=/opt/rustwide/cargo-home" "-e" "RUSTUP_HOME=/opt/rustwide/rustup-home" "-w" "/opt/rustwide/workdir" "-m" "1610612736" "--user" "0:0" "--network" "none" "ghcr.io/rust-lang/crates-build-env/linux@sha256:34b6a614d2c27851fe6cbf88fbd1137609cefab8b10d0615aaeb6fd47975d74e" "/opt/rustwide/cargo-home/bin/cargo" "+1.54.0" "test" "--frozen" "--no-run" "--message-format=json", kill_on_drop: false }`
[INFO] [stdout] 703b4dc576306d37259038101212305985b66bb3c8fcdf089628d799057d6e77
[INFO] running `Command { std: "docker" "start" "-a" "703b4dc576306d37259038101212305985b66bb3c8fcdf089628d799057d6e77", kill_on_drop: false }`
[INFO] [stderr]    Compiling quicksilver-utils-async v0.3.0 (/opt/rustwide/workdir)
[INFO] [stderr]     Finished test [unoptimized + debuginfo] target(s) in 2.64s
[INFO] running `Command { std: "docker" "inspect" "703b4dc576306d37259038101212305985b66bb3c8fcdf089628d799057d6e77", kill_on_drop: false }`
[INFO] running `Command { std: "docker" "rm" "-f" "703b4dc576306d37259038101212305985b66bb3c8fcdf089628d799057d6e77", kill_on_drop: false }`
[INFO] [stdout] 703b4dc576306d37259038101212305985b66bb3c8fcdf089628d799057d6e77
[INFO] running `Command { std: "docker" "create" "-v" "/var/lib/crater-agent-workspace/builds/worker-14/target:/opt/rustwide/target:rw,Z" "-v" "/var/lib/crater-agent-workspace/builds/worker-14/source:/opt/rustwide/workdir:ro,Z" "-v" "/var/lib/crater-agent-workspace/cargo-home:/opt/rustwide/cargo-home:ro,Z" "-v" "/var/lib/crater-agent-workspace/rustup-home:/opt/rustwide/rustup-home:ro,Z" "-e" "SOURCE_DIR=/opt/rustwide/workdir" "-e" "CARGO_TARGET_DIR=/opt/rustwide/target" "-e" "CARGO_INCREMENTAL=0" "-e" "RUST_BACKTRACE=full" "-e" "RUSTFLAGS=--cap-lints=warn" "-e" "CARGO_HOME=/opt/rustwide/cargo-home" "-e" "RUSTUP_HOME=/opt/rustwide/rustup-home" "-w" "/opt/rustwide/workdir" "-m" "1610612736" "--user" "0:0" "--network" "none" "ghcr.io/rust-lang/crates-build-env/linux@sha256:34b6a614d2c27851fe6cbf88fbd1137609cefab8b10d0615aaeb6fd47975d74e" "/opt/rustwide/cargo-home/bin/cargo" "+1.54.0" "test" "--frozen", kill_on_drop: false }`
[INFO] [stdout] 372037d5bfab622da5a5544f2029b0522e53ab173035d7776319bc8eb6df94c6
[INFO] running `Command { std: "docker" "start" "-a" "372037d5bfab622da5a5544f2029b0522e53ab173035d7776319bc8eb6df94c6", kill_on_drop: false }`
[INFO] [stderr]     Finished test [unoptimized + debuginfo] target(s) in 0.14s
[INFO] [stderr]      Running unittests (/opt/rustwide/target/debug/deps/quicksilver_utils_async-f790f95cb6485f53)
[INFO] [stderr]    Doc-tests quicksilver_utils_async
[INFO] [stdout] 
[INFO] [stdout] running 0 tests
[INFO] [stdout] 
[INFO] [stdout] test result: ok. 0 passed; 0 failed; 0 ignored; 0 measured; 0 filtered out; finished in 0.00s
[INFO] [stdout] 
[INFO] [stdout] 
[INFO] [stdout] running 1 test
[INFO] [stdout] test src/time.rs - time::sleep_ms (line 21) ... FAILED
[INFO] [stdout] 
[INFO] [stdout] failures:
[INFO] [stdout] 
[INFO] [stdout] ---- src/time.rs - time::sleep_ms (line 21) stdout ----
[INFO] [stdout] error[E0425]: cannot find function `sleep_ms` in this scope
[INFO] [stdout]  --> src/time.rs:24:9
[INFO] [stdout]   |
[INFO] [stdout] 5 |         sleep_ms(500).await;
[INFO] [stdout]   |         ^^^^^^^^ not found in this scope
[INFO] [stdout]   |
[INFO] [stdout] help: consider importing one of these items
[INFO] [stdout]   |
[INFO] [stdout] 2 | use quicksilver_utils_async::time::sleep_ms;
[INFO] [stdout]   |
[INFO] [stdout] 2 | use std::thread::sleep_ms;
[INFO] [stdout]   |
[INFO] [stdout] 
[INFO] [stdout] error[E0425]: cannot find function `do_something_periodically` in this scope
[INFO] [stdout]  --> src/time.rs:25:9
[INFO] [stdout]   |
[INFO] [stdout] 6 |         do_something_periodically()
[INFO] [stdout]   |         ^^^^^^^^^^^^^^^^^^^^^^^^^ not found in this scope
[INFO] [stdout] 
[INFO] [stdout] error: aborting due to 2 previous errors
[INFO] [stdout] 
[INFO] [stdout] For more information about this error, try `rustc --explain E0425`.
[INFO] [stdout] Couldn't compile the test.
[INFO] [stdout] 
[INFO] [stdout] failures:
[INFO] [stdout]     src/time.rs - time::sleep_ms (line 21)
[INFO] [stdout] 
[INFO] [stdout] test result: FAILED. 0 passed; 1 failed; 0 ignored; 0 measured; 0 filtered out; finished in 0.30s
[INFO] [stdout] 
[INFO] [stderr] error: test failed, to rerun pass '--doc'
[INFO] running `Command { std: "docker" "inspect" "372037d5bfab622da5a5544f2029b0522e53ab173035d7776319bc8eb6df94c6", kill_on_drop: false }`
[INFO] running `Command { std: "docker" "rm" "-f" "372037d5bfab622da5a5544f2029b0522e53ab173035d7776319bc8eb6df94c6", kill_on_drop: false }`
[INFO] [stdout] 372037d5bfab622da5a5544f2029b0522e53ab173035d7776319bc8eb6df94c6
