[INFO] fetching crate quickjs_runtime 0.5.1...
[INFO] testing quickjs_runtime-0.5.1 against 1.54.0 for beta-1.55-1
[INFO] extracting crate quickjs_runtime 0.5.1 into /workspace/builds/worker-11/source
[INFO] validating manifest of crates.io crate quickjs_runtime 0.5.1 on toolchain 1.54.0
[INFO] running `Command { std: "/workspace/cargo-home/bin/cargo" "+1.54.0" "metadata" "--manifest-path" "Cargo.toml" "--no-deps", kill_on_drop: false }`
[INFO] started tweaking crates.io crate quickjs_runtime 0.5.1
[INFO] finished tweaking crates.io crate quickjs_runtime 0.5.1
[INFO] tweaked toml for crates.io crate quickjs_runtime 0.5.1 written to /workspace/builds/worker-11/source/Cargo.toml
[INFO] running `Command { std: "/workspace/cargo-home/bin/cargo" "+1.54.0" "generate-lockfile" "--manifest-path" "Cargo.toml" "-Zno-index-update", kill_on_drop: false }`
[INFO] running `Command { std: "/workspace/cargo-home/bin/cargo" "+1.54.0" "fetch" "--manifest-path" "Cargo.toml", kill_on_drop: false }`
[INFO] running `Command { std: "docker" "create" "-v" "/var/lib/crater-agent-workspace/builds/worker-11/target:/opt/rustwide/target:rw,Z" "-v" "/var/lib/crater-agent-workspace/builds/worker-11/source:/opt/rustwide/workdir:ro,Z" "-v" "/var/lib/crater-agent-workspace/cargo-home:/opt/rustwide/cargo-home:ro,Z" "-v" "/var/lib/crater-agent-workspace/rustup-home:/opt/rustwide/rustup-home:ro,Z" "-e" "SOURCE_DIR=/opt/rustwide/workdir" "-e" "CARGO_TARGET_DIR=/opt/rustwide/target" "-e" "CARGO_HOME=/opt/rustwide/cargo-home" "-e" "RUSTUP_HOME=/opt/rustwide/rustup-home" "-w" "/opt/rustwide/workdir" "-m" "1610612736" "--user" "0:0" "--network" "none" "ghcr.io/rust-lang/crates-build-env/linux@sha256:34b6a614d2c27851fe6cbf88fbd1137609cefab8b10d0615aaeb6fd47975d74e" "/opt/rustwide/cargo-home/bin/cargo" "+1.54.0" "metadata" "--no-deps" "--format-version=1", kill_on_drop: false }`
[INFO] [stdout] a94c13a5448a288de88707cc54c3d3f6148b5bd97de8c66b80fb825b2ad94659
[INFO] running `Command { std: "docker" "start" "-a" "a94c13a5448a288de88707cc54c3d3f6148b5bd97de8c66b80fb825b2ad94659", kill_on_drop: false }`
[INFO] running `Command { std: "docker" "inspect" "a94c13a5448a288de88707cc54c3d3f6148b5bd97de8c66b80fb825b2ad94659", kill_on_drop: false }`
[INFO] running `Command { std: "docker" "rm" "-f" "a94c13a5448a288de88707cc54c3d3f6148b5bd97de8c66b80fb825b2ad94659", kill_on_drop: false }`
[INFO] [stdout] a94c13a5448a288de88707cc54c3d3f6148b5bd97de8c66b80fb825b2ad94659
[INFO] running `Command { std: "docker" "create" "-v" "/var/lib/crater-agent-workspace/builds/worker-11/target:/opt/rustwide/target:rw,Z" "-v" "/var/lib/crater-agent-workspace/builds/worker-11/source:/opt/rustwide/workdir:ro,Z" "-v" "/var/lib/crater-agent-workspace/cargo-home:/opt/rustwide/cargo-home:ro,Z" "-v" "/var/lib/crater-agent-workspace/rustup-home:/opt/rustwide/rustup-home:ro,Z" "-e" "SOURCE_DIR=/opt/rustwide/workdir" "-e" "CARGO_TARGET_DIR=/opt/rustwide/target" "-e" "CARGO_INCREMENTAL=0" "-e" "RUST_BACKTRACE=full" "-e" "RUSTFLAGS=--cap-lints=warn" "-e" "CARGO_HOME=/opt/rustwide/cargo-home" "-e" "RUSTUP_HOME=/opt/rustwide/rustup-home" "-w" "/opt/rustwide/workdir" "-m" "1610612736" "--user" "0:0" "--network" "none" "ghcr.io/rust-lang/crates-build-env/linux@sha256:34b6a614d2c27851fe6cbf88fbd1137609cefab8b10d0615aaeb6fd47975d74e" "/opt/rustwide/cargo-home/bin/cargo" "+1.54.0" "build" "--frozen" "--message-format=json", kill_on_drop: false }`
[INFO] [stdout] 76deb3915a427ea89537835fc73d9db2383e8cbe607f62b0533da41e57a0ecf8
[INFO] running `Command { std: "docker" "start" "-a" "76deb3915a427ea89537835fc73d9db2383e8cbe607f62b0533da41e57a0ecf8", kill_on_drop: false }`
[INFO] [stderr]    Compiling syn v1.0.74
[INFO] [stderr]    Compiling winapi-build v0.1.1
[INFO] [stderr]    Compiling futures-core v0.3.16
[INFO] [stderr]    Compiling winapi v0.2.8
[INFO] [stderr]    Compiling futures-channel v0.3.16
[INFO] [stderr]    Compiling futures-io v0.3.16
[INFO] [stderr]    Compiling tokio v1.9.0
[INFO] [stderr]    Compiling mio v0.7.13
[INFO] [stderr]    Compiling thread-id v3.3.0
[INFO] [stderr]    Compiling ahash v0.7.4
[INFO] [stderr]    Compiling simple-logging v2.0.2
[INFO] [stderr]    Compiling kernel32-sys v0.2.2
[INFO] [stderr]    Compiling hashbrown v0.11.2
[INFO] [stderr]    Compiling walkdir v0.1.8
[INFO] [stderr]    Compiling lru v0.6.6
[INFO] [stderr]    Compiling copy_dir v0.1.2
[INFO] [stderr]    Compiling libquickjs-sys v0.9.0
[INFO] [stderr]    Compiling futures-macro v0.3.16
[INFO] [stderr]    Compiling tokio-macros v1.3.0
[INFO] [stderr]    Compiling futures-util v0.3.16
[INFO] [stderr]    Compiling futures-executor v0.3.16
[INFO] [stderr]    Compiling futures v0.3.16
[INFO] [stderr]    Compiling hirofa_utils v0.2.1
[INFO] [stderr]    Compiling quickjs_runtime v0.5.1 (/opt/rustwide/workdir)
[INFO] [stderr]     Finished dev [unoptimized + debuginfo] target(s) in 50.25s
[INFO] running `Command { std: "docker" "inspect" "76deb3915a427ea89537835fc73d9db2383e8cbe607f62b0533da41e57a0ecf8", kill_on_drop: false }`
[INFO] running `Command { std: "docker" "rm" "-f" "76deb3915a427ea89537835fc73d9db2383e8cbe607f62b0533da41e57a0ecf8", kill_on_drop: false }`
[INFO] [stdout] 76deb3915a427ea89537835fc73d9db2383e8cbe607f62b0533da41e57a0ecf8
[INFO] running `Command { std: "docker" "create" "-v" "/var/lib/crater-agent-workspace/builds/worker-11/target:/opt/rustwide/target:rw,Z" "-v" "/var/lib/crater-agent-workspace/builds/worker-11/source:/opt/rustwide/workdir:ro,Z" "-v" "/var/lib/crater-agent-workspace/cargo-home:/opt/rustwide/cargo-home:ro,Z" "-v" "/var/lib/crater-agent-workspace/rustup-home:/opt/rustwide/rustup-home:ro,Z" "-e" "SOURCE_DIR=/opt/rustwide/workdir" "-e" "CARGO_TARGET_DIR=/opt/rustwide/target" "-e" "CARGO_INCREMENTAL=0" "-e" "RUST_BACKTRACE=full" "-e" "RUSTFLAGS=--cap-lints=warn" "-e" "CARGO_HOME=/opt/rustwide/cargo-home" "-e" "RUSTUP_HOME=/opt/rustwide/rustup-home" "-w" "/opt/rustwide/workdir" "-m" "1610612736" "--user" "0:0" "--network" "none" "ghcr.io/rust-lang/crates-build-env/linux@sha256:34b6a614d2c27851fe6cbf88fbd1137609cefab8b10d0615aaeb6fd47975d74e" "/opt/rustwide/cargo-home/bin/cargo" "+1.54.0" "test" "--frozen" "--no-run" "--message-format=json", kill_on_drop: false }`
[INFO] [stdout] 25b919e9c9d349d20925232003e4de1594b46ea55813bb44d7e429de88895e29
[INFO] running `Command { std: "docker" "start" "-a" "25b919e9c9d349d20925232003e4de1594b46ea55813bb44d7e429de88895e29", kill_on_drop: false }`
[INFO] [stderr]     Blocking waiting for file lock on package cache
[INFO] [stderr]    Compiling cargo-husky v1.5.0
[INFO] [stderr]    Compiling quickjs_runtime v0.5.1 (/opt/rustwide/workdir)
[INFO] [stderr]     Finished test [unoptimized + debuginfo] target(s) in 14.37s
[INFO] running `Command { std: "docker" "inspect" "25b919e9c9d349d20925232003e4de1594b46ea55813bb44d7e429de88895e29", kill_on_drop: false }`
[INFO] running `Command { std: "docker" "rm" "-f" "25b919e9c9d349d20925232003e4de1594b46ea55813bb44d7e429de88895e29", kill_on_drop: false }`
[INFO] [stdout] 25b919e9c9d349d20925232003e4de1594b46ea55813bb44d7e429de88895e29
[INFO] running `Command { std: "docker" "create" "-v" "/var/lib/crater-agent-workspace/builds/worker-11/target:/opt/rustwide/target:rw,Z" "-v" "/var/lib/crater-agent-workspace/builds/worker-11/source:/opt/rustwide/workdir:ro,Z" "-v" "/var/lib/crater-agent-workspace/cargo-home:/opt/rustwide/cargo-home:ro,Z" "-v" "/var/lib/crater-agent-workspace/rustup-home:/opt/rustwide/rustup-home:ro,Z" "-e" "SOURCE_DIR=/opt/rustwide/workdir" "-e" "CARGO_TARGET_DIR=/opt/rustwide/target" "-e" "CARGO_INCREMENTAL=0" "-e" "RUST_BACKTRACE=full" "-e" "RUSTFLAGS=--cap-lints=warn" "-e" "CARGO_HOME=/opt/rustwide/cargo-home" "-e" "RUSTUP_HOME=/opt/rustwide/rustup-home" "-w" "/opt/rustwide/workdir" "-m" "1610612736" "--user" "0:0" "--network" "none" "ghcr.io/rust-lang/crates-build-env/linux@sha256:34b6a614d2c27851fe6cbf88fbd1137609cefab8b10d0615aaeb6fd47975d74e" "/opt/rustwide/cargo-home/bin/cargo" "+1.54.0" "test" "--frozen", kill_on_drop: false }`
[INFO] [stdout] 3de21b5391ad52a322008e40c5e38924663fac08f00c07b885b8fd641937122e
[INFO] running `Command { std: "docker" "start" "-a" "3de21b5391ad52a322008e40c5e38924663fac08f00c07b885b8fd641937122e", kill_on_drop: false }`
[INFO] [stderr]     Finished test [unoptimized + debuginfo] target(s) in 0.11s
[INFO] [stdout] 
[INFO] [stderr]      Running unittests (/opt/rustwide/target/debug/deps/quickjs_runtime-ddd18acf8a0b4d2f)
[INFO] [stdout] running 65 tests
[INFO] [stdout] test esruntime::tests::test_macro ... ok
[INFO] [stdout] test esruntime::abstraction_tests::test1 ... ok
[INFO] [stdout] test esruntimebuilder::tests::test_module_loader ... ok
[INFO] [stdout] test quickjs_utils::functions::tests2::test_function ... ok
[INFO] [stdout] test quickjs_utils::compile::tests::test_bytecode_bad_compile ... ok
[INFO] [stdout] test quickjs_utils::compile::tests::test_bytecode_bad_run ... ok
[INFO] [stdout] test esvalue::tests::test_promise_async ... ok
[INFO] [stdout] test esvalue::tests::test_promise_async2 ... ok
[INFO] [stdout] test esruntime::tests::test_func ... FAILED
[INFO] [stdout] test esruntime::tests::t1234 ... FAILED
[INFO] [stdout] test esruntime::tests::test_async ... FAILED
[INFO] [stdout] test quickjs_utils::modules::tests::test_detect ... ok
[INFO] [stderr] fatal runtime error: failed to initiate panic, error 5
[INFO] [stderr] error: test failed, to rerun pass '--lib'
[INFO] [stderr] 
[INFO] [stderr] Caused by:
[INFO] [stderr]   process didn't exit successfully: `/opt/rustwide/target/debug/deps/quickjs_runtime-ddd18acf8a0b4d2f` (signal: 6, SIGABRT: process abort signal)
[INFO] running `Command { std: "docker" "inspect" "3de21b5391ad52a322008e40c5e38924663fac08f00c07b885b8fd641937122e", kill_on_drop: false }`
[INFO] running `Command { std: "docker" "rm" "-f" "3de21b5391ad52a322008e40c5e38924663fac08f00c07b885b8fd641937122e", kill_on_drop: false }`
[INFO] [stdout] 3de21b5391ad52a322008e40c5e38924663fac08f00c07b885b8fd641937122e
