[INFO] fetching crate queen-io 0.6.1...
[INFO] testing queen-io-0.6.1 against beta-2021-08-01 for beta-1.55-1
[INFO] extracting crate queen-io 0.6.1 into /workspace/builds/worker-81/source
[INFO] validating manifest of crates.io crate queen-io 0.6.1 on toolchain beta-2021-08-01
[INFO] running `Command { std: "/workspace/cargo-home/bin/cargo" "+beta-2021-08-01" "metadata" "--manifest-path" "Cargo.toml" "--no-deps", kill_on_drop: false }`
[INFO] started tweaking crates.io crate queen-io 0.6.1
[INFO] finished tweaking crates.io crate queen-io 0.6.1
[INFO] tweaked toml for crates.io crate queen-io 0.6.1 written to /workspace/builds/worker-81/source/Cargo.toml
[INFO] crate crates.io crate queen-io 0.6.1 already has a lockfile, it will not be regenerated
[INFO] running `Command { std: "/workspace/cargo-home/bin/cargo" "+beta-2021-08-01" "fetch" "--manifest-path" "Cargo.toml", kill_on_drop: false }`
[INFO] [stderr]     Blocking waiting for file lock on package cache
[INFO] [stderr]     Blocking waiting for file lock on package cache
[INFO] running `Command { std: "docker" "create" "-v" "/var/lib/crater-agent-workspace/builds/worker-81/target:/opt/rustwide/target:rw,Z" "-v" "/var/lib/crater-agent-workspace/builds/worker-81/source:/opt/rustwide/workdir:ro,Z" "-v" "/var/lib/crater-agent-workspace/cargo-home:/opt/rustwide/cargo-home:ro,Z" "-v" "/var/lib/crater-agent-workspace/rustup-home:/opt/rustwide/rustup-home:ro,Z" "-e" "SOURCE_DIR=/opt/rustwide/workdir" "-e" "CARGO_TARGET_DIR=/opt/rustwide/target" "-e" "CARGO_HOME=/opt/rustwide/cargo-home" "-e" "RUSTUP_HOME=/opt/rustwide/rustup-home" "-w" "/opt/rustwide/workdir" "-m" "1610612736" "--user" "0:0" "--network" "none" "ghcr.io/rust-lang/crates-build-env/linux@sha256:34b6a614d2c27851fe6cbf88fbd1137609cefab8b10d0615aaeb6fd47975d74e" "/opt/rustwide/cargo-home/bin/cargo" "+beta-2021-08-01" "metadata" "--no-deps" "--format-version=1", kill_on_drop: false }`
[INFO] [stdout] b068ca97da12612530c0cf00425f4a34ba9e556e35b15813a2cddbd29a97b971
[INFO] running `Command { std: "docker" "start" "-a" "b068ca97da12612530c0cf00425f4a34ba9e556e35b15813a2cddbd29a97b971", kill_on_drop: false }`
[INFO] running `Command { std: "docker" "inspect" "b068ca97da12612530c0cf00425f4a34ba9e556e35b15813a2cddbd29a97b971", kill_on_drop: false }`
[INFO] running `Command { std: "docker" "rm" "-f" "b068ca97da12612530c0cf00425f4a34ba9e556e35b15813a2cddbd29a97b971", kill_on_drop: false }`
[INFO] [stdout] b068ca97da12612530c0cf00425f4a34ba9e556e35b15813a2cddbd29a97b971
[INFO] running `Command { std: "docker" "create" "-v" "/var/lib/crater-agent-workspace/builds/worker-81/target:/opt/rustwide/target:rw,Z" "-v" "/var/lib/crater-agent-workspace/builds/worker-81/source:/opt/rustwide/workdir:ro,Z" "-v" "/var/lib/crater-agent-workspace/cargo-home:/opt/rustwide/cargo-home:ro,Z" "-v" "/var/lib/crater-agent-workspace/rustup-home:/opt/rustwide/rustup-home:ro,Z" "-e" "SOURCE_DIR=/opt/rustwide/workdir" "-e" "CARGO_TARGET_DIR=/opt/rustwide/target" "-e" "CARGO_INCREMENTAL=0" "-e" "RUST_BACKTRACE=full" "-e" "RUSTFLAGS=--cap-lints=warn" "-e" "CARGO_HOME=/opt/rustwide/cargo-home" "-e" "RUSTUP_HOME=/opt/rustwide/rustup-home" "-w" "/opt/rustwide/workdir" "-m" "1610612736" "--user" "0:0" "--network" "none" "ghcr.io/rust-lang/crates-build-env/linux@sha256:34b6a614d2c27851fe6cbf88fbd1137609cefab8b10d0615aaeb6fd47975d74e" "/opt/rustwide/cargo-home/bin/cargo" "+beta-2021-08-01" "build" "--frozen" "--message-format=json", kill_on_drop: false }`
[INFO] [stdout] 7581b1311cbdfd2df0c47f1d75db7ad3aa6b1cc02c99c6f13cfc7bd2d1d94746
[INFO] running `Command { std: "docker" "start" "-a" "7581b1311cbdfd2df0c47f1d75db7ad3aa6b1cc02c99c6f13cfc7bd2d1d94746", kill_on_drop: false }`
[INFO] [stderr]     Blocking waiting for file lock on package cache
[INFO] [stderr]    Compiling autocfg v1.0.0
[INFO] [stderr]    Compiling libc v0.2.46
[INFO] [stderr]    Compiling hashbrown v0.9.1
[INFO] [stderr]    Compiling queen-io v0.6.1 (/opt/rustwide/workdir)
[INFO] [stderr]    Compiling indexmap v1.6.0
[INFO] [stdout] warning: use of deprecated associated function `std::sync::atomic::AtomicUsize::compare_and_swap`: Use `compare_exchange` or `compare_exchange_weak` instead
[INFO] [stdout]   --> src/plus/mpmc_queue.rs:77:52
[INFO] [stdout]    |
[INFO] [stdout] 77 |                 let enqueue_pos = self.enqueue_pos.compare_and_swap(pos, pos + 1, Relaxed);
[INFO] [stdout]    |                                                    ^^^^^^^^^^^^^^^^
[INFO] [stdout]    |
[INFO] [stdout]    = note: `#[warn(deprecated)]` on by default
[INFO] [stdout] 
[INFO] [stdout] 
[INFO] [stdout] warning: use of deprecated associated function `std::sync::atomic::AtomicUsize::compare_and_swap`: Use `compare_exchange` or `compare_exchange_weak` instead
[INFO] [stdout]    --> src/plus/mpmc_queue.rs:104:52
[INFO] [stdout]     |
[INFO] [stdout] 104 |                 let dequeue_pos = self.dequeue_pos.compare_and_swap(pos, pos + 1, Relaxed);
[INFO] [stdout]     |                                                    ^^^^^^^^^^^^^^^^
[INFO] [stdout] 
[INFO] [stdout] 
[INFO] [stdout] warning: 2 warnings emitted
[INFO] [stdout] 
[INFO] [stdout] 
[INFO] [stderr]     Finished dev [unoptimized + debuginfo] target(s) in 26.13s
[INFO] running `Command { std: "docker" "inspect" "7581b1311cbdfd2df0c47f1d75db7ad3aa6b1cc02c99c6f13cfc7bd2d1d94746", kill_on_drop: false }`
[INFO] running `Command { std: "docker" "rm" "-f" "7581b1311cbdfd2df0c47f1d75db7ad3aa6b1cc02c99c6f13cfc7bd2d1d94746", kill_on_drop: false }`
[INFO] [stdout] 7581b1311cbdfd2df0c47f1d75db7ad3aa6b1cc02c99c6f13cfc7bd2d1d94746
[INFO] running `Command { std: "docker" "create" "-v" "/var/lib/crater-agent-workspace/builds/worker-81/target:/opt/rustwide/target:rw,Z" "-v" "/var/lib/crater-agent-workspace/builds/worker-81/source:/opt/rustwide/workdir:ro,Z" "-v" "/var/lib/crater-agent-workspace/cargo-home:/opt/rustwide/cargo-home:ro,Z" "-v" "/var/lib/crater-agent-workspace/rustup-home:/opt/rustwide/rustup-home:ro,Z" "-e" "SOURCE_DIR=/opt/rustwide/workdir" "-e" "CARGO_TARGET_DIR=/opt/rustwide/target" "-e" "CARGO_INCREMENTAL=0" "-e" "RUST_BACKTRACE=full" "-e" "RUSTFLAGS=--cap-lints=warn" "-e" "CARGO_HOME=/opt/rustwide/cargo-home" "-e" "RUSTUP_HOME=/opt/rustwide/rustup-home" "-w" "/opt/rustwide/workdir" "-m" "1610612736" "--user" "0:0" "--network" "none" "ghcr.io/rust-lang/crates-build-env/linux@sha256:34b6a614d2c27851fe6cbf88fbd1137609cefab8b10d0615aaeb6fd47975d74e" "/opt/rustwide/cargo-home/bin/cargo" "+beta-2021-08-01" "test" "--frozen" "--no-run" "--message-format=json", kill_on_drop: false }`
[INFO] [stdout] 1af7a7dce8a7763fceee5f70ef187a9238b22013b2d07b2c5186de8205077408
[INFO] running `Command { std: "docker" "start" "-a" "1af7a7dce8a7763fceee5f70ef187a9238b22013b2d07b2c5186de8205077408", kill_on_drop: false }`
[INFO] [stdout] warning: use of deprecated associated function `std::sync::atomic::AtomicUsize::compare_and_swap`: Use `compare_exchange` or `compare_exchange_weak` instead
[INFO] [stdout]   --> src/plus/mpmc_queue.rs:77:52
[INFO] [stdout]    |
[INFO] [stdout] 77 |                 let enqueue_pos = self.enqueue_pos.compare_and_swap(pos, pos + 1, Relaxed);
[INFO] [stdout]    |                                                    ^^^^^^^^^^^^^^^^
[INFO] [stdout]    |
[INFO] [stdout]    = note: `#[warn(deprecated)]` on by default
[INFO] [stdout] 
[INFO] [stdout] 
[INFO] [stderr]    Compiling queen-io v0.6.1 (/opt/rustwide/workdir)
[INFO] [stdout] warning: use of deprecated associated function `std::sync::atomic::AtomicUsize::compare_and_swap`: Use `compare_exchange` or `compare_exchange_weak` instead
[INFO] [stdout]    --> src/plus/mpmc_queue.rs:104:52
[INFO] [stdout]     |
[INFO] [stdout] 104 |                 let dequeue_pos = self.dequeue_pos.compare_and_swap(pos, pos + 1, Relaxed);
[INFO] [stdout]     |                                                    ^^^^^^^^^^^^^^^^
[INFO] [stdout] 
[INFO] [stdout] 
[INFO] [stdout] warning: 2 warnings emitted
[INFO] [stdout] 
[INFO] [stdout] 
[INFO] [stdout] warning: use of deprecated associated function `std::sync::atomic::AtomicUsize::compare_and_swap`: Use `compare_exchange` or `compare_exchange_weak` instead
[INFO] [stdout]   --> src/plus/mpmc_queue.rs:77:52
[INFO] [stdout]    |
[INFO] [stdout] 77 |                 let enqueue_pos = self.enqueue_pos.compare_and_swap(pos, pos + 1, Relaxed);
[INFO] [stdout]    |                                                    ^^^^^^^^^^^^^^^^
[INFO] [stdout]    |
[INFO] [stdout]    = note: `#[warn(deprecated)]` on by default
[INFO] [stdout] 
[INFO] [stdout] 
[INFO] [stdout] warning: use of deprecated associated function `std::sync::atomic::AtomicUsize::compare_and_swap`: Use `compare_exchange` or `compare_exchange_weak` instead
[INFO] [stdout]    --> src/plus/mpmc_queue.rs:104:52
[INFO] [stdout]     |
[INFO] [stdout] 104 |                 let dequeue_pos = self.dequeue_pos.compare_and_swap(pos, pos + 1, Relaxed);
[INFO] [stdout]     |                                                    ^^^^^^^^^^^^^^^^
[INFO] [stdout] 
[INFO] [stdout] 
[INFO] [stdout] warning: 2 warnings emitted
[INFO] [stdout] 
[INFO] [stdout] 
[INFO] [stderr]     Finished test [unoptimized + debuginfo] target(s) in 1.70s
[INFO] running `Command { std: "docker" "inspect" "1af7a7dce8a7763fceee5f70ef187a9238b22013b2d07b2c5186de8205077408", kill_on_drop: false }`
[INFO] running `Command { std: "docker" "rm" "-f" "1af7a7dce8a7763fceee5f70ef187a9238b22013b2d07b2c5186de8205077408", kill_on_drop: false }`
[INFO] [stdout] 1af7a7dce8a7763fceee5f70ef187a9238b22013b2d07b2c5186de8205077408
[INFO] running `Command { std: "docker" "create" "-v" "/var/lib/crater-agent-workspace/builds/worker-81/target:/opt/rustwide/target:rw,Z" "-v" "/var/lib/crater-agent-workspace/builds/worker-81/source:/opt/rustwide/workdir:ro,Z" "-v" "/var/lib/crater-agent-workspace/cargo-home:/opt/rustwide/cargo-home:ro,Z" "-v" "/var/lib/crater-agent-workspace/rustup-home:/opt/rustwide/rustup-home:ro,Z" "-e" "SOURCE_DIR=/opt/rustwide/workdir" "-e" "CARGO_TARGET_DIR=/opt/rustwide/target" "-e" "CARGO_INCREMENTAL=0" "-e" "RUST_BACKTRACE=full" "-e" "RUSTFLAGS=--cap-lints=warn" "-e" "CARGO_HOME=/opt/rustwide/cargo-home" "-e" "RUSTUP_HOME=/opt/rustwide/rustup-home" "-w" "/opt/rustwide/workdir" "-m" "1610612736" "--user" "0:0" "--network" "none" "ghcr.io/rust-lang/crates-build-env/linux@sha256:34b6a614d2c27851fe6cbf88fbd1137609cefab8b10d0615aaeb6fd47975d74e" "/opt/rustwide/cargo-home/bin/cargo" "+beta-2021-08-01" "test" "--frozen", kill_on_drop: false }`
[INFO] [stdout] 259469b4683045a59b6baad2fece1bfa6795ba855c362372a898712488f0ee5d
[INFO] running `Command { std: "docker" "start" "-a" "259469b4683045a59b6baad2fece1bfa6795ba855c362372a898712488f0ee5d", kill_on_drop: false }`
[INFO] [stderr]     Blocking waiting for file lock on package cache
[INFO] [stderr] warning: use of deprecated associated function `std::sync::atomic::AtomicUsize::compare_and_swap`: Use `compare_exchange` or `compare_exchange_weak` instead
[INFO] [stderr]   --> src/plus/mpmc_queue.rs:77:52
[INFO] [stderr]    |
[INFO] [stderr] 77 |                 let enqueue_pos = self.enqueue_pos.compare_and_swap(pos, pos + 1, Relaxed);
[INFO] [stderr]    |                                                    ^^^^^^^^^^^^^^^^
[INFO] [stderr]    |
[INFO] [stderr]    = note: `#[warn(deprecated)]` on by default
[INFO] [stderr] 
[INFO] [stderr] warning: use of deprecated associated function `std::sync::atomic::AtomicUsize::compare_and_swap`: Use `compare_exchange` or `compare_exchange_weak` instead
[INFO] [stderr]    --> src/plus/mpmc_queue.rs:104:52
[INFO] [stderr]     |
[INFO] [stderr] 104 |                 let dequeue_pos = self.dequeue_pos.compare_and_swap(pos, pos + 1, Relaxed);
[INFO] [stderr]     |                                                    ^^^^^^^^^^^^^^^^
[INFO] [stderr] 
[INFO] [stderr] warning: `queen-io` (lib) generated 2 warnings
[INFO] [stderr] warning: `queen-io` (lib test) generated 2 warnings (2 duplicates)
[INFO] [stderr]     Finished test [unoptimized + debuginfo] target(s) in 0.10s
[INFO] [stderr]      Running unittests (/opt/rustwide/target/debug/deps/queen_io-10939bb26994387b)
[INFO] [stdout] 
[INFO] [stdout] running 11 tests
[INFO] [stdout] test plus::mpsc_queue::tests::test_full ... ok
[INFO] [stdout] test plus::spsc_queue::tests::drop_full ... ok
[INFO] [stdout] test plus::spsc_queue::tests::peek ... ok
[INFO] [stdout] test plus::spsc_queue::tests::smoke ... ok
[INFO] [stdout] test sys::eventfd::test::write_and_read ... ok
[INFO] [stdout] test sys::eventfd::test::write_block ... ok
[INFO] [stdout] test plus::spsc_queue::tests::smoke_bound ... ok
[INFO] [stdout] test plus::mpsc_queue::tests::test ... ok
[INFO] [stdout] test plus::mpmc_queue::tests::test ... ok
[INFO] [stdout] test plus::block_queue::tests::timeout ... ok
[INFO] [stderr]    Doc-tests queen-io
[INFO] [stdout] test plus::spsc_queue::tests::stress ... ok
[INFO] [stdout] 
[INFO] [stdout] test result: ok. 11 passed; 0 failed; 0 ignored; 0 measured; 0 filtered out; finished in 0.09s
[INFO] [stdout] 
[INFO] [stdout] 
[INFO] [stdout] running 56 tests
[INFO] [stdout] test src/plus/ttl_cache.rs - plus::ttl_cache::TtlCache<K, V, S>::iter (line 455) ... FAILED
[INFO] [stdout] test src/plus/ttl_cache.rs - plus::ttl_cache::TtlCache<K, V, S>::set_capacity (line 390) ... FAILED
[INFO] [stdout] test src/plus/ttl_cache.rs - plus::ttl_cache::VacantEntry::key (line 107) ... FAILED
[INFO] [stdout] test src/plus/ttl_cache.rs - plus::ttl_cache::TtlCache<K, V, S>::iter_mut (line 480) ... FAILED
[INFO] [stdout] test src/plus/slab.rs - plus::slab::VacantEntry::key (line 1190) ... FAILED
[INFO] [stdout] test src/plus/slab.rs - plus::slab::Slab<T>::shrink_to_fit (line 344) ... FAILED
[INFO] [stdout] test src/plus/ttl_cache.rs - plus::ttl_cache::TtlCache<K, V, S>::contains_key (line 219) ... FAILED
[INFO] [stdout] test src/plus/slab.rs - plus::slab::VacantEntry::insert (line 1160) ... FAILED
[INFO] [stdout] test src/plus/lru_cache.rs - plus::lru_cache::LruCache<K, V>::pop (line 158) ... FAILED
[INFO] [stdout] test src/plus/ttl_cache.rs - plus::ttl_cache::TtlCache<K, V, S>::get_mut (line 306) ... FAILED
[INFO] [stdout] test src/plus/ttl_cache.rs - plus::ttl_cache::OccupiedEntry::key (line 58) ... FAILED
[INFO] [stdout] test src/plus/ttl_cache.rs - plus::ttl_cache::TtlCache<K, V, S>::insert (line 241) ... FAILED
[INFO] [stdout] test src/plus/ttl_cache.rs - plus::ttl_cache::TtlCache<K, V, S>::get (line 267) ... FAILED
[INFO] [stdout] test src/plus/ttl_cache.rs - plus::ttl_cache::TtlCache<K, V, S>::remove (line 348) ... FAILED
[INFO] [stdout] test src/plus/lru_cache.rs - plus::lru_cache::LruCache<K, V>::put (line 79) ... FAILED
[INFO] [stdout] test src/plus/lru_cache.rs - plus::lru_cache::LruCache<K, V>::change_capacity (line 194) ... FAILED
[INFO] [stdout] test src/plus/lru_cache.rs - plus::lru_cache::LruCache<K, V>::get (line 124) ... FAILED
[INFO] [stdout] test src/plus/slab.rs - plus::slab::Slab<T>::iter (line 566) ... FAILED
[INFO] [stdout] test src/plus/slab.rs - plus::slab::Slab<T> (line 1045) ... FAILED
[INFO] [stdout] test src/plus/slab.rs - plus::slab::Slab<T>::compact (line 437) ... FAILED
[INFO] [stdout] test src/plus/slab.rs - plus::slab::Slab<T> (line 1033) ... FAILED
[INFO] [stdout] test src/plus/slab.rs - plus::slab::Slab<T>::retain (line 907) ... FAILED
[INFO] [stdout] test src/plus/slab.rs - plus::slab::Slab<T>::drain (line 947) ... FAILED
[INFO] [stdout] test src/plus/slab.rs - plus::slab::Slab<T>::compact (line 420) ... FAILED
[INFO] [stdout] test src/plus/slab.rs - plus::slab::Slab<T>::iter_mut (line 597) ... FAILED
[INFO] [stdout] test src/plus/slab.rs - plus::slab::Slab<T>::get_unchecked_mut (line 696) ... FAILED
[INFO] [stdout] test src/plus/slab.rs - plus::slab::Slab<T>::shrink_to_fit (line 329) ... FAILED
[INFO] [stdout] test src/plus/ttl_cache.rs - plus::ttl_cache::TtlCache<K, V, S>::capacity (line 374) ... FAILED
[INFO] [stdout] test src/plus/slab.rs - plus::slab::Slab<T>::vacant_entry (line 800) ... FAILED
[INFO] [stdout] test src/plus/slab.rs - plus::slab::Slab<T>::contains (line 881) ... ok
[INFO] [stdout] test src/plus/slab.rs - plus::slab::Slab<T>::capacity (line 240) ... ok
[INFO] [stdout] test src/plus/lru_cache.rs - plus::lru_cache::LruCache<K, V>::new (line 58) ... ok
[INFO] [stdout] test src/plus/slab.rs - plus::slab::Slab<T>::new (line 193) ... ok
[INFO] [stdout] test src/plus/lru_cache.rs - plus::lru_cache::LruCache<K, V>::capacity (line 180) ... ok
[INFO] [stdout] test src/plus/slab.rs - plus::slab::Slab<T>::insert (line 778) ... ok
[INFO] [stdout] test src/plus/slab.rs - plus::slab::Slab<T>::get_mut (line 649) ... ok
[INFO] [stdout] test src/plus/slab.rs - plus::slab::Slab<T>::clear (line 506) ... ok
[INFO] [stdout] test src/plus/slab.rs - plus::slab::Slab<T>::is_empty (line 545) ... ok
[INFO] [stdout] test src/plus/slab.rs - plus::slab::VacantEntry (line 137) ... ok
[INFO] [stdout] test src/sys/timerfd.rs - sys::timerfd::TimerFd::gettime (line 169) ... ok
[INFO] [stdout] test src/plus/slab.rs - plus::slab (line 21) ... ok
[INFO] [stdout] test src/plus/slab.rs - plus::slab::Slab<T>::get_unchecked (line 673) ... ok
[INFO] [stdout] test src/plus/slab.rs - plus::slab::Slab<T>::with_capacity (line 213) ... ok
[INFO] [stdout] test src/sys/timerfd.rs - sys::timerfd::TimerFd::create (line 107) ... ok
[INFO] [stdout] test src/plus/slab.rs - plus::slab (line 38) ... ok
[INFO] [stdout] test src/plus/slab.rs - plus::slab (line 59) ... ok
[INFO] [stdout] test src/plus/ttl_cache.rs - plus::ttl_cache::TtlCache<K, V>::new (line 181) ... ok
[INFO] [stdout] test src/plus/slab.rs - plus::slab::Slab<T>::reserve_exact (line 302) ... ok
[INFO] [stdout] test src/plus/slab.rs - plus::slab::Slab<T>::get (line 627) ... ok
[INFO] [stdout] test src/plus/slab.rs - plus::slab::Slab<T>::len (line 527) ... ok
[INFO] [stdout] test src/sys/timerfd.rs - sys::timerfd::TimerFd::settime (line 125) ... ok
[INFO] [stdout] test src/plus/slab.rs - plus::slab::Slab<T>::reserve (line 268) ... ok
[INFO] [stdout] test src/sys/timerfd.rs - sys::timerfd::TimerFd::new (line 92) ... ok
[INFO] [stdout] test src/plus/slab.rs - plus::slab::Slab<T>::key_of (line 741) ... ok
[INFO] [stdout] test src/plus/slab.rs - plus::slab::Slab<T>::key_of (line 729) ... ok
[INFO] [stdout] test src/plus/slab.rs - plus::slab::Slab<T>::remove (line 848) ... ok
[INFO] [stdout] 
[INFO] [stdout] failures:
[INFO] [stdout] 
[INFO] [stdout] ---- src/plus/ttl_cache.rs - plus::ttl_cache::TtlCache<K, V, S>::iter (line 455) stdout ----
[INFO] [stdout] Couldn't compile the test.
[INFO] [stdout] ---- src/plus/ttl_cache.rs - plus::ttl_cache::TtlCache<K, V, S>::set_capacity (line 390) stdout ----
[INFO] [stdout] Couldn't compile the test.
[INFO] [stdout] ---- src/plus/ttl_cache.rs - plus::ttl_cache::VacantEntry::key (line 107) stdout ----
[INFO] [stdout] Couldn't compile the test.
[INFO] [stdout] ---- src/plus/ttl_cache.rs - plus::ttl_cache::TtlCache<K, V, S>::iter_mut (line 480) stdout ----
[INFO] [stdout] Couldn't compile the test.
[INFO] [stdout] ---- src/plus/slab.rs - plus::slab::VacantEntry::key (line 1190) stdout ----
[INFO] [stdout] Couldn't compile the test.
[INFO] [stdout] ---- src/plus/slab.rs - plus::slab::Slab<T>::shrink_to_fit (line 344) stdout ----
[INFO] [stdout] Couldn't compile the test.
[INFO] [stdout] ---- src/plus/ttl_cache.rs - plus::ttl_cache::TtlCache<K, V, S>::contains_key (line 219) stdout ----
[INFO] [stdout] Couldn't compile the test.
[INFO] [stdout] ---- src/plus/slab.rs - plus::slab::VacantEntry::insert (line 1160) stdout ----
[INFO] [stdout] Couldn't compile the test.
[INFO] [stdout] ---- src/plus/lru_cache.rs - plus::lru_cache::LruCache<K, V>::pop (line 158) stdout ----
[INFO] [stdout] Couldn't compile the test.
[INFO] [stdout] ---- src/plus/ttl_cache.rs - plus::ttl_cache::TtlCache<K, V, S>::get_mut (line 306) stdout ----
[INFO] [stdout] Couldn't compile the test.
[INFO] [stdout] ---- src/plus/ttl_cache.rs - plus::ttl_cache::OccupiedEntry::key (line 58) stdout ----
[INFO] [stdout] Couldn't compile the test.
[INFO] [stdout] ---- src/plus/ttl_cache.rs - plus::ttl_cache::TtlCache<K, V, S>::insert (line 241) stdout ----
[INFO] [stdout] Couldn't compile the test.
[INFO] [stdout] ---- src/plus/ttl_cache.rs - plus::ttl_cache::TtlCache<K, V, S>::get (line 267) stdout ----
[INFO] [stdout] Couldn't compile the test.
[INFO] [stdout] ---- src/plus/ttl_cache.rs - plus::ttl_cache::TtlCache<K, V, S>::remove (line 348) stdout ----
[INFO] [stdout] Couldn't compile the test.
[INFO] [stdout] ---- src/plus/lru_cache.rs - plus::lru_cache::LruCache<K, V>::put (line 79) stdout ----
[INFO] [stdout] Couldn't compile the test.
[INFO] [stdout] ---- src/plus/lru_cache.rs - plus::lru_cache::LruCache<K, V>::change_capacity (line 194) stdout ----
[INFO] [stdout] Couldn't compile the test.
[INFO] [stdout] ---- src/plus/lru_cache.rs - plus::lru_cache::LruCache<K, V>::get (line 124) stdout ----
[INFO] [stdout] Couldn't compile the test.
[INFO] [stdout] ---- src/plus/slab.rs - plus::slab::Slab<T>::iter (line 566) stdout ----
[INFO] [stdout] Couldn't compile the test.
[INFO] [stdout] ---- src/plus/slab.rs - plus::slab::Slab<T> (line 1045) stdout ----
[INFO] [stdout] Couldn't compile the test.
[INFO] [stdout] ---- src/plus/slab.rs - plus::slab::Slab<T>::compact (line 437) stdout ----
[INFO] [stdout] Couldn't compile the test.
[INFO] [stdout] ---- src/plus/slab.rs - plus::slab::Slab<T> (line 1033) stdout ----
[INFO] [stdout] Couldn't compile the test.
[INFO] [stdout] ---- src/plus/slab.rs - plus::slab::Slab<T>::retain (line 907) stdout ----
[INFO] [stdout] Couldn't compile the test.
[INFO] [stdout] ---- src/plus/slab.rs - plus::slab::Slab<T>::drain (line 947) stdout ----
[INFO] [stdout] Couldn't compile the test.
[INFO] [stdout] ---- src/plus/slab.rs - plus::slab::Slab<T>::compact (line 420) stdout ----
[INFO] [stdout] Couldn't compile the test.
[INFO] [stdout] ---- src/plus/slab.rs - plus::slab::Slab<T>::iter_mut (line 597) stdout ----
[INFO] [stdout] Couldn't compile the test.
[INFO] [stdout] ---- src/plus/slab.rs - plus::slab::Slab<T>::get_unchecked_mut (line 696) stdout ----
[INFO] [stdout] Couldn't compile the test.
[INFO] [stdout] ---- src/plus/slab.rs - plus::slab::Slab<T>::shrink_to_fit (line 329) stdout ----
[INFO] [stdout] Couldn't compile the test.
[INFO] [stdout] ---- src/plus/ttl_cache.rs - plus::ttl_cache::TtlCache<K, V, S>::capacity (line 374) stdout ----
[INFO] [stdout] Couldn't compile the test.
[INFO] [stdout] ---- src/plus/slab.rs - plus::slab::Slab<T>::vacant_entry (line 800) stdout ----
[INFO] [stdout] Couldn't compile the test.
[INFO] [stdout] 
[INFO] [stdout] failures:
[INFO] [stdout]     src/plus/lru_cache.rs - plus::lru_cache::LruCache<K, V>::change_capacity (line 194)
[INFO] [stdout]     src/plus/lru_cache.rs - plus::lru_cache::LruCache<K, V>::get (line 124)
[INFO] [stdout]     src/plus/lru_cache.rs - plus::lru_cache::LruCache<K, V>::pop (line 158)
[INFO] [stdout]     src/plus/lru_cache.rs - plus::lru_cache::LruCache<K, V>::put (line 79)
[INFO] [stdout]     src/plus/slab.rs - plus::slab::Slab<T> (line 1033)
[INFO] [stdout]     src/plus/slab.rs - plus::slab::Slab<T> (line 1045)
[INFO] [stdout]     src/plus/slab.rs - plus::slab::Slab<T>::compact (line 420)
[INFO] [stdout]     src/plus/slab.rs - plus::slab::Slab<T>::compact (line 437)
[INFO] [stdout]     src/plus/slab.rs - plus::slab::Slab<T>::drain (line 947)
[INFO] [stdout]     src/plus/slab.rs - plus::slab::Slab<T>::get_unchecked_mut (line 696)
[INFO] [stdout]     src/plus/slab.rs - plus::slab::Slab<T>::iter (line 566)
[INFO] [stdout]     src/plus/slab.rs - plus::slab::Slab<T>::iter_mut (line 597)
[INFO] [stdout]     src/plus/slab.rs - plus::slab::Slab<T>::retain (line 907)
[INFO] [stdout]     src/plus/slab.rs - plus::slab::Slab<T>::shrink_to_fit (line 329)
[INFO] [stdout]     src/plus/slab.rs - plus::slab::Slab<T>::shrink_to_fit (line 344)
[INFO] [stdout]     src/plus/slab.rs - plus::slab::Slab<T>::vacant_entry (line 800)
[INFO] [stdout]     src/plus/slab.rs - plus::slab::VacantEntry::insert (line 1160)
[INFO] [stdout]     src/plus/slab.rs - plus::slab::VacantEntry::key (line 1190)
[INFO] [stdout]     src/plus/ttl_cache.rs - plus::ttl_cache::OccupiedEntry::key (line 58)
[INFO] [stdout]     src/plus/ttl_cache.rs - plus::ttl_cache::TtlCache<K, V, S>::capacity (line 374)
[INFO] [stdout]     src/plus/ttl_cache.rs - plus::ttl_cache::TtlCache<K, V, S>::contains_key (line 219)
[INFO] [stdout]     src/plus/ttl_cache.rs - plus::ttl_cache::TtlCache<K, V, S>::get (line 267)
[INFO] [stdout]     src/plus/ttl_cache.rs - plus::ttl_cache::TtlCache<K, V, S>::get_mut (line 306)
[INFO] [stdout]     src/plus/ttl_cache.rs - plus::ttl_cache::TtlCache<K, V, S>::insert (line 241)
[INFO] [stdout]     src/plus/ttl_cache.rs - plus::ttl_cache::TtlCache<K, V, S>::iter (line 455)
[INFO] [stdout]     src/plus/ttl_cache.rs - plus::ttl_cache::TtlCache<K, V, S>::iter_mut (line 480)
[INFO] [stdout]     src/plus/ttl_cache.rs - plus::ttl_cache::TtlCache<K, V, S>::remove (line 348)
[INFO] [stdout]     src/plus/ttl_cache.rs - plus::ttl_cache::TtlCache<K, V, S>::set_capacity (line 390)
[INFO] [stdout]     src/plus/ttl_cache.rs - plus::ttl_cache::VacantEntry::key (line 107)
[INFO] [stdout] 
[INFO] [stdout] test result: FAILED. 27 passed; 29 failed; 0 ignored; 0 measured; 0 filtered out; finished in 2.45s
[INFO] [stdout] 
[INFO] [stderr] error: test failed, to rerun pass '--doc'
[INFO] running `Command { std: "docker" "inspect" "259469b4683045a59b6baad2fece1bfa6795ba855c362372a898712488f0ee5d", kill_on_drop: false }`
[INFO] running `Command { std: "docker" "rm" "-f" "259469b4683045a59b6baad2fece1bfa6795ba855c362372a898712488f0ee5d", kill_on_drop: false }`
[INFO] [stdout] 259469b4683045a59b6baad2fece1bfa6795ba855c362372a898712488f0ee5d
