[INFO] fetching crate quantized-density-fields 0.2.3...
[INFO] testing quantized-density-fields-0.2.3 against beta-2021-08-01 for beta-1.55-1
[INFO] extracting crate quantized-density-fields 0.2.3 into /workspace/builds/worker-85/source
[INFO] validating manifest of crates.io crate quantized-density-fields 0.2.3 on toolchain beta-2021-08-01
[INFO] running `Command { std: "/workspace/cargo-home/bin/cargo" "+beta-2021-08-01" "metadata" "--manifest-path" "Cargo.toml" "--no-deps", kill_on_drop: false }`
[INFO] started tweaking crates.io crate quantized-density-fields 0.2.3
[INFO] finished tweaking crates.io crate quantized-density-fields 0.2.3
[INFO] tweaked toml for crates.io crate quantized-density-fields 0.2.3 written to /workspace/builds/worker-85/source/Cargo.toml
[INFO] running `Command { std: "/workspace/cargo-home/bin/cargo" "+beta-2021-08-01" "generate-lockfile" "--manifest-path" "Cargo.toml" "-Zno-index-update", kill_on_drop: false }`
[INFO] running `Command { std: "/workspace/cargo-home/bin/cargo" "+beta-2021-08-01" "fetch" "--manifest-path" "Cargo.toml", kill_on_drop: false }`
[INFO] [stderr]     Blocking waiting for file lock on package cache
[INFO] running `Command { std: "docker" "create" "-v" "/var/lib/crater-agent-workspace/builds/worker-85/target:/opt/rustwide/target:rw,Z" "-v" "/var/lib/crater-agent-workspace/builds/worker-85/source:/opt/rustwide/workdir:ro,Z" "-v" "/var/lib/crater-agent-workspace/cargo-home:/opt/rustwide/cargo-home:ro,Z" "-v" "/var/lib/crater-agent-workspace/rustup-home:/opt/rustwide/rustup-home:ro,Z" "-e" "SOURCE_DIR=/opt/rustwide/workdir" "-e" "CARGO_TARGET_DIR=/opt/rustwide/target" "-e" "CARGO_HOME=/opt/rustwide/cargo-home" "-e" "RUSTUP_HOME=/opt/rustwide/rustup-home" "-w" "/opt/rustwide/workdir" "-m" "1610612736" "--user" "0:0" "--network" "none" "ghcr.io/rust-lang/crates-build-env/linux@sha256:34b6a614d2c27851fe6cbf88fbd1137609cefab8b10d0615aaeb6fd47975d74e" "/opt/rustwide/cargo-home/bin/cargo" "+beta-2021-08-01" "metadata" "--no-deps" "--format-version=1", kill_on_drop: false }`
[INFO] [stdout] 3051c9985fa12b00a27db1a2bb0e8243081f930e801db4ac5b5586d8086b6e07
[INFO] running `Command { std: "docker" "start" "-a" "3051c9985fa12b00a27db1a2bb0e8243081f930e801db4ac5b5586d8086b6e07", kill_on_drop: false }`
[INFO] running `Command { std: "docker" "inspect" "3051c9985fa12b00a27db1a2bb0e8243081f930e801db4ac5b5586d8086b6e07", kill_on_drop: false }`
[INFO] running `Command { std: "docker" "rm" "-f" "3051c9985fa12b00a27db1a2bb0e8243081f930e801db4ac5b5586d8086b6e07", kill_on_drop: false }`
[INFO] [stdout] 3051c9985fa12b00a27db1a2bb0e8243081f930e801db4ac5b5586d8086b6e07
[INFO] running `Command { std: "docker" "create" "-v" "/var/lib/crater-agent-workspace/builds/worker-85/target:/opt/rustwide/target:rw,Z" "-v" "/var/lib/crater-agent-workspace/builds/worker-85/source:/opt/rustwide/workdir:ro,Z" "-v" "/var/lib/crater-agent-workspace/cargo-home:/opt/rustwide/cargo-home:ro,Z" "-v" "/var/lib/crater-agent-workspace/rustup-home:/opt/rustwide/rustup-home:ro,Z" "-e" "SOURCE_DIR=/opt/rustwide/workdir" "-e" "CARGO_TARGET_DIR=/opt/rustwide/target" "-e" "CARGO_INCREMENTAL=0" "-e" "RUST_BACKTRACE=full" "-e" "RUSTFLAGS=--cap-lints=warn" "-e" "CARGO_HOME=/opt/rustwide/cargo-home" "-e" "RUSTUP_HOME=/opt/rustwide/rustup-home" "-w" "/opt/rustwide/workdir" "-m" "1610612736" "--user" "0:0" "--network" "none" "ghcr.io/rust-lang/crates-build-env/linux@sha256:34b6a614d2c27851fe6cbf88fbd1137609cefab8b10d0615aaeb6fd47975d74e" "/opt/rustwide/cargo-home/bin/cargo" "+beta-2021-08-01" "build" "--frozen" "--message-format=json", kill_on_drop: false }`
[INFO] [stdout] a83bffd5427d4ab2701fbb23d95ca541e1503cf71237de233f734ab420129744
[INFO] running `Command { std: "docker" "start" "-a" "a83bffd5427d4ab2701fbb23d95ca541e1503cf71237de233f734ab420129744", kill_on_drop: false }`
[INFO] [stderr]    Compiling rand_core v0.4.2
[INFO] [stderr]    Compiling autocfg v1.0.1
[INFO] [stderr]    Compiling libc v0.2.98
[INFO] [stderr]    Compiling crossbeam-utils v0.8.5
[INFO] [stderr]    Compiling cfg-if v1.0.0
[INFO] [stderr]    Compiling lazy_static v1.4.0
[INFO] [stderr]    Compiling crossbeam-epoch v0.9.5
[INFO] [stderr]    Compiling scopeguard v1.1.0
[INFO] [stderr]    Compiling rayon-core v1.9.1
[INFO] [stderr]    Compiling serde v1.0.127
[INFO] [stderr]    Compiling either v1.6.1
[INFO] [stderr]    Compiling ordermap v0.3.5
[INFO] [stderr]    Compiling fixedbitset v0.1.9
[INFO] [stderr]    Compiling rand_pcg v0.1.2
[INFO] [stderr]    Compiling rand_chacha v0.1.1
[INFO] [stderr]    Compiling rand v0.6.5
[INFO] [stderr]    Compiling rand_core v0.3.1
[INFO] [stderr]    Compiling rand_jitter v0.1.4
[INFO] [stderr]    Compiling rand_xorshift v0.1.1
[INFO] [stderr]    Compiling rand_isaac v0.1.1
[INFO] [stderr]    Compiling rand_hc v0.1.0
[INFO] [stderr]    Compiling petgraph v0.4.13
[INFO] [stderr]    Compiling memoffset v0.6.4
[INFO] [stderr]    Compiling rayon v1.5.1
[INFO] [stderr]    Compiling crossbeam-channel v0.5.1
[INFO] [stderr]    Compiling num_cpus v1.13.0
[INFO] [stderr]    Compiling rand_os v0.1.3
[INFO] [stderr]    Compiling crossbeam-deque v0.8.1
[INFO] [stderr]    Compiling uuid v0.7.4
[INFO] [stderr]    Compiling quantized-density-fields v0.2.3 (/opt/rustwide/workdir)
[INFO] [stderr]     Finished dev [unoptimized + debuginfo] target(s) in 7.16s
[INFO] running `Command { std: "docker" "inspect" "a83bffd5427d4ab2701fbb23d95ca541e1503cf71237de233f734ab420129744", kill_on_drop: false }`
[INFO] running `Command { std: "docker" "rm" "-f" "a83bffd5427d4ab2701fbb23d95ca541e1503cf71237de233f734ab420129744", kill_on_drop: false }`
[INFO] [stdout] a83bffd5427d4ab2701fbb23d95ca541e1503cf71237de233f734ab420129744
[INFO] running `Command { std: "docker" "create" "-v" "/var/lib/crater-agent-workspace/builds/worker-85/target:/opt/rustwide/target:rw,Z" "-v" "/var/lib/crater-agent-workspace/builds/worker-85/source:/opt/rustwide/workdir:ro,Z" "-v" "/var/lib/crater-agent-workspace/cargo-home:/opt/rustwide/cargo-home:ro,Z" "-v" "/var/lib/crater-agent-workspace/rustup-home:/opt/rustwide/rustup-home:ro,Z" "-e" "SOURCE_DIR=/opt/rustwide/workdir" "-e" "CARGO_TARGET_DIR=/opt/rustwide/target" "-e" "CARGO_INCREMENTAL=0" "-e" "RUST_BACKTRACE=full" "-e" "RUSTFLAGS=--cap-lints=warn" "-e" "CARGO_HOME=/opt/rustwide/cargo-home" "-e" "RUSTUP_HOME=/opt/rustwide/rustup-home" "-w" "/opt/rustwide/workdir" "-m" "1610612736" "--user" "0:0" "--network" "none" "ghcr.io/rust-lang/crates-build-env/linux@sha256:34b6a614d2c27851fe6cbf88fbd1137609cefab8b10d0615aaeb6fd47975d74e" "/opt/rustwide/cargo-home/bin/cargo" "+beta-2021-08-01" "test" "--frozen" "--no-run" "--message-format=json", kill_on_drop: false }`
[INFO] [stdout] bd69130689cc892b73ecca15392c0ddeabac26eeb8ff455051df5673cfe85d6e
[INFO] running `Command { std: "docker" "start" "-a" "bd69130689cc892b73ecca15392c0ddeabac26eeb8ff455051df5673cfe85d6e", kill_on_drop: false }`
[INFO] [stderr]    Compiling quantized-density-fields v0.2.3 (/opt/rustwide/workdir)
[INFO] [stderr]     Finished test [unoptimized + debuginfo] target(s) in 2.23s
[INFO] running `Command { std: "docker" "inspect" "bd69130689cc892b73ecca15392c0ddeabac26eeb8ff455051df5673cfe85d6e", kill_on_drop: false }`
[INFO] running `Command { std: "docker" "rm" "-f" "bd69130689cc892b73ecca15392c0ddeabac26eeb8ff455051df5673cfe85d6e", kill_on_drop: false }`
[INFO] [stdout] bd69130689cc892b73ecca15392c0ddeabac26eeb8ff455051df5673cfe85d6e
[INFO] running `Command { std: "docker" "create" "-v" "/var/lib/crater-agent-workspace/builds/worker-85/target:/opt/rustwide/target:rw,Z" "-v" "/var/lib/crater-agent-workspace/builds/worker-85/source:/opt/rustwide/workdir:ro,Z" "-v" "/var/lib/crater-agent-workspace/cargo-home:/opt/rustwide/cargo-home:ro,Z" "-v" "/var/lib/crater-agent-workspace/rustup-home:/opt/rustwide/rustup-home:ro,Z" "-e" "SOURCE_DIR=/opt/rustwide/workdir" "-e" "CARGO_TARGET_DIR=/opt/rustwide/target" "-e" "CARGO_INCREMENTAL=0" "-e" "RUST_BACKTRACE=full" "-e" "RUSTFLAGS=--cap-lints=warn" "-e" "CARGO_HOME=/opt/rustwide/cargo-home" "-e" "RUSTUP_HOME=/opt/rustwide/rustup-home" "-w" "/opt/rustwide/workdir" "-m" "1610612736" "--user" "0:0" "--network" "none" "ghcr.io/rust-lang/crates-build-env/linux@sha256:34b6a614d2c27851fe6cbf88fbd1137609cefab8b10d0615aaeb6fd47975d74e" "/opt/rustwide/cargo-home/bin/cargo" "+beta-2021-08-01" "test" "--frozen", kill_on_drop: false }`
[INFO] [stdout] 6686942f1db972f16cb6cc35e060d96fc38f9afafe94254c6748a0e71e813124
[INFO] running `Command { std: "docker" "start" "-a" "6686942f1db972f16cb6cc35e060d96fc38f9afafe94254c6748a0e71e813124", kill_on_drop: false }`
[INFO] [stderr]     Finished test [unoptimized + debuginfo] target(s) in 0.07s
[INFO] [stderr]      Running unittests (/opt/rustwide/target/debug/deps/quantized_density_fields-75473de84e661ba8)
[INFO] [stdout] 
[INFO] [stdout] running 2 tests
[INFO] [stdout] test lod::tests::test_2d ... ok
[INFO] [stdout] test qdf::tests::test_2d ... ok
[INFO] [stdout] 
[INFO] [stdout] test result: ok. 2 passed; 0 failed; 0 ignored; 0 measured; 0 filtered out; finished in 3.69s
[INFO] [stdout] 
[INFO] [stderr]    Doc-tests quantized-density-fields
[INFO] [stdout] 
[INFO] [stdout] running 28 tests
[INFO] [stdout] test src/lod/mod.rs - lod::LOD<S>::get_level (line 169) ... FAILED
[INFO] [stdout] test src/qdf/mod.rs - qdf::QDF<S>::decrease_space_density (line 473) ... FAILED
[INFO] [stdout] test src/qdf/mod.rs - qdf::QDF<S>::with_levels (line 96) ... FAILED
[INFO] [stdout] test src/lod/mod.rs - lod::LOD<S>::find_path (line 278) ... FAILED
[INFO] [stdout] test src/qdf/mod.rs - qdf::QDF<S>::find_path (line 375) ... FAILED
[INFO] [stdout] test src/lod/mod.rs - lod::LOD<S>::set_level_state (line 229) ... FAILED
[INFO] [stdout] test src/qdf/mod.rs - qdf::QDF<S>::find_space_neighbors (line 347) ... FAILED
[INFO] [stdout] test src/qdf/state.rs - qdf::state::State (line 6) ... ok
[INFO] [stdout] test src/lod/mod.rs - lod::LOD<S>::new (line 41) ... FAILED
[INFO] [stdout] test src/qdf/mod.rs - qdf::QDF<S>::with_levels_and_minimum_state (line 132) ... FAILED
[INFO] [stdout] test src/qdf/mod.rs - qdf::QDF<S>::increase_space_density (line 409) ... FAILED
[INFO] [stdout] test src/qdf/mod.rs - qdf::QDF<S>::spaces (line 202) ... FAILED
[INFO] [stdout] test src/lod/mod.rs - lod::LOD<S>::find_level_neighbors (line 254) ... FAILED
[INFO] [stdout] test src/qdf/mod.rs - qdf::QDF<S>::new (line 60) ... ok
[INFO] [stdout] test src/qdf/mod.rs - qdf::QDF<S>::dimensions (line 165) ... ok
[INFO] [stdout] test src/qdf/mod.rs - qdf::QDF<S>::space (line 280) ... ok
[INFO] [stdout] test src/qdf/mod.rs - qdf::QDF<S>::set_space_state (line 322) ... ok
[INFO] [stdout] test src/qdf/mod.rs - qdf::QDF<S>::get_space (line 251) ... ok
[INFO] [stdout] test src/qdf/mod.rs - qdf::QDF<S>::space_exists (line 185) ... ok
[INFO] [stdout] test src/qdf/mod.rs - qdf::QDF<S>::try_set_space_state (line 301) ... ok
[INFO] [stdout] test src/lod/mod.rs - lod::LOD<S>::state (line 116) ... ok
[INFO] [stdout] test src/qdf/mod.rs - qdf::QDF<S>::try_get_space (line 229) ... ok
[INFO] [stdout] test src/lod/mod.rs - lod::LOD<S>::levels_count (line 103) ... ok
[INFO] [stdout] test src/lod/mod.rs - lod::LOD<S>::dimensions (line 89) ... ok
[INFO] [stdout] test src/lod/mod.rs - lod::LOD<S>::try_set_level_state (line 210) ... ok
[INFO] [stdout] test src/lod/mod.rs - lod::LOD<S>::level_exists (line 133) ... ok
[INFO] [stdout] test src/lod/mod.rs - lod::LOD<S>::level (line 192) ... ok
[INFO] [stdout] test src/lod/mod.rs - lod::LOD<S>::try_get_level (line 150) ... ok
[INFO] [stdout] 
[INFO] [stdout] failures:
[INFO] [stdout] 
[INFO] [stdout] ---- src/lod/mod.rs - lod::LOD<S>::get_level (line 169) stdout ----
[INFO] [stdout] Couldn't compile the test.
[INFO] [stdout] ---- src/qdf/mod.rs - qdf::QDF<S>::decrease_space_density (line 473) stdout ----
[INFO] [stdout] Couldn't compile the test.
[INFO] [stdout] ---- src/qdf/mod.rs - qdf::QDF<S>::with_levels (line 96) stdout ----
[INFO] [stdout] Couldn't compile the test.
[INFO] [stdout] ---- src/lod/mod.rs - lod::LOD<S>::find_path (line 278) stdout ----
[INFO] [stdout] Couldn't compile the test.
[INFO] [stdout] ---- src/qdf/mod.rs - qdf::QDF<S>::find_path (line 375) stdout ----
[INFO] [stdout] Couldn't compile the test.
[INFO] [stdout] ---- src/lod/mod.rs - lod::LOD<S>::set_level_state (line 229) stdout ----
[INFO] [stdout] Couldn't compile the test.
[INFO] [stdout] ---- src/qdf/mod.rs - qdf::QDF<S>::find_space_neighbors (line 347) stdout ----
[INFO] [stdout] Couldn't compile the test.
[INFO] [stdout] ---- src/lod/mod.rs - lod::LOD<S>::new (line 41) stdout ----
[INFO] [stdout] Couldn't compile the test.
[INFO] [stdout] ---- src/qdf/mod.rs - qdf::QDF<S>::with_levels_and_minimum_state (line 132) stdout ----
[INFO] [stdout] Couldn't compile the test.
[INFO] [stdout] ---- src/qdf/mod.rs - qdf::QDF<S>::increase_space_density (line 409) stdout ----
[INFO] [stdout] Couldn't compile the test.
[INFO] [stdout] ---- src/qdf/mod.rs - qdf::QDF<S>::spaces (line 202) stdout ----
[INFO] [stdout] Couldn't compile the test.
[INFO] [stdout] ---- src/lod/mod.rs - lod::LOD<S>::find_level_neighbors (line 254) stdout ----
[INFO] [stdout] Couldn't compile the test.
[INFO] [stdout] 
[INFO] [stdout] failures:
[INFO] [stdout]     src/lod/mod.rs - lod::LOD<S>::find_level_neighbors (line 254)
[INFO] [stdout]     src/lod/mod.rs - lod::LOD<S>::find_path (line 278)
[INFO] [stdout]     src/lod/mod.rs - lod::LOD<S>::get_level (line 169)
[INFO] [stdout]     src/lod/mod.rs - lod::LOD<S>::new (line 41)
[INFO] [stdout]     src/lod/mod.rs - lod::LOD<S>::set_level_state (line 229)
[INFO] [stdout]     src/qdf/mod.rs - qdf::QDF<S>::decrease_space_density (line 473)
[INFO] [stdout]     src/qdf/mod.rs - qdf::QDF<S>::find_path (line 375)
[INFO] [stdout]     src/qdf/mod.rs - qdf::QDF<S>::find_space_neighbors (line 347)
[INFO] [stdout]     src/qdf/mod.rs - qdf::QDF<S>::increase_space_density (line 409)
[INFO] [stdout]     src/qdf/mod.rs - qdf::QDF<S>::spaces (line 202)
[INFO] [stdout]     src/qdf/mod.rs - qdf::QDF<S>::with_levels (line 96)
[INFO] [stdout]     src/qdf/mod.rs - qdf::QDF<S>::with_levels_and_minimum_state (line 132)
[INFO] [stdout] 
[INFO] [stdout] test result: FAILED. 16 passed; 12 failed; 0 ignored; 0 measured; 0 filtered out; finished in 4.91s
[INFO] [stdout] 
[INFO] [stderr] error: test failed, to rerun pass '--doc'
[INFO] running `Command { std: "docker" "inspect" "6686942f1db972f16cb6cc35e060d96fc38f9afafe94254c6748a0e71e813124", kill_on_drop: false }`
[INFO] running `Command { std: "docker" "rm" "-f" "6686942f1db972f16cb6cc35e060d96fc38f9afafe94254c6748a0e71e813124", kill_on_drop: false }`
[INFO] [stdout] 6686942f1db972f16cb6cc35e060d96fc38f9afafe94254c6748a0e71e813124
