[INFO] fetching crate quaint 0.2.0-alpha.13...
[INFO] testing quaint-0.2.0-alpha.13 against beta-2021-08-01 for beta-1.55-1
[INFO] extracting crate quaint 0.2.0-alpha.13 into /workspace/builds/worker-117/source
[INFO] validating manifest of crates.io crate quaint 0.2.0-alpha.13 on toolchain beta-2021-08-01
[INFO] running `Command { std: "/workspace/cargo-home/bin/cargo" "+beta-2021-08-01" "metadata" "--manifest-path" "Cargo.toml" "--no-deps", kill_on_drop: false }`
[INFO] started tweaking crates.io crate quaint 0.2.0-alpha.13
[INFO] finished tweaking crates.io crate quaint 0.2.0-alpha.13
[INFO] tweaked toml for crates.io crate quaint 0.2.0-alpha.13 written to /workspace/builds/worker-117/source/Cargo.toml
[INFO] running `Command { std: "/workspace/cargo-home/bin/cargo" "+beta-2021-08-01" "generate-lockfile" "--manifest-path" "Cargo.toml" "-Zno-index-update", kill_on_drop: false }`
[INFO] [stderr]     Blocking waiting for file lock on package cache
[INFO] running `Command { std: "/workspace/cargo-home/bin/cargo" "+beta-2021-08-01" "fetch" "--manifest-path" "Cargo.toml", kill_on_drop: false }`
[INFO] [stderr]     Blocking waiting for file lock on package cache
[INFO] [stderr]     Blocking waiting for file lock on package cache
[INFO] running `Command { std: "docker" "create" "-v" "/var/lib/crater-agent-workspace/builds/worker-117/target:/opt/rustwide/target:rw,Z" "-v" "/var/lib/crater-agent-workspace/builds/worker-117/source:/opt/rustwide/workdir:ro,Z" "-v" "/var/lib/crater-agent-workspace/cargo-home:/opt/rustwide/cargo-home:ro,Z" "-v" "/var/lib/crater-agent-workspace/rustup-home:/opt/rustwide/rustup-home:ro,Z" "-e" "SOURCE_DIR=/opt/rustwide/workdir" "-e" "CARGO_TARGET_DIR=/opt/rustwide/target" "-e" "CARGO_HOME=/opt/rustwide/cargo-home" "-e" "RUSTUP_HOME=/opt/rustwide/rustup-home" "-w" "/opt/rustwide/workdir" "-m" "1610612736" "--user" "0:0" "--network" "none" "ghcr.io/rust-lang/crates-build-env/linux@sha256:34b6a614d2c27851fe6cbf88fbd1137609cefab8b10d0615aaeb6fd47975d74e" "/opt/rustwide/cargo-home/bin/cargo" "+beta-2021-08-01" "metadata" "--no-deps" "--format-version=1", kill_on_drop: false }`
[INFO] [stdout] 0d50d7d8cd1dceae8a93fe85e37f53d8d0c1d698026397057ba7318b4aea4f61
[INFO] running `Command { std: "docker" "start" "-a" "0d50d7d8cd1dceae8a93fe85e37f53d8d0c1d698026397057ba7318b4aea4f61", kill_on_drop: false }`
[INFO] running `Command { std: "docker" "inspect" "0d50d7d8cd1dceae8a93fe85e37f53d8d0c1d698026397057ba7318b4aea4f61", kill_on_drop: false }`
[INFO] running `Command { std: "docker" "rm" "-f" "0d50d7d8cd1dceae8a93fe85e37f53d8d0c1d698026397057ba7318b4aea4f61", kill_on_drop: false }`
[INFO] [stdout] 0d50d7d8cd1dceae8a93fe85e37f53d8d0c1d698026397057ba7318b4aea4f61
[INFO] running `Command { std: "docker" "create" "-v" "/var/lib/crater-agent-workspace/builds/worker-117/target:/opt/rustwide/target:rw,Z" "-v" "/var/lib/crater-agent-workspace/builds/worker-117/source:/opt/rustwide/workdir:ro,Z" "-v" "/var/lib/crater-agent-workspace/cargo-home:/opt/rustwide/cargo-home:ro,Z" "-v" "/var/lib/crater-agent-workspace/rustup-home:/opt/rustwide/rustup-home:ro,Z" "-e" "SOURCE_DIR=/opt/rustwide/workdir" "-e" "CARGO_TARGET_DIR=/opt/rustwide/target" "-e" "CARGO_INCREMENTAL=0" "-e" "RUST_BACKTRACE=full" "-e" "RUSTFLAGS=--cap-lints=warn" "-e" "CARGO_HOME=/opt/rustwide/cargo-home" "-e" "RUSTUP_HOME=/opt/rustwide/rustup-home" "-w" "/opt/rustwide/workdir" "-m" "1610612736" "--user" "0:0" "--network" "none" "ghcr.io/rust-lang/crates-build-env/linux@sha256:34b6a614d2c27851fe6cbf88fbd1137609cefab8b10d0615aaeb6fd47975d74e" "/opt/rustwide/cargo-home/bin/cargo" "+beta-2021-08-01" "build" "--frozen" "--message-format=json", kill_on_drop: false }`
[INFO] [stdout] 91fb312450d1028ee396d7bdfe01aac0dd4fb481d299c60bbcc91569c0917278
[INFO] running `Command { std: "docker" "start" "-a" "91fb312450d1028ee396d7bdfe01aac0dd4fb481d299c60bbcc91569c0917278", kill_on_drop: false }`
[INFO] [stderr]    Compiling proc-macro2 v1.0.28
[INFO] [stderr]    Compiling unicode-xid v0.2.2
[INFO] [stderr]    Compiling autocfg v1.0.1
[INFO] [stderr]    Compiling syn v1.0.74
[INFO] [stderr]    Compiling futures-core v0.3.16
[INFO] [stderr]    Compiling proc-macro-hack v0.5.19
[INFO] [stderr]    Compiling proc-macro-nested v0.1.7
[INFO] [stderr]    Compiling memchr v2.4.0
[INFO] [stderr]    Compiling futures-channel v0.3.16
[INFO] [stderr]    Compiling futures-task v0.3.16
[INFO] [stderr]    Compiling matches v0.1.8
[INFO] [stderr]    Compiling serde_derive v1.0.127
[INFO] [stderr]    Compiling tinyvec_macros v0.1.0
[INFO] [stderr]    Compiling futures-sink v0.3.16
[INFO] [stderr]    Compiling libc v0.2.98
[INFO] [stderr]    Compiling pin-project-lite v0.2.7
[INFO] [stderr]    Compiling slab v0.4.4
[INFO] [stderr]    Compiling pin-utils v0.1.0
[INFO] [stderr]    Compiling futures-io v0.3.16
[INFO] [stderr]    Compiling serde v1.0.127
[INFO] [stderr]    Compiling async-trait v0.1.51
[INFO] [stderr]    Compiling percent-encoding v2.1.0
[INFO] [stderr]    Compiling log v0.4.14
[INFO] [stderr]    Compiling metrics v0.12.1
[INFO] [stderr]    Compiling arrayvec v0.5.2
[INFO] [stderr]    Compiling metrics-core v0.5.2
[INFO] [stderr]    Compiling cfg-if v1.0.0
[INFO] [stderr]    Compiling once_cell v1.8.0
[INFO] [stderr]    Compiling hex v0.4.3
[INFO] [stderr]    Compiling unicode-bidi v0.3.5
[INFO] [stderr]    Compiling form_urlencoded v1.0.1
[INFO] [stderr]    Compiling tinyvec v1.3.1
[INFO] [stderr]    Compiling futures-macro v0.3.16
[INFO] [stderr]    Compiling futures-util v0.3.16
[INFO] [stderr]    Compiling num-traits v0.2.14
[INFO] [stderr]    Compiling quote v1.0.9
[INFO] [stderr]    Compiling num_cpus v1.13.0
[INFO] [stderr]    Compiling unicode-normalization v0.1.19
[INFO] [stderr]    Compiling idna v0.2.3
[INFO] [stderr]    Compiling url v2.2.2
[INFO] [stderr]    Compiling thiserror-impl v1.0.26
[INFO] [stderr]    Compiling thiserror v1.0.26
[INFO] [stderr]    Compiling futures-executor v0.3.16
[INFO] [stderr]    Compiling futures v0.3.16
[INFO] [stderr]    Compiling rust_decimal v1.15.0
[INFO] [stderr]    Compiling quaint v0.2.0-alpha.13 (/opt/rustwide/workdir)
[INFO] [stdout] warning: associated function is never used: `set_original_code`
[INFO] [stdout]   --> src/error.rs:38:19
[INFO] [stdout]    |
[INFO] [stdout] 38 |     pub(crate) fn set_original_code(&mut self, code: impl Into<String>) -> &mut Self {
[INFO] [stdout]    |                   ^^^^^^^^^^^^^^^^^
[INFO] [stdout]    |
[INFO] [stdout]    = note: `#[warn(dead_code)]` on by default
[INFO] [stdout] 
[INFO] [stdout] 
[INFO] [stdout] warning: associated function is never used: `set_original_message`
[INFO] [stdout]   --> src/error.rs:43:19
[INFO] [stdout]    |
[INFO] [stdout] 43 |     pub(crate) fn set_original_message(&mut self, message: impl Into<String>) -> &mut Self {
[INFO] [stdout]    |                   ^^^^^^^^^^^^^^^^^^^^
[INFO] [stdout] 
[INFO] [stdout] 
[INFO] [stdout] warning: static is never used: `LOG_QUERIES`
[INFO] [stdout]    --> src/lib.rs:140:1
[INFO] [stdout]     |
[INFO] [stdout] 140 | pub(crate) static LOG_QUERIES: Lazy<bool> = Lazy::new(|| std::env::var("LOG_QUERIES").map(|_| true).unwrap_or(false));
[INFO] [stdout]     | ^^^^^^^^^^^^^^^^^^^^^^^^^^^^^^^^^^^^^^^^^^^^^^^^^^^^^^^^^^^^^^^^^^^^^^^^^^^^^^^^^^^^^^^^^^^^^^^^^^^^^^^^^^^^^^^^^^^^^^
[INFO] [stdout] 
[INFO] [stdout] 
[INFO] [stdout] warning: 3 warnings emitted
[INFO] [stdout] 
[INFO] [stdout] 
[INFO] [stderr]     Finished dev [unoptimized + debuginfo] target(s) in 22.78s
[INFO] running `Command { std: "docker" "inspect" "91fb312450d1028ee396d7bdfe01aac0dd4fb481d299c60bbcc91569c0917278", kill_on_drop: false }`
[INFO] running `Command { std: "docker" "rm" "-f" "91fb312450d1028ee396d7bdfe01aac0dd4fb481d299c60bbcc91569c0917278", kill_on_drop: false }`
[INFO] [stdout] 91fb312450d1028ee396d7bdfe01aac0dd4fb481d299c60bbcc91569c0917278
[INFO] running `Command { std: "docker" "create" "-v" "/var/lib/crater-agent-workspace/builds/worker-117/target:/opt/rustwide/target:rw,Z" "-v" "/var/lib/crater-agent-workspace/builds/worker-117/source:/opt/rustwide/workdir:ro,Z" "-v" "/var/lib/crater-agent-workspace/cargo-home:/opt/rustwide/cargo-home:ro,Z" "-v" "/var/lib/crater-agent-workspace/rustup-home:/opt/rustwide/rustup-home:ro,Z" "-e" "SOURCE_DIR=/opt/rustwide/workdir" "-e" "CARGO_TARGET_DIR=/opt/rustwide/target" "-e" "CARGO_INCREMENTAL=0" "-e" "RUST_BACKTRACE=full" "-e" "RUSTFLAGS=--cap-lints=warn" "-e" "CARGO_HOME=/opt/rustwide/cargo-home" "-e" "RUSTUP_HOME=/opt/rustwide/rustup-home" "-w" "/opt/rustwide/workdir" "-m" "1610612736" "--user" "0:0" "--network" "none" "ghcr.io/rust-lang/crates-build-env/linux@sha256:34b6a614d2c27851fe6cbf88fbd1137609cefab8b10d0615aaeb6fd47975d74e" "/opt/rustwide/cargo-home/bin/cargo" "+beta-2021-08-01" "test" "--frozen" "--no-run" "--message-format=json", kill_on_drop: false }`
[INFO] [stdout] 46097bfadd104187bfd18d530f0f0731c6c1ac9eafd9eec88d9f77bf52744a54
[INFO] running `Command { std: "docker" "start" "-a" "46097bfadd104187bfd18d530f0f0731c6c1ac9eafd9eec88d9f77bf52744a54", kill_on_drop: false }`
[INFO] [stderr]     Blocking waiting for file lock on package cache
[INFO] [stderr]    Compiling unindent v0.1.7
[INFO] [stderr]    Compiling names v0.11.0
[INFO] [stderr]    Compiling pin-project-lite v0.1.12
[INFO] [stderr]    Compiling bytes v0.5.6
[INFO] [stderr]    Compiling rand v0.4.6
[INFO] [stderr]    Compiling tokio-macros v0.2.6
[INFO] [stdout] warning: associated function is never used: `set_original_code`
[INFO] [stdout]   --> src/error.rs:38:19
[INFO] [stdout]    |
[INFO] [stdout] 38 |     pub(crate) fn set_original_code(&mut self, code: impl Into<String>) -> &mut Self {
[INFO] [stdout]    |                   ^^^^^^^^^^^^^^^^^
[INFO] [stdout]    |
[INFO] [stdout]    = note: `#[warn(dead_code)]` on by default
[INFO] [stdout] 
[INFO] [stdout] 
[INFO] [stdout] warning: associated function is never used: `set_original_message`
[INFO] [stdout]   --> src/error.rs:43:19
[INFO] [stdout]    |
[INFO] [stdout] 43 |     pub(crate) fn set_original_message(&mut self, message: impl Into<String>) -> &mut Self {
[INFO] [stdout]    |                   ^^^^^^^^^^^^^^^^^^^^
[INFO] [stdout] 
[INFO] [stdout] 
[INFO] [stdout] warning: static is never used: `LOG_QUERIES`
[INFO] [stdout]    --> src/lib.rs:140:1
[INFO] [stdout]     |
[INFO] [stdout] 140 | pub(crate) static LOG_QUERIES: Lazy<bool> = Lazy::new(|| std::env::var("LOG_QUERIES").map(|_| true).unwrap_or(false));
[INFO] [stdout]     | ^^^^^^^^^^^^^^^^^^^^^^^^^^^^^^^^^^^^^^^^^^^^^^^^^^^^^^^^^^^^^^^^^^^^^^^^^^^^^^^^^^^^^^^^^^^^^^^^^^^^^^^^^^^^^^^^^^^^^^
[INFO] [stdout] 
[INFO] [stdout] 
[INFO] [stdout] warning: 3 warnings emitted
[INFO] [stdout] 
[INFO] [stdout] 
[INFO] [stderr]    Compiling indoc-impl v0.3.6
[INFO] [stderr]    Compiling rand v0.3.23
[INFO] [stderr]    Compiling indoc v0.3.6
[INFO] [stderr]    Compiling tokio v0.2.25
[INFO] [stderr]    Compiling quaint v0.2.0-alpha.13 (/opt/rustwide/workdir)
[INFO] [stdout] warning: associated function is never used: `set_original_code`
[INFO] [stdout]   --> src/error.rs:38:19
[INFO] [stdout]    |
[INFO] [stdout] 38 |     pub(crate) fn set_original_code(&mut self, code: impl Into<String>) -> &mut Self {
[INFO] [stdout]    |                   ^^^^^^^^^^^^^^^^^
[INFO] [stdout]    |
[INFO] [stdout]    = note: `#[warn(dead_code)]` on by default
[INFO] [stdout] 
[INFO] [stdout] 
[INFO] [stdout] warning: associated function is never used: `set_original_message`
[INFO] [stdout]   --> src/error.rs:43:19
[INFO] [stdout]    |
[INFO] [stdout] 43 |     pub(crate) fn set_original_message(&mut self, message: impl Into<String>) -> &mut Self {
[INFO] [stdout]    |                   ^^^^^^^^^^^^^^^^^^^^
[INFO] [stdout] 
[INFO] [stdout] 
[INFO] [stdout] warning: static is never used: `LOG_QUERIES`
[INFO] [stdout]    --> src/lib.rs:140:1
[INFO] [stdout]     |
[INFO] [stdout] 140 | pub(crate) static LOG_QUERIES: Lazy<bool> = Lazy::new(|| std::env::var("LOG_QUERIES").map(|_| true).unwrap_or(false));
[INFO] [stdout]     | ^^^^^^^^^^^^^^^^^^^^^^^^^^^^^^^^^^^^^^^^^^^^^^^^^^^^^^^^^^^^^^^^^^^^^^^^^^^^^^^^^^^^^^^^^^^^^^^^^^^^^^^^^^^^^^^^^^^^^^
[INFO] [stdout] 
[INFO] [stdout] 
[INFO] [stdout] warning: 3 warnings emitted
[INFO] [stdout] 
[INFO] [stdout] 
[INFO] [stderr]     Finished test [unoptimized + debuginfo] target(s) in 10.37s
[INFO] running `Command { std: "docker" "inspect" "46097bfadd104187bfd18d530f0f0731c6c1ac9eafd9eec88d9f77bf52744a54", kill_on_drop: false }`
[INFO] running `Command { std: "docker" "rm" "-f" "46097bfadd104187bfd18d530f0f0731c6c1ac9eafd9eec88d9f77bf52744a54", kill_on_drop: false }`
[INFO] [stdout] 46097bfadd104187bfd18d530f0f0731c6c1ac9eafd9eec88d9f77bf52744a54
[INFO] running `Command { std: "docker" "create" "-v" "/var/lib/crater-agent-workspace/builds/worker-117/target:/opt/rustwide/target:rw,Z" "-v" "/var/lib/crater-agent-workspace/builds/worker-117/source:/opt/rustwide/workdir:ro,Z" "-v" "/var/lib/crater-agent-workspace/cargo-home:/opt/rustwide/cargo-home:ro,Z" "-v" "/var/lib/crater-agent-workspace/rustup-home:/opt/rustwide/rustup-home:ro,Z" "-e" "SOURCE_DIR=/opt/rustwide/workdir" "-e" "CARGO_TARGET_DIR=/opt/rustwide/target" "-e" "CARGO_INCREMENTAL=0" "-e" "RUST_BACKTRACE=full" "-e" "RUSTFLAGS=--cap-lints=warn" "-e" "CARGO_HOME=/opt/rustwide/cargo-home" "-e" "RUSTUP_HOME=/opt/rustwide/rustup-home" "-w" "/opt/rustwide/workdir" "-m" "1610612736" "--user" "0:0" "--network" "none" "ghcr.io/rust-lang/crates-build-env/linux@sha256:34b6a614d2c27851fe6cbf88fbd1137609cefab8b10d0615aaeb6fd47975d74e" "/opt/rustwide/cargo-home/bin/cargo" "+beta-2021-08-01" "test" "--frozen", kill_on_drop: false }`
[INFO] [stdout] 1f136a9f5c4d0f6561e47d0f5b5e2522843caabd26d538a224e93e85f94656e2
[INFO] running `Command { std: "docker" "start" "-a" "1f136a9f5c4d0f6561e47d0f5b5e2522843caabd26d538a224e93e85f94656e2", kill_on_drop: false }`
[INFO] [stderr] warning: associated function is never used: `set_original_code`
[INFO] [stderr]   --> src/error.rs:38:19
[INFO] [stderr]    |
[INFO] [stderr] 38 |     pub(crate) fn set_original_code(&mut self, code: impl Into<String>) -> &mut Self {
[INFO] [stderr]    |                   ^^^^^^^^^^^^^^^^^
[INFO] [stderr]    |
[INFO] [stderr]    = note: `#[warn(dead_code)]` on by default
[INFO] [stderr] 
[INFO] [stderr] warning: associated function is never used: `set_original_message`
[INFO] [stderr]   --> src/error.rs:43:19
[INFO] [stderr]    |
[INFO] [stderr] 43 |     pub(crate) fn set_original_message(&mut self, message: impl Into<String>) -> &mut Self {
[INFO] [stderr]    |                   ^^^^^^^^^^^^^^^^^^^^
[INFO] [stderr] 
[INFO] [stderr] warning: static is never used: `LOG_QUERIES`
[INFO] [stderr]    --> src/lib.rs:140:1
[INFO] [stderr]     |
[INFO] [stderr] 140 | pub(crate) static LOG_QUERIES: Lazy<bool> = Lazy::new(|| std::env::var("LOG_QUERIES").map(|_| true).unwrap_or(false));
[INFO] [stderr]     | ^^^^^^^^^^^^^^^^^^^^^^^^^^^^^^^^^^^^^^^^^^^^^^^^^^^^^^^^^^^^^^^^^^^^^^^^^^^^^^^^^^^^^^^^^^^^^^^^^^^^^^^^^^^^^^^^^^^^^^
[INFO] [stderr] 
[INFO] [stderr] warning: `quaint` (lib) generated 3 warnings
[INFO] [stderr] warning: `quaint` (lib test) generated 3 warnings (3 duplicates)
[INFO] [stderr]     Finished test [unoptimized + debuginfo] target(s) in 0.16s
[INFO] [stderr]      Running unittests (/opt/rustwide/target/debug/deps/quaint-921e6022df8aac9f)
[INFO] [stdout] 
[INFO] [stdout] running 109 tests
[INFO] [stdout] test visitor::mssql::tests::test_additional_condition_left_join ... ok
[INFO] [stdout] test visitor::mssql::tests::test_limit_with_offset ... ok
[INFO] [stdout] test visitor::mssql::tests::test_limit_with_offset_no_given_order ... ok
[INFO] [stdout] test visitor::mssql::tests::test_aliased_value ... ok
[INFO] [stdout] test visitor::mssql::tests::test_multi_insert ... ok
[INFO] [stdout] test visitor::mssql::tests::test_column_aliasing ... ok
[INFO] [stdout] test visitor::mssql::tests::test_in_values_singular ... ok
[INFO] [stdout] test visitor::mssql::tests::test_additional_condition_inner_join ... ok
[INFO] [stdout] test visitor::mssql::tests::test_limit_with_no_offset ... ok
[INFO] [stdout] test visitor::mssql::tests::test_aliased_null ... ok
[INFO] [stdout] test visitor::mssql::tests::generated_unique_defaults_should_not_be_part_of_the_join_when_value_is_not_provided ... ok
[INFO] [stdout] test visitor::mssql::tests::test_raw_char ... ok
[INFO] [stdout] test visitor::mssql::tests::test_raw_int ... ok
[INFO] [stdout] test visitor::mssql::tests::test_offset_no_limit ... ok
[INFO] [stdout] test visitor::mssql::tests::one_generated_value_in_compound_unique_removes_the_whole_index_from_the_join ... ok
[INFO] [stdout] test visitor::mssql::tests::test_raw_null ... ok
[INFO] [stdout] test visitor::mssql::tests::test_raw_real ... ok
[INFO] [stdout] test visitor::mssql::tests::test_raw_bytes ... ok
[INFO] [stdout] test visitor::mssql::tests::test_raw_boolean ... ok
[INFO] [stdout] test visitor::mssql::tests::test_raw_text ... ok
[INFO] [stdout] test visitor::mssql::tests::test_in_values ... ok
[INFO] [stdout] test visitor::mssql::tests::test_not_in_values ... ok
[INFO] [stdout] test visitor::mssql::tests::test_select_1 ... ok
[INFO] [stdout] test visitor::mssql::tests::test_select_and ... ok
[INFO] [stdout] test visitor::mssql::tests::test_select_star_from ... ok
[INFO] [stdout] test visitor::mssql::tests::test_select_fields_from ... ok
[INFO] [stdout] test visitor::mssql::tests::test_select_where_ends_into ... ok
[INFO] [stdout] test visitor::mssql::tests::test_select_where_like ... ok
[INFO] [stdout] test visitor::mssql::tests::test_select_and_different_execution_order ... ok
[INFO] [stdout] test visitor::mssql::tests::test_select_where_equals ... ok
[INFO] [stdout] test visitor::mssql::tests::test_select_or ... ok
[INFO] [stdout] test visitor::mssql::tests::test_simple_inner_join ... ok
[INFO] [stdout] test visitor::mssql::tests::test_select_order_by ... ok
[INFO] [stdout] test visitor::mssql::tests::test_select_where_not_begins_with ... ok
[INFO] [stdout] test visitor::mssql::tests::test_single_insert ... ok
[INFO] [stdout] test visitor::mssql::tests::test_select_negation ... ok
[INFO] [stdout] test visitor::mssql::tests::test_select_where_begins_with ... ok
[INFO] [stdout] test visitor::mssql::tests::test_select_where_not_ends_into ... ok
[INFO] [stdout] test visitor::mssql::tests::test_simple_left_join ... ok
[INFO] [stdout] test visitor::mssql::tests::test_select_where_not_like ... ok
[INFO] [stdout] test visitor::mssql::tests::test_single_insert_conflict_do_nothing_single_unique ... ok
[INFO] [stdout] test visitor::mssql::tests::test_single_insert_conflict_do_nothing_compound_unique_with_default ... ok
[INFO] [stdout] test visitor::mssql::tests::test_single_insert_default ... ok
[INFO] [stdout] test visitor::mssql::tests::test_single_insert_conflict_do_nothing_compound_unique ... ok
[INFO] [stdout] test visitor::mysql::tests::test_limit_and_offset_when_only_limit_is_set ... ok
[INFO] [stdout] test visitor::mysql::tests::test_multi_row_insert ... ok
[INFO] [stdout] test visitor::mssql::tests::test_single_insert_conflict_do_nothing_two_uniques_with_default ... ok
[INFO] [stdout] test visitor::mysql::tests::test_limit_and_offset_when_both_are_set ... ok
[INFO] [stdout] test visitor::mssql::tests::test_single_insert_conflict_do_nothing_single_unique_with_default ... ok
[INFO] [stdout] test visitor::mysql::tests::test_limit_and_offset_when_only_offset_is_set ... ok
[INFO] [stdout] test visitor::mysql::tests::test_in_values_2_tuple ... ok
[INFO] [stdout] test visitor::mysql::tests::test_raw_boolean ... ok
[INFO] [stdout] test visitor::mysql::tests::test_raw_bytes ... ok
[INFO] [stdout] test visitor::mysql::tests::test_raw_char ... ok
[INFO] [stdout] test visitor::mysql::tests::test_raw_int ... ok
[INFO] [stdout] test visitor::mssql::tests::with_generated_unique_defaults_the_value_should_be_part_of_the_join ... ok
[INFO] [stdout] test visitor::mssql::tests::test_single_insert_conflict_do_nothing_two_uniques ... ok
[INFO] [stdout] test visitor::mssql::tests::test_with_raw_condition_tree ... ok
[INFO] [stdout] test visitor::mysql::tests::test_raw_text ... ok
[INFO] [stdout] test visitor::mysql::tests::test_single_row_insert_default_values ... ok
[INFO] [stdout] test visitor::mysql::tests::test_raw_null ... ok
[INFO] [stdout] test visitor::mysql::tests::test_single_row_insert ... ok
[INFO] [stdout] test visitor::mysql::tests::test_raw_real ... ok
[INFO] [stdout] test visitor::postgres::tests::test_limit_and_offset_when_both_are_set ... ok
[INFO] [stdout] test visitor::postgres::tests::test_limit_and_offset_when_only_offset_is_set ... ok
[INFO] [stdout] test visitor::postgres::tests::test_limit_and_offset_when_only_limit_is_set ... ok
[INFO] [stdout] test visitor::postgres::tests::test_raw_bytes ... ok
[INFO] [stdout] test visitor::postgres::tests::test_raw_boolean ... ok
[INFO] [stdout] test visitor::postgres::tests::test_raw_char ... ok
[INFO] [stdout] test visitor::postgres::tests::test_raw_null ... ok
[INFO] [stdout] test visitor::postgres::tests::test_raw_real ... ok
[INFO] [stdout] test visitor::postgres::tests::test_multi_row_insert ... ok
[INFO] [stdout] test visitor::postgres::tests::test_raw_text ... ok
[INFO] [stdout] test visitor::postgres::tests::test_raw_int ... ok
[INFO] [stdout] test visitor::postgres::tests::test_single_row_insert_default_values ... ok
[INFO] [stdout] test visitor::postgres::tests::test_single_row_insert ... ok
[INFO] [stdout] test visitor::sqlite::tests::test_additional_condition_left_join ... ok
[INFO] [stdout] test visitor::sqlite::tests::test_additional_condition_inner_join ... ok
[INFO] [stdout] test visitor::sqlite::tests::test_aliased_value ... ok
[INFO] [stdout] test visitor::sqlite::tests::test_aliased_null ... ok
[INFO] [stdout] test visitor::sqlite::tests::test_column_aliasing ... ok
[INFO] [stdout] test visitor::sqlite::tests::test_raw_boolean ... ok
[INFO] [stdout] test visitor::sqlite::tests::test_raw_char ... ok
[INFO] [stdout] test visitor::sqlite::tests::test_raw_null ... ok
[INFO] [stdout] test visitor::sqlite::tests::test_raw_int ... ok
[INFO] [stdout] test visitor::sqlite::tests::test_raw_real ... ok
[INFO] [stdout] test visitor::sqlite::tests::test_raw_bytes ... ok
[INFO] [stdout] test visitor::sqlite::tests::test_select_and_different_execution_order ... ok
[INFO] [stdout] test visitor::sqlite::tests::test_raw_text ... ok
[INFO] [stdout] test visitor::sqlite::tests::test_select_1 ... ok
[INFO] [stdout] test visitor::sqlite::tests::test_select_fields_from ... ok
[INFO] [stdout] test visitor::sqlite::tests::test_select_order_by ... ok
[INFO] [stdout] test visitor::sqlite::tests::test_select_from_values ... ok
[INFO] [stdout] test visitor::sqlite::tests::test_select_star_from ... ok
[INFO] [stdout] test visitor::sqlite::tests::test_select_and ... ok
[INFO] [stdout] test visitor::sqlite::tests::test_in_values_singular ... ok
[INFO] [stdout] test visitor::sqlite::tests::test_select_where_begins_with ... ok
[INFO] [stdout] test visitor::sqlite::tests::test_in_values ... ok
[INFO] [stdout] test visitor::sqlite::tests::test_select_where_equals ... ok
[INFO] [stdout] test visitor::sqlite::tests::test_select_negation ... ok
[INFO] [stdout] test visitor::sqlite::tests::test_select_where_like ... ok
[INFO] [stdout] test visitor::sqlite::tests::test_select_where_ends_into ... ok
[INFO] [stdout] test visitor::sqlite::tests::test_select_or ... ok
[INFO] [stdout] test visitor::sqlite::tests::test_select_where_not_begins_with ... ok
[INFO] [stdout] test visitor::sqlite::tests::test_select_where_not_ends_into ... ok
[INFO] [stdout] test visitor::sqlite::tests::test_select_where_not_like ... ok
[INFO] [stdout] test visitor::sqlite::tests::test_simple_left_join ... ok
[INFO] [stdout] test visitor::sqlite::tests::test_simple_inner_join ... ok
[INFO] [stdout] test visitor::sqlite::tests::test_with_raw_condition_tree ... ok
[INFO] [stdout] 
[INFO] [stdout] test result: ok. 109 passed; 0 failed; 0 ignored; 0 measured; 0 filtered out; finished in 0.13s
[INFO] [stdout] 
[INFO] [stderr]    Doc-tests quaint
[INFO] [stdout] 
[INFO] [stdout] running 66 tests
[INFO] [stdout] test src/ast/insert.rs - ast::insert::OnConflict::DoNothing (line 49) ... FAILED
[INFO] [stdout] test src/ast/insert.rs - ast::insert::MultiRowInsert::values (line 275) ... FAILED
[INFO] [stdout] test src/ast/compare.rs - ast::compare::Comparable::in_selection (line 203) ... FAILED
[INFO] [stdout] test src/ast/select.rs - ast::select::Select::columns (line 179) ... FAILED
[INFO] [stdout] test src/ast/function/count.rs - ast::function::count::count (line 12) ... FAILED
[INFO] [stdout] test src/lib.rs - (line 32) ... FAILED
[INFO] [stdout] test src/ast/select.rs - ast::select::Select::left_join (line 320) ... FAILED
[INFO] [stdout] test src/lib.rs - (line 51) ... FAILED
[INFO] [stdout] test src/ast/select.rs - ast::select::Select::from_table (line 76) ... FAILED
[INFO] [stderr] error: test failed, to rerun pass '--doc'
[INFO] [stderr] 
[INFO] [stderr] Caused by:
[INFO] [stderr]   process didn't exit successfully: `rustdoc --edition=2018 --crate-type lib --crate-name quaint --test /opt/rustwide/workdir/src/lib.rs -L dependency=/opt/rustwide/target/debug/deps -L dependency=/opt/rustwide/target/debug/deps --extern async_trait=/opt/rustwide/target/debug/deps/libasync_trait-f06c91e824e7365f.so --extern futures=/opt/rustwide/target/debug/deps/libfutures-58e5b3b5c0045d4f.rlib --extern hex=/opt/rustwide/target/debug/deps/libhex-1bc59e9c9a137e6b.rlib --extern indoc=/opt/rustwide/target/debug/deps/libindoc-1ebcb3efe6097ced.rlib --extern log=/opt/rustwide/target/debug/deps/liblog-d24c5d094c1048f8.rlib --extern metrics=/opt/rustwide/target/debug/deps/libmetrics-5608cabefe0ab23d.rlib --extern names=/opt/rustwide/target/debug/deps/libnames-9ee19af22c06c845.rlib --extern num_cpus=/opt/rustwide/target/debug/deps/libnum_cpus-c71919f527130ee7.rlib --extern once_cell=/opt/rustwide/target/debug/deps/libonce_cell-9cf59def09207496.rlib --extern percent_encoding=/opt/rustwide/target/debug/deps/libpercent_encoding-f9199a68e8c135fc.rlib --extern quaint=/opt/rustwide/target/debug/deps/libquaint-06178424f318bfce.rlib --extern rust_decimal=/opt/rustwide/target/debug/deps/librust_decimal-df992cd321068bdd.rlib --extern serde=/opt/rustwide/target/debug/deps/libserde-9d57a2add41e49f4.rlib --extern thiserror=/opt/rustwide/target/debug/deps/libthiserror-11098237840e88c8.rlib --extern tokio=/opt/rustwide/target/debug/deps/libtokio-57acd73dc7a07a48.rlib --extern url=/opt/rustwide/target/debug/deps/liburl-59331658f2311f77.rlib -C embed-bitcode=no --cfg 'feature="default"' --error-format human` (signal: 9, SIGKILL: kill)
[INFO] running `Command { std: "docker" "inspect" "1f136a9f5c4d0f6561e47d0f5b5e2522843caabd26d538a224e93e85f94656e2", kill_on_drop: false }`
[INFO] running `Command { std: "docker" "rm" "-f" "1f136a9f5c4d0f6561e47d0f5b5e2522843caabd26d538a224e93e85f94656e2", kill_on_drop: false }`
[INFO] [stdout] 1f136a9f5c4d0f6561e47d0f5b5e2522843caabd26d538a224e93e85f94656e2
