[INFO] fetching crate qs-rs 0.1.1...
[INFO] testing qs-rs-0.1.1 against 1.54.0 for beta-1.55-1
[INFO] extracting crate qs-rs 0.1.1 into /workspace/builds/worker-2/source
[INFO] validating manifest of crates.io crate qs-rs 0.1.1 on toolchain 1.54.0
[INFO] running `Command { std: "/workspace/cargo-home/bin/cargo" "+1.54.0" "metadata" "--manifest-path" "Cargo.toml" "--no-deps", kill_on_drop: false }`
[INFO] started tweaking crates.io crate qs-rs 0.1.1
[INFO] finished tweaking crates.io crate qs-rs 0.1.1
[INFO] tweaked toml for crates.io crate qs-rs 0.1.1 written to /workspace/builds/worker-2/source/Cargo.toml
[INFO] running `Command { std: "/workspace/cargo-home/bin/cargo" "+1.54.0" "generate-lockfile" "--manifest-path" "Cargo.toml" "-Zno-index-update", kill_on_drop: false }`
[INFO] [stderr]     Blocking waiting for file lock on package cache
[INFO] running `Command { std: "/workspace/cargo-home/bin/cargo" "+1.54.0" "fetch" "--manifest-path" "Cargo.toml", kill_on_drop: false }`
[INFO] running `Command { std: "docker" "create" "-v" "/var/lib/crater-agent-workspace/builds/worker-2/target:/opt/rustwide/target:rw,Z" "-v" "/var/lib/crater-agent-workspace/builds/worker-2/source:/opt/rustwide/workdir:ro,Z" "-v" "/var/lib/crater-agent-workspace/cargo-home:/opt/rustwide/cargo-home:ro,Z" "-v" "/var/lib/crater-agent-workspace/rustup-home:/opt/rustwide/rustup-home:ro,Z" "-e" "SOURCE_DIR=/opt/rustwide/workdir" "-e" "CARGO_TARGET_DIR=/opt/rustwide/target" "-e" "CARGO_HOME=/opt/rustwide/cargo-home" "-e" "RUSTUP_HOME=/opt/rustwide/rustup-home" "-w" "/opt/rustwide/workdir" "-m" "1610612736" "--user" "0:0" "--network" "none" "ghcr.io/rust-lang/crates-build-env/linux@sha256:34b6a614d2c27851fe6cbf88fbd1137609cefab8b10d0615aaeb6fd47975d74e" "/opt/rustwide/cargo-home/bin/cargo" "+1.54.0" "metadata" "--no-deps" "--format-version=1", kill_on_drop: false }`
[INFO] [stdout] b8fd7adccfa7adf706b7859be51c295795a8a2170277db55f5674331db807e8c
[INFO] running `Command { std: "docker" "start" "-a" "b8fd7adccfa7adf706b7859be51c295795a8a2170277db55f5674331db807e8c", kill_on_drop: false }`
[INFO] running `Command { std: "docker" "inspect" "b8fd7adccfa7adf706b7859be51c295795a8a2170277db55f5674331db807e8c", kill_on_drop: false }`
[INFO] running `Command { std: "docker" "rm" "-f" "b8fd7adccfa7adf706b7859be51c295795a8a2170277db55f5674331db807e8c", kill_on_drop: false }`
[INFO] [stdout] b8fd7adccfa7adf706b7859be51c295795a8a2170277db55f5674331db807e8c
[INFO] running `Command { std: "docker" "create" "-v" "/var/lib/crater-agent-workspace/builds/worker-2/target:/opt/rustwide/target:rw,Z" "-v" "/var/lib/crater-agent-workspace/builds/worker-2/source:/opt/rustwide/workdir:ro,Z" "-v" "/var/lib/crater-agent-workspace/cargo-home:/opt/rustwide/cargo-home:ro,Z" "-v" "/var/lib/crater-agent-workspace/rustup-home:/opt/rustwide/rustup-home:ro,Z" "-e" "SOURCE_DIR=/opt/rustwide/workdir" "-e" "CARGO_TARGET_DIR=/opt/rustwide/target" "-e" "CARGO_INCREMENTAL=0" "-e" "RUST_BACKTRACE=full" "-e" "RUSTFLAGS=--cap-lints=warn" "-e" "CARGO_HOME=/opt/rustwide/cargo-home" "-e" "RUSTUP_HOME=/opt/rustwide/rustup-home" "-w" "/opt/rustwide/workdir" "-m" "1610612736" "--user" "0:0" "--network" "none" "ghcr.io/rust-lang/crates-build-env/linux@sha256:34b6a614d2c27851fe6cbf88fbd1137609cefab8b10d0615aaeb6fd47975d74e" "/opt/rustwide/cargo-home/bin/cargo" "+1.54.0" "build" "--frozen" "--message-format=json", kill_on_drop: false }`
[INFO] [stdout] 126ed3f60dc8f73f353bf35d7871bf84af98ac12abca2ed7221a6629ad6c4008
[INFO] running `Command { std: "docker" "start" "-a" "126ed3f60dc8f73f353bf35d7871bf84af98ac12abca2ed7221a6629ad6c4008", kill_on_drop: false }`
[INFO] [stderr]    Compiling qs-rs v0.1.1 (/opt/rustwide/workdir)
[INFO] [stderr]     Finished dev [unoptimized + debuginfo] target(s) in 3.75s
[INFO] running `Command { std: "docker" "inspect" "126ed3f60dc8f73f353bf35d7871bf84af98ac12abca2ed7221a6629ad6c4008", kill_on_drop: false }`
[INFO] running `Command { std: "docker" "rm" "-f" "126ed3f60dc8f73f353bf35d7871bf84af98ac12abca2ed7221a6629ad6c4008", kill_on_drop: false }`
[INFO] [stdout] 126ed3f60dc8f73f353bf35d7871bf84af98ac12abca2ed7221a6629ad6c4008
[INFO] running `Command { std: "docker" "create" "-v" "/var/lib/crater-agent-workspace/builds/worker-2/target:/opt/rustwide/target:rw,Z" "-v" "/var/lib/crater-agent-workspace/builds/worker-2/source:/opt/rustwide/workdir:ro,Z" "-v" "/var/lib/crater-agent-workspace/cargo-home:/opt/rustwide/cargo-home:ro,Z" "-v" "/var/lib/crater-agent-workspace/rustup-home:/opt/rustwide/rustup-home:ro,Z" "-e" "SOURCE_DIR=/opt/rustwide/workdir" "-e" "CARGO_TARGET_DIR=/opt/rustwide/target" "-e" "CARGO_INCREMENTAL=0" "-e" "RUST_BACKTRACE=full" "-e" "RUSTFLAGS=--cap-lints=warn" "-e" "CARGO_HOME=/opt/rustwide/cargo-home" "-e" "RUSTUP_HOME=/opt/rustwide/rustup-home" "-w" "/opt/rustwide/workdir" "-m" "1610612736" "--user" "0:0" "--network" "none" "ghcr.io/rust-lang/crates-build-env/linux@sha256:34b6a614d2c27851fe6cbf88fbd1137609cefab8b10d0615aaeb6fd47975d74e" "/opt/rustwide/cargo-home/bin/cargo" "+1.54.0" "test" "--frozen" "--no-run" "--message-format=json", kill_on_drop: false }`
[INFO] [stdout] fc6fa69b5f38443dd873125ba443ef92a1ecc6853e19f1edfbdf53349392d3fe
[INFO] running `Command { std: "docker" "start" "-a" "fc6fa69b5f38443dd873125ba443ef92a1ecc6853e19f1edfbdf53349392d3fe", kill_on_drop: false }`
[INFO] [stderr]     Blocking waiting for file lock on package cache
[INFO] [stderr]    Compiling qs-rs v0.1.1 (/opt/rustwide/workdir)
[INFO] [stderr]     Finished test [unoptimized + debuginfo] target(s) in 0.80s
[INFO] running `Command { std: "docker" "inspect" "fc6fa69b5f38443dd873125ba443ef92a1ecc6853e19f1edfbdf53349392d3fe", kill_on_drop: false }`
[INFO] running `Command { std: "docker" "rm" "-f" "fc6fa69b5f38443dd873125ba443ef92a1ecc6853e19f1edfbdf53349392d3fe", kill_on_drop: false }`
[INFO] [stdout] fc6fa69b5f38443dd873125ba443ef92a1ecc6853e19f1edfbdf53349392d3fe
[INFO] running `Command { std: "docker" "create" "-v" "/var/lib/crater-agent-workspace/builds/worker-2/target:/opt/rustwide/target:rw,Z" "-v" "/var/lib/crater-agent-workspace/builds/worker-2/source:/opt/rustwide/workdir:ro,Z" "-v" "/var/lib/crater-agent-workspace/cargo-home:/opt/rustwide/cargo-home:ro,Z" "-v" "/var/lib/crater-agent-workspace/rustup-home:/opt/rustwide/rustup-home:ro,Z" "-e" "SOURCE_DIR=/opt/rustwide/workdir" "-e" "CARGO_TARGET_DIR=/opt/rustwide/target" "-e" "CARGO_INCREMENTAL=0" "-e" "RUST_BACKTRACE=full" "-e" "RUSTFLAGS=--cap-lints=warn" "-e" "CARGO_HOME=/opt/rustwide/cargo-home" "-e" "RUSTUP_HOME=/opt/rustwide/rustup-home" "-w" "/opt/rustwide/workdir" "-m" "1610612736" "--user" "0:0" "--network" "none" "ghcr.io/rust-lang/crates-build-env/linux@sha256:34b6a614d2c27851fe6cbf88fbd1137609cefab8b10d0615aaeb6fd47975d74e" "/opt/rustwide/cargo-home/bin/cargo" "+1.54.0" "test" "--frozen", kill_on_drop: false }`
[INFO] [stdout] 25b8b7e2a3aef7b2a70a2657f5b928fc759137f84b5c91a8071d74e6caabcbf3
[INFO] running `Command { std: "docker" "start" "-a" "25b8b7e2a3aef7b2a70a2657f5b928fc759137f84b5c91a8071d74e6caabcbf3", kill_on_drop: false }`
[INFO] [stderr]     Finished test [unoptimized + debuginfo] target(s) in 0.01s
[INFO] [stderr]      Running unittests (/opt/rustwide/target/debug/deps/qs_rs-0cb012a90c545b33)
[INFO] [stdout] 
[INFO] [stdout] running 3 tests
[INFO] [stdout] test tests::test_stringify_common ... ok
[INFO] [stdout] test tests::test_stringify_map ... ok
[INFO] [stdout] test tests::test_stringify_tuple ... ok
[INFO] [stdout] 
[INFO] [stdout] test result: ok. 3 passed; 0 failed; 0 ignored; 0 measured; 0 filtered out; finished in 0.00s
[INFO] [stdout] 
[INFO] [stderr]    Doc-tests qs-rs
[INFO] [stdout] 
[INFO] [stdout] running 1 test
[INFO] [stdout] test src/lib.rs - (line 2) ... FAILED
[INFO] [stdout] 
[INFO] [stdout] failures:
[INFO] [stdout] 
[INFO] [stdout] ---- src/lib.rs - (line 2) stdout ----
[INFO] [stdout] error[E0433]: failed to resolve: use of undeclared type `BTreeMap`
[INFO] [stdout]   --> src/lib.rs:12:13
[INFO] [stdout]    |
[INFO] [stdout] 12 | let mut m = BTreeMap::new();
[INFO] [stdout]    |             ^^^^^^^^ not found in this scope
[INFO] [stdout]    |
[INFO] [stdout] help: consider importing this struct
[INFO] [stdout]    |
[INFO] [stdout] 2  | use std::collections::BTreeMap;
[INFO] [stdout]    |
[INFO] [stdout] 
[INFO] [stdout] error: aborting due to previous error
[INFO] [stdout] 
[INFO] [stdout] For more information about this error, try `rustc --explain E0433`.
[INFO] [stdout] Couldn't compile the test.
[INFO] [stdout] 
[INFO] [stdout] failures:
[INFO] [stdout]     src/lib.rs - (line 2)
[INFO] [stdout] 
[INFO] [stdout] test result: FAILED. 0 passed; 1 failed; 0 ignored; 0 measured; 0 filtered out; finished in 0.07s
[INFO] [stdout] 
[INFO] [stderr] error: test failed, to rerun pass '--doc'
[INFO] running `Command { std: "docker" "inspect" "25b8b7e2a3aef7b2a70a2657f5b928fc759137f84b5c91a8071d74e6caabcbf3", kill_on_drop: false }`
[INFO] running `Command { std: "docker" "rm" "-f" "25b8b7e2a3aef7b2a70a2657f5b928fc759137f84b5c91a8071d74e6caabcbf3", kill_on_drop: false }`
[INFO] [stdout] 25b8b7e2a3aef7b2a70a2657f5b928fc759137f84b5c91a8071d74e6caabcbf3
