[INFO] fetching crate qrcode 0.12.0...
[INFO] testing qrcode-0.12.0 against beta-2021-08-01 for beta-1.55-1
[INFO] extracting crate qrcode 0.12.0 into /workspace/builds/worker-83/source
[INFO] validating manifest of crates.io crate qrcode 0.12.0 on toolchain beta-2021-08-01
[INFO] running `Command { std: "/workspace/cargo-home/bin/cargo" "+beta-2021-08-01" "metadata" "--manifest-path" "Cargo.toml" "--no-deps", kill_on_drop: false }`
[INFO] started tweaking crates.io crate qrcode 0.12.0
[INFO] removed 0 missing examples
[INFO] finished tweaking crates.io crate qrcode 0.12.0
[INFO] tweaked toml for crates.io crate qrcode 0.12.0 written to /workspace/builds/worker-83/source/Cargo.toml
[INFO] crate crates.io crate qrcode 0.12.0 already has a lockfile, it will not be regenerated
[INFO] running `Command { std: "/workspace/cargo-home/bin/cargo" "+beta-2021-08-01" "fetch" "--manifest-path" "Cargo.toml", kill_on_drop: false }`
[INFO] [stderr]     Blocking waiting for file lock on package cache
[INFO] [stderr]     Blocking waiting for file lock on package cache
[INFO] [stderr]  Downloading crates ...
[INFO] [stderr]   Downloaded tiff v0.4.0
[INFO] running `Command { std: "docker" "create" "-v" "/var/lib/crater-agent-workspace/builds/worker-83/target:/opt/rustwide/target:rw,Z" "-v" "/var/lib/crater-agent-workspace/builds/worker-83/source:/opt/rustwide/workdir:ro,Z" "-v" "/var/lib/crater-agent-workspace/cargo-home:/opt/rustwide/cargo-home:ro,Z" "-v" "/var/lib/crater-agent-workspace/rustup-home:/opt/rustwide/rustup-home:ro,Z" "-e" "SOURCE_DIR=/opt/rustwide/workdir" "-e" "CARGO_TARGET_DIR=/opt/rustwide/target" "-e" "CARGO_HOME=/opt/rustwide/cargo-home" "-e" "RUSTUP_HOME=/opt/rustwide/rustup-home" "-w" "/opt/rustwide/workdir" "-m" "1610612736" "--user" "0:0" "--network" "none" "ghcr.io/rust-lang/crates-build-env/linux@sha256:34b6a614d2c27851fe6cbf88fbd1137609cefab8b10d0615aaeb6fd47975d74e" "/opt/rustwide/cargo-home/bin/cargo" "+beta-2021-08-01" "metadata" "--no-deps" "--format-version=1", kill_on_drop: false }`
[INFO] [stdout] eb9af2d8bd6ba528bd67d32a4c91563921b12cca2f6e3fecd0cd4dbe5aa2a592
[INFO] running `Command { std: "docker" "start" "-a" "eb9af2d8bd6ba528bd67d32a4c91563921b12cca2f6e3fecd0cd4dbe5aa2a592", kill_on_drop: false }`
[INFO] running `Command { std: "docker" "inspect" "eb9af2d8bd6ba528bd67d32a4c91563921b12cca2f6e3fecd0cd4dbe5aa2a592", kill_on_drop: false }`
[INFO] running `Command { std: "docker" "rm" "-f" "eb9af2d8bd6ba528bd67d32a4c91563921b12cca2f6e3fecd0cd4dbe5aa2a592", kill_on_drop: false }`
[INFO] [stdout] eb9af2d8bd6ba528bd67d32a4c91563921b12cca2f6e3fecd0cd4dbe5aa2a592
[INFO] running `Command { std: "docker" "create" "-v" "/var/lib/crater-agent-workspace/builds/worker-83/target:/opt/rustwide/target:rw,Z" "-v" "/var/lib/crater-agent-workspace/builds/worker-83/source:/opt/rustwide/workdir:ro,Z" "-v" "/var/lib/crater-agent-workspace/cargo-home:/opt/rustwide/cargo-home:ro,Z" "-v" "/var/lib/crater-agent-workspace/rustup-home:/opt/rustwide/rustup-home:ro,Z" "-e" "SOURCE_DIR=/opt/rustwide/workdir" "-e" "CARGO_TARGET_DIR=/opt/rustwide/target" "-e" "CARGO_INCREMENTAL=0" "-e" "RUST_BACKTRACE=full" "-e" "RUSTFLAGS=--cap-lints=warn" "-e" "CARGO_HOME=/opt/rustwide/cargo-home" "-e" "RUSTUP_HOME=/opt/rustwide/rustup-home" "-w" "/opt/rustwide/workdir" "-m" "1610612736" "--user" "0:0" "--network" "none" "ghcr.io/rust-lang/crates-build-env/linux@sha256:34b6a614d2c27851fe6cbf88fbd1137609cefab8b10d0615aaeb6fd47975d74e" "/opt/rustwide/cargo-home/bin/cargo" "+beta-2021-08-01" "build" "--frozen" "--message-format=json", kill_on_drop: false }`
[INFO] [stdout] 2ce039ddcbab5eba7a8dcd2f266e0cfecd87a6307edc711fa15825b74e7b71d2
[INFO] running `Command { std: "docker" "start" "-a" "2ce039ddcbab5eba7a8dcd2f266e0cfecd87a6307edc711fa15825b74e7b71d2", kill_on_drop: false }`
[INFO] [stderr]     Blocking waiting for file lock on package cache
[INFO] [stderr]    Compiling autocfg v1.0.0
[INFO] [stderr]    Compiling autocfg v0.1.7
[INFO] [stderr]    Compiling semver-parser v0.7.0
[INFO] [stderr]    Compiling cfg-if v0.1.10
[INFO] [stderr]    Compiling lazy_static v1.4.0
[INFO] [stderr]    Compiling byteorder v1.3.4
[INFO] [stderr]    Compiling libc v0.2.66
[INFO] [stderr]    Compiling adler32 v1.0.4
[INFO] [stderr]    Compiling scopeguard v1.0.0
[INFO] [stderr]    Compiling rayon-core v1.7.0
[INFO] [stderr]    Compiling bitflags v1.2.1
[INFO] [stderr]    Compiling crc32fast v1.2.0
[INFO] [stderr]    Compiling either v1.5.3
[INFO] [stderr]    Compiling lzw v0.10.0
[INFO] [stderr]    Compiling color_quant v1.0.1
[INFO] [stderr]    Compiling scoped_threadpool v0.1.9
[INFO] [stderr]    Compiling bytemuck v1.2.0
[INFO] [stderr]    Compiling checked_int_cast v1.0.0
[INFO] [stderr]    Compiling inflate v0.4.5
[INFO] [stderr]    Compiling miniz_oxide v0.3.6
[INFO] [stderr]    Compiling semver v0.9.0
[INFO] [stderr]    Compiling gif v0.10.3
[INFO] [stderr]    Compiling rustc_version v0.2.3
[INFO] [stderr]    Compiling crossbeam-utils v0.7.0
[INFO] [stderr]    Compiling crossbeam-epoch v0.8.0
[INFO] [stderr]    Compiling num-traits v0.2.11
[INFO] [stderr]    Compiling num-integer v0.1.42
[INFO] [stderr]    Compiling num-iter v0.1.40
[INFO] [stderr]    Compiling num-rational v0.2.3
[INFO] [stderr]    Compiling memoffset v0.5.3
[INFO] [stderr]    Compiling deflate v0.7.20
[INFO] [stderr]    Compiling tiff v0.4.0
[INFO] [stderr]    Compiling num_cpus v1.12.0
[INFO] [stderr]    Compiling png v0.15.3
[INFO] [stderr]    Compiling crossbeam-queue v0.2.1
[INFO] [stderr]    Compiling crossbeam-deque v0.7.2
[INFO] [stderr]    Compiling rayon v1.3.0
[INFO] [stderr]    Compiling jpeg-decoder v0.1.18
[INFO] [stderr]    Compiling image v0.23.0
[INFO] [stderr]    Compiling qrcode v0.12.0 (/opt/rustwide/workdir)
[INFO] [stderr]     Finished dev [unoptimized + debuginfo] target(s) in 25.30s
[INFO] running `Command { std: "docker" "inspect" "2ce039ddcbab5eba7a8dcd2f266e0cfecd87a6307edc711fa15825b74e7b71d2", kill_on_drop: false }`
[INFO] running `Command { std: "docker" "rm" "-f" "2ce039ddcbab5eba7a8dcd2f266e0cfecd87a6307edc711fa15825b74e7b71d2", kill_on_drop: false }`
[INFO] [stdout] 2ce039ddcbab5eba7a8dcd2f266e0cfecd87a6307edc711fa15825b74e7b71d2
[INFO] running `Command { std: "docker" "create" "-v" "/var/lib/crater-agent-workspace/builds/worker-83/target:/opt/rustwide/target:rw,Z" "-v" "/var/lib/crater-agent-workspace/builds/worker-83/source:/opt/rustwide/workdir:ro,Z" "-v" "/var/lib/crater-agent-workspace/cargo-home:/opt/rustwide/cargo-home:ro,Z" "-v" "/var/lib/crater-agent-workspace/rustup-home:/opt/rustwide/rustup-home:ro,Z" "-e" "SOURCE_DIR=/opt/rustwide/workdir" "-e" "CARGO_TARGET_DIR=/opt/rustwide/target" "-e" "CARGO_INCREMENTAL=0" "-e" "RUST_BACKTRACE=full" "-e" "RUSTFLAGS=--cap-lints=warn" "-e" "CARGO_HOME=/opt/rustwide/cargo-home" "-e" "RUSTUP_HOME=/opt/rustwide/rustup-home" "-w" "/opt/rustwide/workdir" "-m" "1610612736" "--user" "0:0" "--network" "none" "ghcr.io/rust-lang/crates-build-env/linux@sha256:34b6a614d2c27851fe6cbf88fbd1137609cefab8b10d0615aaeb6fd47975d74e" "/opt/rustwide/cargo-home/bin/cargo" "+beta-2021-08-01" "test" "--frozen" "--no-run" "--message-format=json", kill_on_drop: false }`
[INFO] [stdout] 4e8bb75bcc1c7e94a7044e344cf96bfe00f737a82f095852ffdc454cf70d3dfa
[INFO] running `Command { std: "docker" "start" "-a" "4e8bb75bcc1c7e94a7044e344cf96bfe00f737a82f095852ffdc454cf70d3dfa", kill_on_drop: false }`
[INFO] [stderr]    Compiling qrcode v0.12.0 (/opt/rustwide/workdir)
[INFO] [stderr]     Finished test [unoptimized + debuginfo] target(s) in 3.13s
[INFO] running `Command { std: "docker" "inspect" "4e8bb75bcc1c7e94a7044e344cf96bfe00f737a82f095852ffdc454cf70d3dfa", kill_on_drop: false }`
[INFO] running `Command { std: "docker" "rm" "-f" "4e8bb75bcc1c7e94a7044e344cf96bfe00f737a82f095852ffdc454cf70d3dfa", kill_on_drop: false }`
[INFO] [stdout] 4e8bb75bcc1c7e94a7044e344cf96bfe00f737a82f095852ffdc454cf70d3dfa
[INFO] running `Command { std: "docker" "create" "-v" "/var/lib/crater-agent-workspace/builds/worker-83/target:/opt/rustwide/target:rw,Z" "-v" "/var/lib/crater-agent-workspace/builds/worker-83/source:/opt/rustwide/workdir:ro,Z" "-v" "/var/lib/crater-agent-workspace/cargo-home:/opt/rustwide/cargo-home:ro,Z" "-v" "/var/lib/crater-agent-workspace/rustup-home:/opt/rustwide/rustup-home:ro,Z" "-e" "SOURCE_DIR=/opt/rustwide/workdir" "-e" "CARGO_TARGET_DIR=/opt/rustwide/target" "-e" "CARGO_INCREMENTAL=0" "-e" "RUST_BACKTRACE=full" "-e" "RUSTFLAGS=--cap-lints=warn" "-e" "CARGO_HOME=/opt/rustwide/cargo-home" "-e" "RUSTUP_HOME=/opt/rustwide/rustup-home" "-w" "/opt/rustwide/workdir" "-m" "1610612736" "--user" "0:0" "--network" "none" "ghcr.io/rust-lang/crates-build-env/linux@sha256:34b6a614d2c27851fe6cbf88fbd1137609cefab8b10d0615aaeb6fd47975d74e" "/opt/rustwide/cargo-home/bin/cargo" "+beta-2021-08-01" "test" "--frozen", kill_on_drop: false }`
[INFO] [stdout] 41d8fa23209911ac511ebbb1d7f5f10ffe5c59173ce178b7b0ae17544021fddc
[INFO] running `Command { std: "docker" "start" "-a" "41d8fa23209911ac511ebbb1d7f5f10ffe5c59173ce178b7b0ae17544021fddc", kill_on_drop: false }`
[INFO] [stderr]     Finished test [unoptimized + debuginfo] target(s) in 0.04s
[INFO] [stderr]      Running unittests (/opt/rustwide/target/debug/deps/qrcode-26e886f94850beb3)
[INFO] [stdout] 
[INFO] [stdout] running 104 tests
[INFO] [stdout] test bits::alphanumeric_tests::test_data_too_long ... ok
[INFO] [stdout] test bits::alphanumeric_tests::test_micro_qr_unsupported ... ok
[INFO] [stdout] test bits::alphanumeric_tests::test_iso_18004_2006_example ... ok
[INFO] [stdout] test bits::byte_tests::test ... ok
[INFO] [stdout] test bits::byte_tests::test_data_too_long ... ok
[INFO] [stdout] test bits::byte_tests::test_micro_qr_unsupported ... ok
[INFO] [stdout] test bits::eci_tests::test_899 ... ok
[INFO] [stdout] test bits::eci_tests::test_9 ... ok
[INFO] [stdout] test bits::eci_tests::test_999999 ... ok
[INFO] [stdout] test bits::eci_tests::test_invalid_designator ... ok
[INFO] [stdout] test bits::eci_tests::test_unsupported_character_set ... ok
[INFO] [stdout] test bits::encode_auto_tests::test_alpha_h ... ok
[INFO] [stdout] test bits::encode_auto_tests::test_alpha_q ... ok
[INFO] [stdout] test bits::encode_auto_tests::test_find_min_version ... ok
[INFO] [stdout] test bits::encode_auto_tests::test_mixed ... ok
[INFO] [stdout] test bits::encode_tests::test_alphanumeric ... ok
[INFO] [stdout] test bits::encode_tests::test_auto_mode_switch ... ok
[INFO] [stdout] test bits::encode_tests::test_too_long ... ok
[INFO] [stdout] test bits::finish_tests::test_hello_world ... ok
[INFO] [stdout] test bits::finish_tests::test_micro_version_1_full_byte_padding ... ok
[INFO] [stdout] test bits::finish_tests::test_micro_version_1_half_byte_padding ... ok
[INFO] [stdout] test bits::finish_tests::test_no_padding ... ok
[INFO] [stdout] test bits::finish_tests::test_no_terminator ... ok
[INFO] [stdout] test bits::finish_tests::test_too_long ... ok
[INFO] [stdout] test bits::kanji_tests::test_data_too_long ... ok
[INFO] [stdout] test bits::kanji_tests::test_iso_18004_example ... ok
[INFO] [stdout] test bits::kanji_tests::test_micro_qr_unsupported ... ok
[INFO] [stdout] test bits::numeric_tests::test_data_too_long_error ... ok
[INFO] [stdout] test bits::numeric_tests::test_iso_18004_2000_example_2 ... ok
[INFO] [stdout] test bits::numeric_tests::test_iso_18004_2006_example_1 ... ok
[INFO] [stdout] test bits::numeric_tests::test_iso_18004_2006_example_2 ... ok
[INFO] [stdout] test bits::test_push_number ... ok
[INFO] [stdout] test canvas::alignment_pattern_tests::test_draw_alignment_patterns_1 ... ok
[INFO] [stdout] test canvas::all_functional_patterns_tests::test_all_functional_patterns_micro_qr ... ok
[INFO] [stdout] test canvas::alignment_pattern_tests::test_draw_alignment_patterns_3 ... ok
[INFO] [stdout] test canvas::all_functional_patterns_tests::test_is_functional_micro ... ok
[INFO] [stdout] test canvas::all_functional_patterns_tests::test_is_functional_qr_1 ... ok
[INFO] [stdout] test canvas::all_functional_patterns_tests::test_is_functional_qr_3 ... ok
[INFO] [stdout] test canvas::all_functional_patterns_tests::test_is_functional_qr_7 ... ok
[INFO] [stdout] test canvas::alignment_pattern_tests::test_draw_alignment_patterns_7 ... ok
[INFO] [stdout] test canvas::basic_canvas_tests::test_index ... ok
[INFO] [stdout] test canvas::basic_canvas_tests::test_debug_str ... ok
[INFO] [stdout] test canvas::all_functional_patterns_tests::test_all_functional_patterns_qr ... ok
[INFO] [stdout] test canvas::data_iter_tests::test_micro_qr ... ok
[INFO] [stdout] test canvas::data_iter_tests::test_micro_qr_2 ... ok
[INFO] [stdout] test canvas::data_iter_tests::test_qr ... ok
[INFO] [stdout] test canvas::draw_codewords_test::test_micro_qr_1 ... ok
[INFO] [stdout] test canvas::draw_version_info_tests::test_draw_number ... ok
[INFO] [stdout] test canvas::draw_codewords_test::test_qr_2 ... ok
[INFO] [stdout] test canvas::draw_version_info_tests::test_draw_reserved_format_info_patterns_micro_qr ... ok
[INFO] [stdout] test canvas::draw_version_info_tests::test_draw_reserved_format_info_patterns_qr ... ok
[INFO] [stdout] test canvas::draw_version_info_tests::test_draw_version_info_1 ... ok
[INFO] [stdout] test canvas::finder_pattern_tests::test_micro_qr ... ok
[INFO] [stdout] test canvas::draw_version_info_tests::test_draw_version_info_7 ... ok
[INFO] [stdout] test canvas::finder_pattern_tests::test_qr ... ok
[INFO] [stdout] test canvas::mask_tests::test_draw_format_info_patterns_micro_qr ... ok
[INFO] [stdout] test canvas::mask_tests::test_apply_mask_qr ... ok
[INFO] [stdout] test canvas::mask_tests::test_draw_format_info_patterns_qr ... ok
[INFO] [stdout] test canvas::penalty_tests::check_penalty_canvas ... ok
[INFO] [stdout] test canvas::penalty_tests::test_penalty_score_balance ... ok
[INFO] [stdout] test canvas::penalty_tests::test_penalty_score_light_sides ... ok
[INFO] [stdout] test canvas::penalty_tests::test_penalty_score_adjacent ... ok
[INFO] [stdout] test canvas::timing_pattern_tests::test_draw_timing_patterns_micro_qr ... ok
[INFO] [stdout] test canvas::penalty_tests::test_penalty_score_block ... ok
[INFO] [stdout] test canvas::timing_pattern_tests::test_draw_timing_patterns_qr ... ok
[INFO] [stdout] test ec::construct_codewords_test::test_add_ec_complex ... ok
[INFO] [stdout] test ec::construct_codewords_test::test_add_ec_simple ... ok
[INFO] [stdout] test ec::ec_tests::test_poly_mod_1 ... ok
[INFO] [stdout] test ec::ec_tests::test_poly_mod_2 ... ok
[INFO] [stdout] test ec::ec_tests::test_poly_mod_3 ... ok
[INFO] [stdout] test canvas::penalty_tests::test_penalty_score_finder ... ok
[INFO] [stdout] test ec::max_allowed_errors_test::test_high_versions ... ok
[INFO] [stdout] test ec::max_allowed_errors_test::test_low_versions ... ok
[INFO] [stdout] test ec::test_interleave ... ok
[INFO] [stdout] test optimize::optimize_tests::test_annex_j_guideline_1a ... ok
[INFO] [stdout] test optimize::optimize_tests::test_annex_j_guideline_1b ... ok
[INFO] [stdout] test optimize::optimize_tests::test_annex_j_guideline_1c ... ok
[INFO] [stdout] test optimize::optimize_tests::test_example_1 ... ok
[INFO] [stdout] test optimize::optimize_tests::test_example_2 ... ok
[INFO] [stdout] test optimize::optimize_tests::test_example_3 ... ok
[INFO] [stdout] test optimize::optimize_tests::test_example_4 ... ok
[INFO] [stdout] test optimize::parse_tests::test_not_kanji_1 ... ok
[INFO] [stdout] test optimize::parse_tests::test_not_kanji_2 ... ok
[INFO] [stdout] test optimize::parse_tests::test_not_kanji_3 ... ok
[INFO] [stdout] test optimize::parse_tests::test_parse_1 ... ok
[INFO] [stdout] test optimize::parse_tests::test_not_kanji_4 ... ok
[INFO] [stdout] test optimize::parse_tests::test_parse_shift_jis_example_1 ... ok
[INFO] [stdout] test optimize::parse_tests::test_parse_utf_8 ... ok
[INFO] [stdout] test render::image::render_tests::test_render_luma8_unsized ... ok
[INFO] [stdout] test render::image::render_tests::test_render_resized_max ... ok
[INFO] [stdout] test render::image::render_tests::test_render_resized_min ... ok
[INFO] [stdout] test render::image::render_tests::test_render_rgba_unsized ... ok
[INFO] [stdout] test render::string::test_render_to_string ... ok
[INFO] [stdout] test render::unicode::test_render_to_utf8_string ... ok
[INFO] [stdout] test render::unicode::integration_render_utf8_1x2_inverted ... ok
[INFO] [stdout] test types::mode_tests::test_max ... ok
[INFO] [stdout] test render::unicode::integration_render_utf8_1x2 ... ok
[INFO] [stdout] test svg_tests::test_annex_i_micro_qr_as_svg ... ok
[INFO] [stdout] test tests::test_annex_i_micro_qr ... ok
[INFO] [stdout] test types::mode_tests::test_mode_order ... ok
[INFO] [stdout] test tests::test_annex_i_qr ... ok
[INFO] [stdout] test svg_tests::test_annex_i_qr_as_svg ... ok
[INFO] [stdout] test image_tests::test_annex_i_micro_qr_as_image ... ok
[INFO] [stdout] test image_tests::test_annex_i_qr_as_image ... ok
[INFO] [stdout] 
[INFO] [stdout] test result: ok. 104 passed; 0 failed; 0 ignored; 0 measured; 0 filtered out; finished in 0.08s
[INFO] [stdout] 
[INFO] [stderr]      Running unittests (/opt/rustwide/target/debug/deps/qrencode-27de332093170890)
[INFO] [stdout] 
[INFO] [stdout] running 0 tests
[INFO] [stdout] 
[INFO] [stdout] test result: ok. 0 passed; 0 failed; 0 ignored; 0 measured; 0 filtered out; finished in 0.00s
[INFO] [stdout] 
[INFO] [stderr]    Doc-tests qrcode
[INFO] [stdout] 
[INFO] [stdout] running 20 tests
[INFO] [stdout] test src/bits.rs - bits::Bits::push_fnc1_second_position (line 642) ... ignored
[INFO] [stdout] test src/optimize.rs - optimize::EcsIter (line 45) ... ignored
[INFO] [stdout] test src/optimize.rs - optimize::Parser::new (line 94) ... FAILED
[INFO] [stdout] test src/lib.rs - QrCode::render (line 231) ... FAILED
[INFO] [stdout] test src/bits.rs - bits::Bits::push_fnc1_first_position (line 605) ... FAILED
[INFO] [stdout] test src/types.rs - types::Mode::data_bits_count (line 252) ... FAILED
[INFO] [stdout] test src/render/svg.rs - render::svg (line 5) ... FAILED
[INFO] [stdout] test src/types.rs - types::Mode::max (line 269) ... FAILED
[INFO] [stdout] test src/types.rs - types::Color::select (line 68) ... FAILED
[INFO] [stdout] test src/canvas.rs - canvas (line 4) ... FAILED
[INFO] [stdout] test src/bits.rs - bits::Bits::push_eci_designator (line 227) ... ok
[INFO] [stdout] test src/canvas.rs - canvas::Module::mask (line 52) ... ok
[INFO] [stdout] test src/bits.rs - bits::Bits::push_fnc1_second_position (line 629) ... ok
[INFO] [stdout] test src/types.rs - types::Mode::length_bits_count (line 214) ... ok
[INFO] [stdout] test src/lib.rs - QrCode::with_version (line 110) ... ok
[INFO] [stdout] test src/lib.rs - QrCode::with_version (line 103) ... ok
[INFO] [stdout] test src/lib.rs - (line 5) ... ok
[INFO] [stdout] test src/lib.rs - QrCode::new (line 70) ... ok
[INFO] [stdout] test src/lib.rs - QrCode::with_error_correction_level (line 87) ... ok
[INFO] [stdout] test src/lib.rs - QrCode::with_bits (line 136) ... ok
[INFO] [stdout] 
[INFO] [stdout] failures:
[INFO] [stdout] 
[INFO] [stdout] ---- src/optimize.rs - optimize::Parser::new (line 94) stdout ----
[INFO] [stdout] Couldn't compile the test.
[INFO] [stdout] ---- src/lib.rs - QrCode::render (line 231) stdout ----
[INFO] [stdout] Couldn't compile the test.
[INFO] [stdout] ---- src/bits.rs - bits::Bits::push_fnc1_first_position (line 605) stdout ----
[INFO] [stdout] error: linking with `cc` failed: exit status: 1
[INFO] [stdout]   |
[INFO] [stdout]   = note: "cc" "-m64" "/tmp/rustdoctestcKrq4z/rust_out.rust_out.1376475e-cgu.0.rcgu.o" "/tmp/rustdoctestcKrq4z/rust_out.3oi7hjnjienb8flc.rcgu.o" "-Wl,--as-needed" "-L" "/opt/rustwide/target/debug/deps" "-L" "/opt/rustwide/target/debug/deps" "-L" "/opt/rustwide/rustup-home/toolchains/beta-2021-08-01-x86_64-unknown-linux-gnu/lib/rustlib/x86_64-unknown-linux-gnu/lib" "-Wl,-Bstatic" "/opt/rustwide/target/debug/deps/libqrcode-5002e98cfc44cd64.rlib" "/opt/rustwide/target/debug/deps/libimage-e017d1829d4d3692.rlib" "/opt/rustwide/target/debug/deps/libbytemuck-06c67f335345c98f.rlib" "/opt/rustwide/target/debug/deps/libpng-ad7946d101440fd7.rlib" "/opt/rustwide/target/debug/deps/libdeflate-3474bdaaa7270b06.rlib" "/opt/rustwide/target/debug/deps/libinflate-6950b7ebaea9671b.rlib" "/opt/rustwide/target/debug/deps/libcrc32fast-03ea48e5a8d2892f.rlib" "/opt/rustwide/target/debug/deps/libbitflags-e09638bf9aca31b4.rlib" "/opt/rustwide/target/debug/deps/libnum_iter-e7ae36f17f25a802.rlib" "/opt/rustwide/target/debug/deps/libjpeg_decoder-e215a2c8b10151bd.rlib" "/opt/rustwide/target/debug/deps/librayon-d3fa8cff90c4d0ee.rlib" "/opt/rustwide/target/debug/deps/librayon_core-5a4fe139427f3dc9.rlib" "/opt/rustwide/target/debug/deps/libnum_cpus-3d6599d3130bcf46.rlib" "/opt/rustwide/target/debug/deps/liblibc-7aefa2a5f5d37715.rlib" "/opt/rustwide/target/debug/deps/libcrossbeam_queue-5f87274cc235f812.rlib" "/opt/rustwide/target/debug/deps/libcrossbeam_deque-39892ba5e0b12fcd.rlib" "/opt/rustwide/target/debug/deps/libcrossbeam_epoch-0b0ab44a720126e8.rlib" "/opt/rustwide/target/debug/deps/libscopeguard-224a634230e99801.rlib" "/opt/rustwide/target/debug/deps/libmemoffset-978353867aaf33f0.rlib" "/opt/rustwide/target/debug/deps/libcrossbeam_utils-dac9c003d06b72c8.rlib" "/opt/rustwide/target/debug/deps/liblazy_static-e92083d5a39a8b50.rlib" "/opt/rustwide/target/debug/deps/libcfg_if-ffb7f11ad1437080.rlib" "/opt/rustwide/target/debug/deps/libeither-3b65cf9dba3d271a.rlib" "/opt/rustwide/target/debug/deps/libscoped_threadpool-4c8c7e21127df339.rlib" "/opt/rustwide/target/debug/deps/libnum_rational-6fcf34c5d91502b8.rlib" "/opt/rustwide/target/debug/deps/libnum_integer-160f5f751c354c96.rlib" "/opt/rustwide/target/debug/deps/libgif-d34006a4417d8db5.rlib" "/opt/rustwide/target/debug/deps/libcolor_quant-c4c36c22c8d4db80.rlib" "/opt/rustwide/target/debug/deps/libnum_traits-8f80b14ffb3a9790.rlib" "/opt/rustwide/target/debug/deps/libtiff-12d85876f9962a55.rlib" "/opt/rustwide/target/debug/deps/libminiz_oxide-a6b636310ebba4bd.rlib" "/opt/rustwide/target/debug/deps/libadler32-d08b7a433b3b609e.rlib" "/opt/rustwide/target/debug/deps/liblzw-4b73e385916b389d.rlib" "/opt/rustwide/target/debug/deps/libbyteorder-3dc46fcfdc27cac2.rlib" "/opt/rustwide/target/debug/deps/libchecked_int_cast-f8e1f2aeff4dd7af.rlib" "-Wl,--start-group" "/opt/rustwide/rustup-home/toolchains/beta-2021-08-01-x86_64-unknown-linux-gnu/lib/rustlib/x86_64-unknown-linux-gnu/lib/libstd-197d933f09d9a590.rlib" "/opt/rustwide/rustup-home/toolchains/beta-2021-08-01-x86_64-unknown-linux-gnu/lib/rustlib/x86_64-unknown-linux-gnu/lib/libpanic_unwind-46a006cddfd334f0.rlib" "/opt/rustwide/rustup-home/toolchains/beta-2021-08-01-x86_64-unknown-linux-gnu/lib/rustlib/x86_64-unknown-linux-gnu/lib/libminiz_oxide-5b9870310e470b38.rlib" "/opt/rustwide/rustup-home/toolchains/beta-2021-08-01-x86_64-unknown-linux-gnu/lib/rustlib/x86_64-unknown-linux-gnu/lib/libadler-260022ba8f1ab4ee.rlib" "/opt/rustwide/rustup-home/toolchains/beta-2021-08-01-x86_64-unknown-linux-gnu/lib/rustlib/x86_64-unknown-linux-gnu/lib/libobject-71377435a799394f.rlib" "/opt/rustwide/rustup-home/toolchains/beta-2021-08-01-x86_64-unknown-linux-gnu/lib/rustlib/x86_64-unknown-linux-gnu/lib/libaddr2line-658ee5924fde57cd.rlib" "/opt/rustwide/rustup-home/toolchains/beta-2021-08-01-x86_64-unknown-linux-gnu/lib/rustlib/x86_64-unknown-linux-gnu/lib/libgimli-9e8627da6bd1b94a.rlib" "/opt/rustwide/rustup-home/toolchains/beta-2021-08-01-x86_64-unknown-linux-gnu/lib/rustlib/x86_64-unknown-linux-gnu/lib/libstd_detect-19fdaac49f59be84.rlib" "/opt/rustwide/rustup-home/toolchains/beta-2021-08-01-x86_64-unknown-linux-gnu/lib/rustlib/x86_64-unknown-linux-gnu/lib/librustc_demangle-cb00e2691ea45905.rlib" "/opt/rustwide/rustup-home/toolchains/beta-2021-08-01-x86_64-unknown-linux-gnu/lib/rustlib/x86_64-unknown-linux-gnu/lib/libhashbrown-50f6726defae5ae1.rlib" "/opt/rustwide/rustup-home/toolchains/beta-2021-08-01-x86_64-unknown-linux-gnu/lib/rustlib/x86_64-unknown-linux-gnu/lib/librustc_std_workspace_alloc-2afc16311deea26e.rlib" "/opt/rustwide/rustup-home/toolchains/beta-2021-08-01-x86_64-unknown-linux-gnu/lib/rustlib/x86_64-unknown-linux-gnu/lib/libunwind-bb5cb0fe086ee8cf.rlib" "/opt/rustwide/rustup-home/toolchains/beta-2021-08-01-x86_64-unknown-linux-gnu/lib/rustlib/x86_64-unknown-linux-gnu/lib/libcfg_if-896053247b5dfd0b.rlib" "/opt/rustwide/rustup-home/toolchains/beta-2021-08-01-x86_64-unknown-linux-gnu/lib/rustlib/x86_64-unknown-linux-gnu/lib/liblibc-735e1f2ac3cf23be.rlib" "/opt/rustwide/rustup-home/toolchains/beta-2021-08-01-x86_64-unknown-linux-gnu/lib/rustlib/x86_64-unknown-linux-gnu/lib/liballoc-9dfb6622644c732c.rlib" "/opt/rustwide/rustup-home/toolchains/beta-2021-08-01-x86_64-unknown-linux-gnu/lib/rustlib/x86_64-unknown-linux-gnu/lib/librustc_std_workspace_core-beea7d9617fe25c5.rlib" "/opt/rustwide/rustup-home/toolchains/beta-2021-08-01-x86_64-unknown-linux-gnu/lib/rustlib/x86_64-unknown-linux-gnu/lib/libcore-8ef7dd43fc671f88.rlib" "-Wl,--end-group" "/opt/rustwide/rustup-home/toolchains/beta-2021-08-01-x86_64-unknown-linux-gnu/lib/rustlib/x86_64-unknown-linux-gnu/lib/libcompiler_builtins-a9a3b2ad67977f47.rlib" "-Wl,-Bdynamic" "-lutil" "-lgcc_s" "-lutil" "-lrt" "-lpthread" "-lm" "-ldl" "-lc" "-Wl,--eh-frame-hdr" "-Wl,-znoexecstack" "-L" "/opt/rustwide/rustup-home/toolchains/beta-2021-08-01-x86_64-unknown-linux-gnu/lib/rustlib/x86_64-unknown-linux-gnu/lib" "-o" "/tmp/rustdoctestcKrq4z/rust_out" "-Wl,--gc-sections" "-pie" "-Wl,-zrelro" "-Wl,-znow" "-nodefaultlibs"
[INFO] [stdout]   = note: collect2: fatal error: ld terminated with signal 9 [Killed]
[INFO] [stdout]           compilation terminated.
[INFO] [stdout]           
[INFO] [stdout] 
[INFO] [stdout] error: aborting due to previous error
[INFO] [stdout] 
[INFO] [stdout] Couldn't compile the test.
[INFO] [stdout] ---- src/types.rs - types::Mode::data_bits_count (line 252) stdout ----
[INFO] [stdout] error: linking with `cc` failed: exit status: 1
[INFO] [stdout]   |
[INFO] [stdout]   = note: "cc" "-m64" "/tmp/rustdoctest2BAgYW/rust_out.rust_out.1376475e-cgu.0.rcgu.o" "/tmp/rustdoctest2BAgYW/rust_out.3oi7hjnjienb8flc.rcgu.o" "-Wl,--as-needed" "-L" "/opt/rustwide/target/debug/deps" "-L" "/opt/rustwide/target/debug/deps" "-L" "/opt/rustwide/rustup-home/toolchains/beta-2021-08-01-x86_64-unknown-linux-gnu/lib/rustlib/x86_64-unknown-linux-gnu/lib" "-Wl,-Bstatic" "/opt/rustwide/target/debug/deps/libqrcode-5002e98cfc44cd64.rlib" "/opt/rustwide/target/debug/deps/libimage-e017d1829d4d3692.rlib" "/opt/rustwide/target/debug/deps/libbytemuck-06c67f335345c98f.rlib" "/opt/rustwide/target/debug/deps/libpng-ad7946d101440fd7.rlib" "/opt/rustwide/target/debug/deps/libdeflate-3474bdaaa7270b06.rlib" "/opt/rustwide/target/debug/deps/libinflate-6950b7ebaea9671b.rlib" "/opt/rustwide/target/debug/deps/libcrc32fast-03ea48e5a8d2892f.rlib" "/opt/rustwide/target/debug/deps/libbitflags-e09638bf9aca31b4.rlib" "/opt/rustwide/target/debug/deps/libnum_iter-e7ae36f17f25a802.rlib" "/opt/rustwide/target/debug/deps/libjpeg_decoder-e215a2c8b10151bd.rlib" "/opt/rustwide/target/debug/deps/librayon-d3fa8cff90c4d0ee.rlib" "/opt/rustwide/target/debug/deps/librayon_core-5a4fe139427f3dc9.rlib" "/opt/rustwide/target/debug/deps/libnum_cpus-3d6599d3130bcf46.rlib" "/opt/rustwide/target/debug/deps/liblibc-7aefa2a5f5d37715.rlib" "/opt/rustwide/target/debug/deps/libcrossbeam_queue-5f87274cc235f812.rlib" "/opt/rustwide/target/debug/deps/libcrossbeam_deque-39892ba5e0b12fcd.rlib" "/opt/rustwide/target/debug/deps/libcrossbeam_epoch-0b0ab44a720126e8.rlib" "/opt/rustwide/target/debug/deps/libscopeguard-224a634230e99801.rlib" "/opt/rustwide/target/debug/deps/libmemoffset-978353867aaf33f0.rlib" "/opt/rustwide/target/debug/deps/libcrossbeam_utils-dac9c003d06b72c8.rlib" "/opt/rustwide/target/debug/deps/liblazy_static-e92083d5a39a8b50.rlib" "/opt/rustwide/target/debug/deps/libcfg_if-ffb7f11ad1437080.rlib" "/opt/rustwide/target/debug/deps/libeither-3b65cf9dba3d271a.rlib" "/opt/rustwide/target/debug/deps/libscoped_threadpool-4c8c7e21127df339.rlib" "/opt/rustwide/target/debug/deps/libnum_rational-6fcf34c5d91502b8.rlib" "/opt/rustwide/target/debug/deps/libnum_integer-160f5f751c354c96.rlib" "/opt/rustwide/target/debug/deps/libgif-d34006a4417d8db5.rlib" "/opt/rustwide/target/debug/deps/libcolor_quant-c4c36c22c8d4db80.rlib" "/opt/rustwide/target/debug/deps/libnum_traits-8f80b14ffb3a9790.rlib" "/opt/rustwide/target/debug/deps/libtiff-12d85876f9962a55.rlib" "/opt/rustwide/target/debug/deps/libminiz_oxide-a6b636310ebba4bd.rlib" "/opt/rustwide/target/debug/deps/libadler32-d08b7a433b3b609e.rlib" "/opt/rustwide/target/debug/deps/liblzw-4b73e385916b389d.rlib" "/opt/rustwide/target/debug/deps/libbyteorder-3dc46fcfdc27cac2.rlib" "/opt/rustwide/target/debug/deps/libchecked_int_cast-f8e1f2aeff4dd7af.rlib" "-Wl,--start-group" "/opt/rustwide/rustup-home/toolchains/beta-2021-08-01-x86_64-unknown-linux-gnu/lib/rustlib/x86_64-unknown-linux-gnu/lib/libstd-197d933f09d9a590.rlib" "/opt/rustwide/rustup-home/toolchains/beta-2021-08-01-x86_64-unknown-linux-gnu/lib/rustlib/x86_64-unknown-linux-gnu/lib/libpanic_unwind-46a006cddfd334f0.rlib" "/opt/rustwide/rustup-home/toolchains/beta-2021-08-01-x86_64-unknown-linux-gnu/lib/rustlib/x86_64-unknown-linux-gnu/lib/libminiz_oxide-5b9870310e470b38.rlib" "/opt/rustwide/rustup-home/toolchains/beta-2021-08-01-x86_64-unknown-linux-gnu/lib/rustlib/x86_64-unknown-linux-gnu/lib/libadler-260022ba8f1ab4ee.rlib" "/opt/rustwide/rustup-home/toolchains/beta-2021-08-01-x86_64-unknown-linux-gnu/lib/rustlib/x86_64-unknown-linux-gnu/lib/libobject-71377435a799394f.rlib" "/opt/rustwide/rustup-home/toolchains/beta-2021-08-01-x86_64-unknown-linux-gnu/lib/rustlib/x86_64-unknown-linux-gnu/lib/libaddr2line-658ee5924fde57cd.rlib" "/opt/rustwide/rustup-home/toolchains/beta-2021-08-01-x86_64-unknown-linux-gnu/lib/rustlib/x86_64-unknown-linux-gnu/lib/libgimli-9e8627da6bd1b94a.rlib" "/opt/rustwide/rustup-home/toolchains/beta-2021-08-01-x86_64-unknown-linux-gnu/lib/rustlib/x86_64-unknown-linux-gnu/lib/libstd_detect-19fdaac49f59be84.rlib" "/opt/rustwide/rustup-home/toolchains/beta-2021-08-01-x86_64-unknown-linux-gnu/lib/rustlib/x86_64-unknown-linux-gnu/lib/librustc_demangle-cb00e2691ea45905.rlib" "/opt/rustwide/rustup-home/toolchains/beta-2021-08-01-x86_64-unknown-linux-gnu/lib/rustlib/x86_64-unknown-linux-gnu/lib/libhashbrown-50f6726defae5ae1.rlib" "/opt/rustwide/rustup-home/toolchains/beta-2021-08-01-x86_64-unknown-linux-gnu/lib/rustlib/x86_64-unknown-linux-gnu/lib/librustc_std_workspace_alloc-2afc16311deea26e.rlib" "/opt/rustwide/rustup-home/toolchains/beta-2021-08-01-x86_64-unknown-linux-gnu/lib/rustlib/x86_64-unknown-linux-gnu/lib/libunwind-bb5cb0fe086ee8cf.rlib" "/opt/rustwide/rustup-home/toolchains/beta-2021-08-01-x86_64-unknown-linux-gnu/lib/rustlib/x86_64-unknown-linux-gnu/lib/libcfg_if-896053247b5dfd0b.rlib" "/opt/rustwide/rustup-home/toolchains/beta-2021-08-01-x86_64-unknown-linux-gnu/lib/rustlib/x86_64-unknown-linux-gnu/lib/liblibc-735e1f2ac3cf23be.rlib" "/opt/rustwide/rustup-home/toolchains/beta-2021-08-01-x86_64-unknown-linux-gnu/lib/rustlib/x86_64-unknown-linux-gnu/lib/liballoc-9dfb6622644c732c.rlib" "/opt/rustwide/rustup-home/toolchains/beta-2021-08-01-x86_64-unknown-linux-gnu/lib/rustlib/x86_64-unknown-linux-gnu/lib/librustc_std_workspace_core-beea7d9617fe25c5.rlib" "/opt/rustwide/rustup-home/toolchains/beta-2021-08-01-x86_64-unknown-linux-gnu/lib/rustlib/x86_64-unknown-linux-gnu/lib/libcore-8ef7dd43fc671f88.rlib" "-Wl,--end-group" "/opt/rustwide/rustup-home/toolchains/beta-2021-08-01-x86_64-unknown-linux-gnu/lib/rustlib/x86_64-unknown-linux-gnu/lib/libcompiler_builtins-a9a3b2ad67977f47.rlib" "-Wl,-Bdynamic" "-lutil" "-lgcc_s" "-lutil" "-lrt" "-lpthread" "-lm" "-ldl" "-lc" "-Wl,--eh-frame-hdr" "-Wl,-znoexecstack" "-L" "/opt/rustwide/rustup-home/toolchains/beta-2021-08-01-x86_64-unknown-linux-gnu/lib/rustlib/x86_64-unknown-linux-gnu/lib" "-o" "/tmp/rustdoctest2BAgYW/rust_out" "-Wl,--gc-sections" "-pie" "-Wl,-zrelro" "-Wl,-znow" "-nodefaultlibs"
[INFO] [stdout]   = note: collect2: fatal error: ld terminated with signal 9 [Killed]
[INFO] [stdout]           compilation terminated.
[INFO] [stdout]           
[INFO] [stdout] 
[INFO] [stdout] error: aborting due to previous error
[INFO] [stdout] 
[INFO] [stdout] Couldn't compile the test.
[INFO] [stdout] ---- src/render/svg.rs - render::svg (line 5) stdout ----
[INFO] [stdout] Couldn't compile the test.
[INFO] [stdout] ---- src/types.rs - types::Mode::max (line 269) stdout ----
[INFO] [stdout] error: linking with `cc` failed: exit status: 1
[INFO] [stdout]   |
[INFO] [stdout]   = note: "cc" "-m64" "/tmp/rustdoctest3lFNqt/rust_out.rust_out.1376475e-cgu.0.rcgu.o" "/tmp/rustdoctest3lFNqt/rust_out.3oi7hjnjienb8flc.rcgu.o" "-Wl,--as-needed" "-L" "/opt/rustwide/target/debug/deps" "-L" "/opt/rustwide/target/debug/deps" "-L" "/opt/rustwide/rustup-home/toolchains/beta-2021-08-01-x86_64-unknown-linux-gnu/lib/rustlib/x86_64-unknown-linux-gnu/lib" "-Wl,-Bstatic" "/opt/rustwide/target/debug/deps/libqrcode-5002e98cfc44cd64.rlib" "/opt/rustwide/target/debug/deps/libimage-e017d1829d4d3692.rlib" "/opt/rustwide/target/debug/deps/libbytemuck-06c67f335345c98f.rlib" "/opt/rustwide/target/debug/deps/libpng-ad7946d101440fd7.rlib" "/opt/rustwide/target/debug/deps/libdeflate-3474bdaaa7270b06.rlib" "/opt/rustwide/target/debug/deps/libinflate-6950b7ebaea9671b.rlib" "/opt/rustwide/target/debug/deps/libcrc32fast-03ea48e5a8d2892f.rlib" "/opt/rustwide/target/debug/deps/libbitflags-e09638bf9aca31b4.rlib" "/opt/rustwide/target/debug/deps/libnum_iter-e7ae36f17f25a802.rlib" "/opt/rustwide/target/debug/deps/libjpeg_decoder-e215a2c8b10151bd.rlib" "/opt/rustwide/target/debug/deps/librayon-d3fa8cff90c4d0ee.rlib" "/opt/rustwide/target/debug/deps/librayon_core-5a4fe139427f3dc9.rlib" "/opt/rustwide/target/debug/deps/libnum_cpus-3d6599d3130bcf46.rlib" "/opt/rustwide/target/debug/deps/liblibc-7aefa2a5f5d37715.rlib" "/opt/rustwide/target/debug/deps/libcrossbeam_queue-5f87274cc235f812.rlib" "/opt/rustwide/target/debug/deps/libcrossbeam_deque-39892ba5e0b12fcd.rlib" "/opt/rustwide/target/debug/deps/libcrossbeam_epoch-0b0ab44a720126e8.rlib" "/opt/rustwide/target/debug/deps/libscopeguard-224a634230e99801.rlib" "/opt/rustwide/target/debug/deps/libmemoffset-978353867aaf33f0.rlib" "/opt/rustwide/target/debug/deps/libcrossbeam_utils-dac9c003d06b72c8.rlib" "/opt/rustwide/target/debug/deps/liblazy_static-e92083d5a39a8b50.rlib" "/opt/rustwide/target/debug/deps/libcfg_if-ffb7f11ad1437080.rlib" "/opt/rustwide/target/debug/deps/libeither-3b65cf9dba3d271a.rlib" "/opt/rustwide/target/debug/deps/libscoped_threadpool-4c8c7e21127df339.rlib" "/opt/rustwide/target/debug/deps/libnum_rational-6fcf34c5d91502b8.rlib" "/opt/rustwide/target/debug/deps/libnum_integer-160f5f751c354c96.rlib" "/opt/rustwide/target/debug/deps/libgif-d34006a4417d8db5.rlib" "/opt/rustwide/target/debug/deps/libcolor_quant-c4c36c22c8d4db80.rlib" "/opt/rustwide/target/debug/deps/libnum_traits-8f80b14ffb3a9790.rlib" "/opt/rustwide/target/debug/deps/libtiff-12d85876f9962a55.rlib" "/opt/rustwide/target/debug/deps/libminiz_oxide-a6b636310ebba4bd.rlib" "/opt/rustwide/target/debug/deps/libadler32-d08b7a433b3b609e.rlib" "/opt/rustwide/target/debug/deps/liblzw-4b73e385916b389d.rlib" "/opt/rustwide/target/debug/deps/libbyteorder-3dc46fcfdc27cac2.rlib" "/opt/rustwide/target/debug/deps/libchecked_int_cast-f8e1f2aeff4dd7af.rlib" "-Wl,--start-group" "/opt/rustwide/rustup-home/toolchains/beta-2021-08-01-x86_64-unknown-linux-gnu/lib/rustlib/x86_64-unknown-linux-gnu/lib/libstd-197d933f09d9a590.rlib" "/opt/rustwide/rustup-home/toolchains/beta-2021-08-01-x86_64-unknown-linux-gnu/lib/rustlib/x86_64-unknown-linux-gnu/lib/libpanic_unwind-46a006cddfd334f0.rlib" "/opt/rustwide/rustup-home/toolchains/beta-2021-08-01-x86_64-unknown-linux-gnu/lib/rustlib/x86_64-unknown-linux-gnu/lib/libminiz_oxide-5b9870310e470b38.rlib" "/opt/rustwide/rustup-home/toolchains/beta-2021-08-01-x86_64-unknown-linux-gnu/lib/rustlib/x86_64-unknown-linux-gnu/lib/libadler-260022ba8f1ab4ee.rlib" "/opt/rustwide/rustup-home/toolchains/beta-2021-08-01-x86_64-unknown-linux-gnu/lib/rustlib/x86_64-unknown-linux-gnu/lib/libobject-71377435a799394f.rlib" "/opt/rustwide/rustup-home/toolchains/beta-2021-08-01-x86_64-unknown-linux-gnu/lib/rustlib/x86_64-unknown-linux-gnu/lib/libaddr2line-658ee5924fde57cd.rlib" "/opt/rustwide/rustup-home/toolchains/beta-2021-08-01-x86_64-unknown-linux-gnu/lib/rustlib/x86_64-unknown-linux-gnu/lib/libgimli-9e8627da6bd1b94a.rlib" "/opt/rustwide/rustup-home/toolchains/beta-2021-08-01-x86_64-unknown-linux-gnu/lib/rustlib/x86_64-unknown-linux-gnu/lib/libstd_detect-19fdaac49f59be84.rlib" "/opt/rustwide/rustup-home/toolchains/beta-2021-08-01-x86_64-unknown-linux-gnu/lib/rustlib/x86_64-unknown-linux-gnu/lib/librustc_demangle-cb00e2691ea45905.rlib" "/opt/rustwide/rustup-home/toolchains/beta-2021-08-01-x86_64-unknown-linux-gnu/lib/rustlib/x86_64-unknown-linux-gnu/lib/libhashbrown-50f6726defae5ae1.rlib" "/opt/rustwide/rustup-home/toolchains/beta-2021-08-01-x86_64-unknown-linux-gnu/lib/rustlib/x86_64-unknown-linux-gnu/lib/librustc_std_workspace_alloc-2afc16311deea26e.rlib" "/opt/rustwide/rustup-home/toolchains/beta-2021-08-01-x86_64-unknown-linux-gnu/lib/rustlib/x86_64-unknown-linux-gnu/lib/libunwind-bb5cb0fe086ee8cf.rlib" "/opt/rustwide/rustup-home/toolchains/beta-2021-08-01-x86_64-unknown-linux-gnu/lib/rustlib/x86_64-unknown-linux-gnu/lib/libcfg_if-896053247b5dfd0b.rlib" "/opt/rustwide/rustup-home/toolchains/beta-2021-08-01-x86_64-unknown-linux-gnu/lib/rustlib/x86_64-unknown-linux-gnu/lib/liblibc-735e1f2ac3cf23be.rlib" "/opt/rustwide/rustup-home/toolchains/beta-2021-08-01-x86_64-unknown-linux-gnu/lib/rustlib/x86_64-unknown-linux-gnu/lib/liballoc-9dfb6622644c732c.rlib" "/opt/rustwide/rustup-home/toolchains/beta-2021-08-01-x86_64-unknown-linux-gnu/lib/rustlib/x86_64-unknown-linux-gnu/lib/librustc_std_workspace_core-beea7d9617fe25c5.rlib" "/opt/rustwide/rustup-home/toolchains/beta-2021-08-01-x86_64-unknown-linux-gnu/lib/rustlib/x86_64-unknown-linux-gnu/lib/libcore-8ef7dd43fc671f88.rlib" "-Wl,--end-group" "/opt/rustwide/rustup-home/toolchains/beta-2021-08-01-x86_64-unknown-linux-gnu/lib/rustlib/x86_64-unknown-linux-gnu/lib/libcompiler_builtins-a9a3b2ad67977f47.rlib" "-Wl,-Bdynamic" "-lutil" "-lgcc_s" "-lutil" "-lrt" "-lpthread" "-lm" "-ldl" "-lc" "-Wl,--eh-frame-hdr" "-Wl,-znoexecstack" "-L" "/opt/rustwide/rustup-home/toolchains/beta-2021-08-01-x86_64-unknown-linux-gnu/lib/rustlib/x86_64-unknown-linux-gnu/lib" "-o" "/tmp/rustdoctest3lFNqt/rust_out" "-Wl,--gc-sections" "-pie" "-Wl,-zrelro" "-Wl,-znow" "-nodefaultlibs"
[INFO] [stdout]   = note: collect2: fatal error: ld terminated with signal 9 [Killed]
[INFO] [stdout]           compilation terminated.
[INFO] [stdout]           
[INFO] [stdout] 
[INFO] [stdout] error: aborting due to previous error
[INFO] [stdout] 
[INFO] [stdout] Couldn't compile the test.
[INFO] [stdout] ---- src/types.rs - types::Color::select (line 68) stdout ----
[INFO] [stdout] error: linking with `cc` failed: exit status: 1
[INFO] [stdout]   |
[INFO] [stdout]   = note: "cc" "-m64" "/tmp/rustdoctestHWtAGj/rust_out.rust_out.1376475e-cgu.0.rcgu.o" "/tmp/rustdoctestHWtAGj/rust_out.3oi7hjnjienb8flc.rcgu.o" "-Wl,--as-needed" "-L" "/opt/rustwide/target/debug/deps" "-L" "/opt/rustwide/target/debug/deps" "-L" "/opt/rustwide/rustup-home/toolchains/beta-2021-08-01-x86_64-unknown-linux-gnu/lib/rustlib/x86_64-unknown-linux-gnu/lib" "-Wl,-Bstatic" "/opt/rustwide/target/debug/deps/libqrcode-5002e98cfc44cd64.rlib" "/opt/rustwide/target/debug/deps/libimage-e017d1829d4d3692.rlib" "/opt/rustwide/target/debug/deps/libbytemuck-06c67f335345c98f.rlib" "/opt/rustwide/target/debug/deps/libpng-ad7946d101440fd7.rlib" "/opt/rustwide/target/debug/deps/libdeflate-3474bdaaa7270b06.rlib" "/opt/rustwide/target/debug/deps/libinflate-6950b7ebaea9671b.rlib" "/opt/rustwide/target/debug/deps/libcrc32fast-03ea48e5a8d2892f.rlib" "/opt/rustwide/target/debug/deps/libbitflags-e09638bf9aca31b4.rlib" "/opt/rustwide/target/debug/deps/libnum_iter-e7ae36f17f25a802.rlib" "/opt/rustwide/target/debug/deps/libjpeg_decoder-e215a2c8b10151bd.rlib" "/opt/rustwide/target/debug/deps/librayon-d3fa8cff90c4d0ee.rlib" "/opt/rustwide/target/debug/deps/librayon_core-5a4fe139427f3dc9.rlib" "/opt/rustwide/target/debug/deps/libnum_cpus-3d6599d3130bcf46.rlib" "/opt/rustwide/target/debug/deps/liblibc-7aefa2a5f5d37715.rlib" "/opt/rustwide/target/debug/deps/libcrossbeam_queue-5f87274cc235f812.rlib" "/opt/rustwide/target/debug/deps/libcrossbeam_deque-39892ba5e0b12fcd.rlib" "/opt/rustwide/target/debug/deps/libcrossbeam_epoch-0b0ab44a720126e8.rlib" "/opt/rustwide/target/debug/deps/libscopeguard-224a634230e99801.rlib" "/opt/rustwide/target/debug/deps/libmemoffset-978353867aaf33f0.rlib" "/opt/rustwide/target/debug/deps/libcrossbeam_utils-dac9c003d06b72c8.rlib" "/opt/rustwide/target/debug/deps/liblazy_static-e92083d5a39a8b50.rlib" "/opt/rustwide/target/debug/deps/libcfg_if-ffb7f11ad1437080.rlib" "/opt/rustwide/target/debug/deps/libeither-3b65cf9dba3d271a.rlib" "/opt/rustwide/target/debug/deps/libscoped_threadpool-4c8c7e21127df339.rlib" "/opt/rustwide/target/debug/deps/libnum_rational-6fcf34c5d91502b8.rlib" "/opt/rustwide/target/debug/deps/libnum_integer-160f5f751c354c96.rlib" "/opt/rustwide/target/debug/deps/libgif-d34006a4417d8db5.rlib" "/opt/rustwide/target/debug/deps/libcolor_quant-c4c36c22c8d4db80.rlib" "/opt/rustwide/target/debug/deps/libnum_traits-8f80b14ffb3a9790.rlib" "/opt/rustwide/target/debug/deps/libtiff-12d85876f9962a55.rlib" "/opt/rustwide/target/debug/deps/libminiz_oxide-a6b636310ebba4bd.rlib" "/opt/rustwide/target/debug/deps/libadler32-d08b7a433b3b609e.rlib" "/opt/rustwide/target/debug/deps/liblzw-4b73e385916b389d.rlib" "/opt/rustwide/target/debug/deps/libbyteorder-3dc46fcfdc27cac2.rlib" "/opt/rustwide/target/debug/deps/libchecked_int_cast-f8e1f2aeff4dd7af.rlib" "-Wl,--start-group" "/opt/rustwide/rustup-home/toolchains/beta-2021-08-01-x86_64-unknown-linux-gnu/lib/rustlib/x86_64-unknown-linux-gnu/lib/libstd-197d933f09d9a590.rlib" "/opt/rustwide/rustup-home/toolchains/beta-2021-08-01-x86_64-unknown-linux-gnu/lib/rustlib/x86_64-unknown-linux-gnu/lib/libpanic_unwind-46a006cddfd334f0.rlib" "/opt/rustwide/rustup-home/toolchains/beta-2021-08-01-x86_64-unknown-linux-gnu/lib/rustlib/x86_64-unknown-linux-gnu/lib/libminiz_oxide-5b9870310e470b38.rlib" "/opt/rustwide/rustup-home/toolchains/beta-2021-08-01-x86_64-unknown-linux-gnu/lib/rustlib/x86_64-unknown-linux-gnu/lib/libadler-260022ba8f1ab4ee.rlib" "/opt/rustwide/rustup-home/toolchains/beta-2021-08-01-x86_64-unknown-linux-gnu/lib/rustlib/x86_64-unknown-linux-gnu/lib/libobject-71377435a799394f.rlib" "/opt/rustwide/rustup-home/toolchains/beta-2021-08-01-x86_64-unknown-linux-gnu/lib/rustlib/x86_64-unknown-linux-gnu/lib/libaddr2line-658ee5924fde57cd.rlib" "/opt/rustwide/rustup-home/toolchains/beta-2021-08-01-x86_64-unknown-linux-gnu/lib/rustlib/x86_64-unknown-linux-gnu/lib/libgimli-9e8627da6bd1b94a.rlib" "/opt/rustwide/rustup-home/toolchains/beta-2021-08-01-x86_64-unknown-linux-gnu/lib/rustlib/x86_64-unknown-linux-gnu/lib/libstd_detect-19fdaac49f59be84.rlib" "/opt/rustwide/rustup-home/toolchains/beta-2021-08-01-x86_64-unknown-linux-gnu/lib/rustlib/x86_64-unknown-linux-gnu/lib/librustc_demangle-cb00e2691ea45905.rlib" "/opt/rustwide/rustup-home/toolchains/beta-2021-08-01-x86_64-unknown-linux-gnu/lib/rustlib/x86_64-unknown-linux-gnu/lib/libhashbrown-50f6726defae5ae1.rlib" "/opt/rustwide/rustup-home/toolchains/beta-2021-08-01-x86_64-unknown-linux-gnu/lib/rustlib/x86_64-unknown-linux-gnu/lib/librustc_std_workspace_alloc-2afc16311deea26e.rlib" "/opt/rustwide/rustup-home/toolchains/beta-2021-08-01-x86_64-unknown-linux-gnu/lib/rustlib/x86_64-unknown-linux-gnu/lib/libunwind-bb5cb0fe086ee8cf.rlib" "/opt/rustwide/rustup-home/toolchains/beta-2021-08-01-x86_64-unknown-linux-gnu/lib/rustlib/x86_64-unknown-linux-gnu/lib/libcfg_if-896053247b5dfd0b.rlib" "/opt/rustwide/rustup-home/toolchains/beta-2021-08-01-x86_64-unknown-linux-gnu/lib/rustlib/x86_64-unknown-linux-gnu/lib/liblibc-735e1f2ac3cf23be.rlib" "/opt/rustwide/rustup-home/toolchains/beta-2021-08-01-x86_64-unknown-linux-gnu/lib/rustlib/x86_64-unknown-linux-gnu/lib/liballoc-9dfb6622644c732c.rlib" "/opt/rustwide/rustup-home/toolchains/beta-2021-08-01-x86_64-unknown-linux-gnu/lib/rustlib/x86_64-unknown-linux-gnu/lib/librustc_std_workspace_core-beea7d9617fe25c5.rlib" "/opt/rustwide/rustup-home/toolchains/beta-2021-08-01-x86_64-unknown-linux-gnu/lib/rustlib/x86_64-unknown-linux-gnu/lib/libcore-8ef7dd43fc671f88.rlib" "-Wl,--end-group" "/opt/rustwide/rustup-home/toolchains/beta-2021-08-01-x86_64-unknown-linux-gnu/lib/rustlib/x86_64-unknown-linux-gnu/lib/libcompiler_builtins-a9a3b2ad67977f47.rlib" "-Wl,-Bdynamic" "-lutil" "-lgcc_s" "-lutil" "-lrt" "-lpthread" "-lm" "-ldl" "-lc" "-Wl,--eh-frame-hdr" "-Wl,-znoexecstack" "-L" "/opt/rustwide/rustup-home/toolchains/beta-2021-08-01-x86_64-unknown-linux-gnu/lib/rustlib/x86_64-unknown-linux-gnu/lib" "-o" "/tmp/rustdoctestHWtAGj/rust_out" "-Wl,--gc-sections" "-pie" "-Wl,-zrelro" "-Wl,-znow" "-nodefaultlibs"
[INFO] [stdout]   = note: collect2: fatal error: ld terminated with signal 9 [Killed]
[INFO] [stdout]           compilation terminated.
[INFO] [stdout]           
[INFO] [stdout] 
[INFO] [stdout] error: aborting due to previous error
[INFO] [stdout] 
[INFO] [stdout] Couldn't compile the test.
[INFO] [stdout] ---- src/canvas.rs - canvas (line 4) stdout ----
[INFO] [stdout] warning: use of deprecated associated function `qrcode::canvas::Canvas::to_bools`: use `into_colors()` instead
[INFO] [stdout]   --> src/canvas.rs:12:15
[INFO] [stdout]    |
[INFO] [stdout] 11 | let bools = c.to_bools();
[INFO] [stdout]    |               ^^^^^^^^
[INFO] [stdout]    |
[INFO] [stdout]    = note: `#[warn(deprecated)]` on by default
[INFO] [stdout] 
[INFO] [stdout] error: linking with `cc` failed: exit status: 1
[INFO] [stdout]   |
[INFO] [stdout]   = note: "cc" "-m64" "/tmp/rustdoctestx2xcse/rust_out.rust_out.1376475e-cgu.0.rcgu.o" "/tmp/rustdoctestx2xcse/rust_out.3oi7hjnjienb8flc.rcgu.o" "-Wl,--as-needed" "-L" "/opt/rustwide/target/debug/deps" "-L" "/opt/rustwide/target/debug/deps" "-L" "/opt/rustwide/rustup-home/toolchains/beta-2021-08-01-x86_64-unknown-linux-gnu/lib/rustlib/x86_64-unknown-linux-gnu/lib" "-Wl,-Bstatic" "/opt/rustwide/target/debug/deps/libqrcode-5002e98cfc44cd64.rlib" "/opt/rustwide/target/debug/deps/libimage-e017d1829d4d3692.rlib" "/opt/rustwide/target/debug/deps/libbytemuck-06c67f335345c98f.rlib" "/opt/rustwide/target/debug/deps/libpng-ad7946d101440fd7.rlib" "/opt/rustwide/target/debug/deps/libdeflate-3474bdaaa7270b06.rlib" "/opt/rustwide/target/debug/deps/libinflate-6950b7ebaea9671b.rlib" "/opt/rustwide/target/debug/deps/libcrc32fast-03ea48e5a8d2892f.rlib" "/opt/rustwide/target/debug/deps/libbitflags-e09638bf9aca31b4.rlib" "/opt/rustwide/target/debug/deps/libnum_iter-e7ae36f17f25a802.rlib" "/opt/rustwide/target/debug/deps/libjpeg_decoder-e215a2c8b10151bd.rlib" "/opt/rustwide/target/debug/deps/librayon-d3fa8cff90c4d0ee.rlib" "/opt/rustwide/target/debug/deps/librayon_core-5a4fe139427f3dc9.rlib" "/opt/rustwide/target/debug/deps/libnum_cpus-3d6599d3130bcf46.rlib" "/opt/rustwide/target/debug/deps/liblibc-7aefa2a5f5d37715.rlib" "/opt/rustwide/target/debug/deps/libcrossbeam_queue-5f87274cc235f812.rlib" "/opt/rustwide/target/debug/deps/libcrossbeam_deque-39892ba5e0b12fcd.rlib" "/opt/rustwide/target/debug/deps/libcrossbeam_epoch-0b0ab44a720126e8.rlib" "/opt/rustwide/target/debug/deps/libscopeguard-224a634230e99801.rlib" "/opt/rustwide/target/debug/deps/libmemoffset-978353867aaf33f0.rlib" "/opt/rustwide/target/debug/deps/libcrossbeam_utils-dac9c003d06b72c8.rlib" "/opt/rustwide/target/debug/deps/liblazy_static-e92083d5a39a8b50.rlib" "/opt/rustwide/target/debug/deps/libcfg_if-ffb7f11ad1437080.rlib" "/opt/rustwide/target/debug/deps/libeither-3b65cf9dba3d271a.rlib" "/opt/rustwide/target/debug/deps/libscoped_threadpool-4c8c7e21127df339.rlib" "/opt/rustwide/target/debug/deps/libnum_rational-6fcf34c5d91502b8.rlib" "/opt/rustwide/target/debug/deps/libnum_integer-160f5f751c354c96.rlib" "/opt/rustwide/target/debug/deps/libgif-d34006a4417d8db5.rlib" "/opt/rustwide/target/debug/deps/libcolor_quant-c4c36c22c8d4db80.rlib" "/opt/rustwide/target/debug/deps/libnum_traits-8f80b14ffb3a9790.rlib" "/opt/rustwide/target/debug/deps/libtiff-12d85876f9962a55.rlib" "/opt/rustwide/target/debug/deps/libminiz_oxide-a6b636310ebba4bd.rlib" "/opt/rustwide/target/debug/deps/libadler32-d08b7a433b3b609e.rlib" "/opt/rustwide/target/debug/deps/liblzw-4b73e385916b389d.rlib" "/opt/rustwide/target/debug/deps/libbyteorder-3dc46fcfdc27cac2.rlib" "/opt/rustwide/target/debug/deps/libchecked_int_cast-f8e1f2aeff4dd7af.rlib" "-Wl,--start-group" "/opt/rustwide/rustup-home/toolchains/beta-2021-08-01-x86_64-unknown-linux-gnu/lib/rustlib/x86_64-unknown-linux-gnu/lib/libstd-197d933f09d9a590.rlib" "/opt/rustwide/rustup-home/toolchains/beta-2021-08-01-x86_64-unknown-linux-gnu/lib/rustlib/x86_64-unknown-linux-gnu/lib/libpanic_unwind-46a006cddfd334f0.rlib" "/opt/rustwide/rustup-home/toolchains/beta-2021-08-01-x86_64-unknown-linux-gnu/lib/rustlib/x86_64-unknown-linux-gnu/lib/libminiz_oxide-5b9870310e470b38.rlib" "/opt/rustwide/rustup-home/toolchains/beta-2021-08-01-x86_64-unknown-linux-gnu/lib/rustlib/x86_64-unknown-linux-gnu/lib/libadler-260022ba8f1ab4ee.rlib" "/opt/rustwide/rustup-home/toolchains/beta-2021-08-01-x86_64-unknown-linux-gnu/lib/rustlib/x86_64-unknown-linux-gnu/lib/libobject-71377435a799394f.rlib" "/opt/rustwide/rustup-home/toolchains/beta-2021-08-01-x86_64-unknown-linux-gnu/lib/rustlib/x86_64-unknown-linux-gnu/lib/libaddr2line-658ee5924fde57cd.rlib" "/opt/rustwide/rustup-home/toolchains/beta-2021-08-01-x86_64-unknown-linux-gnu/lib/rustlib/x86_64-unknown-linux-gnu/lib/libgimli-9e8627da6bd1b94a.rlib" "/opt/rustwide/rustup-home/toolchains/beta-2021-08-01-x86_64-unknown-linux-gnu/lib/rustlib/x86_64-unknown-linux-gnu/lib/libstd_detect-19fdaac49f59be84.rlib" "/opt/rustwide/rustup-home/toolchains/beta-2021-08-01-x86_64-unknown-linux-gnu/lib/rustlib/x86_64-unknown-linux-gnu/lib/librustc_demangle-cb00e2691ea45905.rlib" "/opt/rustwide/rustup-home/toolchains/beta-2021-08-01-x86_64-unknown-linux-gnu/lib/rustlib/x86_64-unknown-linux-gnu/lib/libhashbrown-50f6726defae5ae1.rlib" "/opt/rustwide/rustup-home/toolchains/beta-2021-08-01-x86_64-unknown-linux-gnu/lib/rustlib/x86_64-unknown-linux-gnu/lib/librustc_std_workspace_alloc-2afc16311deea26e.rlib" "/opt/rustwide/rustup-home/toolchains/beta-2021-08-01-x86_64-unknown-linux-gnu/lib/rustlib/x86_64-unknown-linux-gnu/lib/libunwind-bb5cb0fe086ee8cf.rlib" "/opt/rustwide/rustup-home/toolchains/beta-2021-08-01-x86_64-unknown-linux-gnu/lib/rustlib/x86_64-unknown-linux-gnu/lib/libcfg_if-896053247b5dfd0b.rlib" "/opt/rustwide/rustup-home/toolchains/beta-2021-08-01-x86_64-unknown-linux-gnu/lib/rustlib/x86_64-unknown-linux-gnu/lib/liblibc-735e1f2ac3cf23be.rlib" "/opt/rustwide/rustup-home/toolchains/beta-2021-08-01-x86_64-unknown-linux-gnu/lib/rustlib/x86_64-unknown-linux-gnu/lib/liballoc-9dfb6622644c732c.rlib" "/opt/rustwide/rustup-home/toolchains/beta-2021-08-01-x86_64-unknown-linux-gnu/lib/rustlib/x86_64-unknown-linux-gnu/lib/librustc_std_workspace_core-beea7d9617fe25c5.rlib" "/opt/rustwide/rustup-home/toolchains/beta-2021-08-01-x86_64-unknown-linux-gnu/lib/rustlib/x86_64-unknown-linux-gnu/lib/libcore-8ef7dd43fc671f88.rlib" "-Wl,--end-group" "/opt/rustwide/rustup-home/toolchains/beta-2021-08-01-x86_64-unknown-linux-gnu/lib/rustlib/x86_64-unknown-linux-gnu/lib/libcompiler_builtins-a9a3b2ad67977f47.rlib" "-Wl,-Bdynamic" "-lutil" "-lgcc_s" "-lutil" "-lrt" "-lpthread" "-lm" "-ldl" "-lc" "-Wl,--eh-frame-hdr" "-Wl,-znoexecstack" "-L" "/opt/rustwide/rustup-home/toolchains/beta-2021-08-01-x86_64-unknown-linux-gnu/lib/rustlib/x86_64-unknown-linux-gnu/lib" "-o" "/tmp/rustdoctestx2xcse/rust_out" "-Wl,--gc-sections" "-pie" "-Wl,-zrelro" "-Wl,-znow" "-nodefaultlibs"
[INFO] [stdout]   = note: collect2: fatal error: ld terminated with signal 9 [Killed]
[INFO] [stdout]           compilation terminated.
[INFO] [stdout]           
[INFO] [stdout] 
[INFO] [stdout] error: aborting due to previous error; 1 warning emitted
[INFO] [stdout] 
[INFO] [stdout] Couldn't compile the test.
[INFO] [stdout] 
[INFO] [stdout] failures:
[INFO] [stdout]     src/bits.rs - bits::Bits::push_fnc1_first_position (line 605)
[INFO] [stdout]     src/canvas.rs - canvas (line 4)
[INFO] [stdout]     src/lib.rs - QrCode::render (line 231)
[INFO] [stdout]     src/optimize.rs - optimize::Parser::new (line 94)
[INFO] [stdout]     src/render/svg.rs - render::svg (line 5)
[INFO] [stdout]     src/types.rs - types::Color::select (line 68)
[INFO] [stdout]     src/types.rs - types::Mode::data_bits_count (line 252)
[INFO] [stdout]     src/types.rs - types::Mode::max (line 269)
[INFO] [stdout] 
[INFO] [stdout] test result: FAILED. 10 passed; 8 failed; 2 ignored; 0 measured; 0 filtered out; finished in 3.88s
[INFO] [stdout] 
[INFO] [stderr] error: test failed, to rerun pass '--doc'
[INFO] running `Command { std: "docker" "inspect" "41d8fa23209911ac511ebbb1d7f5f10ffe5c59173ce178b7b0ae17544021fddc", kill_on_drop: false }`
[INFO] running `Command { std: "docker" "rm" "-f" "41d8fa23209911ac511ebbb1d7f5f10ffe5c59173ce178b7b0ae17544021fddc", kill_on_drop: false }`
[INFO] [stdout] 41d8fa23209911ac511ebbb1d7f5f10ffe5c59173ce178b7b0ae17544021fddc
