[INFO] fetching crate qpidfile 0.9.2...
[INFO] testing qpidfile-0.9.2 against 1.54.0 for beta-1.55-1
[INFO] extracting crate qpidfile 0.9.2 into /workspace/builds/worker-108/source
[INFO] validating manifest of crates.io crate qpidfile 0.9.2 on toolchain 1.54.0
[INFO] running `Command { std: "/workspace/cargo-home/bin/cargo" "+1.54.0" "metadata" "--manifest-path" "Cargo.toml" "--no-deps", kill_on_drop: false }`
[INFO] started tweaking crates.io crate qpidfile 0.9.2
[INFO] finished tweaking crates.io crate qpidfile 0.9.2
[INFO] tweaked toml for crates.io crate qpidfile 0.9.2 written to /workspace/builds/worker-108/source/Cargo.toml
[INFO] running `Command { std: "/workspace/cargo-home/bin/cargo" "+1.54.0" "generate-lockfile" "--manifest-path" "Cargo.toml" "-Zno-index-update", kill_on_drop: false }`
[INFO] running `Command { std: "/workspace/cargo-home/bin/cargo" "+1.54.0" "fetch" "--manifest-path" "Cargo.toml", kill_on_drop: false }`
[INFO] running `Command { std: "docker" "create" "-v" "/var/lib/crater-agent-workspace/builds/worker-108/target:/opt/rustwide/target:rw,Z" "-v" "/var/lib/crater-agent-workspace/builds/worker-108/source:/opt/rustwide/workdir:ro,Z" "-v" "/var/lib/crater-agent-workspace/cargo-home:/opt/rustwide/cargo-home:ro,Z" "-v" "/var/lib/crater-agent-workspace/rustup-home:/opt/rustwide/rustup-home:ro,Z" "-e" "SOURCE_DIR=/opt/rustwide/workdir" "-e" "CARGO_TARGET_DIR=/opt/rustwide/target" "-e" "CARGO_HOME=/opt/rustwide/cargo-home" "-e" "RUSTUP_HOME=/opt/rustwide/rustup-home" "-w" "/opt/rustwide/workdir" "-m" "1610612736" "--user" "0:0" "--network" "none" "ghcr.io/rust-lang/crates-build-env/linux@sha256:34b6a614d2c27851fe6cbf88fbd1137609cefab8b10d0615aaeb6fd47975d74e" "/opt/rustwide/cargo-home/bin/cargo" "+1.54.0" "metadata" "--no-deps" "--format-version=1", kill_on_drop: false }`
[INFO] [stdout] 8dc982e529dcdec9c84aab01c4b8f77097b3f4ad211d0af9cae2f2e82c14a855
[INFO] running `Command { std: "docker" "start" "-a" "8dc982e529dcdec9c84aab01c4b8f77097b3f4ad211d0af9cae2f2e82c14a855", kill_on_drop: false }`
[INFO] running `Command { std: "docker" "inspect" "8dc982e529dcdec9c84aab01c4b8f77097b3f4ad211d0af9cae2f2e82c14a855", kill_on_drop: false }`
[INFO] running `Command { std: "docker" "rm" "-f" "8dc982e529dcdec9c84aab01c4b8f77097b3f4ad211d0af9cae2f2e82c14a855", kill_on_drop: false }`
[INFO] [stdout] 8dc982e529dcdec9c84aab01c4b8f77097b3f4ad211d0af9cae2f2e82c14a855
[INFO] running `Command { std: "docker" "create" "-v" "/var/lib/crater-agent-workspace/builds/worker-108/target:/opt/rustwide/target:rw,Z" "-v" "/var/lib/crater-agent-workspace/builds/worker-108/source:/opt/rustwide/workdir:ro,Z" "-v" "/var/lib/crater-agent-workspace/cargo-home:/opt/rustwide/cargo-home:ro,Z" "-v" "/var/lib/crater-agent-workspace/rustup-home:/opt/rustwide/rustup-home:ro,Z" "-e" "SOURCE_DIR=/opt/rustwide/workdir" "-e" "CARGO_TARGET_DIR=/opt/rustwide/target" "-e" "CARGO_INCREMENTAL=0" "-e" "RUST_BACKTRACE=full" "-e" "RUSTFLAGS=--cap-lints=warn" "-e" "CARGO_HOME=/opt/rustwide/cargo-home" "-e" "RUSTUP_HOME=/opt/rustwide/rustup-home" "-w" "/opt/rustwide/workdir" "-m" "1610612736" "--user" "0:0" "--network" "none" "ghcr.io/rust-lang/crates-build-env/linux@sha256:34b6a614d2c27851fe6cbf88fbd1137609cefab8b10d0615aaeb6fd47975d74e" "/opt/rustwide/cargo-home/bin/cargo" "+1.54.0" "build" "--frozen" "--message-format=json", kill_on_drop: false }`
[INFO] [stdout] 3e04b46853a45457e9e794250ee739db9a1f395ca08eaa28f6ca105948b5b831
[INFO] running `Command { std: "docker" "start" "-a" "3e04b46853a45457e9e794250ee739db9a1f395ca08eaa28f6ca105948b5b831", kill_on_drop: false }`
[INFO] [stderr]    Compiling qpidfile v0.9.2 (/opt/rustwide/workdir)
[INFO] [stderr]     Finished dev [unoptimized + debuginfo] target(s) in 0.53s
[INFO] running `Command { std: "docker" "inspect" "3e04b46853a45457e9e794250ee739db9a1f395ca08eaa28f6ca105948b5b831", kill_on_drop: false }`
[INFO] running `Command { std: "docker" "rm" "-f" "3e04b46853a45457e9e794250ee739db9a1f395ca08eaa28f6ca105948b5b831", kill_on_drop: false }`
[INFO] [stdout] 3e04b46853a45457e9e794250ee739db9a1f395ca08eaa28f6ca105948b5b831
[INFO] running `Command { std: "docker" "create" "-v" "/var/lib/crater-agent-workspace/builds/worker-108/target:/opt/rustwide/target:rw,Z" "-v" "/var/lib/crater-agent-workspace/builds/worker-108/source:/opt/rustwide/workdir:ro,Z" "-v" "/var/lib/crater-agent-workspace/cargo-home:/opt/rustwide/cargo-home:ro,Z" "-v" "/var/lib/crater-agent-workspace/rustup-home:/opt/rustwide/rustup-home:ro,Z" "-e" "SOURCE_DIR=/opt/rustwide/workdir" "-e" "CARGO_TARGET_DIR=/opt/rustwide/target" "-e" "CARGO_INCREMENTAL=0" "-e" "RUST_BACKTRACE=full" "-e" "RUSTFLAGS=--cap-lints=warn" "-e" "CARGO_HOME=/opt/rustwide/cargo-home" "-e" "RUSTUP_HOME=/opt/rustwide/rustup-home" "-w" "/opt/rustwide/workdir" "-m" "1610612736" "--user" "0:0" "--network" "none" "ghcr.io/rust-lang/crates-build-env/linux@sha256:34b6a614d2c27851fe6cbf88fbd1137609cefab8b10d0615aaeb6fd47975d74e" "/opt/rustwide/cargo-home/bin/cargo" "+1.54.0" "test" "--frozen" "--no-run" "--message-format=json", kill_on_drop: false }`
[INFO] [stdout] d205179fa4c45a5467ff0db448b600957710659ce1d6adbacf777b2fba5e6717
[INFO] running `Command { std: "docker" "start" "-a" "d205179fa4c45a5467ff0db448b600957710659ce1d6adbacf777b2fba5e6717", kill_on_drop: false }`
[INFO] [stderr]    Compiling qpidfile v0.9.2 (/opt/rustwide/workdir)
[INFO] [stderr]     Finished test [unoptimized + debuginfo] target(s) in 0.58s
[INFO] running `Command { std: "docker" "inspect" "d205179fa4c45a5467ff0db448b600957710659ce1d6adbacf777b2fba5e6717", kill_on_drop: false }`
[INFO] running `Command { std: "docker" "rm" "-f" "d205179fa4c45a5467ff0db448b600957710659ce1d6adbacf777b2fba5e6717", kill_on_drop: false }`
[INFO] [stdout] d205179fa4c45a5467ff0db448b600957710659ce1d6adbacf777b2fba5e6717
[INFO] running `Command { std: "docker" "create" "-v" "/var/lib/crater-agent-workspace/builds/worker-108/target:/opt/rustwide/target:rw,Z" "-v" "/var/lib/crater-agent-workspace/builds/worker-108/source:/opt/rustwide/workdir:ro,Z" "-v" "/var/lib/crater-agent-workspace/cargo-home:/opt/rustwide/cargo-home:ro,Z" "-v" "/var/lib/crater-agent-workspace/rustup-home:/opt/rustwide/rustup-home:ro,Z" "-e" "SOURCE_DIR=/opt/rustwide/workdir" "-e" "CARGO_TARGET_DIR=/opt/rustwide/target" "-e" "CARGO_INCREMENTAL=0" "-e" "RUST_BACKTRACE=full" "-e" "RUSTFLAGS=--cap-lints=warn" "-e" "CARGO_HOME=/opt/rustwide/cargo-home" "-e" "RUSTUP_HOME=/opt/rustwide/rustup-home" "-w" "/opt/rustwide/workdir" "-m" "1610612736" "--user" "0:0" "--network" "none" "ghcr.io/rust-lang/crates-build-env/linux@sha256:34b6a614d2c27851fe6cbf88fbd1137609cefab8b10d0615aaeb6fd47975d74e" "/opt/rustwide/cargo-home/bin/cargo" "+1.54.0" "test" "--frozen", kill_on_drop: false }`
[INFO] [stdout] 00afe7370a5576affe4ececee8002b59ef03b034c479a3d2dd3b21045ec0f55f
[INFO] running `Command { std: "docker" "start" "-a" "00afe7370a5576affe4ececee8002b59ef03b034c479a3d2dd3b21045ec0f55f", kill_on_drop: false }`
[INFO] [stderr]     Finished test [unoptimized + debuginfo] target(s) in 0.04s
[INFO] [stderr]      Running unittests (/opt/rustwide/target/debug/deps/qpidfile-7584cd24222b26de)
[INFO] [stdout] 
[INFO] [stdout] running 0 tests
[INFO] [stdout] 
[INFO] [stdout] test result: ok. 0 passed; 0 failed; 0 ignored; 0 measured; 0 filtered out; finished in 0.00s
[INFO] [stdout] 
[INFO] [stderr]    Doc-tests qpidfile
[INFO] [stdout] 
[INFO] [stdout] running 1 test
[INFO] [stdout] test src/lib.rs - (line 5) ... FAILED
[INFO] [stdout] 
[INFO] [stdout] failures:
[INFO] [stdout] 
[INFO] [stdout] ---- src/lib.rs - (line 5) stdout ----
[INFO] [stdout] error[E0433]: failed to resolve: use of undeclared type `Pidfile`
[INFO] [stdout]  --> src/lib.rs:7:17
[INFO] [stdout]   |
[INFO] [stdout] 3 |   let pidfile = Pidfile::new("myserver.pid");
[INFO] [stdout]   |                 ^^^^^^^ not found in this scope
[INFO] [stdout]   |
[INFO] [stdout] help: consider importing this struct
[INFO] [stdout]   |
[INFO] [stdout] 2 | use qpidfile::Pidfile;
[INFO] [stdout]   |
[INFO] [stdout] 
[INFO] [stdout] error: aborting due to previous error
[INFO] [stdout] 
[INFO] [stdout] For more information about this error, try `rustc --explain E0433`.
[INFO] [stdout] Couldn't compile the test.
[INFO] [stdout] 
[INFO] [stdout] failures:
[INFO] [stdout]     src/lib.rs - (line 5)
[INFO] [stdout] 
[INFO] [stdout] test result: FAILED. 0 passed; 1 failed; 0 ignored; 0 measured; 0 filtered out; finished in 0.08s
[INFO] [stdout] 
[INFO] [stderr] error: test failed, to rerun pass '--doc'
[INFO] running `Command { std: "docker" "inspect" "00afe7370a5576affe4ececee8002b59ef03b034c479a3d2dd3b21045ec0f55f", kill_on_drop: false }`
[INFO] running `Command { std: "docker" "rm" "-f" "00afe7370a5576affe4ececee8002b59ef03b034c479a3d2dd3b21045ec0f55f", kill_on_drop: false }`
[INFO] [stdout] 00afe7370a5576affe4ececee8002b59ef03b034c479a3d2dd3b21045ec0f55f
