[INFO] fetching crate qasmsim 1.1.0...
[INFO] testing qasmsim-1.1.0 against 1.54.0 for beta-1.55-1
[INFO] extracting crate qasmsim 1.1.0 into /workspace/builds/worker-103/source
[INFO] validating manifest of crates.io crate qasmsim 1.1.0 on toolchain 1.54.0
[INFO] running `Command { std: "/workspace/cargo-home/bin/cargo" "+1.54.0" "metadata" "--manifest-path" "Cargo.toml" "--no-deps", kill_on_drop: false }`
[INFO] started tweaking crates.io crate qasmsim 1.1.0
[INFO] finished tweaking crates.io crate qasmsim 1.1.0
[INFO] tweaked toml for crates.io crate qasmsim 1.1.0 written to /workspace/builds/worker-103/source/Cargo.toml
[INFO] crate crates.io crate qasmsim 1.1.0 already has a lockfile, it will not be regenerated
[INFO] running `Command { std: "/workspace/cargo-home/bin/cargo" "+1.54.0" "fetch" "--manifest-path" "Cargo.toml", kill_on_drop: false }`
[INFO] running `Command { std: "docker" "create" "-v" "/var/lib/crater-agent-workspace/builds/worker-103/target:/opt/rustwide/target:rw,Z" "-v" "/var/lib/crater-agent-workspace/builds/worker-103/source:/opt/rustwide/workdir:ro,Z" "-v" "/var/lib/crater-agent-workspace/cargo-home:/opt/rustwide/cargo-home:ro,Z" "-v" "/var/lib/crater-agent-workspace/rustup-home:/opt/rustwide/rustup-home:ro,Z" "-e" "SOURCE_DIR=/opt/rustwide/workdir" "-e" "CARGO_TARGET_DIR=/opt/rustwide/target" "-e" "CARGO_HOME=/opt/rustwide/cargo-home" "-e" "RUSTUP_HOME=/opt/rustwide/rustup-home" "-w" "/opt/rustwide/workdir" "-m" "1610612736" "--user" "0:0" "--network" "none" "ghcr.io/rust-lang/crates-build-env/linux@sha256:34b6a614d2c27851fe6cbf88fbd1137609cefab8b10d0615aaeb6fd47975d74e" "/opt/rustwide/cargo-home/bin/cargo" "+1.54.0" "metadata" "--no-deps" "--format-version=1", kill_on_drop: false }`
[INFO] [stdout] 10bad8111956b30b4c573f6458179d1ceee246e71381eba22c5bb5bb6cd49cf8
[INFO] running `Command { std: "docker" "start" "-a" "10bad8111956b30b4c573f6458179d1ceee246e71381eba22c5bb5bb6cd49cf8", kill_on_drop: false }`
[INFO] running `Command { std: "docker" "inspect" "10bad8111956b30b4c573f6458179d1ceee246e71381eba22c5bb5bb6cd49cf8", kill_on_drop: false }`
[INFO] running `Command { std: "docker" "rm" "-f" "10bad8111956b30b4c573f6458179d1ceee246e71381eba22c5bb5bb6cd49cf8", kill_on_drop: false }`
[INFO] [stdout] 10bad8111956b30b4c573f6458179d1ceee246e71381eba22c5bb5bb6cd49cf8
[INFO] running `Command { std: "docker" "create" "-v" "/var/lib/crater-agent-workspace/builds/worker-103/target:/opt/rustwide/target:rw,Z" "-v" "/var/lib/crater-agent-workspace/builds/worker-103/source:/opt/rustwide/workdir:ro,Z" "-v" "/var/lib/crater-agent-workspace/cargo-home:/opt/rustwide/cargo-home:ro,Z" "-v" "/var/lib/crater-agent-workspace/rustup-home:/opt/rustwide/rustup-home:ro,Z" "-e" "SOURCE_DIR=/opt/rustwide/workdir" "-e" "CARGO_TARGET_DIR=/opt/rustwide/target" "-e" "CARGO_INCREMENTAL=0" "-e" "RUST_BACKTRACE=full" "-e" "RUSTFLAGS=--cap-lints=warn" "-e" "CARGO_HOME=/opt/rustwide/cargo-home" "-e" "RUSTUP_HOME=/opt/rustwide/rustup-home" "-w" "/opt/rustwide/workdir" "-m" "1610612736" "--user" "0:0" "--network" "none" "ghcr.io/rust-lang/crates-build-env/linux@sha256:34b6a614d2c27851fe6cbf88fbd1137609cefab8b10d0615aaeb6fd47975d74e" "/opt/rustwide/cargo-home/bin/cargo" "+1.54.0" "build" "--frozen" "--message-format=json", kill_on_drop: false }`
[INFO] [stdout] e875eeb36f4d1119cd01922cf06ccf2ac783bd487deafff3eb116385d98b2451
[INFO] running `Command { std: "docker" "start" "-a" "e875eeb36f4d1119cd01922cf06ccf2ac783bd487deafff3eb116385d98b2451", kill_on_drop: false }`
[INFO] [stderr]    Compiling autocfg v1.0.0
[INFO] [stderr]    Compiling proc-macro2 v1.0.12
[INFO] [stderr]    Compiling unicode-xid v0.2.0
[INFO] [stderr]    Compiling syn v1.0.21
[INFO] [stderr]    Compiling libc v0.2.70
[INFO] [stderr]    Compiling serde v1.0.110
[INFO] [stderr]    Compiling byteorder v1.3.4
[INFO] [stderr]    Compiling lazy_static v1.4.0
[INFO] [stderr]    Compiling memchr v2.3.3
[INFO] [stderr]    Compiling cfg-if v0.1.10
[INFO] [stderr]    Compiling typenum v1.12.0
[INFO] [stderr]    Compiling version_check v0.9.1
[INFO] [stderr]    Compiling byte-tools v0.3.1
[INFO] [stderr]    Compiling log v0.4.8
[INFO] [stderr]    Compiling getrandom v0.1.14
[INFO] [stderr]    Compiling siphasher v0.3.3
[INFO] [stderr]    Compiling regex-syntax v0.6.17
[INFO] [stderr]    Compiling fixedbitset v0.2.0
[INFO] [stderr]    Compiling new_debug_unreachable v1.0.4
[INFO] [stderr]    Compiling either v1.5.3
[INFO] [stderr]    Compiling bitflags v1.2.1
[INFO] [stderr]    Compiling fake-simd v0.1.2
[INFO] [stderr]    Compiling bit-vec v0.6.2
[INFO] [stderr]    Compiling strsim v0.9.3
[INFO] [stderr]    Compiling opaque-debug v0.2.3
[INFO] [stderr]    Compiling precomputed-hash v0.1.1
[INFO] [stderr]    Compiling unicode-width v0.1.7
[INFO] [stderr]    Compiling unicode-segmentation v1.6.0
[INFO] [stderr]    Compiling lalrpop-util v0.19.0
[INFO] [stderr]    Compiling diff v0.1.12
[INFO] [stderr]    Compiling ryu v1.0.4
[INFO] [stderr]    Compiling ppv-lite86 v0.2.6
[INFO] [stderr]    Compiling once_cell v1.4.0
[INFO] [stderr]    Compiling itoa v0.4.5
[INFO] [stderr]    Compiling encode_unicode v0.3.6
[INFO] [stderr]    Compiling phf_shared v0.8.0
[INFO] [stderr]    Compiling block-padding v0.1.5
[INFO] [stderr]    Compiling thread_local v1.0.1
[INFO] [stderr]    Compiling bit-set v0.5.2
[INFO] [stderr]    Compiling num-traits v0.2.11
[INFO] [stderr]    Compiling indexmap v1.3.2
[INFO] [stderr]    Compiling num-integer v0.1.42
[INFO] [stderr]    Compiling num-bigint v0.2.6
[INFO] [stderr]    Compiling num-iter v0.1.40
[INFO] [stderr]    Compiling num-complex v0.2.4
[INFO] [stderr]    Compiling num-rational v0.2.4
[INFO] [stderr]    Compiling textwrap v0.11.0
[INFO] [stderr]    Compiling itertools v0.9.0
[INFO] [stderr]    Compiling proc-macro-error-attr v1.0.2
[INFO] [stderr]    Compiling proc-macro-error v1.0.2
[INFO] [stderr]    Compiling cached v0.12.0
[INFO] [stderr]    Compiling heck v0.3.1
[INFO] [stderr]    Compiling ena v0.14.0
[INFO] [stderr]    Compiling aho-corasick v0.7.10
[INFO] [stderr]    Compiling csv-core v0.1.10
[INFO] [stderr]    Compiling clap v2.33.1
[INFO] [stderr]    Compiling regex-automata v0.1.9
[INFO] [stderr]    Compiling quote v1.0.5
[INFO] [stderr]    Compiling dirs v1.0.5
[INFO] [stderr]    Compiling atty v0.2.14
[INFO] [stderr]    Compiling term v0.5.2
[INFO] [stderr]    Compiling rand_core v0.5.1
[INFO] [stderr]    Compiling generic-array v0.12.3
[INFO] [stderr]    Compiling ascii-canvas v2.0.0
[INFO] [stderr]    Compiling prettytable-rs v0.8.0
[INFO] [stderr]    Compiling petgraph v0.5.0
[INFO] [stderr]    Compiling regex v1.3.7
[INFO] [stderr]    Compiling digest v0.8.1
[INFO] [stderr]    Compiling block-buffer v0.7.3
[INFO] [stderr]    Compiling rand_chacha v0.2.2
[INFO] [stderr]    Compiling float-cmp v0.8.0
[INFO] [stderr]    Compiling rand v0.7.3
[INFO] [stderr]    Compiling sha2 v0.8.1
[INFO] [stderr]    Compiling syn-mid v0.5.0
[INFO] [stderr]    Compiling serde_derive v1.0.110
[INFO] [stderr]    Compiling structopt-derive v0.4.7
[INFO] [stderr]    Compiling structopt v0.3.14
[INFO] [stderr]    Compiling docopt v1.1.0
[INFO] [stderr]    Compiling string_cache v0.8.0
[INFO] [stderr]    Compiling bstr v0.2.13
[INFO] [stderr]    Compiling csv v1.1.3
[INFO] [stderr]    Compiling lalrpop v0.19.0
[INFO] [stderr]    Compiling num v0.2.1
[INFO] [stderr]    Compiling qasmsim v1.1.0 (/opt/rustwide/workdir)
[INFO] [stderr]     Finished dev [unoptimized + debuginfo] target(s) in 1m 06s
[INFO] running `Command { std: "docker" "inspect" "e875eeb36f4d1119cd01922cf06ccf2ac783bd487deafff3eb116385d98b2451", kill_on_drop: false }`
[INFO] running `Command { std: "docker" "rm" "-f" "e875eeb36f4d1119cd01922cf06ccf2ac783bd487deafff3eb116385d98b2451", kill_on_drop: false }`
[INFO] [stdout] e875eeb36f4d1119cd01922cf06ccf2ac783bd487deafff3eb116385d98b2451
[INFO] running `Command { std: "docker" "create" "-v" "/var/lib/crater-agent-workspace/builds/worker-103/target:/opt/rustwide/target:rw,Z" "-v" "/var/lib/crater-agent-workspace/builds/worker-103/source:/opt/rustwide/workdir:ro,Z" "-v" "/var/lib/crater-agent-workspace/cargo-home:/opt/rustwide/cargo-home:ro,Z" "-v" "/var/lib/crater-agent-workspace/rustup-home:/opt/rustwide/rustup-home:ro,Z" "-e" "SOURCE_DIR=/opt/rustwide/workdir" "-e" "CARGO_TARGET_DIR=/opt/rustwide/target" "-e" "CARGO_INCREMENTAL=0" "-e" "RUST_BACKTRACE=full" "-e" "RUSTFLAGS=--cap-lints=warn" "-e" "CARGO_HOME=/opt/rustwide/cargo-home" "-e" "RUSTUP_HOME=/opt/rustwide/rustup-home" "-w" "/opt/rustwide/workdir" "-m" "1610612736" "--user" "0:0" "--network" "none" "ghcr.io/rust-lang/crates-build-env/linux@sha256:34b6a614d2c27851fe6cbf88fbd1137609cefab8b10d0615aaeb6fd47975d74e" "/opt/rustwide/cargo-home/bin/cargo" "+1.54.0" "test" "--frozen" "--no-run" "--message-format=json", kill_on_drop: false }`
[INFO] [stdout] 32239f7a1e002356b9256ca6935fd33ea7d76e9c2dc2e8151d9338ca5605c697
[INFO] running `Command { std: "docker" "start" "-a" "32239f7a1e002356b9256ca6935fd33ea7d76e9c2dc2e8151d9338ca5605c697", kill_on_drop: false }`
[INFO] [stderr]    Compiling proc-macro-hack v0.5.15
[INFO] [stderr]    Compiling unindent v0.1.5
[INFO] [stderr]    Compiling indoc-impl v0.3.5
[INFO] [stderr]    Compiling indoc v0.3.5
[INFO] [stderr]    Compiling qasmsim v1.1.0 (/opt/rustwide/workdir)
[INFO] [stderr]     Finished test [unoptimized + debuginfo] target(s) in 8.75s
[INFO] running `Command { std: "docker" "inspect" "32239f7a1e002356b9256ca6935fd33ea7d76e9c2dc2e8151d9338ca5605c697", kill_on_drop: false }`
[INFO] running `Command { std: "docker" "rm" "-f" "32239f7a1e002356b9256ca6935fd33ea7d76e9c2dc2e8151d9338ca5605c697", kill_on_drop: false }`
[INFO] [stdout] 32239f7a1e002356b9256ca6935fd33ea7d76e9c2dc2e8151d9338ca5605c697
[INFO] running `Command { std: "docker" "create" "-v" "/var/lib/crater-agent-workspace/builds/worker-103/target:/opt/rustwide/target:rw,Z" "-v" "/var/lib/crater-agent-workspace/builds/worker-103/source:/opt/rustwide/workdir:ro,Z" "-v" "/var/lib/crater-agent-workspace/cargo-home:/opt/rustwide/cargo-home:ro,Z" "-v" "/var/lib/crater-agent-workspace/rustup-home:/opt/rustwide/rustup-home:ro,Z" "-e" "SOURCE_DIR=/opt/rustwide/workdir" "-e" "CARGO_TARGET_DIR=/opt/rustwide/target" "-e" "CARGO_INCREMENTAL=0" "-e" "RUST_BACKTRACE=full" "-e" "RUSTFLAGS=--cap-lints=warn" "-e" "CARGO_HOME=/opt/rustwide/cargo-home" "-e" "RUSTUP_HOME=/opt/rustwide/rustup-home" "-w" "/opt/rustwide/workdir" "-m" "1610612736" "--user" "0:0" "--network" "none" "ghcr.io/rust-lang/crates-build-env/linux@sha256:34b6a614d2c27851fe6cbf88fbd1137609cefab8b10d0615aaeb6fd47975d74e" "/opt/rustwide/cargo-home/bin/cargo" "+1.54.0" "test" "--frozen", kill_on_drop: false }`
[INFO] [stdout] e8ec541ca0357065ef544ab1fa22e4b444a3aa231b14b0397313deef09f8bb83
[INFO] running `Command { std: "docker" "start" "-a" "e8ec541ca0357065ef544ab1fa22e4b444a3aa231b14b0397313deef09f8bb83", kill_on_drop: false }`
[INFO] [stderr]     Finished test [unoptimized + debuginfo] target(s) in 0.20s
[INFO] [stderr]      Running unittests (/opt/rustwide/target/debug/deps/qasmsim-71fca2cd240ad8fc)
[INFO] [stdout] 
[INFO] [stdout] running 61 tests
[INFO] [stdout] test error::humanize::test_humanize_error::test_eof_error ... ok
[INFO] [stdout] test error::humanize::test_humanize_error::test_complete_error ... ok
[INFO] [stdout] test error::humanize::test_humanize_error::test_preserve_line_source_start ... ok
[INFO] [stdout] test error::humanize::test_humanize_error::test_trim_line_source_end ... ok
[INFO] [stdout] test error::test_into_doc_coords::test_middle_of_source ... ok
[INFO] [stdout] test error::test_into_doc_coords::test_beginning_of_source ... ok
[INFO] [stdout] test error::humanize::test_humanize_error::test_no_hint_error ... ok
[INFO] [stdout] test error::test_into_doc_coords::test_last_character ... ok
[INFO] [stdout] test grammar::lexer::tests::test_all_blankspace ... ok
[INFO] [stdout] test grammar::lexer::tests::regressions::test_gate_call ... ok
[INFO] [stdout] test grammar::lexer::tests::regressions::test_error_at_the_begining ... ok
[INFO] [stdout] test grammar::lexer::tests::test_composite_symbols ... ok
[INFO] [stdout] test grammar::lexer::tests::test_dont_admit_all_mayus_ids ... ok
[INFO] [stdout] test grammar::lexer::tests::test_gates ... ok
[INFO] [stdout] test grammar::tests::test_parse_expressions_in_arguments ... ok
[INFO] [stdout] test grammar::lexer::tests::test_keywords ... ok
[INFO] [stdout] test grammar::lexer::tests::test_simple_symbols ... ok
[INFO] [stdout] test grammar::lexer::tests::test_ids ... ok
[INFO] [stdout] test grammar::lexer::tests::test_literals ... ok
[INFO] [stdout] test interpreter::computation::test::test_histogram_builder_empty_histogram ... ok
[INFO] [stdout] test statevector::tests::test_cnot_c0t1 ... ok
[INFO] [stdout] test statevector::tests::test_cnot_c0t2_of_3_bits ... ok
[INFO] [stdout] test interpreter::computation::test::test_histogram_builder_couple_of_registers ... ok
[INFO] [stdout] test interpreter::computation::test::test_histogram_builder_couple_of_updates ... ok
[INFO] [stdout] test interpreter::expression_solver::test::test_expression_solver ... ok
[INFO] [stdout] test statevector::tests::test_state_vector_measurement_0 ... ok
[INFO] [stdout] test interpreter::computation::test::test_histogram_builder_different_values ... ok
[INFO] [stdout] test interpreter::computation::test::test_histogram_builder_one_update ... ok
[INFO] [stdout] test interpreter::expression_solver::test::test_expression_solver_fails_at_symbol_substitution ... ok
[INFO] [stdout] test interpreter::expression_solver::test::test_expression_solver_with_symbol_substitution ... ok
[INFO] [stdout] test grammar::lexer::tests::test_openqasm_header_sequence ... ok
[INFO] [stdout] test statevector::tests::test_cnot_c1t0_of_2_bits ... ok
[INFO] [stdout] test statevector::tests::test_cnot_is_reversible ... ok
[INFO] [stdout] test statevector::tests::test_cnot_c2t0_of_3_bits ... ok
[INFO] [stdout] test statevector::tests::test_state_vector_measurement_1 ... ok
[INFO] [stdout] test semantics::test::test_macro_definitions ... ok
[INFO] [stdout] test interpreter::computation::test::test_histogram_builder_different_repeated_values ... ok
[INFO] [stdout] test interpreter::expression_solver::test::test_expression_solver_with_functions ... ok
[INFO] [stdout] test statevector::tests::test_state_vector_measurement_superposition ... ok
[INFO] [stdout] test statevector::tests::test_measurement ... ok
[INFO] [stdout] test grammar::tests::test_comments ... ok
[INFO] [stdout] test statevector::tests::test_state_vector_measurement_2_qubit_superposition ... ok
[INFO] [stdout] test interpreter::argument_solver::test::test_replace_formal_parameter_with_actual_parameter ... ok
[INFO] [stdout] test grammar::tests::test_parse_program_without_version_string ... ok
[INFO] [stdout] test grammar::tests::test_parse_open_qasm ... ok
[INFO] [stdout] test grammar::tests::test_program_with_measure_and_reset ... ok
[INFO] [stdout] test interpreter::argument_solver::test::test_actual_parameter_not_found ... ok
[INFO] [stdout] test grammar::tests::test_parse_id_gate_macro ... ok
[INFO] [stdout] test grammar::tests::test_parse_cx_gate_macro ... ok
[INFO] [stdout] test grammar::tests::test_parse_gate_macro_with_gate_expansion ... ok
[INFO] [stdout] test linker::tests::test_linker_loads_embedded_libraries ... ok
[INFO] [stdout] test grammar::tests::test_operator_precedence ... ok
[INFO] [stdout] test grammar::tests::test_parse_u_gate_macro ... ok
[INFO] [stdout] test semantics::test::test_total_quantum_memory_size_is_ok ... ok
[INFO] [stdout] test semantics::test::test_total_classical_memory_size_is_ok ... ok
[INFO] [stdout] test semantics::test::test_symbol_table_stores_register_info ... ok
[INFO] [stdout] test semantics::test::test_memory_map ... ok
[INFO] [stdout] test semantics::test::test_cannot_redeclare_a_register ... ok
[INFO] [stdout] test grammar::tests::test_conditional_application ... ok
[INFO] [stdout] test grammar::lexer::tests::test_some_blankspace ... ok
[INFO] [stdout] test grammar::tests::test_parse_id_gate_macro_with_parenthesis ... ok
[INFO] [stdout] 
[INFO] [stdout] test result: ok. 61 passed; 0 failed; 0 ignored; 0 measured; 0 filtered out; finished in 0.15s
[INFO] [stdout] 
[INFO] [stderr]      Running unittests (/opt/rustwide/target/debug/deps/qasmsim-848cef94392f0f3f)
[INFO] [stdout] 
[INFO] [stdout] running 0 tests
[INFO] [stdout] 
[INFO] [stdout] test result: ok. 0 passed; 0 failed; 0 ignored; 0 measured; 0 filtered out; finished in 0.00s
[INFO] [stdout] 
[INFO] [stderr]    Doc-tests qasmsim
[INFO] [stdout] 
[INFO] [stdout] running 18 tests
[INFO] [stdout] test src/grammar.rs - grammar::parse_statement (line 47) ... FAILED
[INFO] [stdout] test src/grammar.rs - grammar::parse_program (line 47) ... FAILED
[INFO] [stdout] test src/grammar.rs - grammar::parse_program_body (line 47) ... FAILED
[INFO] [stdout] test src/grammar.rs - grammar::parse_library (line 52) ... FAILED
[INFO] [stdout] test src/error.rs - error::QasmSimError (line 48) ... FAILED
[INFO] [stdout] test src/api.rs - api::parse_and_link (line 35) ... FAILED
[INFO] [stdout] test src/grammar/ast.rs - grammar::ast::Argument (line 425) ... FAILED
[INFO] [stdout] test src/grammar.rs - grammar::parse_expression (line 47) ... FAILED
[INFO] [stdout] test src/arch/native.rs - arch::native::run (line 164) ... FAILED
[INFO] [stdout] test src/grammar/lexer.rs - grammar::lexer::LexicalError (line 72) ... ok
[INFO] [stdout] test src/interpreter/runtime.rs - interpreter::runtime::simulate_with_shots (line 642) ... FAILED
[INFO] [stdout] test src/grammar/ast.rs - grammar::ast::OpenQasmProgram (line 31) ... ok
[INFO] [stdout] test src/grammar/lexer.rs - grammar::lexer::Location (line 29) ... ok
[INFO] [stdout] test src/grammar/ast.rs - grammar::ast::OpenQasmLibrary (line 108) ... ok
[INFO] [stdout] test src/grammar/ast.rs - grammar::ast::Span (line 258) ... ok
[INFO] [stdout] test src/grammar/ast.rs - grammar::ast::Statement (line 205) ... ok
[INFO] [stdout] test src/interpreter/runtime.rs - interpreter::runtime::simulate (line 594) ... ok
[INFO] [stdout] test src/grammar/ast.rs - grammar::ast::BarrierPragma (line 174) ... ok
[INFO] [stdout] 
[INFO] [stdout] failures:
[INFO] [stdout] 
[INFO] [stdout] ---- src/grammar.rs - grammar::parse_statement (line 47) stdout ----
[INFO] [stdout] Couldn't compile the test.
[INFO] [stdout] ---- src/grammar.rs - grammar::parse_program (line 47) stdout ----
[INFO] [stdout] Couldn't compile the test.
[INFO] [stdout] ---- src/grammar.rs - grammar::parse_program_body (line 47) stdout ----
[INFO] [stdout] Couldn't compile the test.
[INFO] [stdout] ---- src/grammar.rs - grammar::parse_library (line 52) stdout ----
[INFO] [stdout] Couldn't compile the test.
[INFO] [stdout] ---- src/error.rs - error::QasmSimError (line 48) stdout ----
[INFO] [stdout] Couldn't compile the test.
[INFO] [stdout] ---- src/api.rs - api::parse_and_link (line 35) stdout ----
[INFO] [stdout] Couldn't compile the test.
[INFO] [stdout] ---- src/grammar/ast.rs - grammar::ast::Argument (line 425) stdout ----
[INFO] [stdout] error: linking with `cc` failed: exit status: 1
[INFO] [stdout]   |
[INFO] [stdout]   = note: "cc" "-m64" "/tmp/rustdoctest7mQpRa/rust_out.rust_out.7rcbfp3g-cgu.0.rcgu.o" "/tmp/rustdoctest7mQpRa/rust_out.33dyzt1ekirinwy8.rcgu.o" "-Wl,--as-needed" "-L" "/opt/rustwide/target/debug/deps" "-L" "/opt/rustwide/target/debug/deps" "-L" "/opt/rustwide/rustup-home/toolchains/1.54.0-x86_64-unknown-linux-gnu/lib/rustlib/x86_64-unknown-linux-gnu/lib" "-Wl,-Bstatic" "/opt/rustwide/target/debug/deps/libqasmsim.rlib" "/opt/rustwide/target/debug/deps/libnum-112b07011fcdd83b.rlib" "/opt/rustwide/target/debug/deps/libnum_rational-c4454544ec632a60.rlib" "/opt/rustwide/target/debug/deps/libnum_iter-dd4e5e16a5ef9937.rlib" "/opt/rustwide/target/debug/deps/libnum_complex-352666f307c2f5f9.rlib" "/opt/rustwide/target/debug/deps/libnum_bigint-438e02046837f67e.rlib" "/opt/rustwide/target/debug/deps/libnum_integer-22757090b0546d10.rlib" "/opt/rustwide/target/debug/deps/libserde-46e37d4aee9ef8f0.rlib" "/opt/rustwide/target/debug/deps/libcached-7cbf22aa1e940499.rlib" "/opt/rustwide/target/debug/deps/libonce_cell-ea49002e9c3c9a8a.rlib" "/opt/rustwide/target/debug/deps/librand-a6d7bdfcdad80c97.rlib" "/opt/rustwide/target/debug/deps/librand_chacha-c0fe311a3d9d19ab.rlib" "/opt/rustwide/target/debug/deps/libppv_lite86-47a9a0faf4e4f945.rlib" "/opt/rustwide/target/debug/deps/librand_core-dbe124d7a35a74aa.rlib" "/opt/rustwide/target/debug/deps/libgetrandom-2eef523f37fbdd0e.rlib" "/opt/rustwide/target/debug/deps/liblibc-3214dcd8ffc236a5.rlib" "/opt/rustwide/target/debug/deps/libcfg_if-e7a28af79b261e75.rlib" "/opt/rustwide/target/debug/deps/libfloat_cmp-2aae6b04978bbaa9.rlib" "/opt/rustwide/target/debug/deps/libnum_traits-f2cf28af825bb4a1.rlib" "/opt/rustwide/target/debug/deps/libregex-bcbfd7f070b3b5a5.rlib" "/opt/rustwide/target/debug/deps/libthread_local-79a746b2b8f7bdad.rlib" "/opt/rustwide/target/debug/deps/libregex_syntax-04a5e88caa4e15dd.rlib" "/opt/rustwide/target/debug/deps/libaho_corasick-7b6979d0a71c6d34.rlib" "/opt/rustwide/target/debug/deps/libmemchr-d7dcdb754b97af01.rlib" "/opt/rustwide/target/debug/deps/liblazy_static-5c53d641eb010a81.rlib" "/opt/rustwide/target/debug/deps/liblalrpop_util-c82f49fc4374fa23.rlib" "-Wl,--start-group" "/opt/rustwide/rustup-home/toolchains/1.54.0-x86_64-unknown-linux-gnu/lib/rustlib/x86_64-unknown-linux-gnu/lib/libstd-2420485b9e5ef5e1.rlib" "/opt/rustwide/rustup-home/toolchains/1.54.0-x86_64-unknown-linux-gnu/lib/rustlib/x86_64-unknown-linux-gnu/lib/libpanic_unwind-785e3cb61c4b1960.rlib" "/opt/rustwide/rustup-home/toolchains/1.54.0-x86_64-unknown-linux-gnu/lib/rustlib/x86_64-unknown-linux-gnu/lib/libminiz_oxide-087191a88bdaa22d.rlib" "/opt/rustwide/rustup-home/toolchains/1.54.0-x86_64-unknown-linux-gnu/lib/rustlib/x86_64-unknown-linux-gnu/lib/libadler-9981842c02975178.rlib" "/opt/rustwide/rustup-home/toolchains/1.54.0-x86_64-unknown-linux-gnu/lib/rustlib/x86_64-unknown-linux-gnu/lib/libobject-6fb405869b015fde.rlib" "/opt/rustwide/rustup-home/toolchains/1.54.0-x86_64-unknown-linux-gnu/lib/rustlib/x86_64-unknown-linux-gnu/lib/libaddr2line-d05c5c3c56004b7b.rlib" "/opt/rustwide/rustup-home/toolchains/1.54.0-x86_64-unknown-linux-gnu/lib/rustlib/x86_64-unknown-linux-gnu/lib/libgimli-42d74d2097528b38.rlib" "/opt/rustwide/rustup-home/toolchains/1.54.0-x86_64-unknown-linux-gnu/lib/rustlib/x86_64-unknown-linux-gnu/lib/libstd_detect-fb36534c113d2209.rlib" "/opt/rustwide/rustup-home/toolchains/1.54.0-x86_64-unknown-linux-gnu/lib/rustlib/x86_64-unknown-linux-gnu/lib/librustc_demangle-b56b9042c12b6535.rlib" "/opt/rustwide/rustup-home/toolchains/1.54.0-x86_64-unknown-linux-gnu/lib/rustlib/x86_64-unknown-linux-gnu/lib/libhashbrown-491902d6cb3e76df.rlib" "/opt/rustwide/rustup-home/toolchains/1.54.0-x86_64-unknown-linux-gnu/lib/rustlib/x86_64-unknown-linux-gnu/lib/librustc_std_workspace_alloc-61834e0981b8c367.rlib" "/opt/rustwide/rustup-home/toolchains/1.54.0-x86_64-unknown-linux-gnu/lib/rustlib/x86_64-unknown-linux-gnu/lib/libunwind-f78aa99d613a55bc.rlib" "/opt/rustwide/rustup-home/toolchains/1.54.0-x86_64-unknown-linux-gnu/lib/rustlib/x86_64-unknown-linux-gnu/lib/libcfg_if-53ee54cd7fed2c57.rlib" "/opt/rustwide/rustup-home/toolchains/1.54.0-x86_64-unknown-linux-gnu/lib/rustlib/x86_64-unknown-linux-gnu/lib/liblibc-544ecdbd6cda3c58.rlib" "/opt/rustwide/rustup-home/toolchains/1.54.0-x86_64-unknown-linux-gnu/lib/rustlib/x86_64-unknown-linux-gnu/lib/liballoc-379cc252b6943a79.rlib" "/opt/rustwide/rustup-home/toolchains/1.54.0-x86_64-unknown-linux-gnu/lib/rustlib/x86_64-unknown-linux-gnu/lib/librustc_std_workspace_core-8063eea38dcc5e62.rlib" "/opt/rustwide/rustup-home/toolchains/1.54.0-x86_64-unknown-linux-gnu/lib/rustlib/x86_64-unknown-linux-gnu/lib/libcore-5b228734afae15ee.rlib" "-Wl,--end-group" "/opt/rustwide/rustup-home/toolchains/1.54.0-x86_64-unknown-linux-gnu/lib/rustlib/x86_64-unknown-linux-gnu/lib/libcompiler_builtins-d6c7a399d95d173f.rlib" "-Wl,-Bdynamic" "-lutil" "-ldl" "-lutil" "-lgcc_s" "-lutil" "-lrt" "-lpthread" "-lm" "-ldl" "-lc" "-Wl,--eh-frame-hdr" "-Wl,-znoexecstack" "-L" "/opt/rustwide/rustup-home/toolchains/1.54.0-x86_64-unknown-linux-gnu/lib/rustlib/x86_64-unknown-linux-gnu/lib" "-o" "/tmp/rustdoctest7mQpRa/rust_out" "-Wl,--gc-sections" "-pie" "-Wl,-zrelro" "-Wl,-znow" "-nodefaultlibs"
[INFO] [stdout]   = note: collect2: fatal error: ld terminated with signal 9 [Killed]
[INFO] [stdout]           compilation terminated.
[INFO] [stdout]           
[INFO] [stdout] 
[INFO] [stdout] error: aborting due to previous error
[INFO] [stdout] 
[INFO] [stdout] Couldn't compile the test.
[INFO] [stdout] ---- src/grammar.rs - grammar::parse_expression (line 47) stdout ----
[INFO] [stdout] Couldn't compile the test.
[INFO] [stdout] ---- src/arch/native.rs - arch::native::run (line 164) stdout ----
[INFO] [stdout] Couldn't compile the test.
[INFO] [stdout] ---- src/interpreter/runtime.rs - interpreter::runtime::simulate_with_shots (line 642) stdout ----
[INFO] [stdout] error: linking with `cc` failed: exit status: 1
[INFO] [stdout]   |
[INFO] [stdout]   = note: "cc" "-m64" "/tmp/rustdoctestLXopDw/rust_out.rust_out.7rcbfp3g-cgu.0.rcgu.o" "/tmp/rustdoctestLXopDw/rust_out.33dyzt1ekirinwy8.rcgu.o" "-Wl,--as-needed" "-L" "/opt/rustwide/target/debug/deps" "-L" "/opt/rustwide/target/debug/deps" "-L" "/opt/rustwide/rustup-home/toolchains/1.54.0-x86_64-unknown-linux-gnu/lib/rustlib/x86_64-unknown-linux-gnu/lib" "-Wl,-Bstatic" "/opt/rustwide/target/debug/deps/libqasmsim.rlib" "/opt/rustwide/target/debug/deps/libnum-112b07011fcdd83b.rlib" "/opt/rustwide/target/debug/deps/libnum_rational-c4454544ec632a60.rlib" "/opt/rustwide/target/debug/deps/libnum_iter-dd4e5e16a5ef9937.rlib" "/opt/rustwide/target/debug/deps/libnum_complex-352666f307c2f5f9.rlib" "/opt/rustwide/target/debug/deps/libnum_bigint-438e02046837f67e.rlib" "/opt/rustwide/target/debug/deps/libnum_integer-22757090b0546d10.rlib" "/opt/rustwide/target/debug/deps/libserde-46e37d4aee9ef8f0.rlib" "/opt/rustwide/target/debug/deps/libcached-7cbf22aa1e940499.rlib" "/opt/rustwide/target/debug/deps/libonce_cell-ea49002e9c3c9a8a.rlib" "/opt/rustwide/target/debug/deps/librand-a6d7bdfcdad80c97.rlib" "/opt/rustwide/target/debug/deps/librand_chacha-c0fe311a3d9d19ab.rlib" "/opt/rustwide/target/debug/deps/libppv_lite86-47a9a0faf4e4f945.rlib" "/opt/rustwide/target/debug/deps/librand_core-dbe124d7a35a74aa.rlib" "/opt/rustwide/target/debug/deps/libgetrandom-2eef523f37fbdd0e.rlib" "/opt/rustwide/target/debug/deps/liblibc-3214dcd8ffc236a5.rlib" "/opt/rustwide/target/debug/deps/libcfg_if-e7a28af79b261e75.rlib" "/opt/rustwide/target/debug/deps/libfloat_cmp-2aae6b04978bbaa9.rlib" "/opt/rustwide/target/debug/deps/libnum_traits-f2cf28af825bb4a1.rlib" "/opt/rustwide/target/debug/deps/libregex-bcbfd7f070b3b5a5.rlib" "/opt/rustwide/target/debug/deps/libthread_local-79a746b2b8f7bdad.rlib" "/opt/rustwide/target/debug/deps/libregex_syntax-04a5e88caa4e15dd.rlib" "/opt/rustwide/target/debug/deps/libaho_corasick-7b6979d0a71c6d34.rlib" "/opt/rustwide/target/debug/deps/libmemchr-d7dcdb754b97af01.rlib" "/opt/rustwide/target/debug/deps/liblazy_static-5c53d641eb010a81.rlib" "/opt/rustwide/target/debug/deps/liblalrpop_util-c82f49fc4374fa23.rlib" "-Wl,--start-group" "/opt/rustwide/rustup-home/toolchains/1.54.0-x86_64-unknown-linux-gnu/lib/rustlib/x86_64-unknown-linux-gnu/lib/libstd-2420485b9e5ef5e1.rlib" "/opt/rustwide/rustup-home/toolchains/1.54.0-x86_64-unknown-linux-gnu/lib/rustlib/x86_64-unknown-linux-gnu/lib/libpanic_unwind-785e3cb61c4b1960.rlib" "/opt/rustwide/rustup-home/toolchains/1.54.0-x86_64-unknown-linux-gnu/lib/rustlib/x86_64-unknown-linux-gnu/lib/libminiz_oxide-087191a88bdaa22d.rlib" "/opt/rustwide/rustup-home/toolchains/1.54.0-x86_64-unknown-linux-gnu/lib/rustlib/x86_64-unknown-linux-gnu/lib/libadler-9981842c02975178.rlib" "/opt/rustwide/rustup-home/toolchains/1.54.0-x86_64-unknown-linux-gnu/lib/rustlib/x86_64-unknown-linux-gnu/lib/libobject-6fb405869b015fde.rlib" "/opt/rustwide/rustup-home/toolchains/1.54.0-x86_64-unknown-linux-gnu/lib/rustlib/x86_64-unknown-linux-gnu/lib/libaddr2line-d05c5c3c56004b7b.rlib" "/opt/rustwide/rustup-home/toolchains/1.54.0-x86_64-unknown-linux-gnu/lib/rustlib/x86_64-unknown-linux-gnu/lib/libgimli-42d74d2097528b38.rlib" "/opt/rustwide/rustup-home/toolchains/1.54.0-x86_64-unknown-linux-gnu/lib/rustlib/x86_64-unknown-linux-gnu/lib/libstd_detect-fb36534c113d2209.rlib" "/opt/rustwide/rustup-home/toolchains/1.54.0-x86_64-unknown-linux-gnu/lib/rustlib/x86_64-unknown-linux-gnu/lib/librustc_demangle-b56b9042c12b6535.rlib" "/opt/rustwide/rustup-home/toolchains/1.54.0-x86_64-unknown-linux-gnu/lib/rustlib/x86_64-unknown-linux-gnu/lib/libhashbrown-491902d6cb3e76df.rlib" "/opt/rustwide/rustup-home/toolchains/1.54.0-x86_64-unknown-linux-gnu/lib/rustlib/x86_64-unknown-linux-gnu/lib/librustc_std_workspace_alloc-61834e0981b8c367.rlib" "/opt/rustwide/rustup-home/toolchains/1.54.0-x86_64-unknown-linux-gnu/lib/rustlib/x86_64-unknown-linux-gnu/lib/libunwind-f78aa99d613a55bc.rlib" "/opt/rustwide/rustup-home/toolchains/1.54.0-x86_64-unknown-linux-gnu/lib/rustlib/x86_64-unknown-linux-gnu/lib/libcfg_if-53ee54cd7fed2c57.rlib" "/opt/rustwide/rustup-home/toolchains/1.54.0-x86_64-unknown-linux-gnu/lib/rustlib/x86_64-unknown-linux-gnu/lib/liblibc-544ecdbd6cda3c58.rlib" "/opt/rustwide/rustup-home/toolchains/1.54.0-x86_64-unknown-linux-gnu/lib/rustlib/x86_64-unknown-linux-gnu/lib/liballoc-379cc252b6943a79.rlib" "/opt/rustwide/rustup-home/toolchains/1.54.0-x86_64-unknown-linux-gnu/lib/rustlib/x86_64-unknown-linux-gnu/lib/librustc_std_workspace_core-8063eea38dcc5e62.rlib" "/opt/rustwide/rustup-home/toolchains/1.54.0-x86_64-unknown-linux-gnu/lib/rustlib/x86_64-unknown-linux-gnu/lib/libcore-5b228734afae15ee.rlib" "-Wl,--end-group" "/opt/rustwide/rustup-home/toolchains/1.54.0-x86_64-unknown-linux-gnu/lib/rustlib/x86_64-unknown-linux-gnu/lib/libcompiler_builtins-d6c7a399d95d173f.rlib" "-Wl,-Bdynamic" "-lutil" "-ldl" "-lutil" "-lgcc_s" "-lutil" "-lrt" "-lpthread" "-lm" "-ldl" "-lc" "-Wl,--eh-frame-hdr" "-Wl,-znoexecstack" "-L" "/opt/rustwide/rustup-home/toolchains/1.54.0-x86_64-unknown-linux-gnu/lib/rustlib/x86_64-unknown-linux-gnu/lib" "-o" "/tmp/rustdoctestLXopDw/rust_out" "-Wl,--gc-sections" "-pie" "-Wl,-zrelro" "-Wl,-znow" "-nodefaultlibs"
[INFO] [stdout]   = note: collect2: fatal error: ld terminated with signal 9 [Killed]
[INFO] [stdout]           compilation terminated.
[INFO] [stdout]           
[INFO] [stdout] 
[INFO] [stdout] error: aborting due to previous error
[INFO] [stdout] 
[INFO] [stdout] Couldn't compile the test.
[INFO] [stdout] 
[INFO] [stdout] failures:
[INFO] [stdout]     src/api.rs - api::parse_and_link (line 35)
[INFO] [stdout]     src/arch/native.rs - arch::native::run (line 164)
[INFO] [stdout]     src/error.rs - error::QasmSimError (line 48)
[INFO] [stdout]     src/grammar.rs - grammar::parse_expression (line 47)
[INFO] [stdout]     src/grammar.rs - grammar::parse_library (line 52)
[INFO] [stdout]     src/grammar.rs - grammar::parse_program (line 47)
[INFO] [stdout]     src/grammar.rs - grammar::parse_program_body (line 47)
[INFO] [stdout]     src/grammar.rs - grammar::parse_statement (line 47)
[INFO] [stdout]     src/grammar/ast.rs - grammar::ast::Argument (line 425)
[INFO] [stdout]     src/interpreter/runtime.rs - interpreter::runtime::simulate_with_shots (line 642)
[INFO] [stdout] 
[INFO] [stdout] test result: FAILED. 8 passed; 10 failed; 0 ignored; 0 measured; 0 filtered out; finished in 8.53s
[INFO] [stdout] 
[INFO] [stderr] error: test failed, to rerun pass '--doc'
[INFO] running `Command { std: "docker" "inspect" "e8ec541ca0357065ef544ab1fa22e4b444a3aa231b14b0397313deef09f8bb83", kill_on_drop: false }`
[INFO] running `Command { std: "docker" "rm" "-f" "e8ec541ca0357065ef544ab1fa22e4b444a3aa231b14b0397313deef09f8bb83", kill_on_drop: false }`
[INFO] [stdout] e8ec541ca0357065ef544ab1fa22e4b444a3aa231b14b0397313deef09f8bb83
