[INFO] fetching crate pyembed 0.16.0...
[INFO] testing pyembed-0.16.0 against 1.54.0 for beta-1.55-1
[INFO] extracting crate pyembed 0.16.0 into /workspace/builds/worker-28/source
[INFO] validating manifest of crates.io crate pyembed 0.16.0 on toolchain 1.54.0
[INFO] running `Command { std: "/workspace/cargo-home/bin/cargo" "+1.54.0" "metadata" "--manifest-path" "Cargo.toml" "--no-deps", kill_on_drop: false }`
[INFO] removed /workspace/builds/worker-28/source/.cargo/config
[INFO] started tweaking crates.io crate pyembed 0.16.0
[INFO] finished tweaking crates.io crate pyembed 0.16.0
[INFO] tweaked toml for crates.io crate pyembed 0.16.0 written to /workspace/builds/worker-28/source/Cargo.toml
[INFO] running `Command { std: "/workspace/cargo-home/bin/cargo" "+1.54.0" "generate-lockfile" "--manifest-path" "Cargo.toml" "-Zno-index-update", kill_on_drop: false }`
[INFO] running `Command { std: "/workspace/cargo-home/bin/cargo" "+1.54.0" "fetch" "--manifest-path" "Cargo.toml", kill_on_drop: false }`
[INFO] [stderr]     Blocking waiting for file lock on package cache
[INFO] [stderr]     Blocking waiting for file lock on package cache
[INFO] running `Command { std: "docker" "create" "-v" "/var/lib/crater-agent-workspace/builds/worker-28/target:/opt/rustwide/target:rw,Z" "-v" "/var/lib/crater-agent-workspace/builds/worker-28/source:/opt/rustwide/workdir:ro,Z" "-v" "/var/lib/crater-agent-workspace/cargo-home:/opt/rustwide/cargo-home:ro,Z" "-v" "/var/lib/crater-agent-workspace/rustup-home:/opt/rustwide/rustup-home:ro,Z" "-e" "SOURCE_DIR=/opt/rustwide/workdir" "-e" "CARGO_TARGET_DIR=/opt/rustwide/target" "-e" "CARGO_HOME=/opt/rustwide/cargo-home" "-e" "RUSTUP_HOME=/opt/rustwide/rustup-home" "-w" "/opt/rustwide/workdir" "-m" "1610612736" "--user" "0:0" "--network" "none" "ghcr.io/rust-lang/crates-build-env/linux@sha256:34b6a614d2c27851fe6cbf88fbd1137609cefab8b10d0615aaeb6fd47975d74e" "/opt/rustwide/cargo-home/bin/cargo" "+1.54.0" "metadata" "--no-deps" "--format-version=1", kill_on_drop: false }`
[INFO] [stdout] 16ff6417f50542223941f44ef2c936b15f36549dc2d94c68548e0633cff31a9d
[INFO] running `Command { std: "docker" "start" "-a" "16ff6417f50542223941f44ef2c936b15f36549dc2d94c68548e0633cff31a9d", kill_on_drop: false }`
[INFO] running `Command { std: "docker" "inspect" "16ff6417f50542223941f44ef2c936b15f36549dc2d94c68548e0633cff31a9d", kill_on_drop: false }`
[INFO] running `Command { std: "docker" "rm" "-f" "16ff6417f50542223941f44ef2c936b15f36549dc2d94c68548e0633cff31a9d", kill_on_drop: false }`
[INFO] [stdout] 16ff6417f50542223941f44ef2c936b15f36549dc2d94c68548e0633cff31a9d
[INFO] running `Command { std: "docker" "create" "-v" "/var/lib/crater-agent-workspace/builds/worker-28/target:/opt/rustwide/target:rw,Z" "-v" "/var/lib/crater-agent-workspace/builds/worker-28/source:/opt/rustwide/workdir:ro,Z" "-v" "/var/lib/crater-agent-workspace/cargo-home:/opt/rustwide/cargo-home:ro,Z" "-v" "/var/lib/crater-agent-workspace/rustup-home:/opt/rustwide/rustup-home:ro,Z" "-e" "SOURCE_DIR=/opt/rustwide/workdir" "-e" "CARGO_TARGET_DIR=/opt/rustwide/target" "-e" "CARGO_INCREMENTAL=0" "-e" "RUST_BACKTRACE=full" "-e" "RUSTFLAGS=--cap-lints=warn" "-e" "CARGO_HOME=/opt/rustwide/cargo-home" "-e" "RUSTUP_HOME=/opt/rustwide/rustup-home" "-w" "/opt/rustwide/workdir" "-m" "1610612736" "--user" "0:0" "--network" "none" "ghcr.io/rust-lang/crates-build-env/linux@sha256:34b6a614d2c27851fe6cbf88fbd1137609cefab8b10d0615aaeb6fd47975d74e" "/opt/rustwide/cargo-home/bin/cargo" "+1.54.0" "build" "--frozen" "--message-format=json", kill_on_drop: false }`
[INFO] [stdout] b10ea02e0b6e89e31a8c226703a2c502a002318975b145cda7f00db15db5b5fd
[INFO] running `Command { std: "docker" "start" "-a" "b10ea02e0b6e89e31a8c226703a2c502a002318975b145cda7f00db15db5b5fd", kill_on_drop: false }`
[INFO] [stderr]    Compiling memchr v2.4.0
[INFO] [stderr]    Compiling regex-syntax v0.6.25
[INFO] [stderr]    Compiling encoding_rs v0.8.28
[INFO] [stderr]    Compiling byteorder v1.4.3
[INFO] [stderr]    Compiling anyhow v1.0.42
[INFO] [stderr]    Compiling base64 v0.13.0
[INFO] [stderr]    Compiling either v1.6.1
[INFO] [stderr]    Compiling cpython v0.6.0
[INFO] [stderr]    Compiling same-file v1.0.6
[INFO] [stderr]    Compiling quoted_printable v0.4.3
[INFO] [stderr]    Compiling pyembed v0.16.0 (/opt/rustwide/workdir)
[INFO] [stderr]    Compiling tugger-file-manifest v0.4.0
[INFO] [stderr]    Compiling once_cell v1.8.0
[INFO] [stderr]    Compiling paste v1.0.5
[INFO] [stderr]    Compiling dunce v1.0.2
[INFO] [stderr]    Compiling num-traits v0.2.14
[INFO] [stderr]    Compiling spdx v0.4.1
[INFO] [stderr]    Compiling memmap v0.7.0
[INFO] [stderr]    Compiling base64 v0.10.1
[INFO] [stderr]    Compiling itertools v0.10.1
[INFO] [stderr]    Compiling walkdir v2.3.2
[INFO] [stderr]    Compiling aho-corasick v0.7.18
[INFO] [stderr]    Compiling tugger-licensing v0.3.0
[INFO] [stderr]    Compiling python-packed-resources v0.7.0
[INFO] [stderr]    Compiling charset v0.1.2
[INFO] [stderr]    Compiling mailparse v0.13.5
[INFO] [stderr]    Compiling regex v1.5.4
[INFO] [stderr]    Compiling python-packaging v0.9.0
[INFO] [stderr]    Compiling python3-sys v0.6.0
[INFO] [stderr]     Finished dev [unoptimized + debuginfo] target(s) in 23.73s
[INFO] running `Command { std: "docker" "inspect" "b10ea02e0b6e89e31a8c226703a2c502a002318975b145cda7f00db15db5b5fd", kill_on_drop: false }`
[INFO] running `Command { std: "docker" "rm" "-f" "b10ea02e0b6e89e31a8c226703a2c502a002318975b145cda7f00db15db5b5fd", kill_on_drop: false }`
[INFO] [stdout] b10ea02e0b6e89e31a8c226703a2c502a002318975b145cda7f00db15db5b5fd
[INFO] running `Command { std: "docker" "create" "-v" "/var/lib/crater-agent-workspace/builds/worker-28/target:/opt/rustwide/target:rw,Z" "-v" "/var/lib/crater-agent-workspace/builds/worker-28/source:/opt/rustwide/workdir:ro,Z" "-v" "/var/lib/crater-agent-workspace/cargo-home:/opt/rustwide/cargo-home:ro,Z" "-v" "/var/lib/crater-agent-workspace/rustup-home:/opt/rustwide/rustup-home:ro,Z" "-e" "SOURCE_DIR=/opt/rustwide/workdir" "-e" "CARGO_TARGET_DIR=/opt/rustwide/target" "-e" "CARGO_INCREMENTAL=0" "-e" "RUST_BACKTRACE=full" "-e" "RUSTFLAGS=--cap-lints=warn" "-e" "CARGO_HOME=/opt/rustwide/cargo-home" "-e" "RUSTUP_HOME=/opt/rustwide/rustup-home" "-w" "/opt/rustwide/workdir" "-m" "1610612736" "--user" "0:0" "--network" "none" "ghcr.io/rust-lang/crates-build-env/linux@sha256:34b6a614d2c27851fe6cbf88fbd1137609cefab8b10d0615aaeb6fd47975d74e" "/opt/rustwide/cargo-home/bin/cargo" "+1.54.0" "test" "--frozen" "--no-run" "--message-format=json", kill_on_drop: false }`
[INFO] [stdout] 823db9f9abe94c7eea8a6548b06e096542c2935a54b1f7eba7adc82757f2702e
[INFO] running `Command { std: "docker" "start" "-a" "823db9f9abe94c7eea8a6548b06e096542c2935a54b1f7eba7adc82757f2702e", kill_on_drop: false }`
[INFO] [stderr]     Blocking waiting for file lock on package cache
[INFO] [stderr]    Compiling ppv-lite86 v0.2.10
[INFO] [stderr]    Compiling remove_dir_all v0.5.3
[INFO] [stderr]    Compiling quick-error v1.2.3
[INFO] [stderr]    Compiling pathdiff v0.2.0
[INFO] [stderr]    Compiling getrandom v0.2.3
[INFO] [stderr]    Compiling wait-timeout v0.2.0
[INFO] [stderr]    Compiling rand_core v0.6.3
[INFO] [stderr]    Compiling rand_chacha v0.3.1
[INFO] [stderr]    Compiling rand v0.8.4
[INFO] [stderr]    Compiling tempfile v3.2.0
[INFO] [stderr]    Compiling rusty-fork v0.3.0
[INFO] [stderr]    Compiling pyembed v0.16.0 (/opt/rustwide/workdir)
[INFO] [stderr]     Finished test [unoptimized + debuginfo] target(s) in 15.02s
[INFO] running `Command { std: "docker" "inspect" "823db9f9abe94c7eea8a6548b06e096542c2935a54b1f7eba7adc82757f2702e", kill_on_drop: false }`
[INFO] running `Command { std: "docker" "rm" "-f" "823db9f9abe94c7eea8a6548b06e096542c2935a54b1f7eba7adc82757f2702e", kill_on_drop: false }`
[INFO] [stdout] 823db9f9abe94c7eea8a6548b06e096542c2935a54b1f7eba7adc82757f2702e
[INFO] running `Command { std: "docker" "create" "-v" "/var/lib/crater-agent-workspace/builds/worker-28/target:/opt/rustwide/target:rw,Z" "-v" "/var/lib/crater-agent-workspace/builds/worker-28/source:/opt/rustwide/workdir:ro,Z" "-v" "/var/lib/crater-agent-workspace/cargo-home:/opt/rustwide/cargo-home:ro,Z" "-v" "/var/lib/crater-agent-workspace/rustup-home:/opt/rustwide/rustup-home:ro,Z" "-e" "SOURCE_DIR=/opt/rustwide/workdir" "-e" "CARGO_TARGET_DIR=/opt/rustwide/target" "-e" "CARGO_INCREMENTAL=0" "-e" "RUST_BACKTRACE=full" "-e" "RUSTFLAGS=--cap-lints=warn" "-e" "CARGO_HOME=/opt/rustwide/cargo-home" "-e" "RUSTUP_HOME=/opt/rustwide/rustup-home" "-w" "/opt/rustwide/workdir" "-m" "1610612736" "--user" "0:0" "--network" "none" "ghcr.io/rust-lang/crates-build-env/linux@sha256:34b6a614d2c27851fe6cbf88fbd1137609cefab8b10d0615aaeb6fd47975d74e" "/opt/rustwide/cargo-home/bin/cargo" "+1.54.0" "test" "--frozen", kill_on_drop: false }`
[INFO] [stdout] a105bdb74fbc2f8b95dced55a540ca924da82050688b18ad812e7542b24e41e6
[INFO] running `Command { std: "docker" "start" "-a" "a105bdb74fbc2f8b95dced55a540ca924da82050688b18ad812e7542b24e41e6", kill_on_drop: false }`
[INFO] [stderr]     Blocking waiting for file lock on package cache
[INFO] [stderr]     Finished test [unoptimized + debuginfo] target(s) in 0.51s
[INFO] [stdout] 
[INFO] [stderr]      Running unittests (/opt/rustwide/target/debug/deps/pyembed-e40ce4c98e806c23)
[INFO] [stdout] running 54 tests
[INFO] [stdout] test config::tests::test_packed_resources_explicit_origin ... ok
[INFO] [stdout] test config::tests::test_packed_resources_implicit_origin ... ok
[INFO] [stdout] test python_resources::tests::multiple_resource_blobs ... ok
[INFO] [stdout] test python_resources::tests::test_memory_mapped_file_resources ... ok
[INFO] [stdout] test test::interpreter_config::test_argv_default ... ok
[INFO] [stdout] test python_resource_collector::tests::py_temp_dir_lifetimes ... ok
[INFO] [stdout] test test::importer::find_spec_missing ... ok
[INFO] [stdout] test test::interpreter_config::test_allocator_default ... ok
[INFO] [stdout] test test::interpreter_config::test_allocator_rust_pymalloc_arena ... ok
[INFO] [stdout] test test::importer::importer_module_py ... ok
[INFO] [stdout] test test::interpreter_config::test_allocator_debug_custom_backend ... ok
[INFO] [stdout] test test::interpreter_config::test_default_interpreter ... ok
[INFO] [stdout] test test::importer::no_resources ... ok
[INFO] [stdout] test test::interpreter_config::test_bytes_warning_raise ... ok
[INFO] [stdout] test test::interpreter_config::test_argv_override ... ok
[INFO] [stdout] test test::interpreter_config::test_argv_respect_interpreter_config ... ok
[INFO] [stdout] test test::interpreter_config::test_allocator_debug ... ok
[INFO] [stdout] test test::interpreter_config::test_argv_utf8 ... ok
[INFO] [stdout] test test::interpreter_config::test_user_site_directory ... ok
[INFO] [stdout] test test::interpreter_config::test_argv_utf8_isolated ... ok
[INFO] [stdout] test test::interpreter_config::test_sys_paths_origin ... ok
[INFO] [stdout] test test::interpreter_config::test_write_bytecode ... ok
[INFO] [stdout] test test::interpreter_config::test_tcl_library_origin ... ok
[INFO] [stdout] test test::importer::importer_resources_py ... ok
[INFO] [stdout] test test::interpreter_config::test_isolated_interpreter ... ok
[INFO] [stdout] test test::importer::builtins_py ... ok
[INFO] [stdout] test test::interpreter_config::test_bytes_warning_warn ... ok
[INFO] [stdout] test test::interpreter_config::test_use_environment ... ok
[INFO] [stdout] test test::interpreter_config::test_argvb_utf8 ... ok
[INFO] [stdout] test test::interpreter_config::test_interactive ... ok
[INFO] [stdout] test test::interpreter_config::test_allocator_rust ... ok
[INFO] [stdout] test test::interpreter_config::test_site_import ... ok
[INFO] [stdout] test test::interpreter_config::test_importer_oxidized ... ok
[INFO] [stdout] test test::interpreter_config::test_importer_filesystem ... ok
[INFO] [stdout] test test::main_python_interpreter::test_instantiate_interpreter ... ok
[INFO] [stdout] test test::interpreter_config::test_inspect ... ok
[INFO] [stdout] test test::interpreter_config::test_importer_neither ... ok
[INFO] [stdout] test test::interpreter_config::test_importer_oxidized_filesystem ... ok
[INFO] [stdout] test test::interpreter_config::test_dev_mode ... ok
[INFO] [stdout] test test::interpreter_config::test_utf8_mode ... ok
[INFO] [stdout] test test::interpreter_config::test_quiet ... ok
[INFO] [stdout] test test::interpreter_config::test_argv_utf8_isolated_configure_locale ... FAILED
[INFO] [stdout] test test::interpreter_config::test_optimization_level_one ... ok
[INFO] [stdout] test test::importer::importer_construction_py ... ok
[INFO] [stdout] test test::interpreter_config::test_optimization_level_two ... ok
[INFO] [stdout] test test::importer::importer_path_entry_finder_py ... ok
[INFO] [stdout] test test::importer::importer_pkg_resources_py ... ok
[INFO] [stdout] test test::importer::importer_resource_scanning_py ... ok
[INFO] [stdout] test test::importer::importer_module_loading_py ... ok
[INFO] [stdout] test test::importer::importer_resource_reading_py ... ok
[INFO] [stdout] test test::importer::importer_iter_modules_py ... ok
[INFO] [stdout] test test::importer::importer_indexing ... ok
[INFO] [stdout] test test::importer::importer_metadata_py ... ok
[INFO] [stdout] test test::importer::importer_resource_collector_py ... ok
[INFO] [stdout] 
[INFO] [stdout] failures:
[INFO] [stdout] 
[INFO] [stdout] ---- test::interpreter_config::test_argv_utf8_isolated_configure_locale stdout ----
[INFO] [stdout] thread 'test::interpreter_config::test_argv_utf8_isolated_configure_locale' panicked at 'child exited unsuccessfully with exit status: 70', /opt/rustwide/cargo-home/registry/src/github.com-1ecc6299db9ec823/rusty-fork-0.3.0/src/fork_test.rs:135:9
[INFO] [stdout] stack backtrace:
[INFO] [stdout]    0:     0x55aab3083470 - std::backtrace_rs::backtrace::libunwind::trace::h34055254b57d8e79
[INFO] [stdout]                                at /rustc/a178d0322ce20e33eac124758e837cbd80a6f633/library/std/src/../../backtrace/src/backtrace/libunwind.rs:90:5
[INFO] [stdout]    1:     0x55aab3083470 - std::backtrace_rs::backtrace::trace_unsynchronized::h8f1e3fbd9afff6ec
[INFO] [stdout]                                at /rustc/a178d0322ce20e33eac124758e837cbd80a6f633/library/std/src/../../backtrace/src/backtrace/mod.rs:66:5
[INFO] [stdout]    2:     0x55aab3083470 - std::sys_common::backtrace::_print_fmt::h3a99a796b770c360
[INFO] [stdout]                                at /rustc/a178d0322ce20e33eac124758e837cbd80a6f633/library/std/src/sys_common/backtrace.rs:67:5
[INFO] [stdout]    3:     0x55aab3083470 - <std::sys_common::backtrace::_print::DisplayBacktrace as core::fmt::Display>::fmt::h32d1f94a80615d18
[INFO] [stdout]                                at /rustc/a178d0322ce20e33eac124758e837cbd80a6f633/library/std/src/sys_common/backtrace.rs:46:22
[INFO] [stdout]    4:     0x55aab30a772c - core::fmt::write::h306731c068f7162c
[INFO] [stdout]                                at /rustc/a178d0322ce20e33eac124758e837cbd80a6f633/library/core/src/fmt/mod.rs:1110:17
[INFO] [stdout]    5:     0x55aab307f915 - std::io::Write::write_fmt::h87f19b0a2cd190bc
[INFO] [stdout]                                at /rustc/a178d0322ce20e33eac124758e837cbd80a6f633/library/std/src/io/mod.rs:1588:15
[INFO] [stdout]    6:     0x55aab308568b - std::sys_common::backtrace::_print::h5abaa2601a852287
[INFO] [stdout]                                at /rustc/a178d0322ce20e33eac124758e837cbd80a6f633/library/std/src/sys_common/backtrace.rs:49:5
[INFO] [stdout]    7:     0x55aab308568b - std::sys_common::backtrace::print::h8d81445442bb638f
[INFO] [stdout]                                at /rustc/a178d0322ce20e33eac124758e837cbd80a6f633/library/std/src/sys_common/backtrace.rs:36:9
[INFO] [stdout]    8:     0x55aab308568b - std::panicking::default_hook::{{closure}}::hcfe804496a9fa747
[INFO] [stdout]                                at /rustc/a178d0322ce20e33eac124758e837cbd80a6f633/library/std/src/panicking.rs:208:50
[INFO] [stdout]    9:     0x55aab308519c - std::panicking::default_hook::hbea8e3ccf2ba8901
[INFO] [stdout]                                at /rustc/a178d0322ce20e33eac124758e837cbd80a6f633/library/std/src/panicking.rs:222:9
[INFO] [stdout]   10:     0x55aab3085d54 - std::panicking::rust_panic_with_hook::h7ee9e1a2d0f8975a
[INFO] [stdout]                                at /rustc/a178d0322ce20e33eac124758e837cbd80a6f633/library/std/src/panicking.rs:622:17
[INFO] [stdout]   11:     0x55aab3085837 - std::panicking::begin_panic_handler::{{closure}}::h8ab3b4491718b2c7
[INFO] [stdout]                                at /rustc/a178d0322ce20e33eac124758e837cbd80a6f633/library/std/src/panicking.rs:519:13
[INFO] [stdout]   12:     0x55aab308396c - std::sys_common::backtrace::__rust_end_short_backtrace::hd489062ffa586a9f
[INFO] [stdout]                                at /rustc/a178d0322ce20e33eac124758e837cbd80a6f633/library/std/src/sys_common/backtrace.rs:141:18
[INFO] [stdout]   13:     0x55aab3085799 - rust_begin_unwind
[INFO] [stdout]                                at /rustc/a178d0322ce20e33eac124758e837cbd80a6f633/library/std/src/panicking.rs:515:5
[INFO] [stdout]   14:     0x55aab2c45f4b - std::panicking::begin_panic_fmt::h5479575e112541f8
[INFO] [stdout]                                at /rustc/a178d0322ce20e33eac124758e837cbd80a6f633/library/std/src/panicking.rs:457:5
[INFO] [stdout]   15:     0x55aab2e5692a - rusty_fork::fork_test::supervise_child::h481ccd5630e8df90
[INFO] [stdout]                                at /opt/rustwide/cargo-home/registry/src/github.com-1ecc6299db9ec823/rusty-fork-0.3.0/src/fork_test.rs:135:9
[INFO] [stdout]   16:     0x55aab2cfe928 - pyembed::test::interpreter_config::test_argv_utf8_isolated_configure_locale::supervise_fn::h7d23eb26fa4c3256
[INFO] [stdout]                                at /opt/rustwide/cargo-home/registry/src/github.com-1ecc6299db9ec823/rusty-fork-0.3.0/src/fork_test.rs:86:17
[INFO] [stdout]   17:     0x55aab2c9af60 - core::ops::function::FnOnce::call_once::h0680713a2905a2a4
[INFO] [stdout]                                at /rustc/a178d0322ce20e33eac124758e837cbd80a6f633/library/core/src/ops/function.rs:227:5
[INFO] [stdout]   18:     0x55aab2d37e7c - rusty_fork::fork::fork::{{closure}}::hae21ad29f0b2b73a
[INFO] [stdout]                                at /opt/rustwide/cargo-home/registry/src/github.com-1ecc6299db9ec823/rusty-fork-0.3.0/src/fork.rs:106:19
[INFO] [stdout]   19:     0x55aab2e4fa25 - rusty_fork::fork::fork_impl::h5786368b7f42f65e
[INFO] [stdout]                                at /opt/rustwide/cargo-home/registry/src/github.com-1ecc6299db9ec823/rusty-fork-0.3.0/src/fork.rs:188:19
[INFO] [stdout]   20:     0x55aab2d37c7e - rusty_fork::fork::fork::hf6d58c6be56d6253
[INFO] [stdout]                                at /opt/rustwide/cargo-home/registry/src/github.com-1ecc6299db9ec823/rusty-fork-0.3.0/src/fork.rs:103:5
[INFO] [stdout]   21:     0x55aab2cfdf87 - pyembed::test::interpreter_config::test_argv_utf8_isolated_configure_locale::hb9ab642b8f457054
[INFO] [stdout]                                at /opt/rustwide/cargo-home/registry/src/github.com-1ecc6299db9ec823/rusty-fork-0.3.0/src/fork_test.rs:92:13
[INFO] [stdout]   22:     0x55aab2cfdefa - pyembed::test::interpreter_config::test_argv_utf8_isolated_configure_locale::{{closure}}::hcc1941f47df1778c
[INFO] [stdout]                                at /opt/rustwide/cargo-home/registry/src/github.com-1ecc6299db9ec823/rusty-fork-0.3.0/src/fork_test.rs:78:9
[INFO] [stdout]   23:     0x55aab2c9b59e - core::ops::function::FnOnce::call_once::h637ffa48fbc2af0b
[INFO] [stdout]                                at /rustc/a178d0322ce20e33eac124758e837cbd80a6f633/library/core/src/ops/function.rs:227:5
[INFO] [stdout]   24:     0x55aab2e36f93 - core::ops::function::FnOnce::call_once::h152e7e439ff59e19
[INFO] [stdout]                                at /rustc/a178d0322ce20e33eac124758e837cbd80a6f633/library/core/src/ops/function.rs:227:5
[INFO] [stderr] error: test failed, to rerun pass '--lib'
[INFO] [stdout]   25:     0x55aab2e36f93 - test::__rust_begin_short_backtrace::h0908f3b1fdbb72ab
[INFO] [stdout]                                at /rustc/a178d0322ce20e33eac124758e837cbd80a6f633/library/test/src/lib.rs:577:5
[INFO] [stdout]   26:     0x55aab2e35a50 - <alloc::boxed::Box<F,A> as core::ops::function::FnOnce<Args>>::call_once::hf6d2a51e5587546c
[INFO] [stdout]                                at /rustc/a178d0322ce20e33eac124758e837cbd80a6f633/library/alloc/src/boxed.rs:1575:9
[INFO] [stdout]   27:     0x55aab2e35a50 - <std::panic::AssertUnwindSafe<F> as core::ops::function::FnOnce<()>>::call_once::h8af660f3a89ef593
[INFO] [stdout]                                at /rustc/a178d0322ce20e33eac124758e837cbd80a6f633/library/std/src/panic.rs:347:9
[INFO] [stdout]   28:     0x55aab2e35a50 - std::panicking::try::do_call::hd36aef60f84b6d36
[INFO] [stdout]                                at /rustc/a178d0322ce20e33eac124758e837cbd80a6f633/library/std/src/panicking.rs:401:40
[INFO] [stdout]   29:     0x55aab2e35a50 - std::panicking::try::h9932b4480e69817c
[INFO] [stdout]                                at /rustc/a178d0322ce20e33eac124758e837cbd80a6f633/library/std/src/panicking.rs:365:19
[INFO] [stdout]   30:     0x55aab2e35a50 - std::panic::catch_unwind::h6aa177099cfff5f8
[INFO] [stdout]                                at /rustc/a178d0322ce20e33eac124758e837cbd80a6f633/library/std/src/panic.rs:434:14
[INFO] [stdout]   31:     0x55aab2e35a50 - test::run_test_in_process::h5884d6f2d99e20c3
[INFO] [stdout]                                at /rustc/a178d0322ce20e33eac124758e837cbd80a6f633/library/test/src/lib.rs:600:18
[INFO] [stdout]   32:     0x55aab2e35a50 - test::run_test::run_test_inner::{{closure}}::h6fdc58c6d5f5b6e3
[INFO] [stdout]                                at /rustc/a178d0322ce20e33eac124758e837cbd80a6f633/library/test/src/lib.rs:492:39
[INFO] [stdout]   33:     0x55aab2e0f102 - test::run_test::run_test_inner::{{closure}}::h408365d67a78ade8
[INFO] [stdout]                                at /rustc/a178d0322ce20e33eac124758e837cbd80a6f633/library/test/src/lib.rs:519:37
[INFO] [stdout]   34:     0x55aab2e0f102 - std::sys_common::backtrace::__rust_begin_short_backtrace::hb560b77c4f701523
[INFO] [stdout]                                at /rustc/a178d0322ce20e33eac124758e837cbd80a6f633/library/std/src/sys_common/backtrace.rs:125:18
[INFO] [stdout]   35:     0x55aab2e12cb8 - std::thread::Builder::spawn_unchecked::{{closure}}::{{closure}}::hf2e7831dad93c597
[INFO] [stdout]                                at /rustc/a178d0322ce20e33eac124758e837cbd80a6f633/library/std/src/thread/mod.rs:481:17
[INFO] [stdout]   36:     0x55aab2e12cb8 - <std::panic::AssertUnwindSafe<F> as core::ops::function::FnOnce<()>>::call_once::hd2e08783d8be4d02
[INFO] [stdout]                                at /rustc/a178d0322ce20e33eac124758e837cbd80a6f633/library/std/src/panic.rs:347:9
[INFO] [stdout]   37:     0x55aab2e12cb8 - std::panicking::try::do_call::h062597b7acfd6b82
[INFO] [stdout]                                at /rustc/a178d0322ce20e33eac124758e837cbd80a6f633/library/std/src/panicking.rs:401:40
[INFO] [stdout]   38:     0x55aab2e12cb8 - std::panicking::try::h0d7b79db04c14552
[INFO] [stdout]                                at /rustc/a178d0322ce20e33eac124758e837cbd80a6f633/library/std/src/panicking.rs:365:19
[INFO] [stdout]   39:     0x55aab2e12cb8 - std::panic::catch_unwind::hb01a0b5e7c8cd43b
[INFO] [stdout]                                at /rustc/a178d0322ce20e33eac124758e837cbd80a6f633/library/std/src/panic.rs:434:14
[INFO] [stdout]   40:     0x55aab2e12cb8 - std::thread::Builder::spawn_unchecked::{{closure}}::h5bde48cc887e0d1e
[INFO] [stdout]                                at /rustc/a178d0322ce20e33eac124758e837cbd80a6f633/library/std/src/thread/mod.rs:480:30
[INFO] [stdout]   41:     0x55aab2e12cb8 - core::ops::function::FnOnce::call_once{{vtable.shim}}::h745ea30807a29e55
[INFO] [stdout]                                at /rustc/a178d0322ce20e33eac124758e837cbd80a6f633/library/core/src/ops/function.rs:227:5
[INFO] [stdout]   42:     0x55aab308b707 - <alloc::boxed::Box<F,A> as core::ops::function::FnOnce<Args>>::call_once::h7ece6cfefaff1005
[INFO] [stdout]                                at /rustc/a178d0322ce20e33eac124758e837cbd80a6f633/library/alloc/src/boxed.rs:1575:9
[INFO] [stdout]   43:     0x55aab308b707 - <alloc::boxed::Box<F,A> as core::ops::function::FnOnce<Args>>::call_once::hb8b48e55c21f193e
[INFO] [stdout]                                at /rustc/a178d0322ce20e33eac124758e837cbd80a6f633/library/alloc/src/boxed.rs:1575:9
[INFO] [stdout]   44:     0x55aab308b707 - std::sys::unix::thread::Thread::new::thread_start::h8c7c4450dba62914
[INFO] [stdout]                                at /rustc/a178d0322ce20e33eac124758e837cbd80a6f633/library/std/src/sys/unix/thread.rs:71:17
[INFO] [stdout]   45:     0x7f5176d06609 - start_thread
[INFO] [stdout]   46:     0x7f5176ad8293 - clone
[INFO] [stdout]   47:                0x0 - <unknown>
[INFO] [stdout] 
[INFO] [stdout] running 1 test
[INFO] [stdout] thread 'main' panicked at 'unexpected string data: Utf16([56548, 56504, 56493, 56550, 56470, 56455])', src/test/interpreter_config.rs:526:22
[INFO] [stdout] stack backtrace:
[INFO] [stdout]    0:     0x5596b4015470 - std::backtrace_rs::backtrace::libunwind::trace::h34055254b57d8e79
[INFO] [stdout]                                at /rustc/a178d0322ce20e33eac124758e837cbd80a6f633/library/std/src/../../backtrace/src/backtrace/libunwind.rs:90:5
[INFO] [stdout]    1:     0x5596b4015470 - std::backtrace_rs::backtrace::trace_unsynchronized::h8f1e3fbd9afff6ec
[INFO] [stdout]                                at /rustc/a178d0322ce20e33eac124758e837cbd80a6f633/library/std/src/../../backtrace/src/backtrace/mod.rs:66:5
[INFO] [stdout]    2:     0x5596b4015470 - std::sys_common::backtrace::_print_fmt::h3a99a796b770c360
[INFO] [stdout]                                at /rustc/a178d0322ce20e33eac124758e837cbd80a6f633/library/std/src/sys_common/backtrace.rs:67:5
[INFO] [stdout]    3:     0x5596b4015470 - <std::sys_common::backtrace::_print::DisplayBacktrace as core::fmt::Display>::fmt::h32d1f94a80615d18
[INFO] [stdout]                                at /rustc/a178d0322ce20e33eac124758e837cbd80a6f633/library/std/src/sys_common/backtrace.rs:46:22
[INFO] [stdout]    4:     0x5596b403972c - core::fmt::write::h306731c068f7162c
[INFO] [stdout]                                at /rustc/a178d0322ce20e33eac124758e837cbd80a6f633/library/core/src/fmt/mod.rs:1110:17
[INFO] [stdout]    5:     0x5596b4011a65 - std::io::Write::write_fmt::hd2fa90334eee2a21
[INFO] [stdout]                                at /rustc/a178d0322ce20e33eac124758e837cbd80a6f633/library/std/src/io/mod.rs:1588:15
[INFO] [stdout]    6:     0x5596b401768b - std::sys_common::backtrace::_print::h5abaa2601a852287
[INFO] [stdout]                                at /rustc/a178d0322ce20e33eac124758e837cbd80a6f633/library/std/src/sys_common/backtrace.rs:49:5
[INFO] [stdout]    7:     0x5596b401768b - std::sys_common::backtrace::print::h8d81445442bb638f
[INFO] [stdout]                                at /rustc/a178d0322ce20e33eac124758e837cbd80a6f633/library/std/src/sys_common/backtrace.rs:36:9
[INFO] [stdout]    8:     0x5596b401768b - std::panicking::default_hook::{{closure}}::hcfe804496a9fa747
[INFO] [stdout]                                at /rustc/a178d0322ce20e33eac124758e837cbd80a6f633/library/std/src/panicking.rs:208:50
[INFO] [stdout]    9:     0x5596b4017161 - std::panicking::default_hook::hbea8e3ccf2ba8901
[INFO] [stdout]                                at /rustc/a178d0322ce20e33eac124758e837cbd80a6f633/library/std/src/panicking.rs:225:9
[INFO] [stdout]   10:     0x5596b4017d54 - std::panicking::rust_panic_with_hook::h7ee9e1a2d0f8975a
[INFO] [stdout]                                at /rustc/a178d0322ce20e33eac124758e837cbd80a6f633/library/std/src/panicking.rs:622:17
[INFO] [stdout]   11:     0x5596b4017837 - std::panicking::begin_panic_handler::{{closure}}::h8ab3b4491718b2c7
[INFO] [stdout]                                at /rustc/a178d0322ce20e33eac124758e837cbd80a6f633/library/std/src/panicking.rs:519:13
[INFO] [stdout]   12:     0x5596b401596c - std::sys_common::backtrace::__rust_end_short_backtrace::hd489062ffa586a9f
[INFO] [stdout]                                at /rustc/a178d0322ce20e33eac124758e837cbd80a6f633/library/std/src/sys_common/backtrace.rs:141:18
[INFO] [stdout]   13:     0x5596b4017799 - rust_begin_unwind
[INFO] [stdout]                                at /rustc/a178d0322ce20e33eac124758e837cbd80a6f633/library/std/src/panicking.rs:515:5
[INFO] [stdout]   14:     0x5596b3bd7f4b - std::panicking::begin_panic_fmt::h5479575e112541f8
[INFO] [stdout]                                at /rustc/a178d0322ce20e33eac124758e837cbd80a6f633/library/std/src/panicking.rs:457:5
[INFO] [stdout]   15:     0x5596b3c9053a - pyembed::test::interpreter_config::test_argv_utf8_isolated_configure_locale::body_fn::h692b1579a9eb0194
[INFO] [stdout]                                at /opt/rustwide/workdir/src/test/interpreter_config.rs:526:22
[INFO] [stdout]   16:     0x5596b3c2debb - core::ops::function::FnOnce::call_once::hd01f9390aeeff744
[INFO] [stdout]                                at /rustc/a178d0322ce20e33eac124758e837cbd80a6f633/library/core/src/ops/function.rs:227:5
[INFO] [stdout]   17:     0x5596b3cc9d84 - rusty_fork::fork::fork::{{closure}}::h63584eee7a2dc665
[INFO] [stdout]                                at /opt/rustwide/cargo-home/registry/src/github.com-1ecc6299db9ec823/rusty-fork-0.3.0/src/fork.rs:107:23
[INFO] [stdout]   18:     0x5596b3ddb661 - core::ops::function::impls::<impl core::ops::function::FnOnce<A> for &mut F>::call_once::h414f063eca4bb6f4
[INFO] [stdout]                                at /rustc/a178d0322ce20e33eac124758e837cbd80a6f633/library/core/src/ops/function.rs:280:13
[INFO] [stdout]   19:     0x5596b3ddc444 - <std::panic::AssertUnwindSafe<F> as core::ops::function::FnOnce<()>>::call_once::h1df7e33fbca25729
[INFO] [stdout]                                at /rustc/a178d0322ce20e33eac124758e837cbd80a6f633/library/std/src/panic.rs:347:9
[INFO] [stdout]   20:     0x5596b3ddb3fd - std::panicking::try::do_call::h2d061660594bc5a5
[INFO] [stdout]                                at /rustc/a178d0322ce20e33eac124758e837cbd80a6f633/library/std/src/panicking.rs:401:40
[INFO] [stdout]   21:     0x5596b3ddc40d - __rust_try
[INFO] [stdout]   22:     0x5596b3ddb34d - std::panicking::try::h464c5d1e7702a837
[INFO] [stdout]                                at /rustc/a178d0322ce20e33eac124758e837cbd80a6f633/library/std/src/panicking.rs:365:19
[INFO] [stdout]   23:     0x5596b3ddc6a4 - std::panic::catch_unwind::h625e0b8111eedb35
[INFO] [stdout]                                at /rustc/a178d0322ce20e33eac124758e837cbd80a6f633/library/std/src/panic.rs:434:14
[INFO] [stdout]   24:     0x5596b3de1262 - rusty_fork::fork::fork_impl::h5786368b7f42f65e
[INFO] [stdout]                                at /opt/rustwide/cargo-home/registry/src/github.com-1ecc6299db9ec823/rusty-fork-0.3.0/src/fork.rs:117:15
[INFO] [stdout]   25:     0x5596b3cc9c7e - rusty_fork::fork::fork::hf6d58c6be56d6253
[INFO] [stdout]                                at /opt/rustwide/cargo-home/registry/src/github.com-1ecc6299db9ec823/rusty-fork-0.3.0/src/fork.rs:103:5
[INFO] [stdout]   26:     0x5596b3c8ff87 - pyembed::test::interpreter_config::test_argv_utf8_isolated_configure_locale::hb9ab642b8f457054
[INFO] [stdout]                                at /opt/rustwide/cargo-home/registry/src/github.com-1ecc6299db9ec823/rusty-fork-0.3.0/src/fork_test.rs:92:13
[INFO] [stdout]   27:     0x5596b3c8fefa - pyembed::test::interpreter_config::test_argv_utf8_isolated_configure_locale::{{closure}}::hcc1941f47df1778c
[INFO] [stdout]                                at /opt/rustwide/cargo-home/registry/src/github.com-1ecc6299db9ec823/rusty-fork-0.3.0/src/fork_test.rs:78:9
[INFO] [stdout]   28:     0x5596b3c2d59e - core::ops::function::FnOnce::call_once::h637ffa48fbc2af0b
[INFO] [stdout]                                at /rustc/a178d0322ce20e33eac124758e837cbd80a6f633/library/core/src/ops/function.rs:227:5
[INFO] [stdout]   29:     0x5596b3dc8f93 - core::ops::function::FnOnce::call_once::h152e7e439ff59e19
[INFO] [stdout]                                at /rustc/a178d0322ce20e33eac124758e837cbd80a6f633/library/core/src/ops/function.rs:227:5
[INFO] [stdout]   30:     0x5596b3dc8f93 - test::__rust_begin_short_backtrace::h0908f3b1fdbb72ab
[INFO] [stdout]                                at /rustc/a178d0322ce20e33eac124758e837cbd80a6f633/library/test/src/lib.rs:577:5
[INFO] [stdout]   31:     0x5596b3dc7a50 - <alloc::boxed::Box<F,A> as core::ops::function::FnOnce<Args>>::call_once::hf6d2a51e5587546c
[INFO] [stdout]                                at /rustc/a178d0322ce20e33eac124758e837cbd80a6f633/library/alloc/src/boxed.rs:1575:9
[INFO] [stdout]   32:     0x5596b3dc7a50 - <std::panic::AssertUnwindSafe<F> as core::ops::function::FnOnce<()>>::call_once::h8af660f3a89ef593
[INFO] [stdout]                                at /rustc/a178d0322ce20e33eac124758e837cbd80a6f633/library/std/src/panic.rs:347:9
[INFO] [stdout]   33:     0x5596b3dc7a50 - std::panicking::try::do_call::hd36aef60f84b6d36
[INFO] [stdout]                                at /rustc/a178d0322ce20e33eac124758e837cbd80a6f633/library/std/src/panicking.rs:401:40
[INFO] [stdout]   34:     0x5596b3dc7a50 - std::panicking::try::h9932b4480e69817c
[INFO] [stdout]                                at /rustc/a178d0322ce20e33eac124758e837cbd80a6f633/library/std/src/panicking.rs:365:19
[INFO] [stdout]   35:     0x5596b3dc7a50 - std::panic::catch_unwind::h6aa177099cfff5f8
[INFO] [stdout]                                at /rustc/a178d0322ce20e33eac124758e837cbd80a6f633/library/std/src/panic.rs:434:14
[INFO] [stdout]   36:     0x5596b3dc7a50 - test::run_test_in_process::h5884d6f2d99e20c3
[INFO] [stdout]                                at /rustc/a178d0322ce20e33eac124758e837cbd80a6f633/library/test/src/lib.rs:600:18
[INFO] [stdout]   37:     0x5596b3dc7a50 - test::run_test::run_test_inner::{{closure}}::h6fdc58c6d5f5b6e3
[INFO] [stdout]                                at /rustc/a178d0322ce20e33eac124758e837cbd80a6f633/library/test/src/lib.rs:492:39
[INFO] [stdout]   38:     0x5596b3dc6e7d - test::run_test::run_test_inner::ha27763405f5b3edb
[INFO] [stdout]                                at /rustc/a178d0322ce20e33eac124758e837cbd80a6f633/library/test/src/lib.rs:530:13
[INFO] [stdout]   39:     0x5596b3dc580d - test::run_test::h5ae1cbab1d3de41d
[INFO] [stdout]                                at /rustc/a178d0322ce20e33eac124758e837cbd80a6f633/library/test/src/lib.rs:564:28
[INFO] [stdout]   40:     0x5596b3dc03f0 - test::run_tests::h02a40d92dff74c83
[INFO] [stdout]                                at /rustc/a178d0322ce20e33eac124758e837cbd80a6f633/library/test/src/lib.rs:305:17
[INFO] [stdout]   41:     0x5596b3db18d1 - test::console::run_tests_console::h086cf5a02ba96aa1
[INFO] [stdout]                                at /rustc/a178d0322ce20e33eac124758e837cbd80a6f633/library/test/src/console.rs:290:5
[INFO] [stdout]   42:     0x5596b3dbe52f - test::test_main::h6111d91710f7f37b
[INFO] [stdout]                                at /rustc/a178d0322ce20e33eac124758e837cbd80a6f633/library/test/src/lib.rs:122:15
[INFO] [stdout]   43:     0x5596b3dbf611 - test::test_main_static::hc3132930fc6e4acf
[INFO] [stdout]                                at /rustc/a178d0322ce20e33eac124758e837cbd80a6f633/library/test/src/lib.rs:141:5
[INFO] [stdout]   44:     0x5596b3d843d3 - pyembed::main::h914a3790a16eec79
[INFO] [stdout]                                at /opt/rustwide/workdir/src/lib.rs:1:1
[INFO] [stdout]   45:     0x5596b3c2debb - core::ops::function::FnOnce::call_once::hd01f9390aeeff744
[INFO] [stdout]                                at /rustc/a178d0322ce20e33eac124758e837cbd80a6f633/library/core/src/ops/function.rs:227:5
[INFO] [stdout]   46:     0x5596b3d3c8be - std::sys_common::backtrace::__rust_begin_short_backtrace::h46529eee7888f17c
[INFO] [stdout]                                at /rustc/a178d0322ce20e33eac124758e837cbd80a6f633/library/std/src/sys_common/backtrace.rs:125:18
[INFO] [stdout]   47:     0x5596b3beedd1 - std::rt::lang_start::{{closure}}::h470ff4258098ee65
[INFO] [stdout]                                at /rustc/a178d0322ce20e33eac124758e837cbd80a6f633/library/std/src/rt.rs:49:18
[INFO] [stdout]   48:     0x5596b4018259 - core::ops::function::impls::<impl core::ops::function::FnOnce<A> for &F>::call_once::h2aabc384aab89b7b
[INFO] [stdout]                                at /rustc/a178d0322ce20e33eac124758e837cbd80a6f633/library/core/src/ops/function.rs:259:13
[INFO] [stdout]   49:     0x5596b4018259 - std::panicking::try::do_call::hc5fcacb7a85fc7b1
[INFO] [stdout]                                at /rustc/a178d0322ce20e33eac124758e837cbd80a6f633/library/std/src/panicking.rs:401:40
[INFO] [stdout]   50:     0x5596b4018259 - std::panicking::try::hb5d9603af3abbe3a
[INFO] [stdout]                                at /rustc/a178d0322ce20e33eac124758e837cbd80a6f633/library/std/src/panicking.rs:365:19
[INFO] [stdout]   51:     0x5596b4018259 - std::panic::catch_unwind::h98fe6ac3925e64b4
[INFO] [stdout]                                at /rustc/a178d0322ce20e33eac124758e837cbd80a6f633/library/std/src/panic.rs:434:14
[INFO] [stdout]   52:     0x5596b4018259 - std::rt::lang_start_internal::h22ac7383c516f93e
[INFO] [stdout]                                at /rustc/a178d0322ce20e33eac124758e837cbd80a6f633/library/std/src/rt.rs:34:21
[INFO] [stdout]   53:     0x5596b3beedb0 - std::rt::lang_start::h9f3dbcb104b546ab
[INFO] [stdout]                                at /rustc/a178d0322ce20e33eac124758e837cbd80a6f633/library/std/src/rt.rs:48:5
[INFO] [stdout]   54:     0x5596b3d843fc - main
[INFO] [stdout]   55:     0x7fc58d2470b3 - __libc_start_main
[INFO] [stdout]   56:     0x5596b3bd932e - _start
[INFO] [stdout]   57:                0x0 - <unknown>
[INFO] [stdout] 
[INFO] [stdout] 
[INFO] [stdout] failures:
[INFO] [stdout]     test::interpreter_config::test_argv_utf8_isolated_configure_locale
[INFO] [stdout] 
[INFO] [stdout] test result: FAILED. 53 passed; 1 failed; 0 ignored; 0 measured; 0 filtered out; finished in 6.33s
[INFO] [stdout] 
[INFO] running `Command { std: "docker" "inspect" "a105bdb74fbc2f8b95dced55a540ca924da82050688b18ad812e7542b24e41e6", kill_on_drop: false }`
[INFO] running `Command { std: "docker" "rm" "-f" "a105bdb74fbc2f8b95dced55a540ca924da82050688b18ad812e7542b24e41e6", kill_on_drop: false }`
[INFO] [stdout] a105bdb74fbc2f8b95dced55a540ca924da82050688b18ad812e7542b24e41e6
