[INFO] fetching crate px4 0.2.4...
[INFO] testing px4-0.2.4 against beta-2021-08-01 for beta-1.55-1
[INFO] extracting crate px4 0.2.4 into /workspace/builds/worker-77/source
[INFO] validating manifest of crates.io crate px4 0.2.4 on toolchain beta-2021-08-01
[INFO] running `Command { std: "/workspace/cargo-home/bin/cargo" "+beta-2021-08-01" "metadata" "--manifest-path" "Cargo.toml" "--no-deps", kill_on_drop: false }`
[INFO] started tweaking crates.io crate px4 0.2.4
[INFO] finished tweaking crates.io crate px4 0.2.4
[INFO] tweaked toml for crates.io crate px4 0.2.4 written to /workspace/builds/worker-77/source/Cargo.toml
[INFO] running `Command { std: "/workspace/cargo-home/bin/cargo" "+beta-2021-08-01" "generate-lockfile" "--manifest-path" "Cargo.toml" "-Zno-index-update", kill_on_drop: false }`
[INFO] [stderr]     Blocking waiting for file lock on package cache
[INFO] running `Command { std: "/workspace/cargo-home/bin/cargo" "+beta-2021-08-01" "fetch" "--manifest-path" "Cargo.toml", kill_on_drop: false }`
[INFO] [stderr]     Blocking waiting for file lock on package cache
[INFO] [stderr]     Blocking waiting for file lock on package cache
[INFO] running `Command { std: "docker" "create" "-v" "/var/lib/crater-agent-workspace/builds/worker-77/target:/opt/rustwide/target:rw,Z" "-v" "/var/lib/crater-agent-workspace/builds/worker-77/source:/opt/rustwide/workdir:ro,Z" "-v" "/var/lib/crater-agent-workspace/cargo-home:/opt/rustwide/cargo-home:ro,Z" "-v" "/var/lib/crater-agent-workspace/rustup-home:/opt/rustwide/rustup-home:ro,Z" "-e" "SOURCE_DIR=/opt/rustwide/workdir" "-e" "CARGO_TARGET_DIR=/opt/rustwide/target" "-e" "CARGO_HOME=/opt/rustwide/cargo-home" "-e" "RUSTUP_HOME=/opt/rustwide/rustup-home" "-w" "/opt/rustwide/workdir" "-m" "1610612736" "--user" "0:0" "--network" "none" "ghcr.io/rust-lang/crates-build-env/linux@sha256:34b6a614d2c27851fe6cbf88fbd1137609cefab8b10d0615aaeb6fd47975d74e" "/opt/rustwide/cargo-home/bin/cargo" "+beta-2021-08-01" "metadata" "--no-deps" "--format-version=1", kill_on_drop: false }`
[INFO] [stdout] 548e6289acc5ae7411926f837908099b0c42ec9533e2a79361d7872de2492ba9
[INFO] running `Command { std: "docker" "start" "-a" "548e6289acc5ae7411926f837908099b0c42ec9533e2a79361d7872de2492ba9", kill_on_drop: false }`
[INFO] running `Command { std: "docker" "inspect" "548e6289acc5ae7411926f837908099b0c42ec9533e2a79361d7872de2492ba9", kill_on_drop: false }`
[INFO] running `Command { std: "docker" "rm" "-f" "548e6289acc5ae7411926f837908099b0c42ec9533e2a79361d7872de2492ba9", kill_on_drop: false }`
[INFO] [stdout] 548e6289acc5ae7411926f837908099b0c42ec9533e2a79361d7872de2492ba9
[INFO] running `Command { std: "docker" "create" "-v" "/var/lib/crater-agent-workspace/builds/worker-77/target:/opt/rustwide/target:rw,Z" "-v" "/var/lib/crater-agent-workspace/builds/worker-77/source:/opt/rustwide/workdir:ro,Z" "-v" "/var/lib/crater-agent-workspace/cargo-home:/opt/rustwide/cargo-home:ro,Z" "-v" "/var/lib/crater-agent-workspace/rustup-home:/opt/rustwide/rustup-home:ro,Z" "-e" "SOURCE_DIR=/opt/rustwide/workdir" "-e" "CARGO_TARGET_DIR=/opt/rustwide/target" "-e" "CARGO_INCREMENTAL=0" "-e" "RUST_BACKTRACE=full" "-e" "RUSTFLAGS=--cap-lints=warn" "-e" "CARGO_HOME=/opt/rustwide/cargo-home" "-e" "RUSTUP_HOME=/opt/rustwide/rustup-home" "-w" "/opt/rustwide/workdir" "-m" "1610612736" "--user" "0:0" "--network" "none" "ghcr.io/rust-lang/crates-build-env/linux@sha256:34b6a614d2c27851fe6cbf88fbd1137609cefab8b10d0615aaeb6fd47975d74e" "/opt/rustwide/cargo-home/bin/cargo" "+beta-2021-08-01" "build" "--frozen" "--message-format=json", kill_on_drop: false }`
[INFO] [stdout] a38b139ee46ba5e609de9cc874611ba7ffd1b92c5feb6bca9577d2c998824e62
[INFO] running `Command { std: "docker" "start" "-a" "a38b139ee46ba5e609de9cc874611ba7ffd1b92c5feb6bca9577d2c998824e62", kill_on_drop: false }`
[INFO] [stderr]     Blocking waiting for file lock on package cache
[INFO] [stderr]    Compiling proc-macro2 v0.4.30
[INFO] [stderr]    Compiling unicode-xid v0.1.0
[INFO] [stderr]    Compiling syn v0.15.44
[INFO] [stderr]    Compiling log v0.4.14
[INFO] [stderr]    Compiling quote v0.6.13
[INFO] [stderr]    Compiling px4_macros v0.2.4
[INFO] [stderr]    Compiling px4 v0.2.4 (/opt/rustwide/workdir)
[INFO] [stdout] warning: trait objects without an explicit `dyn` are deprecated
[INFO] [stdout]   --> src/uorb/subscribe.rs:15:23
[INFO] [stdout]    |
[INFO] [stdout] 15 |     phantom: PhantomData<Fn() -> T>,
[INFO] [stdout]    |                          ^^^^^^^^^ help: use `dyn`: `dyn Fn() -> T`
[INFO] [stdout]    |
[INFO] [stdout]    = note: `#[warn(bare_trait_objects)]` on by default
[INFO] [stdout]    = warning: this is accepted in the current edition (Rust 2018) but is a hard error in Rust 2021!
[INFO] [stdout]    = note: for more information, see issue #80165 <https://github.com/rust-lang/rust/issues/80165>
[INFO] [stdout] 
[INFO] [stdout] 
[INFO] [stdout] warning: use of deprecated function `std::mem::uninitialized`: use `mem::MaybeUninit` instead
[INFO] [stdout]  --> src/uorb/subscribe.rs:3:15
[INFO] [stdout]   |
[INFO] [stdout] 3 | use std::mem::uninitialized;
[INFO] [stdout]   |               ^^^^^^^^^^^^^
[INFO] [stdout]   |
[INFO] [stdout]   = note: `#[warn(deprecated)]` on by default
[INFO] [stdout] 
[INFO] [stdout] 
[INFO] [stdout] warning: use of deprecated function `std::mem::uninitialized`: use `mem::MaybeUninit` instead
[INFO] [stdout]   --> src/uorb/subscribe.rs:74:18
[INFO] [stdout]    |
[INFO] [stdout] 74 |             let mut val = uninitialized::<T>();
[INFO] [stdout]    |                           ^^^^^^^^^^^^^
[INFO] [stdout] 
[INFO] [stdout] 
[INFO] [stdout] warning: 3 warnings emitted
[INFO] [stdout] 
[INFO] [stdout] 
[INFO] [stderr]     Finished dev [unoptimized + debuginfo] target(s) in 14.33s
[INFO] running `Command { std: "docker" "inspect" "a38b139ee46ba5e609de9cc874611ba7ffd1b92c5feb6bca9577d2c998824e62", kill_on_drop: false }`
[INFO] running `Command { std: "docker" "rm" "-f" "a38b139ee46ba5e609de9cc874611ba7ffd1b92c5feb6bca9577d2c998824e62", kill_on_drop: false }`
[INFO] [stdout] a38b139ee46ba5e609de9cc874611ba7ffd1b92c5feb6bca9577d2c998824e62
[INFO] running `Command { std: "docker" "create" "-v" "/var/lib/crater-agent-workspace/builds/worker-77/target:/opt/rustwide/target:rw,Z" "-v" "/var/lib/crater-agent-workspace/builds/worker-77/source:/opt/rustwide/workdir:ro,Z" "-v" "/var/lib/crater-agent-workspace/cargo-home:/opt/rustwide/cargo-home:ro,Z" "-v" "/var/lib/crater-agent-workspace/rustup-home:/opt/rustwide/rustup-home:ro,Z" "-e" "SOURCE_DIR=/opt/rustwide/workdir" "-e" "CARGO_TARGET_DIR=/opt/rustwide/target" "-e" "CARGO_INCREMENTAL=0" "-e" "RUST_BACKTRACE=full" "-e" "RUSTFLAGS=--cap-lints=warn" "-e" "CARGO_HOME=/opt/rustwide/cargo-home" "-e" "RUSTUP_HOME=/opt/rustwide/rustup-home" "-w" "/opt/rustwide/workdir" "-m" "1610612736" "--user" "0:0" "--network" "none" "ghcr.io/rust-lang/crates-build-env/linux@sha256:34b6a614d2c27851fe6cbf88fbd1137609cefab8b10d0615aaeb6fd47975d74e" "/opt/rustwide/cargo-home/bin/cargo" "+beta-2021-08-01" "test" "--frozen" "--no-run" "--message-format=json", kill_on_drop: false }`
[INFO] [stdout] 52cae4d1d23ef61b9681495e311e9929d004591e317d08fb11f23d494957b3e5
[INFO] running `Command { std: "docker" "start" "-a" "52cae4d1d23ef61b9681495e311e9929d004591e317d08fb11f23d494957b3e5", kill_on_drop: false }`
[INFO] [stderr]     Blocking waiting for file lock on package cache
[INFO] [stderr]    Compiling px4 v0.2.4 (/opt/rustwide/workdir)
[INFO] [stdout] warning: trait objects without an explicit `dyn` are deprecated
[INFO] [stdout]   --> src/uorb/subscribe.rs:15:23
[INFO] [stdout]    |
[INFO] [stdout] 15 |     phantom: PhantomData<Fn() -> T>,
[INFO] [stdout]    |                          ^^^^^^^^^ help: use `dyn`: `dyn Fn() -> T`
[INFO] [stdout]    |
[INFO] [stdout]    = note: `#[warn(bare_trait_objects)]` on by default
[INFO] [stdout]    = warning: this is accepted in the current edition (Rust 2018) but is a hard error in Rust 2021!
[INFO] [stdout]    = note: for more information, see issue #80165 <https://github.com/rust-lang/rust/issues/80165>
[INFO] [stdout] 
[INFO] [stdout] 
[INFO] [stdout] warning: use of deprecated function `std::mem::uninitialized`: use `mem::MaybeUninit` instead
[INFO] [stdout]  --> src/uorb/subscribe.rs:3:15
[INFO] [stdout]   |
[INFO] [stdout] 3 | use std::mem::uninitialized;
[INFO] [stdout]   |               ^^^^^^^^^^^^^
[INFO] [stdout]   |
[INFO] [stdout]   = note: `#[warn(deprecated)]` on by default
[INFO] [stdout] 
[INFO] [stdout] 
[INFO] [stdout] warning: use of deprecated function `std::mem::uninitialized`: use `mem::MaybeUninit` instead
[INFO] [stdout]   --> src/uorb/subscribe.rs:74:18
[INFO] [stdout]    |
[INFO] [stdout] 74 |             let mut val = uninitialized::<T>();
[INFO] [stdout]    |                           ^^^^^^^^^^^^^
[INFO] [stdout] 
[INFO] [stdout] 
[INFO] [stdout] warning: 3 warnings emitted
[INFO] [stdout] 
[INFO] [stdout] 
[INFO] [stdout] warning: trait objects without an explicit `dyn` are deprecated
[INFO] [stdout]   --> src/uorb/subscribe.rs:15:23
[INFO] [stdout]    |
[INFO] [stdout] 15 |     phantom: PhantomData<Fn() -> T>,
[INFO] [stdout]    |                          ^^^^^^^^^ help: use `dyn`: `dyn Fn() -> T`
[INFO] [stdout]    |
[INFO] [stdout]    = note: `#[warn(bare_trait_objects)]` on by default
[INFO] [stdout]    = warning: this is accepted in the current edition (Rust 2018) but is a hard error in Rust 2021!
[INFO] [stdout]    = note: for more information, see issue #80165 <https://github.com/rust-lang/rust/issues/80165>
[INFO] [stdout] 
[INFO] [stdout] 
[INFO] [stdout] warning: use of deprecated function `std::mem::uninitialized`: use `mem::MaybeUninit` instead
[INFO] [stdout]   --> tests/message_macro/main.rs:10:36
[INFO] [stdout]    |
[INFO] [stdout] 10 |         let val: $t = unsafe { std::mem::uninitialized() };
[INFO] [stdout]    |                                          ^^^^^^^^^^^^^
[INFO] [stdout] ...
[INFO] [stdout] 48 |     assert_eq!(offset_of!(test_message, value), 0);
[INFO] [stdout]    |                ------------------------------- in this macro invocation
[INFO] [stdout]    |
[INFO] [stdout]    = note: `#[warn(deprecated)]` on by default
[INFO] [stdout]    = note: this warning originates in the macro `offset_of` (in Nightly builds, run with -Z macro-backtrace for more info)
[INFO] [stdout] 
[INFO] [stdout] 
[INFO] [stdout] warning: use of deprecated function `std::mem::uninitialized`: use `mem::MaybeUninit` instead
[INFO] [stdout]   --> tests/message_macro/main.rs:10:36
[INFO] [stdout]    |
[INFO] [stdout] 10 |         let val: $t = unsafe { std::mem::uninitialized() };
[INFO] [stdout]    |                                          ^^^^^^^^^^^^^
[INFO] [stdout] ...
[INFO] [stdout] 49 |     assert_eq!(offset_of!(test_message, array), 8);
[INFO] [stdout]    |                ------------------------------- in this macro invocation
[INFO] [stdout]    |
[INFO] [stdout]    = note: this warning originates in the macro `offset_of` (in Nightly builds, run with -Z macro-backtrace for more info)
[INFO] [stdout] 
[INFO] [stdout] 
[INFO] [stdout] warning: use of deprecated function `std::mem::uninitialized`: use `mem::MaybeUninit` instead
[INFO] [stdout]   --> tests/message_macro/main.rs:10:36
[INFO] [stdout]    |
[INFO] [stdout] 10 |         let val: $t = unsafe { std::mem::uninitialized() };
[INFO] [stdout]    |                                          ^^^^^^^^^^^^^
[INFO] [stdout] ...
[INFO] [stdout] 50 |     assert_eq!(offset_of!(test_message, array2), 32);
[INFO] [stdout]    |                -------------------------------- in this macro invocation
[INFO] [stdout]    |
[INFO] [stdout]    = note: this warning originates in the macro `offset_of` (in Nightly builds, run with -Z macro-backtrace for more info)
[INFO] [stdout] 
[INFO] [stdout] 
[INFO] [stdout] warning: use of deprecated function `std::mem::uninitialized`: use `mem::MaybeUninit` instead
[INFO] [stdout]   --> tests/message_macro/main.rs:10:36
[INFO] [stdout]    |
[INFO] [stdout] 10 |         let val: $t = unsafe { std::mem::uninitialized() };
[INFO] [stdout]    |                                          ^^^^^^^^^^^^^
[INFO] [stdout] ...
[INFO] [stdout] 51 |     assert_eq!(offset_of!(test_message, value2), 34);
[INFO] [stdout]    |                -------------------------------- in this macro invocation
[INFO] [stdout]    |
[INFO] [stdout]    = note: this warning originates in the macro `offset_of` (in Nightly builds, run with -Z macro-backtrace for more info)
[INFO] [stdout] 
[INFO] [stdout] 
[INFO] [stdout] warning: use of deprecated function `std::mem::uninitialized`: use `mem::MaybeUninit` instead
[INFO] [stdout]   --> tests/message_macro/main.rs:10:36
[INFO] [stdout]    |
[INFO] [stdout] 10 |         let val: $t = unsafe { std::mem::uninitialized() };
[INFO] [stdout]    |                                          ^^^^^^^^^^^^^
[INFO] [stdout] ...
[INFO] [stdout] 52 |     assert_eq!(offset_of!(test_message, ch), 35);
[INFO] [stdout]    |                ---------------------------- in this macro invocation
[INFO] [stdout]    |
[INFO] [stdout]    = note: this warning originates in the macro `offset_of` (in Nightly builds, run with -Z macro-backtrace for more info)
[INFO] [stdout] 
[INFO] [stdout] 
[INFO] [stdout] warning: use of deprecated function `std::mem::uninitialized`: use `mem::MaybeUninit` instead
[INFO] [stdout]  --> src/uorb/subscribe.rs:3:15
[INFO] [stdout]   |
[INFO] [stdout] 3 | use std::mem::uninitialized;
[INFO] [stdout]   |               ^^^^^^^^^^^^^
[INFO] [stdout]   |
[INFO] [stdout]   = note: `#[warn(deprecated)]` on by default
[INFO] [stdout] 
[INFO] [stdout] 
[INFO] [stdout] warning: use of deprecated function `std::mem::uninitialized`: use `mem::MaybeUninit` instead
[INFO] [stdout]   --> src/uorb/subscribe.rs:74:18
[INFO] [stdout]    |
[INFO] [stdout] 74 |             let mut val = uninitialized::<T>();
[INFO] [stdout]    |                           ^^^^^^^^^^^^^
[INFO] [stdout] 
[INFO] [stdout] 
[INFO] [stdout] warning: 5 warnings emitted
[INFO] [stdout] 
[INFO] [stdout] 
[INFO] [stderr]     Finished test [unoptimized + debuginfo] target(s) in 1.17s
[INFO] [stdout] warning: 3 warnings emitted
[INFO] [stdout] 
[INFO] [stdout] 
[INFO] running `Command { std: "docker" "inspect" "52cae4d1d23ef61b9681495e311e9929d004591e317d08fb11f23d494957b3e5", kill_on_drop: false }`
[INFO] running `Command { std: "docker" "rm" "-f" "52cae4d1d23ef61b9681495e311e9929d004591e317d08fb11f23d494957b3e5", kill_on_drop: false }`
[INFO] [stdout] 52cae4d1d23ef61b9681495e311e9929d004591e317d08fb11f23d494957b3e5
[INFO] running `Command { std: "docker" "create" "-v" "/var/lib/crater-agent-workspace/builds/worker-77/target:/opt/rustwide/target:rw,Z" "-v" "/var/lib/crater-agent-workspace/builds/worker-77/source:/opt/rustwide/workdir:ro,Z" "-v" "/var/lib/crater-agent-workspace/cargo-home:/opt/rustwide/cargo-home:ro,Z" "-v" "/var/lib/crater-agent-workspace/rustup-home:/opt/rustwide/rustup-home:ro,Z" "-e" "SOURCE_DIR=/opt/rustwide/workdir" "-e" "CARGO_TARGET_DIR=/opt/rustwide/target" "-e" "CARGO_INCREMENTAL=0" "-e" "RUST_BACKTRACE=full" "-e" "RUSTFLAGS=--cap-lints=warn" "-e" "CARGO_HOME=/opt/rustwide/cargo-home" "-e" "RUSTUP_HOME=/opt/rustwide/rustup-home" "-w" "/opt/rustwide/workdir" "-m" "1610612736" "--user" "0:0" "--network" "none" "ghcr.io/rust-lang/crates-build-env/linux@sha256:34b6a614d2c27851fe6cbf88fbd1137609cefab8b10d0615aaeb6fd47975d74e" "/opt/rustwide/cargo-home/bin/cargo" "+beta-2021-08-01" "test" "--frozen", kill_on_drop: false }`
[INFO] [stdout] 76ca7e99389027739922672630095325268dda6586857f68487675e83b26c295
[INFO] running `Command { std: "docker" "start" "-a" "76ca7e99389027739922672630095325268dda6586857f68487675e83b26c295", kill_on_drop: false }`
[INFO] [stderr] warning: trait objects without an explicit `dyn` are deprecated
[INFO] [stderr]   --> src/uorb/subscribe.rs:15:23
[INFO] [stderr]    |
[INFO] [stderr] 15 |     phantom: PhantomData<Fn() -> T>,
[INFO] [stderr]    |                          ^^^^^^^^^ help: use `dyn`: `dyn Fn() -> T`
[INFO] [stderr]    |
[INFO] [stderr]    = note: `#[warn(bare_trait_objects)]` on by default
[INFO] [stderr]    = warning: this is accepted in the current edition (Rust 2018) but is a hard error in Rust 2021!
[INFO] [stderr]    = note: for more information, see issue #80165 <https://github.com/rust-lang/rust/issues/80165>
[INFO] [stderr] 
[INFO] [stderr] warning: use of deprecated function `std::mem::uninitialized`: use `mem::MaybeUninit` instead
[INFO] [stderr]  --> src/uorb/subscribe.rs:3:15
[INFO] [stderr]   |
[INFO] [stderr] 3 | use std::mem::uninitialized;
[INFO] [stderr]   |               ^^^^^^^^^^^^^
[INFO] [stderr]   |
[INFO] [stderr]   = note: `#[warn(deprecated)]` on by default
[INFO] [stderr] 
[INFO] [stderr] warning: use of deprecated function `std::mem::uninitialized`: use `mem::MaybeUninit` instead
[INFO] [stderr]   --> src/uorb/subscribe.rs:74:18
[INFO] [stderr]    |
[INFO] [stderr] 74 |             let mut val = uninitialized::<T>();
[INFO] [stderr]    |                           ^^^^^^^^^^^^^
[INFO] [stderr] 
[INFO] [stderr] warning: `px4` (lib) generated 3 warnings
[INFO] [stderr] warning: `px4` (lib test) generated 3 warnings (3 duplicates)
[INFO] [stderr] warning: use of deprecated function `std::mem::uninitialized`: use `mem::MaybeUninit` instead
[INFO] [stderr]   --> tests/message_macro/main.rs:10:36
[INFO] [stderr]    |
[INFO] [stderr] 10 |         let val: $t = unsafe { std::mem::uninitialized() };
[INFO] [stderr]    |                                          ^^^^^^^^^^^^^
[INFO] [stderr] ...
[INFO] [stderr] 48 |     assert_eq!(offset_of!(test_message, value), 0);
[INFO] [stderr]    |                ------------------------------- in this macro invocation
[INFO] [stderr]    |
[INFO] [stderr]    = note: `#[warn(deprecated)]` on by default
[INFO] [stderr]    = note: this warning originates in the macro `offset_of` (in Nightly builds, run with -Z macro-backtrace for more info)
[INFO] [stderr] 
[INFO] [stderr] warning: use of deprecated function `std::mem::uninitialized`: use `mem::MaybeUninit` instead
[INFO] [stderr]   --> tests/message_macro/main.rs:10:36
[INFO] [stderr]    |
[INFO] [stderr] 10 |         let val: $t = unsafe { std::mem::uninitialized() };
[INFO] [stderr]    |                                          ^^^^^^^^^^^^^
[INFO] [stderr] ...
[INFO] [stderr] 49 |     assert_eq!(offset_of!(test_message, array), 8);
[INFO] [stderr]    |                ------------------------------- in this macro invocation
[INFO] [stderr]    |
[INFO] [stderr]    = note: this warning originates in the macro `offset_of` (in Nightly builds, run with -Z macro-backtrace for more info)
[INFO] [stderr] 
[INFO] [stderr] warning: use of deprecated function `std::mem::uninitialized`: use `mem::MaybeUninit` instead
[INFO] [stderr]   --> tests/message_macro/main.rs:10:36
[INFO] [stderr]    |
[INFO] [stderr] 10 |         let val: $t = unsafe { std::mem::uninitialized() };
[INFO] [stderr]    |                                          ^^^^^^^^^^^^^
[INFO] [stderr] ...
[INFO] [stderr] 50 |     assert_eq!(offset_of!(test_message, array2), 32);
[INFO] [stderr]    |                -------------------------------- in this macro invocation
[INFO] [stderr]    |
[INFO] [stderr]    = note: this warning originates in the macro `offset_of` (in Nightly builds, run with -Z macro-backtrace for more info)
[INFO] [stderr] 
[INFO] [stderr] warning: use of deprecated function `std::mem::uninitialized`: use `mem::MaybeUninit` instead
[INFO] [stderr]   --> tests/message_macro/main.rs:10:36
[INFO] [stderr]    |
[INFO] [stderr] 10 |         let val: $t = unsafe { std::mem::uninitialized() };
[INFO] [stderr]    |                                          ^^^^^^^^^^^^^
[INFO] [stderr] ...
[INFO] [stderr] 51 |     assert_eq!(offset_of!(test_message, value2), 34);
[INFO] [stderr]    |                -------------------------------- in this macro invocation
[INFO] [stderr]    |
[INFO] [stderr]    = note: this warning originates in the macro `offset_of` (in Nightly builds, run with -Z macro-backtrace for more info)
[INFO] [stderr] 
[INFO] [stderr] warning: use of deprecated function `std::mem::uninitialized`: use `mem::MaybeUninit` instead
[INFO] [stderr]   --> tests/message_macro/main.rs:10:36
[INFO] [stderr]    |
[INFO] [stderr] 10 |         let val: $t = unsafe { std::mem::uninitialized() };
[INFO] [stderr]    |                                          ^^^^^^^^^^^^^
[INFO] [stderr] ...
[INFO] [stderr] 52 |     assert_eq!(offset_of!(test_message, ch), 35);
[INFO] [stderr]    |                ---------------------------- in this macro invocation
[INFO] [stderr]    |
[INFO] [stderr]    = note: this warning originates in the macro `offset_of` (in Nightly builds, run with -Z macro-backtrace for more info)
[INFO] [stderr] 
[INFO] [stderr] warning: `px4` (test "message_macro") generated 5 warnings
[INFO] [stderr]     Finished test [unoptimized + debuginfo] target(s) in 0.12s
[INFO] [stderr]      Running unittests (/opt/rustwide/target/debug/deps/px4-13b55cc021e9607d)
[INFO] [stdout] 
[INFO] [stdout] running 0 tests
[INFO] [stdout] 
[INFO] [stdout] test result: ok. 0 passed; 0 failed; 0 ignored; 0 measured; 0 filtered out; finished in 0.00s
[INFO] [stdout] 
[INFO] [stderr]      Running tests/message_macro/main.rs (/opt/rustwide/target/debug/deps/message_macro-86e0fb8b8f7cf918)
[INFO] [stdout] 
[INFO] [stdout] running 1 test
[INFO] [stdout] test generated_message ... ok
[INFO] [stdout] 
[INFO] [stdout] test result: ok. 1 passed; 0 failed; 0 ignored; 0 measured; 0 filtered out; finished in 0.03s
[INFO] [stdout] 
[INFO] [stderr]    Doc-tests px4
[INFO] [stdout] 
[INFO] [stdout] running 7 tests
[INFO] [stdout] test src/uorb/mod.rs - uorb (line 24) ... ignored
[INFO] [stdout] test src/uorb/mod.rs - uorb (line 37) ... ignored
[INFO] [stdout] test src/uorb/mod.rs - uorb (line 8) ... ignored
[INFO] [stdout] test src/lib.rs - (line 90) ... FAILED
[INFO] [stdout] test src/logging.rs - info_raw (line 36) ... ok
[INFO] [stdout] test src/lib.rs - (line 70) ... ok
[INFO] [stdout] test src/lib.rs - (line 46) ... ok
[INFO] [stdout] 
[INFO] [stdout] failures:
[INFO] [stdout] 
[INFO] [stdout] ---- src/lib.rs - (line 90) stdout ----
[INFO] [stdout] error: custom attribute panicked
[INFO] [stdout]  --> src/lib.rs:95:1
[INFO] [stdout]   |
[INFO] [stdout] 8 | #[px4_message("../example/msg/debug_value.msg")]
[INFO] [stdout]   | ^^^^^^^^^^^^^^^^^^^^^^^^^^^^^^^^^^^^^^^^^^^^^^^^
[INFO] [stdout]   |
[INFO] [stdout]   = help: message: Unable to open "/opt/rustwide/workdir/../example/msg/debug_value.msg": No such file or directory (os error 2)
[INFO] [stdout] 
[INFO] [stdout] error[E0433]: failed to resolve: use of undeclared crate or module `debug_value`
[INFO] [stdout]   --> src/lib.rs:101:18
[INFO] [stdout]    |
[INFO] [stdout] 14 |   let mut publ = debug_value::advertise();
[INFO] [stdout]    |                  ^^^^^^^^^^^ use of undeclared crate or module `debug_value`
[INFO] [stdout] 
[INFO] [stdout] error[E0433]: failed to resolve: use of undeclared crate or module `debug_value`
[INFO] [stdout]   --> src/lib.rs:104:13
[INFO] [stdout]    |
[INFO] [stdout] 17 |   let sub = debug_value::subscribe().unwrap();
[INFO] [stdout]    |             ^^^^^^^^^^^ use of undeclared crate or module `debug_value`
[INFO] [stdout] 
[INFO] [stdout] error[E0422]: cannot find struct, variant or union type `debug_value` in this scope
[INFO] [stdout]   --> src/lib.rs:102:17
[INFO] [stdout]    |
[INFO] [stdout] 15 |   publ.publish(&debug_value { timestamp: 0, value: 1.0, ind: 3 }).unwrap();
[INFO] [stdout]    |                 ^^^^^^^^^^^ not found in this scope
[INFO] [stdout] 
[INFO] [stdout] error: aborting due to 4 previous errors
[INFO] [stdout] 
[INFO] [stdout] Some errors have detailed explanations: E0422, E0433.
[INFO] [stdout] For more information about an error, try `rustc --explain E0422`.
[INFO] [stdout] Couldn't compile the test.
[INFO] [stdout] 
[INFO] [stdout] failures:
[INFO] [stdout]     src/lib.rs - (line 90)
[INFO] [stdout] 
[INFO] [stdout] test result: FAILED. 3 passed; 1 failed; 3 ignored; 0 measured; 0 filtered out; finished in 0.92s
[INFO] [stdout] 
[INFO] [stderr] error: test failed, to rerun pass '--doc'
[INFO] running `Command { std: "docker" "inspect" "76ca7e99389027739922672630095325268dda6586857f68487675e83b26c295", kill_on_drop: false }`
[INFO] running `Command { std: "docker" "rm" "-f" "76ca7e99389027739922672630095325268dda6586857f68487675e83b26c295", kill_on_drop: false }`
[INFO] [stdout] 76ca7e99389027739922672630095325268dda6586857f68487675e83b26c295
