[INFO] fetching crate pwr_airly 0.2.0...
[INFO] testing pwr_airly-0.2.0 against 1.54.0 for beta-1.55-1
[INFO] extracting crate pwr_airly 0.2.0 into /workspace/builds/worker-45/source
[INFO] validating manifest of crates.io crate pwr_airly 0.2.0 on toolchain 1.54.0
[INFO] running `Command { std: "/workspace/cargo-home/bin/cargo" "+1.54.0" "metadata" "--manifest-path" "Cargo.toml" "--no-deps", kill_on_drop: false }`
[INFO] started tweaking crates.io crate pwr_airly 0.2.0
[INFO] finished tweaking crates.io crate pwr_airly 0.2.0
[INFO] tweaked toml for crates.io crate pwr_airly 0.2.0 written to /workspace/builds/worker-45/source/Cargo.toml
[INFO] running `Command { std: "/workspace/cargo-home/bin/cargo" "+1.54.0" "generate-lockfile" "--manifest-path" "Cargo.toml" "-Zno-index-update", kill_on_drop: false }`
[INFO] running `Command { std: "/workspace/cargo-home/bin/cargo" "+1.54.0" "fetch" "--manifest-path" "Cargo.toml", kill_on_drop: false }`
[INFO] running `Command { std: "docker" "create" "-v" "/var/lib/crater-agent-workspace/builds/worker-45/target:/opt/rustwide/target:rw,Z" "-v" "/var/lib/crater-agent-workspace/builds/worker-45/source:/opt/rustwide/workdir:ro,Z" "-v" "/var/lib/crater-agent-workspace/cargo-home:/opt/rustwide/cargo-home:ro,Z" "-v" "/var/lib/crater-agent-workspace/rustup-home:/opt/rustwide/rustup-home:ro,Z" "-e" "SOURCE_DIR=/opt/rustwide/workdir" "-e" "CARGO_TARGET_DIR=/opt/rustwide/target" "-e" "CARGO_HOME=/opt/rustwide/cargo-home" "-e" "RUSTUP_HOME=/opt/rustwide/rustup-home" "-w" "/opt/rustwide/workdir" "-m" "1610612736" "--user" "0:0" "--network" "none" "ghcr.io/rust-lang/crates-build-env/linux@sha256:34b6a614d2c27851fe6cbf88fbd1137609cefab8b10d0615aaeb6fd47975d74e" "/opt/rustwide/cargo-home/bin/cargo" "+1.54.0" "metadata" "--no-deps" "--format-version=1", kill_on_drop: false }`
[INFO] [stdout] f3f54e64ef65f1e61bd078997e65f7f0575107a3e272e658f118b52ef928351f
[INFO] running `Command { std: "docker" "start" "-a" "f3f54e64ef65f1e61bd078997e65f7f0575107a3e272e658f118b52ef928351f", kill_on_drop: false }`
[INFO] running `Command { std: "docker" "inspect" "f3f54e64ef65f1e61bd078997e65f7f0575107a3e272e658f118b52ef928351f", kill_on_drop: false }`
[INFO] running `Command { std: "docker" "rm" "-f" "f3f54e64ef65f1e61bd078997e65f7f0575107a3e272e658f118b52ef928351f", kill_on_drop: false }`
[INFO] [stdout] f3f54e64ef65f1e61bd078997e65f7f0575107a3e272e658f118b52ef928351f
[INFO] running `Command { std: "docker" "create" "-v" "/var/lib/crater-agent-workspace/builds/worker-45/target:/opt/rustwide/target:rw,Z" "-v" "/var/lib/crater-agent-workspace/builds/worker-45/source:/opt/rustwide/workdir:ro,Z" "-v" "/var/lib/crater-agent-workspace/cargo-home:/opt/rustwide/cargo-home:ro,Z" "-v" "/var/lib/crater-agent-workspace/rustup-home:/opt/rustwide/rustup-home:ro,Z" "-e" "SOURCE_DIR=/opt/rustwide/workdir" "-e" "CARGO_TARGET_DIR=/opt/rustwide/target" "-e" "CARGO_INCREMENTAL=0" "-e" "RUST_BACKTRACE=full" "-e" "RUSTFLAGS=--cap-lints=warn" "-e" "CARGO_HOME=/opt/rustwide/cargo-home" "-e" "RUSTUP_HOME=/opt/rustwide/rustup-home" "-w" "/opt/rustwide/workdir" "-m" "1610612736" "--user" "0:0" "--network" "none" "ghcr.io/rust-lang/crates-build-env/linux@sha256:34b6a614d2c27851fe6cbf88fbd1137609cefab8b10d0615aaeb6fd47975d74e" "/opt/rustwide/cargo-home/bin/cargo" "+1.54.0" "build" "--frozen" "--message-format=json", kill_on_drop: false }`
[INFO] [stdout] a1e6d282148bb53d813e188358da338f64da53a92a1009786903a1097b99af44
[INFO] running `Command { std: "docker" "start" "-a" "a1e6d282148bb53d813e188358da338f64da53a92a1009786903a1097b99af44", kill_on_drop: false }`
[INFO] [stderr]    Compiling futures v0.1.31
[INFO] [stderr]    Compiling log v0.4.14
[INFO] [stderr]    Compiling cc v1.0.69
[INFO] [stderr]    Compiling proc-macro2 v1.0.28
[INFO] [stderr]    Compiling byteorder v1.4.3
[INFO] [stderr]    Compiling either v1.6.1
[INFO] [stderr]    Compiling syn v1.0.74
[INFO] [stderr]    Compiling slab v0.4.4
[INFO] [stderr]    Compiling pkg-config v0.3.19
[INFO] [stderr]    Compiling itoa v0.4.7
[INFO] [stderr]    Compiling serde_derive v1.0.127
[INFO] [stderr]    Compiling serde v1.0.127
[INFO] [stderr]    Compiling version_check v0.9.3
[INFO] [stderr]    Compiling memchr v2.4.0
[INFO] [stderr]    Compiling adler v1.0.2
[INFO] [stderr]    Compiling failure_derive v0.1.8
[INFO] [stderr]    Compiling hashbrown v0.11.2
[INFO] [stderr]    Compiling foreign-types-shared v0.1.1
[INFO] [stderr]    Compiling gimli v0.25.0
[INFO] [stderr]    Compiling openssl v0.10.35
[INFO] [stderr]    Compiling httparse v1.4.1
[INFO] [stderr]    Compiling serde_json v1.0.66
[INFO] [stderr]    Compiling try-lock v0.2.3
[INFO] [stderr]    Compiling native-tls v0.2.7
[INFO] [stderr]    Compiling crc32fast v1.2.1
[INFO] [stderr]    Compiling rustc-demangle v0.1.20
[INFO] [stderr]    Compiling openssl-probe v0.1.4
[INFO] [stderr]    Compiling encoding_rs v0.8.28
[INFO] [stderr]    Compiling dtoa v0.4.8
[INFO] [stderr]    Compiling crossbeam-utils v0.7.2
[INFO] [stderr]    Compiling crossbeam-epoch v0.8.2
[INFO] [stderr]    Compiling miniz_oxide v0.4.4
[INFO] [stderr]    Compiling indexmap v1.7.0
[INFO] [stderr]    Compiling lock_api v0.3.4
[INFO] [stderr]    Compiling form_urlencoded v1.0.1
[INFO] [stderr]    Compiling try_from v0.3.2
[INFO] [stderr]    Compiling iovec v0.1.4
[INFO] [stderr]    Compiling parking_lot_core v0.6.2
[INFO] [stderr]    Compiling smallvec v0.6.14
[INFO] [stderr]    Compiling parking_lot v0.9.0
[INFO] [stderr]    Compiling net2 v0.2.37
[INFO] [stderr]    Compiling hyper v0.12.36
[INFO] [stderr]    Compiling idna v0.2.3
[INFO] [stderr]    Compiling rand_os v0.1.3
[INFO] [stderr]    Compiling cookie v0.12.0
[INFO] [stderr]    Compiling foreign-types v0.3.2
[INFO] [stderr]    Compiling bytes v0.4.12
[INFO] [stderr]    Compiling base64 v0.10.1
[INFO] [stderr]    Compiling rand v0.6.5
[INFO] [stderr]    Compiling unicase v2.6.0
[INFO] [stderr]    Compiling mio v0.6.23
[INFO] [stderr]    Compiling url v2.2.2
[INFO] [stderr]    Compiling http v0.1.21
[INFO] [stderr]    Compiling string v0.2.1
[INFO] [stderr]    Compiling object v0.26.0
[INFO] [stderr]    Compiling quote v1.0.9
[INFO] [stderr]    Compiling openssl-sys v0.9.65
[INFO] [stderr]    Compiling backtrace v0.3.61
[INFO] [stderr]    Compiling uuid v0.7.4
[INFO] [stderr]    Compiling tokio-io v0.1.13
[INFO] [stderr]    Compiling tokio-sync v0.1.8
[INFO] [stderr]    Compiling tokio-buf v0.1.1
[INFO] [stderr]    Compiling want v0.2.0
[INFO] [stderr]    Compiling futures-cpupool v0.1.8
[INFO] [stderr]    Compiling flate2 v1.0.20
[INFO] [stderr]    Compiling publicsuffix v1.5.6
[INFO] [stderr]    Compiling mime_guess v2.0.3
[INFO] [stderr]    Compiling tokio-executor v0.1.10
[INFO] [stderr]    Compiling crossbeam-queue v0.2.3
[INFO] [stderr]    Compiling tokio-reactor v0.1.12
[INFO] [stderr]    Compiling tokio-timer v0.2.13
[INFO] [stderr]    Compiling tokio-current-thread v0.1.7
[INFO] [stderr]    Compiling crossbeam-deque v0.7.4
[INFO] [stderr]    Compiling tokio-threadpool v0.1.18
[INFO] [stderr]    Compiling tokio-tcp v0.1.4
[INFO] [stderr]    Compiling addr2line v0.16.0
[INFO] [stderr]    Compiling tokio v0.1.22
[INFO] [stderr]    Compiling http-body v0.1.0
[INFO] [stderr]    Compiling h2 v0.1.26
[INFO] [stderr]    Compiling synstructure v0.12.5
[INFO] [stderr]    Compiling failure v0.1.8
[INFO] [stderr]    Compiling hyper-tls v0.3.2
[INFO] [stderr]    Compiling serde_urlencoded v0.5.5
[INFO] [stderr]    Compiling chrono v0.4.19
[INFO] [stderr]    Compiling cookie_store v0.7.0
[INFO] [stderr]    Compiling reqwest v0.9.24
[INFO] [stderr]    Compiling pwr_airly v0.2.0 (/opt/rustwide/workdir)
[INFO] [stderr]     Finished dev [unoptimized + debuginfo] target(s) in 28.42s
[INFO] running `Command { std: "docker" "inspect" "a1e6d282148bb53d813e188358da338f64da53a92a1009786903a1097b99af44", kill_on_drop: false }`
[INFO] running `Command { std: "docker" "rm" "-f" "a1e6d282148bb53d813e188358da338f64da53a92a1009786903a1097b99af44", kill_on_drop: false }`
[INFO] [stdout] a1e6d282148bb53d813e188358da338f64da53a92a1009786903a1097b99af44
[INFO] running `Command { std: "docker" "create" "-v" "/var/lib/crater-agent-workspace/builds/worker-45/target:/opt/rustwide/target:rw,Z" "-v" "/var/lib/crater-agent-workspace/builds/worker-45/source:/opt/rustwide/workdir:ro,Z" "-v" "/var/lib/crater-agent-workspace/cargo-home:/opt/rustwide/cargo-home:ro,Z" "-v" "/var/lib/crater-agent-workspace/rustup-home:/opt/rustwide/rustup-home:ro,Z" "-e" "SOURCE_DIR=/opt/rustwide/workdir" "-e" "CARGO_TARGET_DIR=/opt/rustwide/target" "-e" "CARGO_INCREMENTAL=0" "-e" "RUST_BACKTRACE=full" "-e" "RUSTFLAGS=--cap-lints=warn" "-e" "CARGO_HOME=/opt/rustwide/cargo-home" "-e" "RUSTUP_HOME=/opt/rustwide/rustup-home" "-w" "/opt/rustwide/workdir" "-m" "1610612736" "--user" "0:0" "--network" "none" "ghcr.io/rust-lang/crates-build-env/linux@sha256:34b6a614d2c27851fe6cbf88fbd1137609cefab8b10d0615aaeb6fd47975d74e" "/opt/rustwide/cargo-home/bin/cargo" "+1.54.0" "test" "--frozen" "--no-run" "--message-format=json", kill_on_drop: false }`
[INFO] [stdout] 6341c12c7dda5b9127ef34baf60d7a595d3e4b3de9d486d9519b79e6a870f179
[INFO] running `Command { std: "docker" "start" "-a" "6341c12c7dda5b9127ef34baf60d7a595d3e4b3de9d486d9519b79e6a870f179", kill_on_drop: false }`
[INFO] [stderr]     Blocking waiting for file lock on package cache
[INFO] [stderr]    Compiling pwr_airly v0.2.0 (/opt/rustwide/workdir)
[INFO] [stdout] warning: trait objects without an explicit `dyn` are deprecated
[INFO] [stdout]  --> examples/getting-nearest-installations.rs:6:29
[INFO] [stdout]   |
[INFO] [stdout] 6 | fn main() -> Result<(), Box<Error>> {
[INFO] [stdout]   |                             ^^^^^ help: use `dyn`: `dyn Error`
[INFO] [stdout]   |
[INFO] [stdout]   = note: `#[warn(bare_trait_objects)]` on by default
[INFO] [stdout]   = warning: this was previously accepted by the compiler but is being phased out; it will become a hard error in the 2021 edition!
[INFO] [stdout]   = note: for more information, see issue #80165 <https://github.com/rust-lang/rust/issues/80165>
[INFO] [stdout] 
[INFO] [stdout] 
[INFO] [stdout] warning: trait objects without an explicit `dyn` are deprecated
[INFO] [stdout]  --> examples/getting-measurements-for-installation.rs:6:29
[INFO] [stdout]   |
[INFO] [stdout] 6 | fn main() -> Result<(), Box<Error>> {
[INFO] [stdout]   |                             ^^^^^ help: use `dyn`: `dyn Error`
[INFO] [stdout]   |
[INFO] [stdout]   = note: `#[warn(bare_trait_objects)]` on by default
[INFO] [stdout]   = warning: this was previously accepted by the compiler but is being phased out; it will become a hard error in the 2021 edition!
[INFO] [stdout]   = note: for more information, see issue #80165 <https://github.com/rust-lang/rust/issues/80165>
[INFO] [stdout] 
[INFO] [stdout] 
[INFO] [stdout] warning: trait objects without an explicit `dyn` are deprecated
[INFO] [stdout]  --> examples/getting-specific-installations.rs:6:29
[INFO] [stdout]   |
[INFO] [stdout] 6 | fn main() -> Result<(), Box<Error>> {
[INFO] [stdout]   |                             ^^^^^ help: use `dyn`: `dyn Error`
[INFO] [stdout]   |
[INFO] [stdout]   = note: `#[warn(bare_trait_objects)]` on by default
[INFO] [stdout]   = warning: this was previously accepted by the compiler but is being phased out; it will become a hard error in the 2021 edition!
[INFO] [stdout]   = note: for more information, see issue #80165 <https://github.com/rust-lang/rust/issues/80165>
[INFO] [stdout] 
[INFO] [stdout] 
[INFO] [stdout] warning: trait objects without an explicit `dyn` are deprecated
[INFO] [stdout]  --> examples/getting-measurements-for-point.rs:6:29
[INFO] [stdout]   |
[INFO] [stdout] 6 | fn main() -> Result<(), Box<Error>> {
[INFO] [stdout]   |                             ^^^^^ help: use `dyn`: `dyn Error`
[INFO] [stdout]   |
[INFO] [stdout]   = note: `#[warn(bare_trait_objects)]` on by default
[INFO] [stdout]   = warning: this was previously accepted by the compiler but is being phased out; it will become a hard error in the 2021 edition!
[INFO] [stdout]   = note: for more information, see issue #80165 <https://github.com/rust-lang/rust/issues/80165>
[INFO] [stdout] 
[INFO] [stdout] 
[INFO] [stdout] warning: 1 warning emitted
[INFO] [stdout] 
[INFO] [stdout] 
[INFO] [stdout] warning: 1 warning emitted
[INFO] [stdout] 
[INFO] [stdout] 
[INFO] [stdout] warning: 1 warning emitted
[INFO] [stdout] 
[INFO] [stdout] 
[INFO] [stdout] warning: 1 warning emitted
[INFO] [stdout] 
[INFO] [stdout] 
[INFO] [stderr]     Finished test [unoptimized + debuginfo] target(s) in 5.65s
[INFO] running `Command { std: "docker" "inspect" "6341c12c7dda5b9127ef34baf60d7a595d3e4b3de9d486d9519b79e6a870f179", kill_on_drop: false }`
[INFO] running `Command { std: "docker" "rm" "-f" "6341c12c7dda5b9127ef34baf60d7a595d3e4b3de9d486d9519b79e6a870f179", kill_on_drop: false }`
[INFO] [stdout] 6341c12c7dda5b9127ef34baf60d7a595d3e4b3de9d486d9519b79e6a870f179
[INFO] running `Command { std: "docker" "create" "-v" "/var/lib/crater-agent-workspace/builds/worker-45/target:/opt/rustwide/target:rw,Z" "-v" "/var/lib/crater-agent-workspace/builds/worker-45/source:/opt/rustwide/workdir:ro,Z" "-v" "/var/lib/crater-agent-workspace/cargo-home:/opt/rustwide/cargo-home:ro,Z" "-v" "/var/lib/crater-agent-workspace/rustup-home:/opt/rustwide/rustup-home:ro,Z" "-e" "SOURCE_DIR=/opt/rustwide/workdir" "-e" "CARGO_TARGET_DIR=/opt/rustwide/target" "-e" "CARGO_INCREMENTAL=0" "-e" "RUST_BACKTRACE=full" "-e" "RUSTFLAGS=--cap-lints=warn" "-e" "CARGO_HOME=/opt/rustwide/cargo-home" "-e" "RUSTUP_HOME=/opt/rustwide/rustup-home" "-w" "/opt/rustwide/workdir" "-m" "1610612736" "--user" "0:0" "--network" "none" "ghcr.io/rust-lang/crates-build-env/linux@sha256:34b6a614d2c27851fe6cbf88fbd1137609cefab8b10d0615aaeb6fd47975d74e" "/opt/rustwide/cargo-home/bin/cargo" "+1.54.0" "test" "--frozen", kill_on_drop: false }`
[INFO] [stdout] 5e8a5e873e487b714197ef557639827dc034f64c74219f95a77b6f4376cd8d1e
[INFO] running `Command { std: "docker" "start" "-a" "5e8a5e873e487b714197ef557639827dc034f64c74219f95a77b6f4376cd8d1e", kill_on_drop: false }`
[INFO] [stderr]     Blocking waiting for file lock on package cache
[INFO] [stderr] warning: trait objects without an explicit `dyn` are deprecated
[INFO] [stderr]  --> examples/getting-nearest-installations.rs:6:29
[INFO] [stderr]   |
[INFO] [stderr] 6 | fn main() -> Result<(), Box<Error>> {
[INFO] [stderr]   |                             ^^^^^ help: use `dyn`: `dyn Error`
[INFO] [stderr]   |
[INFO] [stderr]   = note: `#[warn(bare_trait_objects)]` on by default
[INFO] [stderr]   = warning: this was previously accepted by the compiler but is being phased out; it will become a hard error in the 2021 edition!
[INFO] [stderr]   = note: for more information, see issue #80165 <https://github.com/rust-lang/rust/issues/80165>
[INFO] [stderr] 
[INFO] [stderr] warning: 1 warning emitted
[INFO] [stderr] 
[INFO] [stderr] warning: trait objects without an explicit `dyn` are deprecated
[INFO] [stderr]  --> examples/getting-measurements-for-point.rs:6:29
[INFO] [stderr]   |
[INFO] [stderr] 6 | fn main() -> Result<(), Box<Error>> {
[INFO] [stderr]   |                             ^^^^^ help: use `dyn`: `dyn Error`
[INFO] [stderr]   |
[INFO] [stderr]   = note: `#[warn(bare_trait_objects)]` on by default
[INFO] [stderr]   = warning: this was previously accepted by the compiler but is being phased out; it will become a hard error in the 2021 edition!
[INFO] [stderr]   = note: for more information, see issue #80165 <https://github.com/rust-lang/rust/issues/80165>
[INFO] [stderr] 
[INFO] [stderr] warning: 1 warning emitted
[INFO] [stderr] 
[INFO] [stderr] warning: trait objects without an explicit `dyn` are deprecated
[INFO] [stderr]  --> examples/getting-measurements-for-installation.rs:6:29
[INFO] [stderr]   |
[INFO] [stderr] 6 | fn main() -> Result<(), Box<Error>> {
[INFO] [stderr]   |                             ^^^^^ help: use `dyn`: `dyn Error`
[INFO] [stderr]   |
[INFO] [stderr]   = note: `#[warn(bare_trait_objects)]` on by default
[INFO] [stderr]   = warning: this was previously accepted by the compiler but is being phased out; it will become a hard error in the 2021 edition!
[INFO] [stderr]   = note: for more information, see issue #80165 <https://github.com/rust-lang/rust/issues/80165>
[INFO] [stderr] 
[INFO] [stderr] warning: 1 warning emitted
[INFO] [stderr] 
[INFO] [stderr] warning: trait objects without an explicit `dyn` are deprecated
[INFO] [stderr]  --> examples/getting-specific-installations.rs:6:29
[INFO] [stderr]   |
[INFO] [stderr] 6 | fn main() -> Result<(), Box<Error>> {
[INFO] [stderr]   |                             ^^^^^ help: use `dyn`: `dyn Error`
[INFO] [stderr]   |
[INFO] [stderr]   = note: `#[warn(bare_trait_objects)]` on by default
[INFO] [stderr]   = warning: this was previously accepted by the compiler but is being phased out; it will become a hard error in the 2021 edition!
[INFO] [stderr]   = note: for more information, see issue #80165 <https://github.com/rust-lang/rust/issues/80165>
[INFO] [stderr] 
[INFO] [stderr] warning: 1 warning emitted
[INFO] [stderr] 
[INFO] [stderr]     Finished test [unoptimized + debuginfo] target(s) in 0.78s
[INFO] [stderr]      Running unittests (/opt/rustwide/target/debug/deps/pwr_airly-214564401eef0706)
[INFO] [stdout] 
[INFO] [stdout] running 0 tests
[INFO] [stderr]    Doc-tests pwr_airly
[INFO] [stdout] 
[INFO] [stdout] test result: ok. 0 passed; 0 failed; 0 ignored; 0 measured; 0 filtered out; finished in 0.00s
[INFO] [stdout] 
[INFO] [stdout] 
[INFO] [stdout] running 4 tests
[INFO] [stdout] test src/measurements/mod.rs - measurements::MeasurementsClient::get (line 29) ... FAILED
[INFO] [stdout] test src/lib.rs - AirlyClient::new (line 33) ... FAILED
[INFO] [stdout] test src/installations/mod.rs - installations::InstallationsClient::get (line 29) ... FAILED
[INFO] [stdout] test src/installations/mod.rs - installations::InstallationsClient::get_nearest (line 45) ... FAILED
[INFO] [stdout] 
[INFO] [stdout] failures:
[INFO] [stdout] 
[INFO] [stdout] ---- src/measurements/mod.rs - measurements::MeasurementsClient::get (line 29) stdout ----
[INFO] [stdout] error[E0433]: failed to resolve: use of undeclared type `AirlyClient`
[INFO] [stdout]  --> src/measurements/mod.rs:30:14
[INFO] [stdout]   |
[INFO] [stdout] 3 | let client = AirlyClient::new("my-api-key");
[INFO] [stdout]   |              ^^^^^^^^^^^ not found in this scope
[INFO] [stdout]   |
[INFO] [stdout] help: consider importing this struct
[INFO] [stdout]   |
[INFO] [stdout] 2 | use pwr_airly::AirlyClient;
[INFO] [stdout]   |
[INFO] [stdout] 
[INFO] [stdout] error: aborting due to previous error
[INFO] [stdout] 
[INFO] [stdout] For more information about this error, try `rustc --explain E0433`.
[INFO] [stdout] Couldn't compile the test.
[INFO] [stdout] ---- src/lib.rs - AirlyClient::new (line 33) stdout ----
[INFO] [stdout] error[E0433]: failed to resolve: use of undeclared type `AirlyClient`
[INFO] [stdout]  --> src/lib.rs:34:13
[INFO] [stdout]   |
[INFO] [stdout] 3 | let airly = AirlyClient::new("my-api-key");
[INFO] [stdout]   |             ^^^^^^^^^^^ not found in this scope
[INFO] [stdout]   |
[INFO] [stdout] help: consider importing this struct
[INFO] [stdout]   |
[INFO] [stdout] 2 | use pwr_airly::AirlyClient;
[INFO] [stdout]   |
[INFO] [stdout] 
[INFO] [stdout] error: aborting due to previous error
[INFO] [stdout] 
[INFO] [stdout] For more information about this error, try `rustc --explain E0433`.
[INFO] [stdout] Couldn't compile the test.
[INFO] [stdout] ---- src/installations/mod.rs - installations::InstallationsClient::get (line 29) stdout ----
[INFO] [stdout] error[E0433]: failed to resolve: use of undeclared type `AirlyClient`
[INFO] [stdout]  --> src/installations/mod.rs:30:14
[INFO] [stdout]   |
[INFO] [stdout] 3 | let client = AirlyClient::new("my-api-key");
[INFO] [stdout]   |              ^^^^^^^^^^^ not found in this scope
[INFO] [stdout]   |
[INFO] [stdout] help: consider importing this struct
[INFO] [stdout]   |
[INFO] [stdout] 2 | use pwr_airly::AirlyClient;
[INFO] [stdout]   |
[INFO] [stdout] 
[INFO] [stdout] error: aborting due to previous error
[INFO] [stdout] 
[INFO] [stdout] For more information about this error, try `rustc --explain E0433`.
[INFO] [stdout] Couldn't compile the test.
[INFO] [stdout] ---- src/installations/mod.rs - installations::InstallationsClient::get_nearest (line 45) stdout ----
[INFO] [stdout] error[E0433]: failed to resolve: use of undeclared type `AirlyClient`
[INFO] [stdout]  --> src/installations/mod.rs:46:14
[INFO] [stdout]   |
[INFO] [stdout] 3 | let client = AirlyClient::new("my-api-key");
[INFO] [stdout]   |              ^^^^^^^^^^^ not found in this scope
[INFO] [stdout]   |
[INFO] [stdout] help: consider importing this struct
[INFO] [stdout]   |
[INFO] [stdout] 2 | use pwr_airly::AirlyClient;
[INFO] [stdout]   |
[INFO] [stdout] 
[INFO] [stdout] error: aborting due to previous error
[INFO] [stdout] 
[INFO] [stdout] For more information about this error, try `rustc --explain E0433`.
[INFO] [stdout] Couldn't compile the test.
[INFO] [stdout] 
[INFO] [stdout] failures:
[INFO] [stdout]     src/installations/mod.rs - installations::InstallationsClient::get (line 29)
[INFO] [stdout]     src/installations/mod.rs - installations::InstallationsClient::get_nearest (line 45)
[INFO] [stdout]     src/lib.rs - AirlyClient::new (line 33)
[INFO] [stdout]     src/measurements/mod.rs - measurements::MeasurementsClient::get (line 29)
[INFO] [stdout] 
[INFO] [stdout] test result: FAILED. 0 passed; 4 failed; 0 ignored; 0 measured; 0 filtered out; finished in 0.31s
[INFO] [stdout] 
[INFO] [stderr] error: test failed, to rerun pass '--doc'
[INFO] running `Command { std: "docker" "inspect" "5e8a5e873e487b714197ef557639827dc034f64c74219f95a77b6f4376cd8d1e", kill_on_drop: false }`
[INFO] running `Command { std: "docker" "rm" "-f" "5e8a5e873e487b714197ef557639827dc034f64c74219f95a77b6f4376cd8d1e", kill_on_drop: false }`
[INFO] [stdout] 5e8a5e873e487b714197ef557639827dc034f64c74219f95a77b6f4376cd8d1e
