[INFO] fetching crate pwbox 0.4.0...
[INFO] testing pwbox-0.4.0 against beta-2021-08-01 for beta-1.55-1
[INFO] extracting crate pwbox 0.4.0 into /workspace/builds/worker-18/source
[INFO] validating manifest of crates.io crate pwbox 0.4.0 on toolchain beta-2021-08-01
[INFO] running `Command { std: "/workspace/cargo-home/bin/cargo" "+beta-2021-08-01" "metadata" "--manifest-path" "Cargo.toml" "--no-deps", kill_on_drop: false }`
[INFO] started tweaking crates.io crate pwbox 0.4.0
[INFO] removed 0 missing examples
[INFO] removed 0 missing tests
[INFO] finished tweaking crates.io crate pwbox 0.4.0
[INFO] tweaked toml for crates.io crate pwbox 0.4.0 written to /workspace/builds/worker-18/source/Cargo.toml
[INFO] crate crates.io crate pwbox 0.4.0 already has a lockfile, it will not be regenerated
[INFO] running `Command { std: "/workspace/cargo-home/bin/cargo" "+beta-2021-08-01" "fetch" "--manifest-path" "Cargo.toml", kill_on_drop: false }`
[INFO] [stderr]     Blocking waiting for file lock on package cache
[INFO] [stderr]  Downloading crates ...
[INFO] [stderr]   Downloaded chacha20 v0.6.0
[INFO] [stderr]   Downloaded rand_core v0.6.0
[INFO] [stderr]   Downloaded poly1305 v0.6.2
[INFO] [stderr]   Downloaded assert_matches v1.4.0
[INFO] [stderr]   Downloaded anyhow v1.0.36
[INFO] [stderr]   Downloaded version-sync v0.9.1
[INFO] [stderr]   Downloaded bzip2-sys v0.1.9+1.0.8
[INFO] [stderr]   Downloaded zip v0.5.9
[INFO] [stderr]   Downloaded rand v0.8.0
[INFO] [stderr]   Downloaded exonum_sodiumoxide v0.0.23
[INFO] [stderr]   Downloaded hex-buffer-serde v0.2.2
[INFO] [stderr]   Downloaded exonum_libsodium-sys v0.0.23
[INFO] running `Command { std: "docker" "create" "-v" "/var/lib/crater-agent-workspace/builds/worker-18/target:/opt/rustwide/target:rw,Z" "-v" "/var/lib/crater-agent-workspace/builds/worker-18/source:/opt/rustwide/workdir:ro,Z" "-v" "/var/lib/crater-agent-workspace/cargo-home:/opt/rustwide/cargo-home:ro,Z" "-v" "/var/lib/crater-agent-workspace/rustup-home:/opt/rustwide/rustup-home:ro,Z" "-e" "SOURCE_DIR=/opt/rustwide/workdir" "-e" "CARGO_TARGET_DIR=/opt/rustwide/target" "-e" "CARGO_HOME=/opt/rustwide/cargo-home" "-e" "RUSTUP_HOME=/opt/rustwide/rustup-home" "-w" "/opt/rustwide/workdir" "-m" "1610612736" "--user" "0:0" "--network" "none" "ghcr.io/rust-lang/crates-build-env/linux@sha256:34b6a614d2c27851fe6cbf88fbd1137609cefab8b10d0615aaeb6fd47975d74e" "/opt/rustwide/cargo-home/bin/cargo" "+beta-2021-08-01" "metadata" "--no-deps" "--format-version=1", kill_on_drop: false }`
[INFO] [stdout] 9a8e75fe7f9c71c688b8faf7e53b77518dd39d823a5ec2f3d2b79d2e1754f677
[INFO] running `Command { std: "docker" "start" "-a" "9a8e75fe7f9c71c688b8faf7e53b77518dd39d823a5ec2f3d2b79d2e1754f677", kill_on_drop: false }`
[INFO] running `Command { std: "docker" "inspect" "9a8e75fe7f9c71c688b8faf7e53b77518dd39d823a5ec2f3d2b79d2e1754f677", kill_on_drop: false }`
[INFO] running `Command { std: "docker" "rm" "-f" "9a8e75fe7f9c71c688b8faf7e53b77518dd39d823a5ec2f3d2b79d2e1754f677", kill_on_drop: false }`
[INFO] [stdout] 9a8e75fe7f9c71c688b8faf7e53b77518dd39d823a5ec2f3d2b79d2e1754f677
[INFO] running `Command { std: "docker" "create" "-v" "/var/lib/crater-agent-workspace/builds/worker-18/target:/opt/rustwide/target:rw,Z" "-v" "/var/lib/crater-agent-workspace/builds/worker-18/source:/opt/rustwide/workdir:ro,Z" "-v" "/var/lib/crater-agent-workspace/cargo-home:/opt/rustwide/cargo-home:ro,Z" "-v" "/var/lib/crater-agent-workspace/rustup-home:/opt/rustwide/rustup-home:ro,Z" "-e" "SOURCE_DIR=/opt/rustwide/workdir" "-e" "CARGO_TARGET_DIR=/opt/rustwide/target" "-e" "CARGO_INCREMENTAL=0" "-e" "RUST_BACKTRACE=full" "-e" "RUSTFLAGS=--cap-lints=warn" "-e" "CARGO_HOME=/opt/rustwide/cargo-home" "-e" "RUSTUP_HOME=/opt/rustwide/rustup-home" "-w" "/opt/rustwide/workdir" "-m" "1610612736" "--user" "0:0" "--network" "none" "ghcr.io/rust-lang/crates-build-env/linux@sha256:34b6a614d2c27851fe6cbf88fbd1137609cefab8b10d0615aaeb6fd47975d74e" "/opt/rustwide/cargo-home/bin/cargo" "+beta-2021-08-01" "build" "--frozen" "--message-format=json", kill_on_drop: false }`
[INFO] [stdout] c1711d9be55b9108402eb297e0a203195fc01a532f1be4469c2ef048e707b362
[INFO] running `Command { std: "docker" "start" "-a" "c1711d9be55b9108402eb297e0a203195fc01a532f1be4469c2ef048e707b362", kill_on_drop: false }`
[INFO] [stderr]    Compiling libc v0.2.81
[INFO] [stderr]    Compiling proc-macro2 v1.0.24
[INFO] [stderr]    Compiling unicode-xid v0.2.1
[INFO] [stderr]    Compiling syn v1.0.55
[INFO] [stderr]    Compiling version_check v0.9.2
[INFO] [stderr]    Compiling typenum v1.12.0
[INFO] [stderr]    Compiling pkg-config v0.3.19
[INFO] [stderr]    Compiling crc32fast v1.2.1
[INFO] [stderr]    Compiling adler32 v1.2.0
[INFO] [stderr]    Compiling serde_derive v1.0.118
[INFO] [stderr]    Compiling serde v1.0.118
[INFO] [stderr]    Compiling subtle v2.4.0
[INFO] [stderr]    Compiling getrandom v0.2.0
[INFO] [stderr]    Compiling opaque-debug v0.3.0
[INFO] [stderr]    Compiling anyhow v1.0.36
[INFO] [stderr]    Compiling cpuid-bool v0.1.2
[INFO] [stderr]    Compiling serde_json v1.0.60
[INFO] [stderr]    Compiling itoa v0.4.6
[INFO] [stderr]    Compiling hex v0.4.2
[INFO] [stderr]    Compiling constant_time_eq v0.1.5
[INFO] [stderr]    Compiling zeroize v1.2.0
[INFO] [stderr]    Compiling smallvec v1.6.0
[INFO] [stderr]    Compiling miniz_oxide v0.3.7
[INFO] [stderr]    Compiling generic-array v0.14.4
[INFO] [stderr]    Compiling quote v1.0.8
[INFO] [stderr]    Compiling jobserver v0.1.21
[INFO] [stderr]    Compiling filetime v0.2.13
[INFO] [stderr]    Compiling xattr v0.2.2
[INFO] [stderr]    Compiling time v0.1.44
[INFO] [stderr]    Compiling num_cpus v1.13.0
[INFO] [stderr]    Compiling flate2 v1.0.14
[INFO] [stderr]    Compiling rand_core v0.6.0
[INFO] [stderr]    Compiling cc v1.0.66
[INFO] [stderr]    Compiling tar v0.4.30
[INFO] [stderr]    Compiling digest v0.9.0
[INFO] [stderr]    Compiling crypto-mac v0.10.0
[INFO] [stderr]    Compiling block-buffer v0.9.0
[INFO] [stderr]    Compiling cipher v0.2.5
[INFO] [stderr]    Compiling pbkdf2 v0.6.0
[INFO] [stderr]    Compiling sha2 v0.9.2
[INFO] [stderr]    Compiling hmac v0.10.1
[INFO] [stderr]    Compiling salsa20 v0.7.2
[INFO] [stderr]    Compiling scrypt v0.5.0
[INFO] [stderr]    Compiling bzip2-sys v0.1.9+1.0.8
[INFO] [stderr]    Compiling bzip2 v0.3.3
[INFO] [stderr]    Compiling thiserror-impl v1.0.22
[INFO] [stderr]    Compiling thiserror v1.0.22
[INFO] [stderr]    Compiling zip v0.5.9
[INFO] [stderr]    Compiling exonum_libsodium-sys v0.0.23
[INFO] [stderr]    Compiling exonum_sodiumoxide v0.0.23
[INFO] [stderr]    Compiling hex-buffer-serde v0.2.2
[INFO] [stderr]    Compiling pwbox v0.4.0 (/opt/rustwide/workdir)
[INFO] [stderr]     Finished dev [unoptimized + debuginfo] target(s) in 25.49s
[INFO] running `Command { std: "docker" "inspect" "c1711d9be55b9108402eb297e0a203195fc01a532f1be4469c2ef048e707b362", kill_on_drop: false }`
[INFO] running `Command { std: "docker" "rm" "-f" "c1711d9be55b9108402eb297e0a203195fc01a532f1be4469c2ef048e707b362", kill_on_drop: false }`
[INFO] [stdout] c1711d9be55b9108402eb297e0a203195fc01a532f1be4469c2ef048e707b362
[INFO] running `Command { std: "docker" "create" "-v" "/var/lib/crater-agent-workspace/builds/worker-18/target:/opt/rustwide/target:rw,Z" "-v" "/var/lib/crater-agent-workspace/builds/worker-18/source:/opt/rustwide/workdir:ro,Z" "-v" "/var/lib/crater-agent-workspace/cargo-home:/opt/rustwide/cargo-home:ro,Z" "-v" "/var/lib/crater-agent-workspace/rustup-home:/opt/rustwide/rustup-home:ro,Z" "-e" "SOURCE_DIR=/opt/rustwide/workdir" "-e" "CARGO_TARGET_DIR=/opt/rustwide/target" "-e" "CARGO_INCREMENTAL=0" "-e" "RUST_BACKTRACE=full" "-e" "RUSTFLAGS=--cap-lints=warn" "-e" "CARGO_HOME=/opt/rustwide/cargo-home" "-e" "RUSTUP_HOME=/opt/rustwide/rustup-home" "-w" "/opt/rustwide/workdir" "-m" "1610612736" "--user" "0:0" "--network" "none" "ghcr.io/rust-lang/crates-build-env/linux@sha256:34b6a614d2c27851fe6cbf88fbd1137609cefab8b10d0615aaeb6fd47975d74e" "/opt/rustwide/cargo-home/bin/cargo" "+beta-2021-08-01" "test" "--frozen" "--no-run" "--message-format=json", kill_on_drop: false }`
[INFO] [stdout] 68b04ff69ddb96d1d64d18b04d6fc535f1017eb6c43e7da2c309530b2a4ae809
[INFO] running `Command { std: "docker" "start" "-a" "68b04ff69ddb96d1d64d18b04d6fc535f1017eb6c43e7da2c309530b2a4ae809", kill_on_drop: false }`
[INFO] [stderr]    Compiling matches v0.1.8
[INFO] [stderr]    Compiling tinyvec_macros v0.1.0
[INFO] [stderr]    Compiling memchr v2.3.4
[INFO] [stderr]    Compiling percent-encoding v2.1.0
[INFO] [stderr]    Compiling unicode-width v0.1.8
[INFO] [stderr]    Compiling pulldown-cmark v0.7.2
[INFO] [stderr]    Compiling unicode-segmentation v1.7.1
[INFO] [stderr]    Compiling regex-syntax v0.6.21
[INFO] [stderr]    Compiling strsim v0.8.0
[INFO] [stderr]    Compiling vec_map v0.8.2
[INFO] [stderr]    Compiling ansi_term v0.11.0
[INFO] [stderr]    Compiling linked-hash-map v0.5.3
[INFO] [stderr]    Compiling dtoa v0.4.6
[INFO] [stderr]    Compiling semver-parser v0.9.0
[INFO] [stderr]    Compiling half v1.6.0
[INFO] [stderr]    Compiling assert_matches v1.4.0
[INFO] [stderr]    Compiling proc-macro-error-attr v1.0.4
[INFO] [stderr]    Compiling unicase v2.6.0
[INFO] [stderr]    Compiling proc-macro-error v1.0.4
[INFO] [stderr]    Compiling atty v0.2.14
[INFO] [stderr]    Compiling rpassword v5.0.0
[INFO] [stderr]    Compiling rand_chacha v0.3.0
[INFO] [stderr]    Compiling toml v0.5.8
[INFO] [stderr]    Compiling tinyvec v1.1.0
[INFO] [stderr]    Compiling unicode-bidi v0.3.4
[INFO] [stderr]    Compiling textwrap v0.11.0
[INFO] [stderr]    Compiling form_urlencoded v1.0.0
[INFO] [stderr]    Compiling yaml-rust v0.4.4
[INFO] [stderr]    Compiling serde_cbor v0.11.1
[INFO] [stderr]    Compiling rand v0.8.0
[INFO] [stderr]    Compiling clap v2.33.3
[INFO] [stderr]    Compiling heck v0.3.2
[INFO] [stderr]    Compiling serde_yaml v0.8.14
[INFO] [stderr]    Compiling unicode-normalization v0.1.16
[INFO] [stderr]    Compiling structopt-derive v0.4.14
[INFO] [stderr]    Compiling idna v0.2.0
[INFO] [stderr]    Compiling regex v1.4.2
[INFO] [stderr]    Compiling url v2.2.0
[INFO] [stderr]    Compiling version-sync v0.9.1
[INFO] [stderr]    Compiling structopt v0.3.21
[INFO] [stderr]    Compiling pwbox v0.4.0 (/opt/rustwide/workdir)
[INFO] [stdout] warning: panic message is not a string literal
[INFO] [stdout]  --> tests/version_match.rs:5:5
[INFO] [stdout]   |
[INFO] [stdout] 5 |     assert_markdown_deps_updated!("README.md");
[INFO] [stdout]   |     ^^^^^^^^^^^^^^^^^^^^^^^^^^^^^^^^^^^^^^^^^^^
[INFO] [stdout]   |
[INFO] [stdout]   = note: `#[warn(non_fmt_panics)]` on by default
[INFO] [stdout]   = note: this usage of panic!() is deprecated; it will be a hard error in Rust 2021
[INFO] [stdout]   = note: for more information, see <https://doc.rust-lang.org/nightly/edition-guide/rust-2021/panic-macro-consistency.html>
[INFO] [stdout]   = note: this warning originates in the macro `assert_markdown_deps_updated` (in Nightly builds, run with -Z macro-backtrace for more info)
[INFO] [stdout] 
[INFO] [stdout] 
[INFO] [stdout] warning: panic message is not a string literal
[INFO] [stdout]   --> tests/version_match.rs:10:5
[INFO] [stdout]    |
[INFO] [stdout] 10 |     assert_html_root_url_updated!("src/lib.rs");
[INFO] [stdout]    |     ^^^^^^^^^^^^^^^^^^^^^^^^^^^^^^^^^^^^^^^^^^^^
[INFO] [stdout]    |
[INFO] [stdout]    = note: this usage of panic!() is deprecated; it will be a hard error in Rust 2021
[INFO] [stdout]    = note: for more information, see <https://doc.rust-lang.org/nightly/edition-guide/rust-2021/panic-macro-consistency.html>
[INFO] [stdout]    = note: this warning originates in the macro `assert_html_root_url_updated` (in Nightly builds, run with -Z macro-backtrace for more info)
[INFO] [stdout] 
[INFO] [stdout] 
[INFO] [stdout] warning: derive helper attribute is used before it is introduced
[INFO] [stdout]    --> examples/key_util.rs:135:3
[INFO] [stdout]     |
[INFO] [stdout] 135 | #[structopt(
[INFO] [stdout]     |   ^^^^^^^^^
[INFO] [stdout] ...
[INFO] [stdout] 140 | #[derive(Debug, StructOpt)]
[INFO] [stdout]     |                 --------- the attribute is introduced here
[INFO] [stdout]     |
[INFO] [stdout]     = note: `#[warn(legacy_derive_helpers)]` on by default
[INFO] [stdout]     = warning: this was previously accepted by the compiler but is being phased out; it will become a hard error in a future release!
[INFO] [stdout]     = note: for more information, see issue #79202 <https://github.com/rust-lang/rust/issues/79202>
[INFO] [stdout] 
[INFO] [stdout] 
[INFO] [stdout] warning: 1 warning emitted
[INFO] [stdout] 
[INFO] [stdout] 
[INFO] [stdout] warning: 2 warnings emitted
[INFO] [stdout] 
[INFO] [stdout] 
[INFO] [stderr]     Finished test [unoptimized + debuginfo] target(s) in 9.41s
[INFO] running `Command { std: "docker" "inspect" "68b04ff69ddb96d1d64d18b04d6fc535f1017eb6c43e7da2c309530b2a4ae809", kill_on_drop: false }`
[INFO] running `Command { std: "docker" "rm" "-f" "68b04ff69ddb96d1d64d18b04d6fc535f1017eb6c43e7da2c309530b2a4ae809", kill_on_drop: false }`
[INFO] [stdout] 68b04ff69ddb96d1d64d18b04d6fc535f1017eb6c43e7da2c309530b2a4ae809
[INFO] running `Command { std: "docker" "create" "-v" "/var/lib/crater-agent-workspace/builds/worker-18/target:/opt/rustwide/target:rw,Z" "-v" "/var/lib/crater-agent-workspace/builds/worker-18/source:/opt/rustwide/workdir:ro,Z" "-v" "/var/lib/crater-agent-workspace/cargo-home:/opt/rustwide/cargo-home:ro,Z" "-v" "/var/lib/crater-agent-workspace/rustup-home:/opt/rustwide/rustup-home:ro,Z" "-e" "SOURCE_DIR=/opt/rustwide/workdir" "-e" "CARGO_TARGET_DIR=/opt/rustwide/target" "-e" "CARGO_INCREMENTAL=0" "-e" "RUST_BACKTRACE=full" "-e" "RUSTFLAGS=--cap-lints=warn" "-e" "CARGO_HOME=/opt/rustwide/cargo-home" "-e" "RUSTUP_HOME=/opt/rustwide/rustup-home" "-w" "/opt/rustwide/workdir" "-m" "1610612736" "--user" "0:0" "--network" "none" "ghcr.io/rust-lang/crates-build-env/linux@sha256:34b6a614d2c27851fe6cbf88fbd1137609cefab8b10d0615aaeb6fd47975d74e" "/opt/rustwide/cargo-home/bin/cargo" "+beta-2021-08-01" "test" "--frozen", kill_on_drop: false }`
[INFO] [stdout] 0c56e60298832f08c2d47496f1073ab10e9523fcc3df6173458330abc08adad4
[INFO] running `Command { std: "docker" "start" "-a" "0c56e60298832f08c2d47496f1073ab10e9523fcc3df6173458330abc08adad4", kill_on_drop: false }`
[INFO] [stderr] warning: derive helper attribute is used before it is introduced
[INFO] [stderr]    --> examples/key_util.rs:135:3
[INFO] [stderr]     |
[INFO] [stderr] 135 | #[structopt(
[INFO] [stderr]     |   ^^^^^^^^^
[INFO] [stderr] ...
[INFO] [stderr] 140 | #[derive(Debug, StructOpt)]
[INFO] [stderr]     |                 --------- the attribute is introduced here
[INFO] [stderr]     |
[INFO] [stderr]     = note: `#[warn(legacy_derive_helpers)]` on by default
[INFO] [stderr]     = warning: this was previously accepted by the compiler but is being phased out; it will become a hard error in a future release!
[INFO] [stderr]     = note: for more information, see issue #79202 <https://github.com/rust-lang/rust/issues/79202>
[INFO] [stderr] 
[INFO] [stderr] warning: panic message is not a string literal
[INFO] [stderr]  --> tests/version_match.rs:5:5
[INFO] [stderr]   |
[INFO] [stderr] 5 |     assert_markdown_deps_updated!("README.md");
[INFO] [stderr]   |     ^^^^^^^^^^^^^^^^^^^^^^^^^^^^^^^^^^^^^^^^^^^
[INFO] [stderr]   |
[INFO] [stderr]   = note: `#[warn(non_fmt_panics)]` on by default
[INFO] [stderr]   = note: this usage of panic!() is deprecated; it will be a hard error in Rust 2021
[INFO] [stderr]   = note: for more information, see <https://doc.rust-lang.org/nightly/edition-guide/rust-2021/panic-macro-consistency.html>
[INFO] [stderr]   = note: this warning originates in the macro `assert_markdown_deps_updated` (in Nightly builds, run with -Z macro-backtrace for more info)
[INFO] [stderr] 
[INFO] [stderr] warning: panic message is not a string literal
[INFO] [stderr]   --> tests/version_match.rs:10:5
[INFO] [stderr]    |
[INFO] [stderr] 10 |     assert_html_root_url_updated!("src/lib.rs");
[INFO] [stderr]    |     ^^^^^^^^^^^^^^^^^^^^^^^^^^^^^^^^^^^^^^^^^^^^
[INFO] [stderr]    |
[INFO] [stderr]    = note: this usage of panic!() is deprecated; it will be a hard error in Rust 2021
[INFO] [stderr]    = note: for more information, see <https://doc.rust-lang.org/nightly/edition-guide/rust-2021/panic-macro-consistency.html>
[INFO] [stderr]    = note: this warning originates in the macro `assert_html_root_url_updated` (in Nightly builds, run with -Z macro-backtrace for more info)
[INFO] [stderr] 
[INFO] [stderr] warning: `pwbox` (example "key-util") generated 1 warning
[INFO] [stderr] warning: `pwbox` (test "version_match") generated 2 warnings
[INFO] [stderr]     Finished test [unoptimized + debuginfo] target(s) in 0.12s
[INFO] [stderr]      Running unittests (/opt/rustwide/target/debug/deps/pwbox-c10989dfd1245af8)
[INFO] [stdout] 
[INFO] [stdout] running 8 tests
[INFO] [stdout] test sodium::tests::compat_scrypt_parameters ... ok
[INFO] [stdout] test utils::log2_transform ... ok
[INFO] [stdout] test erased::erase_pwbox ... ok
[INFO] [stdout] test sodium::tests::compat_scrypt_and_salsa ... ok
[INFO] [stdout] test sodium::tests::scrypt_and_salsa ... ok
[INFO] [stdout] test sodium::tests::scrypt_and_chacha ... ok
[INFO] [stdout] test sodium::tests::scrypt_and_chacha_corruption ... ok
[INFO] [stderr]      Running tests/version_match.rs (/opt/rustwide/target/debug/deps/version_match-7a44c841104273c8)
[INFO] [stdout] test sodium::tests::scrypt_and_salsa_corruption ... ok
[INFO] [stdout] 
[INFO] [stdout] test result: ok. 8 passed; 0 failed; 0 ignored; 0 measured; 0 filtered out; finished in 0.45s
[INFO] [stdout] 
[INFO] [stdout] 
[INFO] [stdout] running 2 tests
[INFO] [stdout] test readme_is_in_sync ... ok
[INFO] [stderr]    Doc-tests pwbox
[INFO] [stdout] test html_root_url_is_in_sync ... ok
[INFO] [stdout] 
[INFO] [stdout] test result: ok. 2 passed; 0 failed; 0 ignored; 0 measured; 0 filtered out; finished in 0.06s
[INFO] [stdout] 
[INFO] [stdout] 
[INFO] [stdout] running 4 tests
[INFO] [stdout] test src/utils.rs - utils::ScryptParams (line 109) ... FAILED
[INFO] [stdout] test src/erased.rs - erased::Eraser (line 137) ... ok
[INFO] [stdout] test src/lib.rs - (line 57) ... ok
[INFO] [stdout] test src/erased.rs - erased::ErasedPwBox (line 35) ... ok
[INFO] [stdout] 
[INFO] [stdout] failures:
[INFO] [stdout] 
[INFO] [stdout] ---- src/utils.rs - utils::ScryptParams (line 109) stdout ----
[INFO] [stdout] error[E0432]: unresolved import `pwbox::rcrypto`
[INFO] [stdout]  --> src/utils.rs:111:12
[INFO] [stdout]   |
[INFO] [stdout] 5 | use pwbox::rcrypto::Scrypt;
[INFO] [stdout]   |            ^^^^^^^ could not find `rcrypto` in `pwbox`
[INFO] [stdout] 
[INFO] [stdout] error: aborting due to previous error
[INFO] [stdout] 
[INFO] [stdout] For more information about this error, try `rustc --explain E0432`.
[INFO] [stdout] Couldn't compile the test.
[INFO] [stdout] 
[INFO] [stdout] failures:
[INFO] [stdout]     src/utils.rs - utils::ScryptParams (line 109)
[INFO] [stdout] 
[INFO] [stdout] test result: FAILED. 3 passed; 1 failed; 0 ignored; 0 measured; 0 filtered out; finished in 2.23s
[INFO] [stdout] 
[INFO] [stderr] error: test failed, to rerun pass '--doc'
[INFO] running `Command { std: "docker" "inspect" "0c56e60298832f08c2d47496f1073ab10e9523fcc3df6173458330abc08adad4", kill_on_drop: false }`
[INFO] running `Command { std: "docker" "rm" "-f" "0c56e60298832f08c2d47496f1073ab10e9523fcc3df6173458330abc08adad4", kill_on_drop: false }`
[INFO] [stdout] 0c56e60298832f08c2d47496f1073ab10e9523fcc3df6173458330abc08adad4
