[INFO] fetching crate purple_flower_fun_dance 0.1.1...
[INFO] testing purple_flower_fun_dance-0.1.1 against beta-2021-08-01 for beta-1.55-1
[INFO] extracting crate purple_flower_fun_dance 0.1.1 into /workspace/builds/worker-41/source
[INFO] validating manifest of crates.io crate purple_flower_fun_dance 0.1.1 on toolchain beta-2021-08-01
[INFO] running `Command { std: "/workspace/cargo-home/bin/cargo" "+beta-2021-08-01" "metadata" "--manifest-path" "Cargo.toml" "--no-deps", kill_on_drop: false }`
[INFO] started tweaking crates.io crate purple_flower_fun_dance 0.1.1
[INFO] finished tweaking crates.io crate purple_flower_fun_dance 0.1.1
[INFO] tweaked toml for crates.io crate purple_flower_fun_dance 0.1.1 written to /workspace/builds/worker-41/source/Cargo.toml
[INFO] crate crates.io crate purple_flower_fun_dance 0.1.1 already has a lockfile, it will not be regenerated
[INFO] running `Command { std: "/workspace/cargo-home/bin/cargo" "+beta-2021-08-01" "fetch" "--manifest-path" "Cargo.toml", kill_on_drop: false }`
[INFO] running `Command { std: "docker" "create" "-v" "/var/lib/crater-agent-workspace/builds/worker-41/target:/opt/rustwide/target:rw,Z" "-v" "/var/lib/crater-agent-workspace/builds/worker-41/source:/opt/rustwide/workdir:ro,Z" "-v" "/var/lib/crater-agent-workspace/cargo-home:/opt/rustwide/cargo-home:ro,Z" "-v" "/var/lib/crater-agent-workspace/rustup-home:/opt/rustwide/rustup-home:ro,Z" "-e" "SOURCE_DIR=/opt/rustwide/workdir" "-e" "CARGO_TARGET_DIR=/opt/rustwide/target" "-e" "CARGO_HOME=/opt/rustwide/cargo-home" "-e" "RUSTUP_HOME=/opt/rustwide/rustup-home" "-w" "/opt/rustwide/workdir" "-m" "1610612736" "--user" "0:0" "--network" "none" "ghcr.io/rust-lang/crates-build-env/linux@sha256:34b6a614d2c27851fe6cbf88fbd1137609cefab8b10d0615aaeb6fd47975d74e" "/opt/rustwide/cargo-home/bin/cargo" "+beta-2021-08-01" "metadata" "--no-deps" "--format-version=1", kill_on_drop: false }`
[INFO] [stdout] 03119dd369d3ed1a79e28641c9db4d614604100517e7169a3444c2f313072467
[INFO] running `Command { std: "docker" "start" "-a" "03119dd369d3ed1a79e28641c9db4d614604100517e7169a3444c2f313072467", kill_on_drop: false }`
[INFO] running `Command { std: "docker" "inspect" "03119dd369d3ed1a79e28641c9db4d614604100517e7169a3444c2f313072467", kill_on_drop: false }`
[INFO] running `Command { std: "docker" "rm" "-f" "03119dd369d3ed1a79e28641c9db4d614604100517e7169a3444c2f313072467", kill_on_drop: false }`
[INFO] [stdout] 03119dd369d3ed1a79e28641c9db4d614604100517e7169a3444c2f313072467
[INFO] running `Command { std: "docker" "create" "-v" "/var/lib/crater-agent-workspace/builds/worker-41/target:/opt/rustwide/target:rw,Z" "-v" "/var/lib/crater-agent-workspace/builds/worker-41/source:/opt/rustwide/workdir:ro,Z" "-v" "/var/lib/crater-agent-workspace/cargo-home:/opt/rustwide/cargo-home:ro,Z" "-v" "/var/lib/crater-agent-workspace/rustup-home:/opt/rustwide/rustup-home:ro,Z" "-e" "SOURCE_DIR=/opt/rustwide/workdir" "-e" "CARGO_TARGET_DIR=/opt/rustwide/target" "-e" "CARGO_INCREMENTAL=0" "-e" "RUST_BACKTRACE=full" "-e" "RUSTFLAGS=--cap-lints=warn" "-e" "CARGO_HOME=/opt/rustwide/cargo-home" "-e" "RUSTUP_HOME=/opt/rustwide/rustup-home" "-w" "/opt/rustwide/workdir" "-m" "1610612736" "--user" "0:0" "--network" "none" "ghcr.io/rust-lang/crates-build-env/linux@sha256:34b6a614d2c27851fe6cbf88fbd1137609cefab8b10d0615aaeb6fd47975d74e" "/opt/rustwide/cargo-home/bin/cargo" "+beta-2021-08-01" "build" "--frozen" "--message-format=json", kill_on_drop: false }`
[INFO] [stdout] 2537e04350094d2ba02ad6cf603d5d23487eba46e62ae82424921d244ef59013
[INFO] running `Command { std: "docker" "start" "-a" "2537e04350094d2ba02ad6cf603d5d23487eba46e62ae82424921d244ef59013", kill_on_drop: false }`
[INFO] [stderr]    Compiling purple_flower_fun_dance v0.1.1 (/opt/rustwide/workdir)
[INFO] [stderr]     Finished dev [unoptimized + debuginfo] target(s) in 0.66s
[INFO] running `Command { std: "docker" "inspect" "2537e04350094d2ba02ad6cf603d5d23487eba46e62ae82424921d244ef59013", kill_on_drop: false }`
[INFO] running `Command { std: "docker" "rm" "-f" "2537e04350094d2ba02ad6cf603d5d23487eba46e62ae82424921d244ef59013", kill_on_drop: false }`
[INFO] [stdout] 2537e04350094d2ba02ad6cf603d5d23487eba46e62ae82424921d244ef59013
[INFO] running `Command { std: "docker" "create" "-v" "/var/lib/crater-agent-workspace/builds/worker-41/target:/opt/rustwide/target:rw,Z" "-v" "/var/lib/crater-agent-workspace/builds/worker-41/source:/opt/rustwide/workdir:ro,Z" "-v" "/var/lib/crater-agent-workspace/cargo-home:/opt/rustwide/cargo-home:ro,Z" "-v" "/var/lib/crater-agent-workspace/rustup-home:/opt/rustwide/rustup-home:ro,Z" "-e" "SOURCE_DIR=/opt/rustwide/workdir" "-e" "CARGO_TARGET_DIR=/opt/rustwide/target" "-e" "CARGO_INCREMENTAL=0" "-e" "RUST_BACKTRACE=full" "-e" "RUSTFLAGS=--cap-lints=warn" "-e" "CARGO_HOME=/opt/rustwide/cargo-home" "-e" "RUSTUP_HOME=/opt/rustwide/rustup-home" "-w" "/opt/rustwide/workdir" "-m" "1610612736" "--user" "0:0" "--network" "none" "ghcr.io/rust-lang/crates-build-env/linux@sha256:34b6a614d2c27851fe6cbf88fbd1137609cefab8b10d0615aaeb6fd47975d74e" "/opt/rustwide/cargo-home/bin/cargo" "+beta-2021-08-01" "test" "--frozen" "--no-run" "--message-format=json", kill_on_drop: false }`
[INFO] [stdout] 1d33db1a3dbefe4bcaa3233a9e38630344b93ad7005714133cf03c385939f112
[INFO] running `Command { std: "docker" "start" "-a" "1d33db1a3dbefe4bcaa3233a9e38630344b93ad7005714133cf03c385939f112", kill_on_drop: false }`
[INFO] [stderr]    Compiling purple_flower_fun_dance v0.1.1 (/opt/rustwide/workdir)
[INFO] [stderr]     Finished test [unoptimized + debuginfo] target(s) in 0.51s
[INFO] running `Command { std: "docker" "inspect" "1d33db1a3dbefe4bcaa3233a9e38630344b93ad7005714133cf03c385939f112", kill_on_drop: false }`
[INFO] running `Command { std: "docker" "rm" "-f" "1d33db1a3dbefe4bcaa3233a9e38630344b93ad7005714133cf03c385939f112", kill_on_drop: false }`
[INFO] [stdout] 1d33db1a3dbefe4bcaa3233a9e38630344b93ad7005714133cf03c385939f112
[INFO] running `Command { std: "docker" "create" "-v" "/var/lib/crater-agent-workspace/builds/worker-41/target:/opt/rustwide/target:rw,Z" "-v" "/var/lib/crater-agent-workspace/builds/worker-41/source:/opt/rustwide/workdir:ro,Z" "-v" "/var/lib/crater-agent-workspace/cargo-home:/opt/rustwide/cargo-home:ro,Z" "-v" "/var/lib/crater-agent-workspace/rustup-home:/opt/rustwide/rustup-home:ro,Z" "-e" "SOURCE_DIR=/opt/rustwide/workdir" "-e" "CARGO_TARGET_DIR=/opt/rustwide/target" "-e" "CARGO_INCREMENTAL=0" "-e" "RUST_BACKTRACE=full" "-e" "RUSTFLAGS=--cap-lints=warn" "-e" "CARGO_HOME=/opt/rustwide/cargo-home" "-e" "RUSTUP_HOME=/opt/rustwide/rustup-home" "-w" "/opt/rustwide/workdir" "-m" "1610612736" "--user" "0:0" "--network" "none" "ghcr.io/rust-lang/crates-build-env/linux@sha256:34b6a614d2c27851fe6cbf88fbd1137609cefab8b10d0615aaeb6fd47975d74e" "/opt/rustwide/cargo-home/bin/cargo" "+beta-2021-08-01" "test" "--frozen", kill_on_drop: false }`
[INFO] [stdout] fa364d0f45618f17785d081cb27018a867e9c48a55d5e73f6f24dd3d233cca2e
[INFO] running `Command { std: "docker" "start" "-a" "fa364d0f45618f17785d081cb27018a867e9c48a55d5e73f6f24dd3d233cca2e", kill_on_drop: false }`
[INFO] [stderr]     Finished test [unoptimized + debuginfo] target(s) in 0.04s
[INFO] [stderr]      Running unittests (/opt/rustwide/target/debug/deps/purple_flower_fun_dance-9a4c7be52de0974b)
[INFO] [stdout] 
[INFO] [stdout] running 0 tests
[INFO] [stdout] 
[INFO] [stdout] test result: ok. 0 passed; 0 failed; 0 ignored; 0 measured; 0 filtered out; finished in 0.00s
[INFO] [stdout] 
[INFO] [stderr]      Running unittests (/opt/rustwide/target/debug/deps/purple_flower_fun_dance-7cac77ad48bf9375)
[INFO] [stdout] 
[INFO] [stderr]    Doc-tests purple_flower_fun_dance
[INFO] [stdout] running 0 tests
[INFO] [stdout] 
[INFO] [stdout] test result: ok. 0 passed; 0 failed; 0 ignored; 0 measured; 0 filtered out; finished in 0.00s
[INFO] [stdout] 
[INFO] [stdout] 
[INFO] [stdout] running 1 test
[INFO] [stdout] test src/lib.rs - add_one (line 10) ... FAILED
[INFO] [stdout] 
[INFO] [stdout] failures:
[INFO] [stdout] 
[INFO] [stdout] ---- src/lib.rs - add_one (line 10) stdout ----
[INFO] [stdout] error[E0433]: failed to resolve: use of undeclared crate or module `doc`
[INFO] [stdout]  --> src/lib.rs:12:14
[INFO] [stdout]   |
[INFO] [stdout] 4 | let answer = doc::add_one(arg);
[INFO] [stdout]   |              ^^^ use of undeclared crate or module `doc`
[INFO] [stdout] 
[INFO] [stdout] error: aborting due to previous error
[INFO] [stdout] 
[INFO] [stdout] For more information about this error, try `rustc --explain E0433`.
[INFO] [stdout] Couldn't compile the test.
[INFO] [stdout] 
[INFO] [stdout] failures:
[INFO] [stdout]     src/lib.rs - add_one (line 10)
[INFO] [stdout] 
[INFO] [stdout] test result: FAILED. 0 passed; 1 failed; 0 ignored; 0 measured; 0 filtered out; finished in 0.60s
[INFO] [stdout] 
[INFO] [stderr] error: test failed, to rerun pass '--doc'
[INFO] running `Command { std: "docker" "inspect" "fa364d0f45618f17785d081cb27018a867e9c48a55d5e73f6f24dd3d233cca2e", kill_on_drop: false }`
[INFO] running `Command { std: "docker" "rm" "-f" "fa364d0f45618f17785d081cb27018a867e9c48a55d5e73f6f24dd3d233cca2e", kill_on_drop: false }`
[INFO] [stdout] fa364d0f45618f17785d081cb27018a867e9c48a55d5e73f6f24dd3d233cca2e
