[INFO] fetching crate puny2d 0.0.2...
[INFO] testing puny2d-0.0.2 against 1.54.0 for beta-1.55-1
[INFO] extracting crate puny2d 0.0.2 into /workspace/builds/worker-0/source
[INFO] validating manifest of crates.io crate puny2d 0.0.2 on toolchain 1.54.0
[INFO] running `Command { std: "/workspace/cargo-home/bin/cargo" "+1.54.0" "metadata" "--manifest-path" "Cargo.toml" "--no-deps", kill_on_drop: false }`
[INFO] started tweaking crates.io crate puny2d 0.0.2
[INFO] finished tweaking crates.io crate puny2d 0.0.2
[INFO] tweaked toml for crates.io crate puny2d 0.0.2 written to /workspace/builds/worker-0/source/Cargo.toml
[INFO] running `Command { std: "/workspace/cargo-home/bin/cargo" "+1.54.0" "generate-lockfile" "--manifest-path" "Cargo.toml" "-Zno-index-update", kill_on_drop: false }`
[INFO] [stderr]     Blocking waiting for file lock on package cache
[INFO] running `Command { std: "/workspace/cargo-home/bin/cargo" "+1.54.0" "fetch" "--manifest-path" "Cargo.toml", kill_on_drop: false }`
[INFO] [stderr]     Blocking waiting for file lock on package cache
[INFO] running `Command { std: "docker" "create" "-v" "/var/lib/crater-agent-workspace/builds/worker-0/target:/opt/rustwide/target:rw,Z" "-v" "/var/lib/crater-agent-workspace/builds/worker-0/source:/opt/rustwide/workdir:ro,Z" "-v" "/var/lib/crater-agent-workspace/cargo-home:/opt/rustwide/cargo-home:ro,Z" "-v" "/var/lib/crater-agent-workspace/rustup-home:/opt/rustwide/rustup-home:ro,Z" "-e" "SOURCE_DIR=/opt/rustwide/workdir" "-e" "CARGO_TARGET_DIR=/opt/rustwide/target" "-e" "CARGO_HOME=/opt/rustwide/cargo-home" "-e" "RUSTUP_HOME=/opt/rustwide/rustup-home" "-w" "/opt/rustwide/workdir" "-m" "1610612736" "--user" "0:0" "--network" "none" "ghcr.io/rust-lang/crates-build-env/linux@sha256:34b6a614d2c27851fe6cbf88fbd1137609cefab8b10d0615aaeb6fd47975d74e" "/opt/rustwide/cargo-home/bin/cargo" "+1.54.0" "metadata" "--no-deps" "--format-version=1", kill_on_drop: false }`
[INFO] [stdout] cd7e895d216d4800b57a347700ebc0db7f105cacfdb63087f6888dde1f830dbd
[INFO] running `Command { std: "docker" "start" "-a" "cd7e895d216d4800b57a347700ebc0db7f105cacfdb63087f6888dde1f830dbd", kill_on_drop: false }`
[INFO] running `Command { std: "docker" "inspect" "cd7e895d216d4800b57a347700ebc0db7f105cacfdb63087f6888dde1f830dbd", kill_on_drop: false }`
[INFO] running `Command { std: "docker" "rm" "-f" "cd7e895d216d4800b57a347700ebc0db7f105cacfdb63087f6888dde1f830dbd", kill_on_drop: false }`
[INFO] [stdout] cd7e895d216d4800b57a347700ebc0db7f105cacfdb63087f6888dde1f830dbd
[INFO] running `Command { std: "docker" "create" "-v" "/var/lib/crater-agent-workspace/builds/worker-0/target:/opt/rustwide/target:rw,Z" "-v" "/var/lib/crater-agent-workspace/builds/worker-0/source:/opt/rustwide/workdir:ro,Z" "-v" "/var/lib/crater-agent-workspace/cargo-home:/opt/rustwide/cargo-home:ro,Z" "-v" "/var/lib/crater-agent-workspace/rustup-home:/opt/rustwide/rustup-home:ro,Z" "-e" "SOURCE_DIR=/opt/rustwide/workdir" "-e" "CARGO_TARGET_DIR=/opt/rustwide/target" "-e" "CARGO_INCREMENTAL=0" "-e" "RUST_BACKTRACE=full" "-e" "RUSTFLAGS=--cap-lints=warn" "-e" "CARGO_HOME=/opt/rustwide/cargo-home" "-e" "RUSTUP_HOME=/opt/rustwide/rustup-home" "-w" "/opt/rustwide/workdir" "-m" "1610612736" "--user" "0:0" "--network" "none" "ghcr.io/rust-lang/crates-build-env/linux@sha256:34b6a614d2c27851fe6cbf88fbd1137609cefab8b10d0615aaeb6fd47975d74e" "/opt/rustwide/cargo-home/bin/cargo" "+1.54.0" "build" "--frozen" "--message-format=json", kill_on_drop: false }`
[INFO] [stdout] e17bdef18e6b1639722e95ed9a6577e708294c00aa1fcb3eb12c7e4606b4e870
[INFO] running `Command { std: "docker" "start" "-a" "e17bdef18e6b1639722e95ed9a6577e708294c00aa1fcb3eb12c7e4606b4e870", kill_on_drop: false }`
[INFO] [stderr]    Compiling cc v1.0.69
[INFO] [stderr]    Compiling pkg-config v0.3.19
[INFO] [stderr]    Compiling version_check v0.9.3
[INFO] [stderr]    Compiling ttf-parser v0.12.3
[INFO] [stderr]    Compiling ab_glyph_rasterizer v0.1.4
[INFO] [stderr]    Compiling once_cell v1.8.0
[INFO] [stderr]    Compiling ttf-parser v0.6.2
[INFO] [stderr]    Compiling xi-unicode v0.3.0
[INFO] [stderr]    Compiling num-traits v0.2.14
[INFO] [stderr]    Compiling getrandom v0.2.3
[INFO] [stderr]    Compiling cmake v0.1.45
[INFO] [stderr]    Compiling ahash v0.7.4
[INFO] [stderr]    Compiling servo-fontconfig-sys v5.1.0
[INFO] [stderr]    Compiling owned_ttf_parser v0.6.0
[INFO] [stderr]    Compiling rusttype v0.9.2
[INFO] [stderr]    Compiling owned_ttf_parser v0.12.1
[INFO] [stderr]    Compiling freetype-sys v0.13.1
[INFO] [stderr]    Compiling expat-sys v2.1.6
[INFO] [stderr]    Compiling ab_glyph v0.2.11
[INFO] [stderr]    Compiling approx v0.5.0
[INFO] [stderr]    Compiling hashbrown v0.11.2
[INFO] [stderr]    Compiling glyph_brush_layout v0.2.3
[INFO] [stderr]    Compiling lru v0.6.6
[INFO] [stderr]    Compiling servo-fontconfig v0.5.1
[INFO] [stderr]    Compiling font-loader v0.11.0
[INFO] [stderr]    Compiling puny2d v0.0.2 (/opt/rustwide/workdir)
[INFO] [stdout] warning: unused variable: `width_weight_x`
[INFO] [stdout]   --> src/vector/stroke.rs:25:14
[INFO] [stdout]    |
[INFO] [stdout] 25 |         let (width_weight_x, width_weight_y) = if width_x > width_y {
[INFO] [stdout]    |              ^^^^^^^^^^^^^^ help: if this is intentional, prefix it with an underscore: `_width_weight_x`
[INFO] [stdout]    |
[INFO] [stdout]    = note: `#[warn(unused_variables)]` on by default
[INFO] [stdout] 
[INFO] [stdout] 
[INFO] [stdout] warning: unused variable: `width_weight_y`
[INFO] [stdout]   --> src/vector/stroke.rs:25:30
[INFO] [stdout]    |
[INFO] [stdout] 25 |         let (width_weight_x, width_weight_y) = if width_x > width_y {
[INFO] [stdout]    |                              ^^^^^^^^^^^^^^ help: if this is intentional, prefix it with an underscore: `_width_weight_y`
[INFO] [stdout] 
[INFO] [stdout] 
[INFO] [stdout] warning: unused variable: `sub_path`
[INFO] [stdout]   --> src/vector/stroke.rs:32:13
[INFO] [stdout]    |
[INFO] [stdout] 32 |         for sub_path in SubPathIterator::new(path.segments()) {
[INFO] [stdout]    |             ^^^^^^^^ help: if this is intentional, prefix it with an underscore: `_sub_path`
[INFO] [stdout] 
[INFO] [stdout] 
[INFO] [stdout] warning: unused variable: `join`
[INFO] [stdout]   --> src/vector/stroke.rs:20:61
[INFO] [stdout]    |
[INFO] [stdout] 20 | pub fn stroke_path(path: &Path, width_x: f32, width_y: f32, join: LineJoin, cap: LineCap) -> Path {
[INFO] [stdout]    |                                                             ^^^^ help: if this is intentional, prefix it with an underscore: `_join`
[INFO] [stdout] 
[INFO] [stdout] 
[INFO] [stdout] warning: unused variable: `cap`
[INFO] [stdout]   --> src/vector/stroke.rs:20:77
[INFO] [stdout]    |
[INFO] [stdout] 20 | pub fn stroke_path(path: &Path, width_x: f32, width_y: f32, join: LineJoin, cap: LineCap) -> Path {
[INFO] [stdout]    |                                                                             ^^^ help: if this is intentional, prefix it with an underscore: `_cap`
[INFO] [stdout] 
[INFO] [stdout] 
[INFO] [stdout] warning: 5 warnings emitted
[INFO] [stdout] 
[INFO] [stdout] 
[INFO] [stderr]     Finished dev [unoptimized + debuginfo] target(s) in 9.82s
[INFO] running `Command { std: "docker" "inspect" "e17bdef18e6b1639722e95ed9a6577e708294c00aa1fcb3eb12c7e4606b4e870", kill_on_drop: false }`
[INFO] running `Command { std: "docker" "rm" "-f" "e17bdef18e6b1639722e95ed9a6577e708294c00aa1fcb3eb12c7e4606b4e870", kill_on_drop: false }`
[INFO] [stdout] e17bdef18e6b1639722e95ed9a6577e708294c00aa1fcb3eb12c7e4606b4e870
[INFO] running `Command { std: "docker" "create" "-v" "/var/lib/crater-agent-workspace/builds/worker-0/target:/opt/rustwide/target:rw,Z" "-v" "/var/lib/crater-agent-workspace/builds/worker-0/source:/opt/rustwide/workdir:ro,Z" "-v" "/var/lib/crater-agent-workspace/cargo-home:/opt/rustwide/cargo-home:ro,Z" "-v" "/var/lib/crater-agent-workspace/rustup-home:/opt/rustwide/rustup-home:ro,Z" "-e" "SOURCE_DIR=/opt/rustwide/workdir" "-e" "CARGO_TARGET_DIR=/opt/rustwide/target" "-e" "CARGO_INCREMENTAL=0" "-e" "RUST_BACKTRACE=full" "-e" "RUSTFLAGS=--cap-lints=warn" "-e" "CARGO_HOME=/opt/rustwide/cargo-home" "-e" "RUSTUP_HOME=/opt/rustwide/rustup-home" "-w" "/opt/rustwide/workdir" "-m" "1610612736" "--user" "0:0" "--network" "none" "ghcr.io/rust-lang/crates-build-env/linux@sha256:34b6a614d2c27851fe6cbf88fbd1137609cefab8b10d0615aaeb6fd47975d74e" "/opt/rustwide/cargo-home/bin/cargo" "+1.54.0" "test" "--frozen" "--no-run" "--message-format=json", kill_on_drop: false }`
[INFO] [stdout] 9fc4bb71c13c4f53e3aa68e856cb297b7241351b4f9714fc655dc0d9afd1008e
[INFO] running `Command { std: "docker" "start" "-a" "9fc4bb71c13c4f53e3aa68e856cb297b7241351b4f9714fc655dc0d9afd1008e", kill_on_drop: false }`
[INFO] [stderr]    Compiling adler32 v1.2.0
[INFO] [stderr]    Compiling weezl v0.1.5
[INFO] [stderr]    Compiling color_quant v1.1.0
[INFO] [stderr]    Compiling bytemuck v1.7.2
[INFO] [stderr]    Compiling scoped_threadpool v0.1.9
[INFO] [stderr]    Compiling microbench v0.5.0
[INFO] [stderr]    Compiling num-integer v0.1.44
[INFO] [stderr]    Compiling miniz_oxide v0.4.4
[INFO] [stderr]    Compiling num-iter v0.1.42
[INFO] [stderr]    Compiling num-rational v0.3.2
[INFO] [stderr]    Compiling jpeg-decoder v0.1.22
[INFO] [stdout] warning: unused variable: `width_weight_x`
[INFO] [stdout]   --> src/vector/stroke.rs:25:14
[INFO] [stdout]    |
[INFO] [stdout] 25 |         let (width_weight_x, width_weight_y) = if width_x > width_y {
[INFO] [stdout]    |              ^^^^^^^^^^^^^^ help: if this is intentional, prefix it with an underscore: `_width_weight_x`
[INFO] [stdout]    |
[INFO] [stdout]    = note: `#[warn(unused_variables)]` on by default
[INFO] [stdout] 
[INFO] [stdout] 
[INFO] [stdout] warning: unused variable: `width_weight_y`
[INFO] [stdout]   --> src/vector/stroke.rs:25:30
[INFO] [stdout]    |
[INFO] [stdout] 25 |         let (width_weight_x, width_weight_y) = if width_x > width_y {
[INFO] [stdout]    |                              ^^^^^^^^^^^^^^ help: if this is intentional, prefix it with an underscore: `_width_weight_y`
[INFO] [stdout] 
[INFO] [stdout] 
[INFO] [stdout] warning: unused variable: `sub_path`
[INFO] [stdout]   --> src/vector/stroke.rs:32:13
[INFO] [stdout]    |
[INFO] [stdout] 32 |         for sub_path in SubPathIterator::new(path.segments()) {
[INFO] [stdout]    |             ^^^^^^^^ help: if this is intentional, prefix it with an underscore: `_sub_path`
[INFO] [stdout] 
[INFO] [stdout] 
[INFO] [stdout] warning: unused variable: `join`
[INFO] [stdout]   --> src/vector/stroke.rs:20:61
[INFO] [stdout]    |
[INFO] [stdout] 20 | pub fn stroke_path(path: &Path, width_x: f32, width_y: f32, join: LineJoin, cap: LineCap) -> Path {
[INFO] [stdout]    |                                                             ^^^^ help: if this is intentional, prefix it with an underscore: `_join`
[INFO] [stdout] 
[INFO] [stdout] 
[INFO] [stdout] warning: unused variable: `cap`
[INFO] [stdout]   --> src/vector/stroke.rs:20:77
[INFO] [stdout]    |
[INFO] [stdout] 20 | pub fn stroke_path(path: &Path, width_x: f32, width_y: f32, join: LineJoin, cap: LineCap) -> Path {
[INFO] [stdout]    |                                                                             ^^^ help: if this is intentional, prefix it with an underscore: `_cap`
[INFO] [stdout] 
[INFO] [stdout] 
[INFO] [stdout] warning: 5 warnings emitted
[INFO] [stdout] 
[INFO] [stdout] 
[INFO] [stderr]    Compiling miniz_oxide v0.3.7
[INFO] [stderr]    Compiling deflate v0.8.6
[INFO] [stderr]    Compiling gif v0.11.2
[INFO] [stderr]    Compiling png v0.16.8
[INFO] [stderr]    Compiling tiff v0.6.1
[INFO] [stderr]    Compiling image v0.23.14
[INFO] [stderr]    Compiling puny2d v0.0.2 (/opt/rustwide/workdir)
[INFO] [stdout] warning: unused variable: `width_weight_x`
[INFO] [stdout]   --> src/vector/stroke.rs:25:14
[INFO] [stdout]    |
[INFO] [stdout] 25 |         let (width_weight_x, width_weight_y) = if width_x > width_y {
[INFO] [stdout]    |              ^^^^^^^^^^^^^^ help: if this is intentional, prefix it with an underscore: `_width_weight_x`
[INFO] [stdout]    |
[INFO] [stdout]    = note: `#[warn(unused_variables)]` on by default
[INFO] [stdout] 
[INFO] [stdout] 
[INFO] [stdout] warning: unused variable: `width_weight_y`
[INFO] [stdout]   --> src/vector/stroke.rs:25:30
[INFO] [stdout]    |
[INFO] [stdout] 25 |         let (width_weight_x, width_weight_y) = if width_x > width_y {
[INFO] [stdout]    |                              ^^^^^^^^^^^^^^ help: if this is intentional, prefix it with an underscore: `_width_weight_y`
[INFO] [stdout] 
[INFO] [stdout] 
[INFO] [stdout] warning: unused variable: `sub_path`
[INFO] [stdout]   --> src/vector/stroke.rs:32:13
[INFO] [stdout]    |
[INFO] [stdout] 32 |         for sub_path in SubPathIterator::new(path.segments()) {
[INFO] [stdout]    |             ^^^^^^^^ help: if this is intentional, prefix it with an underscore: `_sub_path`
[INFO] [stdout] 
[INFO] [stdout] 
[INFO] [stdout] warning: unused variable: `join`
[INFO] [stdout]   --> src/vector/stroke.rs:20:61
[INFO] [stdout]    |
[INFO] [stdout] 20 | pub fn stroke_path(path: &Path, width_x: f32, width_y: f32, join: LineJoin, cap: LineCap) -> Path {
[INFO] [stdout]    |                                                             ^^^^ help: if this is intentional, prefix it with an underscore: `_join`
[INFO] [stdout] 
[INFO] [stdout] 
[INFO] [stdout] warning: unused variable: `cap`
[INFO] [stdout]   --> src/vector/stroke.rs:20:77
[INFO] [stdout]    |
[INFO] [stdout] 20 | pub fn stroke_path(path: &Path, width_x: f32, width_y: f32, join: LineJoin, cap: LineCap) -> Path {
[INFO] [stdout]    |                                                                             ^^^ help: if this is intentional, prefix it with an underscore: `_cap`
[INFO] [stdout] 
[INFO] [stdout] 
[INFO] [stdout] warning: 5 warnings emitted
[INFO] [stdout] 
[INFO] [stdout] 
[INFO] [stderr]     Finished test [unoptimized + debuginfo] target(s) in 15.24s
[INFO] running `Command { std: "docker" "inspect" "9fc4bb71c13c4f53e3aa68e856cb297b7241351b4f9714fc655dc0d9afd1008e", kill_on_drop: false }`
[INFO] running `Command { std: "docker" "rm" "-f" "9fc4bb71c13c4f53e3aa68e856cb297b7241351b4f9714fc655dc0d9afd1008e", kill_on_drop: false }`
[INFO] [stdout] 9fc4bb71c13c4f53e3aa68e856cb297b7241351b4f9714fc655dc0d9afd1008e
[INFO] running `Command { std: "docker" "create" "-v" "/var/lib/crater-agent-workspace/builds/worker-0/target:/opt/rustwide/target:rw,Z" "-v" "/var/lib/crater-agent-workspace/builds/worker-0/source:/opt/rustwide/workdir:ro,Z" "-v" "/var/lib/crater-agent-workspace/cargo-home:/opt/rustwide/cargo-home:ro,Z" "-v" "/var/lib/crater-agent-workspace/rustup-home:/opt/rustwide/rustup-home:ro,Z" "-e" "SOURCE_DIR=/opt/rustwide/workdir" "-e" "CARGO_TARGET_DIR=/opt/rustwide/target" "-e" "CARGO_INCREMENTAL=0" "-e" "RUST_BACKTRACE=full" "-e" "RUSTFLAGS=--cap-lints=warn" "-e" "CARGO_HOME=/opt/rustwide/cargo-home" "-e" "RUSTUP_HOME=/opt/rustwide/rustup-home" "-w" "/opt/rustwide/workdir" "-m" "1610612736" "--user" "0:0" "--network" "none" "ghcr.io/rust-lang/crates-build-env/linux@sha256:34b6a614d2c27851fe6cbf88fbd1137609cefab8b10d0615aaeb6fd47975d74e" "/opt/rustwide/cargo-home/bin/cargo" "+1.54.0" "test" "--frozen", kill_on_drop: false }`
[INFO] [stdout] 201c58929725df9e77471f502d395e3aaa1f697469382b37552039a718e997f0
[INFO] running `Command { std: "docker" "start" "-a" "201c58929725df9e77471f502d395e3aaa1f697469382b37552039a718e997f0", kill_on_drop: false }`
[INFO] [stderr] warning: unused variable: `width_weight_x`
[INFO] [stderr]   --> src/vector/stroke.rs:25:14
[INFO] [stderr]    |
[INFO] [stderr] 25 |         let (width_weight_x, width_weight_y) = if width_x > width_y {
[INFO] [stderr]    |              ^^^^^^^^^^^^^^ help: if this is intentional, prefix it with an underscore: `_width_weight_x`
[INFO] [stderr]    |
[INFO] [stderr]    = note: `#[warn(unused_variables)]` on by default
[INFO] [stderr] 
[INFO] [stderr] warning: unused variable: `width_weight_y`
[INFO] [stderr]   --> src/vector/stroke.rs:25:30
[INFO] [stderr]    |
[INFO] [stderr] 25 |         let (width_weight_x, width_weight_y) = if width_x > width_y {
[INFO] [stderr]    |                              ^^^^^^^^^^^^^^ help: if this is intentional, prefix it with an underscore: `_width_weight_y`
[INFO] [stderr] 
[INFO] [stderr] warning: unused variable: `sub_path`
[INFO] [stderr]   --> src/vector/stroke.rs:32:13
[INFO] [stderr]    |
[INFO] [stderr] 32 |         for sub_path in SubPathIterator::new(path.segments()) {
[INFO] [stderr]    |             ^^^^^^^^ help: if this is intentional, prefix it with an underscore: `_sub_path`
[INFO] [stderr] 
[INFO] [stderr] warning: unused variable: `join`
[INFO] [stderr]   --> src/vector/stroke.rs:20:61
[INFO] [stderr]    |
[INFO] [stderr] 20 | pub fn stroke_path(path: &Path, width_x: f32, width_y: f32, join: LineJoin, cap: LineCap) -> Path {
[INFO] [stderr]    |                                                             ^^^^ help: if this is intentional, prefix it with an underscore: `_join`
[INFO] [stderr] 
[INFO] [stderr] warning: unused variable: `cap`
[INFO] [stderr]   --> src/vector/stroke.rs:20:77
[INFO] [stderr]    |
[INFO] [stderr] 20 | pub fn stroke_path(path: &Path, width_x: f32, width_y: f32, join: LineJoin, cap: LineCap) -> Path {
[INFO] [stderr]    |                                                                             ^^^ help: if this is intentional, prefix it with an underscore: `_cap`
[INFO] [stderr] 
[INFO] [stderr] warning: 5 warnings emitted
[INFO] [stderr] 
[INFO] [stderr] warning: unused variable: `width_weight_x`
[INFO] [stderr]   --> src/vector/stroke.rs:25:14
[INFO] [stderr]    |
[INFO] [stderr] 25 |         let (width_weight_x, width_weight_y) = if width_x > width_y {
[INFO] [stderr]    |              ^^^^^^^^^^^^^^ help: if this is intentional, prefix it with an underscore: `_width_weight_x`
[INFO] [stderr]    |
[INFO] [stderr]    = note: `#[warn(unused_variables)]` on by default
[INFO] [stderr] 
[INFO] [stderr] warning: unused variable: `width_weight_y`
[INFO] [stderr]   --> src/vector/stroke.rs:25:30
[INFO] [stderr]    |
[INFO] [stderr] 25 |         let (width_weight_x, width_weight_y) = if width_x > width_y {
[INFO] [stderr]    |                              ^^^^^^^^^^^^^^ help: if this is intentional, prefix it with an underscore: `_width_weight_y`
[INFO] [stderr] 
[INFO] [stderr] warning: unused variable: `sub_path`
[INFO] [stderr]   --> src/vector/stroke.rs:32:13
[INFO] [stderr]    |
[INFO] [stderr] 32 |         for sub_path in SubPathIterator::new(path.segments()) {
[INFO] [stderr]    |             ^^^^^^^^ help: if this is intentional, prefix it with an underscore: `_sub_path`
[INFO] [stderr] 
[INFO] [stderr] warning: unused variable: `join`
[INFO] [stderr]   --> src/vector/stroke.rs:20:61
[INFO] [stderr]    |
[INFO] [stderr] 20 | pub fn stroke_path(path: &Path, width_x: f32, width_y: f32, join: LineJoin, cap: LineCap) -> Path {
[INFO] [stderr]    |                                                             ^^^^ help: if this is intentional, prefix it with an underscore: `_join`
[INFO] [stderr] 
[INFO] [stderr] warning: unused variable: `cap`
[INFO] [stderr]   --> src/vector/stroke.rs:20:77
[INFO] [stderr]    |
[INFO] [stderr] 20 | pub fn stroke_path(path: &Path, width_x: f32, width_y: f32, join: LineJoin, cap: LineCap) -> Path {
[INFO] [stderr]    |                                                                             ^^^ help: if this is intentional, prefix it with an underscore: `_cap`
[INFO] [stderr] 
[INFO] [stderr] warning: 5 warnings emitted
[INFO] [stderr] 
[INFO] [stderr]     Finished test [unoptimized + debuginfo] target(s) in 0.16s
[INFO] [stdout] 
[INFO] [stderr]      Running unittests (/opt/rustwide/target/debug/deps/puny2d-e11351aee7cdd1a3)
[INFO] [stdout] running 22 tests
[INFO] [stdout] test error::tests::graphics_error ... ok
[INFO] [stdout] test raster::image::tests::color_type_by_name ... ok
[INFO] [stdout] test raster::scanlines::tests::scanlines_merge ... ok
[INFO] [stdout] test raster::scanlines::tests::scanlines_hole ... ok
[INFO] [stdout] test raster::scanlines::tests::scanlines_quad_trimmed ... ok
[INFO] [stdout] test raster::rasterize::tests::rasterize_single_pixel ... ok
[INFO] [stdout] test raster::scanlines::tests::scanlines_subpixels ... ok
[INFO] [stdout] test raster::scanlines::tests::scanlines_unclosed ... ok
[INFO] [stdout] test raster::scanlines::tests::scanlines_winding ... ok
[INFO] [stdout] test vector::flatten::tests::flat_curve ... ok
[INFO] [stdout] test vector::path::tests::path_bounding ... ok
[INFO] [stdout] test vector::path::tests::path_build ... ok
[INFO] [stdout] test vector::path::tests::path_translate ... ok
[INFO] [stdout] test vector::path::tests::path_flatten ... ok
[INFO] [stdout] test vector::flatten::tests::arc_curves ... ok
[INFO] [stdout] test vector::transformation::tests::matrix_multiplication ... ok
[INFO] [stdout] test raster::rasterize::tests::rasterize_point ... ok
[INFO] [stdout] test vector::transformation::tests::matrix_transform ... ok
[INFO] [stdout] test vector::transformation::tests::matrix_shear_rotate ... ok
[INFO] [stdout] test vector::path::tests::sub_paths ... ok
[INFO] [stdout] test vector::transformation::tests::matrix_translate_scale ... ok
[INFO] [stderr]      Running tests/accel_tests.rs (/opt/rustwide/target/debug/deps/accel_tests-1dd687d013ed6492)
[INFO] [stdout] test raster::rasterize::tests::rasterize_simple_path ... ok
[INFO] [stdout] 
[INFO] [stdout] test result: ok. 22 passed; 0 failed; 0 ignored; 0 measured; 0 filtered out; finished in 0.01s
[INFO] [stdout] 
[INFO] [stdout] 
[INFO] [stdout] running 5 tests
[INFO] [stdout] test accel_tests::test_lru_cache ... ok
[INFO] [stdout] test accel_tests::x86_simd::test_features_support ... ok
[INFO] [stdout] test accel_tests::x86_simd::test_sse2_mul ... ok
[INFO] [stdout] test accel_tests::test_rayon_threadpool ... ok
[INFO] [stdout] test accel_tests::test_rayon_iter ... ok
[INFO] [stdout] 
[INFO] [stdout] test result: ok. 5 passed; 0 failed; 0 ignored; 0 measured; 0 filtered out; finished in 0.28s
[INFO] [stdout] 
[INFO] [stderr]      Running tests/font_tests.rs (/opt/rustwide/target/debug/deps/font_tests-4f98ce7200e843ac)
[INFO] [stdout] 
[INFO] [stdout] running 4 tests
[INFO] [stdout] test font_tests::test_has_system_fonts ... ok
[INFO] [stdout] test font_tests::test_font_data ... ok
[INFO] [stdout] test font_tests::test_find_font ... FAILED
[INFO] [stdout] test font_tests::test_text_image ... FAILED
[INFO] [stdout] 
[INFO] [stdout] failures:
[INFO] [stdout] 
[INFO] [stdout] ---- font_tests::test_find_font stdout ----
[INFO] [stdout] thread 'font_tests::test_find_font' panicked at 'Found fonts: []', tests/font_tests.rs:25:9
[INFO] [stdout] stack backtrace:
[INFO] [stdout]    0:     0x555ef6b33a10 - std::backtrace_rs::backtrace::libunwind::trace::h34055254b57d8e79
[INFO] [stdout]                                at /rustc/a178d0322ce20e33eac124758e837cbd80a6f633/library/std/src/../../backtrace/src/backtrace/libunwind.rs:90:5
[INFO] [stdout]    1:     0x555ef6b33a10 - std::backtrace_rs::backtrace::trace_unsynchronized::h8f1e3fbd9afff6ec
[INFO] [stdout]                                at /rustc/a178d0322ce20e33eac124758e837cbd80a6f633/library/std/src/../../backtrace/src/backtrace/mod.rs:66:5
[INFO] [stdout]    2:     0x555ef6b33a10 - std::sys_common::backtrace::_print_fmt::h3a99a796b770c360
[INFO] [stdout]                                at /rustc/a178d0322ce20e33eac124758e837cbd80a6f633/library/std/src/sys_common/backtrace.rs:67:5
[INFO] [stdout]    3:     0x555ef6b33a10 - <std::sys_common::backtrace::_print::DisplayBacktrace as core::fmt::Display>::fmt::h32d1f94a80615d18
[INFO] [stdout]                                at /rustc/a178d0322ce20e33eac124758e837cbd80a6f633/library/std/src/sys_common/backtrace.rs:46:22
[INFO] [stdout]    4:     0x555ef6b56a9c - core::fmt::write::h306731c068f7162c
[INFO] [stdout]                                at /rustc/a178d0322ce20e33eac124758e837cbd80a6f633/library/core/src/fmt/mod.rs:1110:17
[INFO] [stdout]    5:     0x555ef6b306d5 - std::io::Write::write_fmt::h87f19b0a2cd190bc
[INFO] [stdout]                                at /rustc/a178d0322ce20e33eac124758e837cbd80a6f633/library/std/src/io/mod.rs:1588:15
[INFO] [stdout]    6:     0x555ef6b35b7b - std::sys_common::backtrace::_print::h5abaa2601a852287
[INFO] [stdout]                                at /rustc/a178d0322ce20e33eac124758e837cbd80a6f633/library/std/src/sys_common/backtrace.rs:49:5
[INFO] [stdout]    7:     0x555ef6b35b7b - std::sys_common::backtrace::print::h8d81445442bb638f
[INFO] [stdout]                                at /rustc/a178d0322ce20e33eac124758e837cbd80a6f633/library/std/src/sys_common/backtrace.rs:36:9
[INFO] [stdout]    8:     0x555ef6b35b7b - std::panicking::default_hook::{{closure}}::hcfe804496a9fa747
[INFO] [stdout]                                at /rustc/a178d0322ce20e33eac124758e837cbd80a6f633/library/std/src/panicking.rs:208:50
[INFO] [stdout]    9:     0x555ef6b3568c - std::panicking::default_hook::hbea8e3ccf2ba8901
[INFO] [stdout]                                at /rustc/a178d0322ce20e33eac124758e837cbd80a6f633/library/std/src/panicking.rs:222:9
[INFO] [stdout]   10:     0x555ef6b36244 - std::panicking::rust_panic_with_hook::h7ee9e1a2d0f8975a
[INFO] [stdout]                                at /rustc/a178d0322ce20e33eac124758e837cbd80a6f633/library/std/src/panicking.rs:622:17
[INFO] [stdout]   11:     0x555ef6b35d27 - std::panicking::begin_panic_handler::{{closure}}::h8ab3b4491718b2c7
[INFO] [stdout]                                at /rustc/a178d0322ce20e33eac124758e837cbd80a6f633/library/std/src/panicking.rs:519:13
[INFO] [stdout]   12:     0x555ef6b33f0c - std::sys_common::backtrace::__rust_end_short_backtrace::hd489062ffa586a9f
[INFO] [stdout]                                at /rustc/a178d0322ce20e33eac124758e837cbd80a6f633/library/std/src/sys_common/backtrace.rs:141:18
[INFO] [stdout]   13:     0x555ef6b35c89 - rust_begin_unwind
[INFO] [stdout]                                at /rustc/a178d0322ce20e33eac124758e837cbd80a6f633/library/std/src/panicking.rs:515:5
[INFO] [stdout]   14:     0x555ef6988f2b - std::panicking::begin_panic_fmt::h5479575e112541f8
[INFO] [stdout]                                at /rustc/a178d0322ce20e33eac124758e837cbd80a6f633/library/std/src/panicking.rs:457:5
[INFO] [stdout]   15:     0x555ef69941e3 - font_tests::font_tests::test_find_font::hb04ecb04211e6939
[INFO] [stdout]                                at /opt/rustwide/workdir/tests/font_tests.rs:25:9
[INFO] [stdout]   16:     0x555ef6993faa - font_tests::font_tests::test_find_font::{{closure}}::h72dd30c8d0a2d3c9
[INFO] [stdout]                                at /opt/rustwide/workdir/tests/font_tests.rs:21:5
[INFO] [stdout]   17:     0x555ef699149e - core::ops::function::FnOnce::call_once::h24933f4cef63e1d0
[INFO] [stdout]                                at /rustc/a178d0322ce20e33eac124758e837cbd80a6f633/library/core/src/ops/function.rs:227:5
[INFO] [stdout]   18:     0x555ef69bdc93 - core::ops::function::FnOnce::call_once::h152e7e439ff59e19
[INFO] [stdout]                                at /rustc/a178d0322ce20e33eac124758e837cbd80a6f633/library/core/src/ops/function.rs:227:5
[INFO] [stdout]   19:     0x555ef69bdc93 - test::__rust_begin_short_backtrace::h0908f3b1fdbb72ab
[INFO] [stdout]                                at /rustc/a178d0322ce20e33eac124758e837cbd80a6f633/library/test/src/lib.rs:577:5
[INFO] [stdout]   20:     0x555ef69bc750 - <alloc::boxed::Box<F,A> as core::ops::function::FnOnce<Args>>::call_once::hf6d2a51e5587546c
[INFO] [stdout]                                at /rustc/a178d0322ce20e33eac124758e837cbd80a6f633/library/alloc/src/boxed.rs:1575:9
[INFO] [stdout]   21:     0x555ef69bc750 - <std::panic::AssertUnwindSafe<F> as core::ops::function::FnOnce<()>>::call_once::h8af660f3a89ef593
[INFO] [stdout]                                at /rustc/a178d0322ce20e33eac124758e837cbd80a6f633/library/std/src/panic.rs:347:9
[INFO] [stdout]   22:     0x555ef69bc750 - std::panicking::try::do_call::hd36aef60f84b6d36
[INFO] [stdout]                                at /rustc/a178d0322ce20e33eac124758e837cbd80a6f633/library/std/src/panicking.rs:401:40
[INFO] [stdout]   23:     0x555ef69bc750 - std::panicking::try::h9932b4480e69817c
[INFO] [stdout]                                at /rustc/a178d0322ce20e33eac124758e837cbd80a6f633/library/std/src/panicking.rs:365:19
[INFO] [stdout]   24:     0x555ef69bc750 - std::panic::catch_unwind::h6aa177099cfff5f8
[INFO] [stdout]                                at /rustc/a178d0322ce20e33eac124758e837cbd80a6f633/library/std/src/panic.rs:434:14
[INFO] [stdout]   25:     0x555ef69bc750 - test::run_test_in_process::h5884d6f2d99e20c3
[INFO] [stdout]                                at /rustc/a178d0322ce20e33eac124758e837cbd80a6f633/library/test/src/lib.rs:600:18
[INFO] [stdout]   26:     0x555ef69bc750 - test::run_test::run_test_inner::{{closure}}::h6fdc58c6d5f5b6e3
[INFO] [stdout]                                at /rustc/a178d0322ce20e33eac124758e837cbd80a6f633/library/test/src/lib.rs:492:39
[INFO] [stdout]   27:     0x555ef6995e02 - test::run_test::run_test_inner::{{closure}}::h408365d67a78ade8
[INFO] [stdout]                                at /rustc/a178d0322ce20e33eac124758e837cbd80a6f633/library/test/src/lib.rs:519:37
[INFO] [stdout]   28:     0x555ef6995e02 - std::sys_common::backtrace::__rust_begin_short_backtrace::hb560b77c4f701523
[INFO] [stdout]                                at /rustc/a178d0322ce20e33eac124758e837cbd80a6f633/library/std/src/sys_common/backtrace.rs:125:18
[INFO] [stdout]   29:     0x555ef69999b8 - std::thread::Builder::spawn_unchecked::{{closure}}::{{closure}}::hf2e7831dad93c597
[INFO] [stdout]                                at /rustc/a178d0322ce20e33eac124758e837cbd80a6f633/library/std/src/thread/mod.rs:481:17
[INFO] [stdout]   30:     0x555ef69999b8 - <std::panic::AssertUnwindSafe<F> as core::ops::function::FnOnce<()>>::call_once::hd2e08783d8be4d02
[INFO] [stdout]                                at /rustc/a178d0322ce20e33eac124758e837cbd80a6f633/library/std/src/panic.rs:347:9
[INFO] [stdout]   31:     0x555ef69999b8 - std::panicking::try::do_call::h062597b7acfd6b82
[INFO] [stdout]                                at /rustc/a178d0322ce20e33eac124758e837cbd80a6f633/library/std/src/panicking.rs:401:40
[INFO] [stdout]   32:     0x555ef69999b8 - std::panicking::try::h0d7b79db04c14552
[INFO] [stdout]                                at /rustc/a178d0322ce20e33eac124758e837cbd80a6f633/library/std/src/panicking.rs:365:19
[INFO] [stdout]   33:     0x555ef69999b8 - std::panic::catch_unwind::hb01a0b5e7c8cd43b
[INFO] [stdout]                                at /rustc/a178d0322ce20e33eac124758e837cbd80a6f633/library/std/src/panic.rs:434:14
[INFO] [stdout]   34:     0x555ef69999b8 - std::thread::Builder::spawn_unchecked::{{closure}}::h5bde48cc887e0d1e
[INFO] [stdout]                                at /rustc/a178d0322ce20e33eac124758e837cbd80a6f633/library/std/src/thread/mod.rs:480:30
[INFO] [stdout]   35:     0x555ef69999b8 - core::ops::function::FnOnce::call_once{{vtable.shim}}::h745ea30807a29e55
[INFO] [stdout]                                at /rustc/a178d0322ce20e33eac124758e837cbd80a6f633/library/core/src/ops/function.rs:227:5
[INFO] [stdout]   36:     0x555ef6b3ad07 - <alloc::boxed::Box<F,A> as core::ops::function::FnOnce<Args>>::call_once::h7ece6cfefaff1005
[INFO] [stdout]                                at /rustc/a178d0322ce20e33eac124758e837cbd80a6f633/library/alloc/src/boxed.rs:1575:9
[INFO] [stdout]   37:     0x555ef6b3ad07 - <alloc::boxed::Box<F,A> as core::ops::function::FnOnce<Args>>::call_once::hb8b48e55c21f193e
[INFO] [stdout]                                at /rustc/a178d0322ce20e33eac124758e837cbd80a6f633/library/alloc/src/boxed.rs:1575:9
[INFO] [stdout]   38:     0x555ef6b3ad07 - std::sys::unix::thread::Thread::new::thread_start::h8c7c4450dba62914
[INFO] [stdout]                                at /rustc/a178d0322ce20e33eac124758e837cbd80a6f633/library/std/src/sys/unix/thread.rs:71:17
[INFO] [stdout]   39:     0x7f0426bb3609 - start_thread
[INFO] [stdout]   40:     0x7f0426985293 - clone
[INFO] [stdout]   41:                0x0 - <unknown>
[INFO] [stdout] 
[INFO] [stdout] ---- font_tests::test_text_image stdout ----
[INFO] [stdout] thread 'font_tests::test_text_image' panicked at 'Image saving failed!: IoError(Os { code: 2, kind: NotFound, message: "No such file or directory" })', tests/font_tests.rs:87:11
[INFO] [stdout] stack backtrace:
[INFO] [stdout]    0:     0x555ef6b33a10 - std::backtrace_rs::backtrace::libunwind::trace::h34055254b57d8e79
[INFO] [stdout]                                at /rustc/a178d0322ce20e33eac124758e837cbd80a6f633/library/std/src/../../backtrace/src/backtrace/libunwind.rs:90:5
[INFO] [stdout]    1:     0x555ef6b33a10 - std::backtrace_rs::backtrace::trace_unsynchronized::h8f1e3fbd9afff6ec
[INFO] [stdout]                                at /rustc/a178d0322ce20e33eac124758e837cbd80a6f633/library/std/src/../../backtrace/src/backtrace/mod.rs:66:5
[INFO] [stdout]    2:     0x555ef6b33a10 - std::sys_common::backtrace::_print_fmt::h3a99a796b770c360
[INFO] [stdout]                                at /rustc/a178d0322ce20e33eac124758e837cbd80a6f633/library/std/src/sys_common/backtrace.rs:67:5
[INFO] [stdout]    3:     0x555ef6b33a10 - <std::sys_common::backtrace::_print::DisplayBacktrace as core::fmt::Display>::fmt::h32d1f94a80615d18
[INFO] [stdout]                                at /rustc/a178d0322ce20e33eac124758e837cbd80a6f633/library/std/src/sys_common/backtrace.rs:46:22
[INFO] [stdout]    4:     0x555ef6b56a9c - core::fmt::write::h306731c068f7162c
[INFO] [stdout]                                at /rustc/a178d0322ce20e33eac124758e837cbd80a6f633/library/core/src/fmt/mod.rs:1110:17
[INFO] [stdout]    5:     0x555ef6b306d5 - std::io::Write::write_fmt::h87f19b0a2cd190bc
[INFO] [stdout]                                at /rustc/a178d0322ce20e33eac124758e837cbd80a6f633/library/std/src/io/mod.rs:1588:15
[INFO] [stdout]    6:     0x555ef6b35b7b - std::sys_common::backtrace::_print::h5abaa2601a852287
[INFO] [stdout]                                at /rustc/a178d0322ce20e33eac124758e837cbd80a6f633/library/std/src/sys_common/backtrace.rs:49:5
[INFO] [stdout]    7:     0x555ef6b35b7b - std::sys_common::backtrace::print::h8d81445442bb638f
[INFO] [stdout]                                at /rustc/a178d0322ce20e33eac124758e837cbd80a6f633/library/std/src/sys_common/backtrace.rs:36:9
[INFO] [stdout]    8:     0x555ef6b35b7b - std::panicking::default_hook::{{closure}}::hcfe804496a9fa747
[INFO] [stdout]                                at /rustc/a178d0322ce20e33eac124758e837cbd80a6f633/library/std/src/panicking.rs:208:50
[INFO] [stdout]    9:     0x555ef6b3568c - std::panicking::default_hook::hbea8e3ccf2ba8901
[INFO] [stdout]                                at /rustc/a178d0322ce20e33eac124758e837cbd80a6f633/library/std/src/panicking.rs:222:9
[INFO] [stdout]   10:     0x555ef6b36244 - std::panicking::rust_panic_with_hook::h7ee9e1a2d0f8975a
[INFO] [stdout]                                at /rustc/a178d0322ce20e33eac124758e837cbd80a6f633/library/std/src/panicking.rs:622:17
[INFO] [stdout]   11:     0x555ef6b35d27 - std::panicking::begin_panic_handler::{{closure}}::h8ab3b4491718b2c7
[INFO] [stdout]                                at /rustc/a178d0322ce20e33eac124758e837cbd80a6f633/library/std/src/panicking.rs:519:13
[INFO] [stdout]   12:     0x555ef6b33f0c - std::sys_common::backtrace::__rust_end_short_backtrace::hd489062ffa586a9f
[INFO] [stdout]                                at /rustc/a178d0322ce20e33eac124758e837cbd80a6f633/library/std/src/sys_common/backtrace.rs:141:18
[INFO] [stdout]   13:     0x555ef6b35c89 - rust_begin_unwind
[INFO] [stdout]                                at /rustc/a178d0322ce20e33eac124758e837cbd80a6f633/library/std/src/panicking.rs:515:5
[INFO] [stdout]   14:     0x555ef6989ab1 - core::panicking::panic_fmt::hca6330e3e14086b4
[INFO] [stdout]                                at /rustc/a178d0322ce20e33eac124758e837cbd80a6f633/library/core/src/panicking.rs:92:14
[INFO] [stdout]   15:     0x555ef6989ba3 - core::result::unwrap_failed::h6160d2b4bfbb0e87
[INFO] [stdout]                                at /rustc/a178d0322ce20e33eac124758e837cbd80a6f633/library/core/src/result.rs:1355:5
[INFO] [stdout]   16:     0x555ef69919c6 - core::result::Result<T,E>::expect::h01a54eecc555b4df
[INFO] [stdout]                                at /rustc/a178d0322ce20e33eac124758e837cbd80a6f633/library/core/src/result.rs:997:23
[INFO] [stdout]   17:     0x555ef6995082 - font_tests::font_tests::test_text_image::hd692770a407a126d
[INFO] [stdout]                                at /opt/rustwide/workdir/tests/font_tests.rs:84:9
[INFO] [stdout]   18:     0x555ef699474a - font_tests::font_tests::test_text_image::{{closure}}::hb7e951954663fffb
[INFO] [stdout]                                at /opt/rustwide/workdir/tests/font_tests.rs:44:5
[INFO] [stdout]   19:     0x555ef699145e - core::ops::function::FnOnce::call_once::h041ac32622587fb6
[INFO] [stdout]                                at /rustc/a178d0322ce20e33eac124758e837cbd80a6f633/library/core/src/ops/function.rs:227:5
[INFO] [stdout]   20:     0x555ef69bdc93 - core::ops::function::FnOnce::call_once::h152e7e439ff59e19
[INFO] [stdout]                                at /rustc/a178d0322ce20e33eac124758e837cbd80a6f633/library/core/src/ops/function.rs:227:5
[INFO] [stdout]   21:     0x555ef69bdc93 - test::__rust_begin_short_backtrace::h0908f3b1fdbb72ab
[INFO] [stdout]                                at /rustc/a178d0322ce20e33eac124758e837cbd80a6f633/library/test/src/lib.rs:577:5
[INFO] [stdout]   22:     0x555ef69bc750 - <alloc::boxed::Box<F,A> as core::ops::function::FnOnce<Args>>::call_once::hf6d2a51e5587546c
[INFO] [stdout]                                at /rustc/a178d0322ce20e33eac124758e837cbd80a6f633/library/alloc/src/boxed.rs:1575:9
[INFO] [stdout]   23:     0x555ef69bc750 - <std::panic::AssertUnwindSafe<F> as core::ops::function::FnOnce<()>>::call_once::h8af660f3a89ef593
[INFO] [stdout]                                at /rustc/a178d0322ce20e33eac124758e837cbd80a6f633/library/std/src/panic.rs:347:9
[INFO] [stdout]   24:     0x555ef69bc750 - std::panicking::try::do_call::hd36aef60f84b6d36
[INFO] [stdout]                                at /rustc/a178d0322ce20e33eac124758e837cbd80a6f633/library/std/src/panicking.rs:401:40
[INFO] [stdout]   25:     0x555ef69bc750 - std::panicking::try::h9932b4480e69817c
[INFO] [stdout]                                at /rustc/a178d0322ce20e33eac124758e837cbd80a6f633/library/std/src/panicking.rs:365:19
[INFO] [stdout]   26:     0x555ef69bc750 - std::panic::catch_unwind::h6aa177099cfff5f8
[INFO] [stdout]                                at /rustc/a178d0322ce20e33eac124758e837cbd80a6f633/library/std/src/panic.rs:434:14
[INFO] [stdout]   27:     0x555ef69bc750 - test::run_test_in_process::h5884d6f2d99e20c3
[INFO] [stdout]                                at /rustc/a178d0322ce20e33eac124758e837cbd80a6f633/library/test/src/lib.rs:600:18
[INFO] [stdout]   28:     0x555ef69bc750 - test::run_test::run_test_inner::{{closure}}::h6fdc58c6d5f5b6e3
[INFO] [stdout]                                at /rustc/a178d0322ce20e33eac124758e837cbd80a6f633/library/test/src/lib.rs:492:39
[INFO] [stdout]   29:     0x555ef6995e02 - test::run_test::run_test_inner::{{closure}}::h408365d67a78ade8
[INFO] [stdout]                                at /rustc/a178d0322ce20e33eac124758e837cbd80a6f633/library/test/src/lib.rs:519:37
[INFO] [stdout]   30:     0x555ef6995e02 - std::sys_common::backtrace::__rust_begin_short_backtrace::hb560b77c4f701523
[INFO] [stdout]                                at /rustc/a178d0322ce20e33eac124758e837cbd80a6f633/library/std/src/sys_common/backtrace.rs:125:18
[INFO] [stdout]   31:     0x555ef69999b8 - std::thread::Builder::spawn_unchecked::{{closure}}::{{closure}}::hf2e7831dad93c597
[INFO] [stdout]                                at /rustc/a178d0322ce20e33eac124758e837cbd80a6f633/library/std/src/thread/mod.rs:481:17
[INFO] [stdout]   32:     0x555ef69999b8 - <std::panic::AssertUnwindSafe<F> as core::ops::function::FnOnce<()>>::call_once::hd2e08783d8be4d02
[INFO] [stdout]                                at /rustc/a178d0322ce20e33eac124758e837cbd80a6f633/library/std/src/panic.rs:347:9
[INFO] [stdout]   33:     0x555ef69999b8 - std::panicking::try::do_call::h062597b7acfd6b82
[INFO] [stdout]                                at /rustc/a178d0322ce20e33eac124758e837cbd80a6f633/library/std/src/panicking.rs:401:40
[INFO] [stdout]   34:     0x555ef69999b8 - std::panicking::try::h0d7b79db04c14552
[INFO] [stdout]                                at /rustc/a178d0322ce20e33eac124758e837cbd80a6f633/library/std/src/panicking.rs:365:19
[INFO] [stdout]   35:     0x555ef69999b8 - std::panic::catch_unwind::hb01a0b5e7c8cd43b
[INFO] [stdout]                                at /rustc/a178d0322ce20e33eac124758e837cbd80a6f633/library/std/src/panic.rs:434:14
[INFO] [stdout]   36:     0x555ef69999b8 - std::thread::Builder::spawn_unchecked::{{closure}}::h5bde48cc887e0d1e
[INFO] [stdout]                                at /rustc/a178d0322ce20e33eac124758e837cbd80a6f633/library/std/src/thread/mod.rs:480:30
[INFO] [stdout]   37:     0x555ef69999b8 - core::ops::function::FnOnce::call_once{{vtable.shim}}::h745ea30807a29e55
[INFO] [stdout]                                at /rustc/a178d0322ce20e33eac124758e837cbd80a6f633/library/core/src/ops/function.rs:227:5
[INFO] [stdout]   38:     0x555ef6b3ad07 - <alloc::boxed::Box<F,A> as core::ops::function::FnOnce<Args>>::call_once::h7ece6cfefaff1005
[INFO] [stdout]                                at /rustc/a178d0322ce20e33eac124758e837cbd80a6f633/library/alloc/src/boxed.rs:1575:9
[INFO] [stdout]   39:     0x555ef6b3ad07 - <alloc::boxed::Box<F,A> as core::ops::function::FnOnce<Args>>::call_once::hb8b48e55c21f193e
[INFO] [stdout]                                at /rustc/a178d0322ce20e33eac124758e837cbd80a6f633/library/alloc/src/boxed.rs:1575:9
[INFO] [stdout]   40:     0x555ef6b3ad07 - std::sys::unix::thread::Thread::new::thread_start::h8c7c4450dba62914
[INFO] [stdout]                                at /rustc/a178d0322ce20e33eac124758e837cbd80a6f633/library/std/src/sys/unix/thread.rs:71:17
[INFO] [stdout]   41:     0x7f0426bb3609 - start_thread
[INFO] [stdout]   42:     0x7f0426985293 - clone
[INFO] [stdout]   43:                0x0 - <unknown>
[INFO] [stdout] 
[INFO] [stdout] 
[INFO] [stdout] failures:
[INFO] [stdout]     font_tests::test_find_font
[INFO] [stdout]     font_tests::test_text_image
[INFO] [stdout] 
[INFO] [stdout] test result: FAILED. 2 passed; 2 failed; 0 ignored; 0 measured; 0 filtered out; finished in 0.99s
[INFO] [stdout] 
[INFO] [stderr] error: test failed, to rerun pass '--test font_tests'
[INFO] running `Command { std: "docker" "inspect" "201c58929725df9e77471f502d395e3aaa1f697469382b37552039a718e997f0", kill_on_drop: false }`
[INFO] running `Command { std: "docker" "rm" "-f" "201c58929725df9e77471f502d395e3aaa1f697469382b37552039a718e997f0", kill_on_drop: false }`
[INFO] [stdout] 201c58929725df9e77471f502d395e3aaa1f697469382b37552039a718e997f0
