[INFO] fetching crate pubnub-core 0.1.0...
[INFO] testing pubnub-core-0.1.0 against 1.54.0 for beta-1.55-1
[INFO] extracting crate pubnub-core 0.1.0 into /workspace/builds/worker-81/source
[INFO] validating manifest of crates.io crate pubnub-core 0.1.0 on toolchain 1.54.0
[INFO] running `Command { std: "/workspace/cargo-home/bin/cargo" "+1.54.0" "metadata" "--manifest-path" "Cargo.toml" "--no-deps", kill_on_drop: false }`
[INFO] started tweaking crates.io crate pubnub-core 0.1.0
[INFO] finished tweaking crates.io crate pubnub-core 0.1.0
[INFO] tweaked toml for crates.io crate pubnub-core 0.1.0 written to /workspace/builds/worker-81/source/Cargo.toml
[INFO] running `Command { std: "/workspace/cargo-home/bin/cargo" "+1.54.0" "generate-lockfile" "--manifest-path" "Cargo.toml" "-Zno-index-update", kill_on_drop: false }`
[INFO] [stderr]     Blocking waiting for file lock on package cache
[INFO] running `Command { std: "/workspace/cargo-home/bin/cargo" "+1.54.0" "fetch" "--manifest-path" "Cargo.toml", kill_on_drop: false }`
[INFO] [stderr]     Blocking waiting for file lock on package cache
[INFO] running `Command { std: "docker" "create" "-v" "/var/lib/crater-agent-workspace/builds/worker-81/target:/opt/rustwide/target:rw,Z" "-v" "/var/lib/crater-agent-workspace/builds/worker-81/source:/opt/rustwide/workdir:ro,Z" "-v" "/var/lib/crater-agent-workspace/cargo-home:/opt/rustwide/cargo-home:ro,Z" "-v" "/var/lib/crater-agent-workspace/rustup-home:/opt/rustwide/rustup-home:ro,Z" "-e" "SOURCE_DIR=/opt/rustwide/workdir" "-e" "CARGO_TARGET_DIR=/opt/rustwide/target" "-e" "CARGO_HOME=/opt/rustwide/cargo-home" "-e" "RUSTUP_HOME=/opt/rustwide/rustup-home" "-w" "/opt/rustwide/workdir" "-m" "1610612736" "--user" "0:0" "--network" "none" "ghcr.io/rust-lang/crates-build-env/linux@sha256:34b6a614d2c27851fe6cbf88fbd1137609cefab8b10d0615aaeb6fd47975d74e" "/opt/rustwide/cargo-home/bin/cargo" "+1.54.0" "metadata" "--no-deps" "--format-version=1", kill_on_drop: false }`
[INFO] [stdout] 688581777da1f3944123747c84dda14bd8a0f616a0ba10cb301cbd393b744cc3
[INFO] running `Command { std: "docker" "start" "-a" "688581777da1f3944123747c84dda14bd8a0f616a0ba10cb301cbd393b744cc3", kill_on_drop: false }`
[INFO] running `Command { std: "docker" "inspect" "688581777da1f3944123747c84dda14bd8a0f616a0ba10cb301cbd393b744cc3", kill_on_drop: false }`
[INFO] running `Command { std: "docker" "rm" "-f" "688581777da1f3944123747c84dda14bd8a0f616a0ba10cb301cbd393b744cc3", kill_on_drop: false }`
[INFO] [stdout] 688581777da1f3944123747c84dda14bd8a0f616a0ba10cb301cbd393b744cc3
[INFO] running `Command { std: "docker" "create" "-v" "/var/lib/crater-agent-workspace/builds/worker-81/target:/opt/rustwide/target:rw,Z" "-v" "/var/lib/crater-agent-workspace/builds/worker-81/source:/opt/rustwide/workdir:ro,Z" "-v" "/var/lib/crater-agent-workspace/cargo-home:/opt/rustwide/cargo-home:ro,Z" "-v" "/var/lib/crater-agent-workspace/rustup-home:/opt/rustwide/rustup-home:ro,Z" "-e" "SOURCE_DIR=/opt/rustwide/workdir" "-e" "CARGO_TARGET_DIR=/opt/rustwide/target" "-e" "CARGO_INCREMENTAL=0" "-e" "RUST_BACKTRACE=full" "-e" "RUSTFLAGS=--cap-lints=warn" "-e" "CARGO_HOME=/opt/rustwide/cargo-home" "-e" "RUSTUP_HOME=/opt/rustwide/rustup-home" "-w" "/opt/rustwide/workdir" "-m" "1610612736" "--user" "0:0" "--network" "none" "ghcr.io/rust-lang/crates-build-env/linux@sha256:34b6a614d2c27851fe6cbf88fbd1137609cefab8b10d0615aaeb6fd47975d74e" "/opt/rustwide/cargo-home/bin/cargo" "+1.54.0" "build" "--frozen" "--message-format=json", kill_on_drop: false }`
[INFO] [stdout] 1a0054d5e59c6be57cf56f7b8c486e8b5b21b2364536e43d8ab1dfb6bba31fd9
[INFO] running `Command { std: "docker" "start" "-a" "1a0054d5e59c6be57cf56f7b8c486e8b5b21b2364536e43d8ab1dfb6bba31fd9", kill_on_drop: false }`
[INFO] [stderr]    Compiling syn v1.0.74
[INFO] [stderr]    Compiling futures-core v0.3.16
[INFO] [stderr]    Compiling proc-macro-hack v0.5.19
[INFO] [stderr]    Compiling proc-macro-nested v0.1.7
[INFO] [stderr]    Compiling predicates-core v1.0.2
[INFO] [stderr]    Compiling futures-task v0.3.16
[INFO] [stderr]    Compiling futures-channel v0.3.16
[INFO] [stderr]    Compiling normalize-line-endings v0.3.0
[INFO] [stderr]    Compiling async-trait v0.1.51
[INFO] [stderr]    Compiling futures-sink v0.3.16
[INFO] [stderr]    Compiling treeline v0.1.0
[INFO] [stderr]    Compiling difference v2.0.0
[INFO] [stderr]    Compiling slab v0.4.4
[INFO] [stderr]    Compiling downcast v0.10.0
[INFO] [stderr]    Compiling pin-project-lite v0.2.7
[INFO] [stderr]    Compiling fragile v0.3.0
[INFO] [stderr]    Compiling json v0.12.4
[INFO] [stderr]    Compiling error-iter v0.2.0
[INFO] [stderr]    Compiling num-traits v0.2.14
[INFO] [stderr]    Compiling futures-macro v0.3.16
[INFO] [stderr]    Compiling futures-util v0.3.16
[INFO] [stderr]    Compiling uuid v0.8.2
[INFO] [stderr]    Compiling predicates-tree v1.0.3
[INFO] [stderr]    Compiling float-cmp v0.8.0
[INFO] [stderr]    Compiling predicates v1.0.8
[INFO] [stderr]    Compiling thiserror-impl v1.0.26
[INFO] [stderr]    Compiling mockall_derive v0.6.0
[INFO] [stderr]    Compiling thiserror v1.0.26
[INFO] [stderr]    Compiling mockall v0.6.0
[INFO] [stderr]    Compiling pubnub-core v0.1.0 (/opt/rustwide/workdir)
[INFO] [stdout] warning: lint `intra_doc_link_resolution_failure` has been removed: use `rustdoc::broken_intra_doc_links` instead
[INFO] [stdout]   --> src/lib.rs:15:9
[INFO] [stdout]    |
[INFO] [stdout] 15 | #![deny(intra_doc_link_resolution_failure)]
[INFO] [stdout]    |         ^^^^^^^^^^^^^^^^^^^^^^^^^^^^^^^^^
[INFO] [stdout]    |
[INFO] [stdout]    = note: `#[warn(renamed_and_removed_lints)]` on by default
[INFO] [stdout] 
[INFO] [stdout] 
[INFO] [stdout] warning: unused return value of `std::mem::replace` that must be used
[INFO] [stdout]   --> src/mock/runtime.rs:13:5
[INFO] [stdout]    |
[INFO] [stdout] 13 | /     mock! {
[INFO] [stdout] 14 | |         pub Runtime {
[INFO] [stdout] 15 | |             fn mock_workaround_spawn<O: 'static>(&self, future: Pin<Box<dyn Future<Output = O> + Send + 'static>>) {}
[INFO] [stdout] 16 | |         }
[INFO] [stdout] ...  |
[INFO] [stdout] 19 | |         }
[INFO] [stdout] 20 | |     }
[INFO] [stdout]    | |_____^
[INFO] [stdout]    |
[INFO] [stdout]    = note: `#[warn(unused_must_use)]` on by default
[INFO] [stdout]    = note: if you don't need the old value, you can just assign the new value directly
[INFO] [stdout]    = note: this warning originates in the macro `mock` (in Nightly builds, run with -Z macro-backtrace for more info)
[INFO] [stdout] 
[INFO] [stdout] 
[INFO] [stdout] warning: unused return value of `std::mem::replace` that must be used
[INFO] [stdout]   --> src/mock/runtime.rs:13:5
[INFO] [stdout]    |
[INFO] [stdout] 13 | /     mock! {
[INFO] [stdout] 14 | |         pub Runtime {
[INFO] [stdout] 15 | |             fn mock_workaround_spawn<O: 'static>(&self, future: Pin<Box<dyn Future<Output = O> + Send + 'static>>) {}
[INFO] [stdout] 16 | |         }
[INFO] [stdout] ...  |
[INFO] [stdout] 19 | |         }
[INFO] [stdout] 20 | |     }
[INFO] [stdout]    | |_____^
[INFO] [stdout]    |
[INFO] [stdout]    = note: if you don't need the old value, you can just assign the new value directly
[INFO] [stdout]    = note: this warning originates in the macro `mock` (in Nightly builds, run with -Z macro-backtrace for more info)
[INFO] [stdout] 
[INFO] [stdout] 
[INFO] [stdout] warning: unused return value of `std::mem::replace` that must be used
[INFO] [stdout]   --> src/mock/transport.rs:22:5
[INFO] [stdout]    |
[INFO] [stdout] 22 | /     mock! {
[INFO] [stdout] 23 | |         pub Transport {
[INFO] [stdout] 24 | |             fn call<TReq: 'static, TRes: 'static>(
[INFO] [stdout] 25 | |                 &self,
[INFO] [stdout] ...  |
[INFO] [stdout] 31 | |         }
[INFO] [stdout] 32 | |     }
[INFO] [stdout]    | |_____^
[INFO] [stdout]    |
[INFO] [stdout]    = note: if you don't need the old value, you can just assign the new value directly
[INFO] [stdout]    = note: this warning originates in the macro `mock` (in Nightly builds, run with -Z macro-backtrace for more info)
[INFO] [stdout] 
[INFO] [stdout] 
[INFO] [stdout] warning: 4 warnings emitted
[INFO] [stdout] 
[INFO] [stdout] 
[INFO] [stderr]     Finished dev [unoptimized + debuginfo] target(s) in 17.91s
[INFO] running `Command { std: "docker" "inspect" "1a0054d5e59c6be57cf56f7b8c486e8b5b21b2364536e43d8ab1dfb6bba31fd9", kill_on_drop: false }`
[INFO] running `Command { std: "docker" "rm" "-f" "1a0054d5e59c6be57cf56f7b8c486e8b5b21b2364536e43d8ab1dfb6bba31fd9", kill_on_drop: false }`
[INFO] [stdout] 1a0054d5e59c6be57cf56f7b8c486e8b5b21b2364536e43d8ab1dfb6bba31fd9
[INFO] running `Command { std: "docker" "create" "-v" "/var/lib/crater-agent-workspace/builds/worker-81/target:/opt/rustwide/target:rw,Z" "-v" "/var/lib/crater-agent-workspace/builds/worker-81/source:/opt/rustwide/workdir:ro,Z" "-v" "/var/lib/crater-agent-workspace/cargo-home:/opt/rustwide/cargo-home:ro,Z" "-v" "/var/lib/crater-agent-workspace/rustup-home:/opt/rustwide/rustup-home:ro,Z" "-e" "SOURCE_DIR=/opt/rustwide/workdir" "-e" "CARGO_TARGET_DIR=/opt/rustwide/target" "-e" "CARGO_INCREMENTAL=0" "-e" "RUST_BACKTRACE=full" "-e" "RUSTFLAGS=--cap-lints=warn" "-e" "CARGO_HOME=/opt/rustwide/cargo-home" "-e" "RUSTUP_HOME=/opt/rustwide/rustup-home" "-w" "/opt/rustwide/workdir" "-m" "1610612736" "--user" "0:0" "--network" "none" "ghcr.io/rust-lang/crates-build-env/linux@sha256:34b6a614d2c27851fe6cbf88fbd1137609cefab8b10d0615aaeb6fd47975d74e" "/opt/rustwide/cargo-home/bin/cargo" "+1.54.0" "test" "--frozen" "--no-run" "--message-format=json", kill_on_drop: false }`
[INFO] [stdout] 64cd367564edb31829fa41be60ea84a7800f89a16280382dcc02c2024ce575b1
[INFO] running `Command { std: "docker" "start" "-a" "64cd367564edb31829fa41be60ea84a7800f89a16280382dcc02c2024ce575b1", kill_on_drop: false }`
[INFO] [stderr]    Compiling quick-error v1.2.3
[INFO] [stderr]    Compiling getrandom v0.1.16
[INFO] [stderr]    Compiling termcolor v1.1.2
[INFO] [stderr]    Compiling randomize v3.0.1
[INFO] [stderr]    Compiling atty v0.2.14
[INFO] [stderr]    Compiling futures-executor v0.3.16
[INFO] [stdout] warning: lint `intra_doc_link_resolution_failure` has been removed: use `rustdoc::broken_intra_doc_links` instead
[INFO] [stdout]   --> src/lib.rs:15:9
[INFO] [stdout]    |
[INFO] [stdout] 15 | #![deny(intra_doc_link_resolution_failure)]
[INFO] [stdout]    |         ^^^^^^^^^^^^^^^^^^^^^^^^^^^^^^^^^
[INFO] [stdout]    |
[INFO] [stdout]    = note: `#[warn(renamed_and_removed_lints)]` on by default
[INFO] [stdout] 
[INFO] [stdout] 
[INFO] [stdout] warning: unused return value of `std::mem::replace` that must be used
[INFO] [stdout]   --> src/mock/runtime.rs:13:5
[INFO] [stdout]    |
[INFO] [stdout] 13 | /     mock! {
[INFO] [stdout] 14 | |         pub Runtime {
[INFO] [stdout] 15 | |             fn mock_workaround_spawn<O: 'static>(&self, future: Pin<Box<dyn Future<Output = O> + Send + 'static>>) {}
[INFO] [stdout] 16 | |         }
[INFO] [stdout] ...  |
[INFO] [stdout] 19 | |         }
[INFO] [stdout] 20 | |     }
[INFO] [stdout]    | |_____^
[INFO] [stdout]    |
[INFO] [stdout]    = note: `#[warn(unused_must_use)]` on by default
[INFO] [stdout]    = note: if you don't need the old value, you can just assign the new value directly
[INFO] [stdout]    = note: this warning originates in the macro `mock` (in Nightly builds, run with -Z macro-backtrace for more info)
[INFO] [stdout] 
[INFO] [stdout] 
[INFO] [stdout] warning: unused return value of `std::mem::replace` that must be used
[INFO] [stdout]   --> src/mock/runtime.rs:13:5
[INFO] [stdout]    |
[INFO] [stdout] 13 | /     mock! {
[INFO] [stdout] 14 | |         pub Runtime {
[INFO] [stdout] 15 | |             fn mock_workaround_spawn<O: 'static>(&self, future: Pin<Box<dyn Future<Output = O> + Send + 'static>>) {}
[INFO] [stdout] 16 | |         }
[INFO] [stdout] ...  |
[INFO] [stdout] 19 | |         }
[INFO] [stdout] 20 | |     }
[INFO] [stdout]    | |_____^
[INFO] [stdout]    |
[INFO] [stdout]    = note: if you don't need the old value, you can just assign the new value directly
[INFO] [stdout]    = note: this warning originates in the macro `mock` (in Nightly builds, run with -Z macro-backtrace for more info)
[INFO] [stdout] 
[INFO] [stdout] 
[INFO] [stdout] warning: unused return value of `std::mem::replace` that must be used
[INFO] [stdout]   --> src/mock/transport.rs:22:5
[INFO] [stdout]    |
[INFO] [stdout] 22 | /     mock! {
[INFO] [stdout] 23 | |         pub Transport {
[INFO] [stdout] 24 | |             fn call<TReq: 'static, TRes: 'static>(
[INFO] [stdout] 25 | |                 &self,
[INFO] [stdout] ...  |
[INFO] [stdout] 31 | |         }
[INFO] [stdout] 32 | |     }
[INFO] [stdout]    | |_____^
[INFO] [stdout]    |
[INFO] [stdout]    = note: if you don't need the old value, you can just assign the new value directly
[INFO] [stdout]    = note: this warning originates in the macro `mock` (in Nightly builds, run with -Z macro-backtrace for more info)
[INFO] [stdout] 
[INFO] [stdout] 
[INFO] [stdout] warning: 4 warnings emitted
[INFO] [stdout] 
[INFO] [stdout] 
[INFO] [stderr]    Compiling humantime v1.3.0
[INFO] [stderr]    Compiling env_logger v0.7.1
[INFO] [stderr]    Compiling pubnub-core v0.1.0 (/opt/rustwide/workdir)
[INFO] [stdout] warning: lint `intra_doc_link_resolution_failure` has been removed: use `rustdoc::broken_intra_doc_links` instead
[INFO] [stdout]   --> src/lib.rs:15:9
[INFO] [stdout]    |
[INFO] [stdout] 15 | #![deny(intra_doc_link_resolution_failure)]
[INFO] [stdout]    |         ^^^^^^^^^^^^^^^^^^^^^^^^^^^^^^^^^
[INFO] [stdout]    |
[INFO] [stdout]    = note: `#[warn(renamed_and_removed_lints)]` on by default
[INFO] [stdout] 
[INFO] [stdout] 
[INFO] [stdout] warning: unused return value of `std::mem::replace` that must be used
[INFO] [stdout]   --> src/mock/runtime.rs:13:5
[INFO] [stdout]    |
[INFO] [stdout] 13 | /     mock! {
[INFO] [stdout] 14 | |         pub Runtime {
[INFO] [stdout] 15 | |             fn mock_workaround_spawn<O: 'static>(&self, future: Pin<Box<dyn Future<Output = O> + Send + 'static>>) {}
[INFO] [stdout] 16 | |         }
[INFO] [stdout] ...  |
[INFO] [stdout] 19 | |         }
[INFO] [stdout] 20 | |     }
[INFO] [stdout]    | |_____^
[INFO] [stdout]    |
[INFO] [stdout]    = note: `#[warn(unused_must_use)]` on by default
[INFO] [stdout]    = note: if you don't need the old value, you can just assign the new value directly
[INFO] [stdout]    = note: this warning originates in the macro `mock` (in Nightly builds, run with -Z macro-backtrace for more info)
[INFO] [stdout] 
[INFO] [stdout] 
[INFO] [stdout] warning: unused return value of `std::mem::replace` that must be used
[INFO] [stdout]   --> src/mock/runtime.rs:13:5
[INFO] [stdout]    |
[INFO] [stdout] 13 | /     mock! {
[INFO] [stdout] 14 | |         pub Runtime {
[INFO] [stdout] 15 | |             fn mock_workaround_spawn<O: 'static>(&self, future: Pin<Box<dyn Future<Output = O> + Send + 'static>>) {}
[INFO] [stdout] 16 | |         }
[INFO] [stdout] ...  |
[INFO] [stdout] 19 | |         }
[INFO] [stdout] 20 | |     }
[INFO] [stdout]    | |_____^
[INFO] [stdout]    |
[INFO] [stdout]    = note: if you don't need the old value, you can just assign the new value directly
[INFO] [stdout]    = note: this warning originates in the macro `mock` (in Nightly builds, run with -Z macro-backtrace for more info)
[INFO] [stdout] 
[INFO] [stdout] 
[INFO] [stdout] warning: unused return value of `std::mem::replace` that must be used
[INFO] [stdout]   --> src/mock/transport.rs:22:5
[INFO] [stdout]    |
[INFO] [stdout] 22 | /     mock! {
[INFO] [stdout] 23 | |         pub Transport {
[INFO] [stdout] 24 | |             fn call<TReq: 'static, TRes: 'static>(
[INFO] [stdout] 25 | |                 &self,
[INFO] [stdout] ...  |
[INFO] [stdout] 31 | |         }
[INFO] [stdout] 32 | |     }
[INFO] [stdout]    | |_____^
[INFO] [stdout]    |
[INFO] [stdout]    = note: if you don't need the old value, you can just assign the new value directly
[INFO] [stdout]    = note: this warning originates in the macro `mock` (in Nightly builds, run with -Z macro-backtrace for more info)
[INFO] [stdout] 
[INFO] [stdout] 
[INFO] [stdout] warning: 4 warnings emitted
[INFO] [stdout] 
[INFO] [stdout] 
[INFO] [stderr]     Finished test [unoptimized + debuginfo] target(s) in 4.71s
[INFO] running `Command { std: "docker" "inspect" "64cd367564edb31829fa41be60ea84a7800f89a16280382dcc02c2024ce575b1", kill_on_drop: false }`
[INFO] running `Command { std: "docker" "rm" "-f" "64cd367564edb31829fa41be60ea84a7800f89a16280382dcc02c2024ce575b1", kill_on_drop: false }`
[INFO] [stdout] 64cd367564edb31829fa41be60ea84a7800f89a16280382dcc02c2024ce575b1
[INFO] running `Command { std: "docker" "create" "-v" "/var/lib/crater-agent-workspace/builds/worker-81/target:/opt/rustwide/target:rw,Z" "-v" "/var/lib/crater-agent-workspace/builds/worker-81/source:/opt/rustwide/workdir:ro,Z" "-v" "/var/lib/crater-agent-workspace/cargo-home:/opt/rustwide/cargo-home:ro,Z" "-v" "/var/lib/crater-agent-workspace/rustup-home:/opt/rustwide/rustup-home:ro,Z" "-e" "SOURCE_DIR=/opt/rustwide/workdir" "-e" "CARGO_TARGET_DIR=/opt/rustwide/target" "-e" "CARGO_INCREMENTAL=0" "-e" "RUST_BACKTRACE=full" "-e" "RUSTFLAGS=--cap-lints=warn" "-e" "CARGO_HOME=/opt/rustwide/cargo-home" "-e" "RUSTUP_HOME=/opt/rustwide/rustup-home" "-w" "/opt/rustwide/workdir" "-m" "1610612736" "--user" "0:0" "--network" "none" "ghcr.io/rust-lang/crates-build-env/linux@sha256:34b6a614d2c27851fe6cbf88fbd1137609cefab8b10d0615aaeb6fd47975d74e" "/opt/rustwide/cargo-home/bin/cargo" "+1.54.0" "test" "--frozen", kill_on_drop: false }`
[INFO] [stdout] d00151dea6462116494f051fae770132eae0012ead70819d1dad2d62a6250fb1
[INFO] running `Command { std: "docker" "start" "-a" "d00151dea6462116494f051fae770132eae0012ead70819d1dad2d62a6250fb1", kill_on_drop: false }`
[INFO] [stderr]     Blocking waiting for file lock on package cache
[INFO] [stderr] warning: lint `intra_doc_link_resolution_failure` has been removed: use `rustdoc::broken_intra_doc_links` instead
[INFO] [stderr]   --> src/lib.rs:15:9
[INFO] [stderr]    |
[INFO] [stderr] 15 | #![deny(intra_doc_link_resolution_failure)]
[INFO] [stderr]    |         ^^^^^^^^^^^^^^^^^^^^^^^^^^^^^^^^^
[INFO] [stderr]    |
[INFO] [stderr]    = note: `#[warn(renamed_and_removed_lints)]` on by default
[INFO] [stderr] 
[INFO] [stderr] warning: unused return value of `std::mem::replace` that must be used
[INFO] [stderr]   --> src/mock/runtime.rs:13:5
[INFO] [stderr]    |
[INFO] [stderr] 13 | /     mock! {
[INFO] [stderr] 14 | |         pub Runtime {
[INFO] [stderr] 15 | |             fn mock_workaround_spawn<O: 'static>(&self, future: Pin<Box<dyn Future<Output = O> + Send + 'static>>) {}
[INFO] [stderr] 16 | |         }
[INFO] [stderr] ...  |
[INFO] [stderr] 19 | |         }
[INFO] [stderr] 20 | |     }
[INFO] [stderr]    | |_____^
[INFO] [stderr]    |
[INFO] [stderr]    = note: `#[warn(unused_must_use)]` on by default
[INFO] [stderr]    = note: if you don't need the old value, you can just assign the new value directly
[INFO] [stderr]    = note: this warning originates in the macro `mock` (in Nightly builds, run with -Z macro-backtrace for more info)
[INFO] [stderr] 
[INFO] [stderr] warning: unused return value of `std::mem::replace` that must be used
[INFO] [stderr]   --> src/mock/runtime.rs:13:5
[INFO] [stderr]    |
[INFO] [stderr] 13 | /     mock! {
[INFO] [stderr] 14 | |         pub Runtime {
[INFO] [stderr] 15 | |             fn mock_workaround_spawn<O: 'static>(&self, future: Pin<Box<dyn Future<Output = O> + Send + 'static>>) {}
[INFO] [stderr] 16 | |         }
[INFO] [stderr] ...  |
[INFO] [stderr] 19 | |         }
[INFO] [stderr] 20 | |     }
[INFO] [stderr]    | |_____^
[INFO] [stderr]    |
[INFO] [stderr]    = note: if you don't need the old value, you can just assign the new value directly
[INFO] [stderr]    = note: this warning originates in the macro `mock` (in Nightly builds, run with -Z macro-backtrace for more info)
[INFO] [stderr] 
[INFO] [stderr] warning: unused return value of `std::mem::replace` that must be used
[INFO] [stderr]   --> src/mock/transport.rs:22:5
[INFO] [stderr]    |
[INFO] [stderr] 22 | /     mock! {
[INFO] [stderr] 23 | |         pub Transport {
[INFO] [stderr] 24 | |             fn call<TReq: 'static, TRes: 'static>(
[INFO] [stderr] 25 | |                 &self,
[INFO] [stderr] ...  |
[INFO] [stderr] 31 | |         }
[INFO] [stderr] 32 | |     }
[INFO] [stderr]    | |_____^
[INFO] [stderr]    |
[INFO] [stderr]    = note: if you don't need the old value, you can just assign the new value directly
[INFO] [stderr]    = note: this warning originates in the macro `mock` (in Nightly builds, run with -Z macro-backtrace for more info)
[INFO] [stderr] 
[INFO] [stderr] warning: 4 warnings emitted
[INFO] [stderr] 
[INFO] [stderr] warning: lint `intra_doc_link_resolution_failure` has been removed: use `rustdoc::broken_intra_doc_links` instead
[INFO] [stderr]   --> src/lib.rs:15:9
[INFO] [stderr]    |
[INFO] [stderr] 15 | #![deny(intra_doc_link_resolution_failure)]
[INFO] [stderr]    |         ^^^^^^^^^^^^^^^^^^^^^^^^^^^^^^^^^
[INFO] [stderr]    |
[INFO] [stderr]    = note: `#[warn(renamed_and_removed_lints)]` on by default
[INFO] [stderr] 
[INFO] [stderr] warning: unused return value of `std::mem::replace` that must be used
[INFO] [stderr]   --> src/mock/runtime.rs:13:5
[INFO] [stderr]    |
[INFO] [stderr] 13 | /     mock! {
[INFO] [stderr] 14 | |         pub Runtime {
[INFO] [stderr] 15 | |             fn mock_workaround_spawn<O: 'static>(&self, future: Pin<Box<dyn Future<Output = O> + Send + 'static>>) {}
[INFO] [stderr] 16 | |         }
[INFO] [stderr] ...  |
[INFO] [stderr] 19 | |         }
[INFO] [stderr] 20 | |     }
[INFO] [stderr]    | |_____^
[INFO] [stderr]    |
[INFO] [stderr]    = note: `#[warn(unused_must_use)]` on by default
[INFO] [stderr]    = note: if you don't need the old value, you can just assign the new value directly
[INFO] [stderr]    = note: this warning originates in the macro `mock` (in Nightly builds, run with -Z macro-backtrace for more info)
[INFO] [stderr] 
[INFO] [stderr] warning: unused return value of `std::mem::replace` that must be used
[INFO] [stderr]   --> src/mock/runtime.rs:13:5
[INFO] [stderr]    |
[INFO] [stderr] 13 | /     mock! {
[INFO] [stderr] 14 | |         pub Runtime {
[INFO] [stderr] 15 | |             fn mock_workaround_spawn<O: 'static>(&self, future: Pin<Box<dyn Future<Output = O> + Send + 'static>>) {}
[INFO] [stderr] 16 | |         }
[INFO] [stderr] ...  |
[INFO] [stderr] 19 | |         }
[INFO] [stderr] 20 | |     }
[INFO] [stderr]    | |_____^
[INFO] [stderr]    |
[INFO] [stderr]    = note: if you don't need the old value, you can just assign the new value directly
[INFO] [stderr]    = note: this warning originates in the macro `mock` (in Nightly builds, run with -Z macro-backtrace for more info)
[INFO] [stderr] 
[INFO] [stderr] warning: unused return value of `std::mem::replace` that must be used
[INFO] [stderr]   --> src/mock/transport.rs:22:5
[INFO] [stderr]    |
[INFO] [stderr] 22 | /     mock! {
[INFO] [stderr] 23 | |         pub Transport {
[INFO] [stderr] 24 | |             fn call<TReq: 'static, TRes: 'static>(
[INFO] [stderr] 25 | |                 &self,
[INFO] [stderr] ...  |
[INFO] [stderr] 31 | |         }
[INFO] [stderr] 32 | |     }
[INFO] [stderr]    | |_____^
[INFO] [stderr]    |
[INFO] [stderr]    = note: if you don't need the old value, you can just assign the new value directly
[INFO] [stderr]    = note: this warning originates in the macro `mock` (in Nightly builds, run with -Z macro-backtrace for more info)
[INFO] [stderr] 
[INFO] [stderr] warning: 4 warnings emitted
[INFO] [stderr] 
[INFO] [stderr]     Finished test [unoptimized + debuginfo] target(s) in 0.19s
[INFO] [stderr]      Running unittests (/opt/rustwide/target/debug/deps/pubnub_core-ca03a5a220887a19)
[INFO] [stdout] 
[INFO] [stdout] running 6 tests
[INFO] [stdout] test data::channel::tests::name_invalid ... ok
[INFO] [stdout] test data::channel::tests::name_valid ... ok
[INFO] [stdout] test data::target::tests::standard_invalid ... ok
[INFO] [stdout] test pubnub::tests::mocked_pubnub_publish_ok ... ok
[INFO] [stdout] test data::target::tests::standard_valid ... ok
[INFO] [stdout] test pubnub::tests::mocked_pubnub_subscribe_ok ... FAILED
[INFO] [stdout] 
[INFO] [stdout] failures:
[INFO] [stdout] 
[INFO] [stdout] ---- pubnub::tests::mocked_pubnub_subscribe_ok stdout ----
[INFO] [stdout] [2021-08-07T08:55:51Z DEBUG pubnub_core::subscription::subscribe_loop_supervisor] Creating the subscribe loop
[INFO] [stdout] [2021-08-07T08:55:51Z DEBUG pubnub_core::subscription::subscribe_loop_supervisor] Waiting for subscription loop ready...
[INFO] [stdout] [2021-08-07T08:55:51Z DEBUG pubnub_core::subscription::subscribe_loop] Starting subscribe loop
[INFO] [stdout] [2021-08-07T08:55:51Z DEBUG pubnub_core::subscription::subscribe_loop] messages: [Message { message_type: Publish, route: Some(Name("test_channel")), channel: Name("test_channel"), json: Object(Object { store: [("test", Short("value"), 0, 0)] }), metadata: Null, timetoken: Timetoken { t: 100, r: 12 }, client: None, subscribe_key: "test_subscribe_key", flags: 514 }]
[INFO] [stdout] [2021-08-07T08:55:51Z DEBUG pubnub_core::subscription::subscribe_loop] timetoken: Timetoken { t: 150, r: 1 }
[INFO] [stdout] [2021-08-07T08:55:51Z DEBUG pubnub_core::subscription::subscribe_loop] route: test_channel (channel)
[INFO] [stdout] [2021-08-07T08:55:51Z DEBUG pubnub_core::subscription::subscribe_loop] Delivering to 1 listeners...
[INFO] [stdout] thread 'pubnub::tests::mocked_pubnub_subscribe_ok' panicked at 'attempted to leave type `std::mem::ManuallyDrop<std::cell::UnsafeCell<std::boxed::Box<std::boxed::Box<dyn std::ops::FnOnce() -> mock::runtime::gen::MockRuntime>>>>` uninitialized, which is invalid', /rustc/a178d0322ce20e33eac124758e837cbd80a6f633/library/core/src/mem/mod.rs:660:9
[INFO] [stdout] stack backtrace:
[INFO] [stdout]    0:     0x55eda2075150 - std::backtrace_rs::backtrace::libunwind::trace::h34055254b57d8e79
[INFO] [stdout]                                at /rustc/a178d0322ce20e33eac124758e837cbd80a6f633/library/std/src/../../backtrace/src/backtrace/libunwind.rs:90:5
[INFO] [stdout]    1:     0x55eda2075150 - std::backtrace_rs::backtrace::trace_unsynchronized::h8f1e3fbd9afff6ec
[INFO] [stdout]                                at /rustc/a178d0322ce20e33eac124758e837cbd80a6f633/library/std/src/../../backtrace/src/backtrace/mod.rs:66:5
[INFO] [stdout]    2:     0x55eda2075150 - std::sys_common::backtrace::_print_fmt::h3a99a796b770c360
[INFO] [stdout]                                at /rustc/a178d0322ce20e33eac124758e837cbd80a6f633/library/std/src/sys_common/backtrace.rs:67:5
[INFO] [stdout]    3:     0x55eda2075150 - <std::sys_common::backtrace::_print::DisplayBacktrace as core::fmt::Display>::fmt::h32d1f94a80615d18
[INFO] [stdout]                                at /rustc/a178d0322ce20e33eac124758e837cbd80a6f633/library/std/src/sys_common/backtrace.rs:46:22
[INFO] [stdout]    4:     0x55eda2097bcc - core::fmt::write::h306731c068f7162c
[INFO] [stdout]                                at /rustc/a178d0322ce20e33eac124758e837cbd80a6f633/library/core/src/fmt/mod.rs:1110:17
[INFO] [stdout]    5:     0x55eda2071f85 - std::io::Write::write_fmt::h87f19b0a2cd190bc
[INFO] [stdout]                                at /rustc/a178d0322ce20e33eac124758e837cbd80a6f633/library/std/src/io/mod.rs:1588:15
[INFO] [stdout]    6:     0x55eda20772bb - std::sys_common::backtrace::_print::h5abaa2601a852287
[INFO] [stdout]                                at /rustc/a178d0322ce20e33eac124758e837cbd80a6f633/library/std/src/sys_common/backtrace.rs:49:5
[INFO] [stdout]    7:     0x55eda20772bb - std::sys_common::backtrace::print::h8d81445442bb638f
[INFO] [stdout]                                at /rustc/a178d0322ce20e33eac124758e837cbd80a6f633/library/std/src/sys_common/backtrace.rs:36:9
[INFO] [stdout]    8:     0x55eda20772bb - std::panicking::default_hook::{{closure}}::hcfe804496a9fa747
[INFO] [stdout]                                at /rustc/a178d0322ce20e33eac124758e837cbd80a6f633/library/std/src/panicking.rs:208:50
[INFO] [stdout]    9:     0x55eda2076dcc - std::panicking::default_hook::hbea8e3ccf2ba8901
[INFO] [stdout]                                at /rustc/a178d0322ce20e33eac124758e837cbd80a6f633/library/std/src/panicking.rs:222:9
[INFO] [stdout]   10:     0x55eda2077984 - std::panicking::rust_panic_with_hook::h7ee9e1a2d0f8975a
[INFO] [stdout]                                at /rustc/a178d0322ce20e33eac124758e837cbd80a6f633/library/std/src/panicking.rs:622:17
[INFO] [stdout]   11:     0x55eda2077437 - std::panicking::begin_panic_handler::{{closure}}::h8ab3b4491718b2c7
[INFO] [stdout]                                at /rustc/a178d0322ce20e33eac124758e837cbd80a6f633/library/std/src/panicking.rs:517:13
[INFO] [stdout]   12:     0x55eda207564c - std::sys_common::backtrace::__rust_end_short_backtrace::hd489062ffa586a9f
[INFO] [stdout]                                at /rustc/a178d0322ce20e33eac124758e837cbd80a6f633/library/std/src/sys_common/backtrace.rs:141:18
[INFO] [stdout]   13:     0x55eda20773c9 - rust_begin_unwind
[INFO] [stdout]                                at /rustc/a178d0322ce20e33eac124758e837cbd80a6f633/library/std/src/panicking.rs:515:5
[INFO] [stdout]   14:     0x55eda1dd2b31 - core::panicking::panic_fmt::hca6330e3e14086b4
[INFO] [stdout]                                at /rustc/a178d0322ce20e33eac124758e837cbd80a6f633/library/core/src/panicking.rs:92:14
[INFO] [stdout]   15:     0x55eda1dd2a7d - core::panicking::panic::h1a48d878ff3dcd40
[INFO] [stdout]                                at /rustc/a178d0322ce20e33eac124758e837cbd80a6f633/library/core/src/panicking.rs:50:5
[INFO] [stdout]   16:     0x55eda1e20246 - core::mem::uninitialized::h3bb15e9c1b80b113
[INFO] [stdout]                                at /rustc/a178d0322ce20e33eac124758e837cbd80a6f633/library/core/src/mem/mod.rs:660:9
[INFO] [stdout]   17:     0x55eda1e20246 - fragile::fragile::Fragile<T>::into_inner::h6692dfd344907dc0
[INFO] [stdout]                                at /opt/rustwide/cargo-home/registry/src/github.com-1ecc6299db9ec823/fragile-0.3.0/src/fragile.rs:70:55
[INFO] [stdout]   18:     0x55eda1e0b5f1 - pubnub_core::mock::runtime::gen::__mock_Runtime_Clone::clone::Rfunc::call_mut::hecf23aea25580d30
[INFO] [stdout]                                at /opt/rustwide/workdir/src/mock/runtime.rs:13:5
[INFO] [stdout]   19:     0x55eda1e0c549 - pubnub_core::mock::runtime::gen::__mock_Runtime_Clone::clone::Expectation::call::h9ae797c6c19dcd2e
[INFO] [stdout]                                at /opt/rustwide/workdir/src/mock/runtime.rs:13:5
[INFO] [stdout]   20:     0x55eda1e0cdf5 - pubnub_core::mock::runtime::gen::__mock_Runtime_Clone::clone::Expectations::call::{{closure}}::hb0906a7f09cc0958
[INFO] [stdout]                                at /opt/rustwide/workdir/src/mock/runtime.rs:13:5
[INFO] [stdout]   21:     0x55eda1e24d2a - core::option::Option<T>::map::h909b8883a49beca3
[INFO] [stdout]                                at /rustc/a178d0322ce20e33eac124758e837cbd80a6f633/library/core/src/option.rs:489:29
[INFO] [stdout]   22:     0x55eda1e0cd2b - pubnub_core::mock::runtime::gen::__mock_Runtime_Clone::clone::Expectations::call::hba4e91bc688ce047
[INFO] [stdout]                                at /opt/rustwide/workdir/src/mock/runtime.rs:13:5
[INFO] [stdout]   23:     0x55eda1e0cefd - <pubnub_core::mock::runtime::gen::MockRuntime as core::clone::Clone>::clone::h48a8284f307a0e82
[INFO] [stdout]                                at /opt/rustwide/workdir/src/mock/runtime.rs:13:5
[INFO] [stdout]   24:     0x55eda1e2de15 - pubnub_core::subscription::subscribe_loop_supervisor::SubscribeLoopSupervisor::subscribe::{{closure}}::hb10df24af5ca82f9
[INFO] [stdout]                                at /opt/rustwide/workdir/src/subscription/subscribe_loop_supervisor.rs:151:22
[INFO] [stdout]   25:     0x55eda1e364f5 - <core::future::from_generator::GenFuture<T> as core::future::future::Future>::poll::h7d567f31318173e0
[INFO] [stdout]                                at /rustc/a178d0322ce20e33eac124758e837cbd80a6f633/library/core/src/future/mod.rs:80:19
[INFO] [stdout]   26:     0x55eda1e0b16b - pubnub_core::pubnub::subscribe::<impl pubnub_core::pubnub::PubNub<TTransport,TRuntime>>::subscribe::{{closure}}::h4fa7875fea73da0d
[INFO] [stdout]                                at /opt/rustwide/workdir/src/pubnub/subscribe.rs:46:9
[INFO] [stdout]   27:     0x55eda1e36725 - <core::future::from_generator::GenFuture<T> as core::future::future::Future>::poll::hf544f6d2367d8952
[INFO] [stdout]                                at /rustc/a178d0322ce20e33eac124758e837cbd80a6f633/library/core/src/future/mod.rs:80:19
[INFO] [stdout]   28:     0x55eda1df4299 - pubnub_core::pubnub::tests::mocked_pubnub_subscribe_ok::{{closure}}::h82ccb3e7b4ce8de1
[INFO] [stdout]                                at /opt/rustwide/workdir/src/pubnub/tests.rs:164:36
[INFO] [stdout]   29:     0x55eda1e36319 - <core::future::from_generator::GenFuture<T> as core::future::future::Future>::poll::h74898816956e000f
[INFO] [stdout]                                at /rustc/a178d0322ce20e33eac124758e837cbd80a6f633/library/core/src/future/mod.rs:80:19
[INFO] [stdout]   30:     0x55eda203fb49 - <futures_task::future_obj::LocalFutureObj<T> as core::future::future::Future>::poll::h9862c451435f7039
[INFO] [stdout]                                at /opt/rustwide/cargo-home/registry/src/github.com-1ecc6299db9ec823/futures-task-0.3.16/src/future_obj.rs:84:18
[INFO] [stdout]   31:     0x55eda2040148 - <futures_util::stream::futures_unordered::FuturesUnordered<Fut> as futures_core::stream::Stream>::poll_next::h940bb1e863c42edd
[INFO] [stdout]                                at /opt/rustwide/cargo-home/registry/src/github.com-1ecc6299db9ec823/futures-util-0.3.16/src/stream/futures_unordered/mod.rs:521:17
[INFO] [stdout]   32:     0x55eda204137c - futures_util::stream::stream::StreamExt::poll_next_unpin::h6e7b9a5e3e251b8a
[INFO] [stdout]                                at /opt/rustwide/cargo-home/registry/src/github.com-1ecc6299db9ec823/futures-util-0.3.16/src/stream/stream/mod.rs:1474:9
[INFO] [stdout]   33:     0x55eda2044d69 - futures_executor::local_pool::LocalPool::poll_pool_once::h393fc0be7cb2079d
[INFO] [stdout]                                at /opt/rustwide/cargo-home/registry/src/github.com-1ecc6299db9ec823/futures-executor-0.3.16/src/local_pool.rs:297:9
[INFO] [stdout]   34:     0x55eda20449c7 - futures_executor::local_pool::LocalPool::poll_pool::h67c3a0e048ad894f
[INFO] [stdout]                                at /opt/rustwide/cargo-home/registry/src/github.com-1ecc6299db9ec823/futures-executor-0.3.16/src/local_pool.rs:270:23
[INFO] [stdout]   35:     0x55eda204498a - futures_executor::local_pool::LocalPool::run::{{closure}}::hf6db37ad9ea17951
[INFO] [stdout]                                at /opt/rustwide/cargo-home/registry/src/github.com-1ecc6299db9ec823/futures-executor-0.3.16/src/local_pool.rs:149:27
[INFO] [stdout]   36:     0x55eda20447e3 - futures_executor::local_pool::run_executor::{{closure}}::hb83484d97b6c1c9e
[INFO] [stdout]                                at /opt/rustwide/cargo-home/registry/src/github.com-1ecc6299db9ec823/futures-executor-0.3.16/src/local_pool.rs:90:37
[INFO] [stdout]   37:     0x55eda20419ea - std::thread::local::LocalKey<T>::try_with::h9d8b0e5cc682fda0
[INFO] [stdout]                                at /rustc/a178d0322ce20e33eac124758e837cbd80a6f633/library/std/src/thread/local.rs:400:16
[INFO] [stdout]   38:     0x55eda2041644 - std::thread::local::LocalKey<T>::with::h1ad9709277ed071d
[INFO] [stdout]                                at /rustc/a178d0322ce20e33eac124758e837cbd80a6f633/library/std/src/thread/local.rs:376:9
[INFO] [stdout]   39:     0x55eda2044724 - futures_executor::local_pool::run_executor::h98831eca3f1d5aa0
[INFO] [stdout]                                at /opt/rustwide/cargo-home/registry/src/github.com-1ecc6299db9ec823/futures-executor-0.3.16/src/local_pool.rs:86:5
[INFO] [stdout]   40:     0x55eda204495e - futures_executor::local_pool::LocalPool::run::he0d9cf3ab69728bd
[INFO] [stdout]                                at /opt/rustwide/cargo-home/registry/src/github.com-1ecc6299db9ec823/futures-executor-0.3.16/src/local_pool.rs:149:9
[INFO] [stdout]   41:     0x55eda1df2567 - pubnub_core::pubnub::tests::mocked_pubnub_subscribe_ok::he12feb09c8893219
[INFO] [stdout]                                at /opt/rustwide/workdir/src/pubnub/tests.rs:189:5
[INFO] [stdout]   42:     0x55eda1df23ea - pubnub_core::pubnub::tests::mocked_pubnub_subscribe_ok::{{closure}}::h66a047dd1b4de6fb
[INFO] [stdout]                                at /opt/rustwide/workdir/src/pubnub/tests.rs:56:1
[INFO] [stdout]   43:     0x55eda1de989e - core::ops::function::FnOnce::call_once::h0be9bb4e19a428ca
[INFO] [stdout]                                at /rustc/a178d0322ce20e33eac124758e837cbd80a6f633/library/core/src/ops/function.rs:227:5
[INFO] [stdout]   44:     0x55eda1e87373 - core::ops::function::FnOnce::call_once::h152e7e439ff59e19
[INFO] [stdout]                                at /rustc/a178d0322ce20e33eac124758e837cbd80a6f633/library/core/src/ops/function.rs:227:5
[INFO] [stdout]   45:     0x55eda1e87373 - test::__rust_begin_short_backtrace::h0908f3b1fdbb72ab
[INFO] [stdout]                                at /rustc/a178d0322ce20e33eac124758e837cbd80a6f633/library/test/src/lib.rs:577:5
[INFO] [stdout]   46:     0x55eda1e85e30 - <alloc::boxed::Box<F,A> as core::ops::function::FnOnce<Args>>::call_once::hf6d2a51e5587546c
[INFO] [stdout]                                at /rustc/a178d0322ce20e33eac124758e837cbd80a6f633/library/alloc/src/boxed.rs:1575:9
[INFO] [stdout]   47:     0x55eda1e85e30 - <std::panic::AssertUnwindSafe<F> as core::ops::function::FnOnce<()>>::call_once::h8af660f3a89ef593
[INFO] [stdout]                                at /rustc/a178d0322ce20e33eac124758e837cbd80a6f633/library/std/src/panic.rs:347:9
[INFO] [stdout]   48:     0x55eda1e85e30 - std::panicking::try::do_call::hd36aef60f84b6d36
[INFO] [stdout]                                at /rustc/a178d0322ce20e33eac124758e837cbd80a6f633/library/std/src/panicking.rs:401:40
[INFO] [stdout]   49:     0x55eda1e85e30 - std::panicking::try::h9932b4480e69817c
[INFO] [stdout]                                at /rustc/a178d0322ce20e33eac124758e837cbd80a6f633/library/std/src/panicking.rs:365:19
[INFO] [stdout]   50:     0x55eda1e85e30 - std::panic::catch_unwind::h6aa177099cfff5f8
[INFO] [stdout]                                at /rustc/a178d0322ce20e33eac124758e837cbd80a6f633/library/std/src/panic.rs:434:14
[INFO] [stdout]   51:     0x55eda1e85e30 - test::run_test_in_process::h5884d6f2d99e20c3
[INFO] [stdout]                                at /rustc/a178d0322ce20e33eac124758e837cbd80a6f633/library/test/src/lib.rs:600:18
[INFO] [stdout]   52:     0x55eda1e85e30 - test::run_test::run_test_inner::{{closure}}::h6fdc58c6d5f5b6e3
[INFO] [stdout]                                at /rustc/a178d0322ce20e33eac124758e837cbd80a6f633/library/test/src/lib.rs:492:39
[INFO] [stdout]   53:     0x55eda1e5f4e2 - test::run_test::run_test_inner::{{closure}}::h408365d67a78ade8
[INFO] [stdout]                                at /rustc/a178d0322ce20e33eac124758e837cbd80a6f633/library/test/src/lib.rs:519:37
[INFO] [stdout]   54:     0x55eda1e5f4e2 - std::sys_common::backtrace::__rust_begin_short_backtrace::hb560b77c4f701523
[INFO] [stdout]                                at /rustc/a178d0322ce20e33eac124758e837cbd80a6f633/library/std/src/sys_common/backtrace.rs:125:18
[INFO] [stdout]   55:     0x55eda1e63098 - std::thread::Builder::spawn_unchecked::{{closure}}::{{closure}}::hf2e7831dad93c597
[INFO] [stdout]                                at /rustc/a178d0322ce20e33eac124758e837cbd80a6f633/library/std/src/thread/mod.rs:481:17
[INFO] [stdout]   56:     0x55eda1e63098 - <std::panic::AssertUnwindSafe<F> as core::ops::function::FnOnce<()>>::call_once::hd2e08783d8be4d02
[INFO] [stdout]                                at /rustc/a178d0322ce20e33eac124758e837cbd80a6f633/library/std/src/panic.rs:347:9
[INFO] [stdout]   57:     0x55eda1e63098 - std::panicking::try::do_call::h062597b7acfd6b82
[INFO] [stdout]                                at /rustc/a178d0322ce20e33eac124758e837cbd80a6f633/library/std/src/panicking.rs:401:40
[INFO] [stdout]   58:     0x55eda1e63098 - std::panicking::try::h0d7b79db04c14552
[INFO] [stdout]                                at /rustc/a178d0322ce20e33eac124758e837cbd80a6f633/library/std/src/panicking.rs:365:19
[INFO] [stdout]   59:     0x55eda1e63098 - std::panic::catch_unwind::hb01a0b5e7c8cd43b
[INFO] [stdout]                                at /rustc/a178d0322ce20e33eac124758e837cbd80a6f633/library/std/src/panic.rs:434:14
[INFO] [stdout]   60:     0x55eda1e63098 - std::thread::Builder::spawn_unchecked::{{closure}}::h5bde48cc887e0d1e
[INFO] [stdout]                                at /rustc/a178d0322ce20e33eac124758e837cbd80a6f633/library/std/src/thread/mod.rs:480:30
[INFO] [stdout]   61:     0x55eda1e63098 - core::ops::function::FnOnce::call_once{{vtable.shim}}::h745ea30807a29e55
[INFO] [stdout]                                at /rustc/a178d0322ce20e33eac124758e837cbd80a6f633/library/core/src/ops/function.rs:227:5
[INFO] [stdout]   62:     0x55eda207c4c7 - <alloc::boxed::Box<F,A> as core::ops::function::FnOnce<Args>>::call_once::h7ece6cfefaff1005
[INFO] [stdout]                                at /rustc/a178d0322ce20e33eac124758e837cbd80a6f633/library/alloc/src/boxed.rs:1575:9
[INFO] [stdout]   63:     0x55eda207c4c7 - <alloc::boxed::Box<F,A> as core::ops::function::FnOnce<Args>>::call_once::hb8b48e55c21f193e
[INFO] [stdout]                                at /rustc/a178d0322ce20e33eac124758e837cbd80a6f633/library/alloc/src/boxed.rs:1575:9
[INFO] [stdout]   64:     0x55eda207c4c7 - std::sys::unix::thread::Thread::new::thread_start::h8c7c4450dba62914
[INFO] [stdout]                                at /rustc/a178d0322ce20e33eac124758e837cbd80a6f633/library/std/src/sys/unix/thread.rs:71:17
[INFO] [stdout]   65:     0x7f1a45fd9609 - start_thread
[INFO] [stdout]   66:     0x7f1a46264293 - clone
[INFO] [stdout]   67:                0x0 - <unknown>
[INFO] [stdout] 
[INFO] [stdout] 
[INFO] [stdout] failures:
[INFO] [stdout]     pubnub::tests::mocked_pubnub_subscribe_ok
[INFO] [stdout] 
[INFO] [stdout] test result: FAILED. 5 passed; 1 failed; 0 ignored; 0 measured; 0 filtered out; finished in 0.02s
[INFO] [stdout] 
[INFO] [stderr] error: test failed, to rerun pass '--lib'
[INFO] running `Command { std: "docker" "inspect" "d00151dea6462116494f051fae770132eae0012ead70819d1dad2d62a6250fb1", kill_on_drop: false }`
[INFO] running `Command { std: "docker" "rm" "-f" "d00151dea6462116494f051fae770132eae0012ead70819d1dad2d62a6250fb1", kill_on_drop: false }`
[INFO] [stdout] d00151dea6462116494f051fae770132eae0012ead70819d1dad2d62a6250fb1
