[INFO] fetching crate psn_api_rs 0.3.0...
[INFO] testing psn_api_rs-0.3.0 against 1.54.0 for beta-1.55-1
[INFO] extracting crate psn_api_rs 0.3.0 into /workspace/builds/worker-76/source
[INFO] validating manifest of crates.io crate psn_api_rs 0.3.0 on toolchain 1.54.0
[INFO] running `Command { std: "/workspace/cargo-home/bin/cargo" "+1.54.0" "metadata" "--manifest-path" "Cargo.toml" "--no-deps", kill_on_drop: false }`
[INFO] started tweaking crates.io crate psn_api_rs 0.3.0
[INFO] finished tweaking crates.io crate psn_api_rs 0.3.0
[INFO] tweaked toml for crates.io crate psn_api_rs 0.3.0 written to /workspace/builds/worker-76/source/Cargo.toml
[INFO] running `Command { std: "/workspace/cargo-home/bin/cargo" "+1.54.0" "generate-lockfile" "--manifest-path" "Cargo.toml" "-Zno-index-update", kill_on_drop: false }`
[INFO] [stderr]     Blocking waiting for file lock on package cache
[INFO] running `Command { std: "/workspace/cargo-home/bin/cargo" "+1.54.0" "fetch" "--manifest-path" "Cargo.toml", kill_on_drop: false }`
[INFO] [stderr]     Blocking waiting for file lock on package cache
[INFO] [stderr]     Blocking waiting for file lock on package cache
[INFO] running `Command { std: "docker" "create" "-v" "/var/lib/crater-agent-workspace/builds/worker-76/target:/opt/rustwide/target:rw,Z" "-v" "/var/lib/crater-agent-workspace/builds/worker-76/source:/opt/rustwide/workdir:ro,Z" "-v" "/var/lib/crater-agent-workspace/cargo-home:/opt/rustwide/cargo-home:ro,Z" "-v" "/var/lib/crater-agent-workspace/rustup-home:/opt/rustwide/rustup-home:ro,Z" "-e" "SOURCE_DIR=/opt/rustwide/workdir" "-e" "CARGO_TARGET_DIR=/opt/rustwide/target" "-e" "CARGO_HOME=/opt/rustwide/cargo-home" "-e" "RUSTUP_HOME=/opt/rustwide/rustup-home" "-w" "/opt/rustwide/workdir" "-m" "1610612736" "--user" "0:0" "--network" "none" "ghcr.io/rust-lang/crates-build-env/linux@sha256:34b6a614d2c27851fe6cbf88fbd1137609cefab8b10d0615aaeb6fd47975d74e" "/opt/rustwide/cargo-home/bin/cargo" "+1.54.0" "metadata" "--no-deps" "--format-version=1", kill_on_drop: false }`
[INFO] [stdout] a2953f42d9876981c48d578422f3d6adb53dd2acd2f14dc976cebc38c6fb2872
[INFO] running `Command { std: "docker" "start" "-a" "a2953f42d9876981c48d578422f3d6adb53dd2acd2f14dc976cebc38c6fb2872", kill_on_drop: false }`
[INFO] running `Command { std: "docker" "inspect" "a2953f42d9876981c48d578422f3d6adb53dd2acd2f14dc976cebc38c6fb2872", kill_on_drop: false }`
[INFO] running `Command { std: "docker" "rm" "-f" "a2953f42d9876981c48d578422f3d6adb53dd2acd2f14dc976cebc38c6fb2872", kill_on_drop: false }`
[INFO] [stdout] a2953f42d9876981c48d578422f3d6adb53dd2acd2f14dc976cebc38c6fb2872
[INFO] running `Command { std: "docker" "create" "-v" "/var/lib/crater-agent-workspace/builds/worker-76/target:/opt/rustwide/target:rw,Z" "-v" "/var/lib/crater-agent-workspace/builds/worker-76/source:/opt/rustwide/workdir:ro,Z" "-v" "/var/lib/crater-agent-workspace/cargo-home:/opt/rustwide/cargo-home:ro,Z" "-v" "/var/lib/crater-agent-workspace/rustup-home:/opt/rustwide/rustup-home:ro,Z" "-e" "SOURCE_DIR=/opt/rustwide/workdir" "-e" "CARGO_TARGET_DIR=/opt/rustwide/target" "-e" "CARGO_INCREMENTAL=0" "-e" "RUST_BACKTRACE=full" "-e" "RUSTFLAGS=--cap-lints=warn" "-e" "CARGO_HOME=/opt/rustwide/cargo-home" "-e" "RUSTUP_HOME=/opt/rustwide/rustup-home" "-w" "/opt/rustwide/workdir" "-m" "1610612736" "--user" "0:0" "--network" "none" "ghcr.io/rust-lang/crates-build-env/linux@sha256:34b6a614d2c27851fe6cbf88fbd1137609cefab8b10d0615aaeb6fd47975d74e" "/opt/rustwide/cargo-home/bin/cargo" "+1.54.0" "build" "--frozen" "--message-format=json", kill_on_drop: false }`
[INFO] [stdout] fade64b0f54db5a653f55cc4e27700a9a114af08f8f0a70af395f4b1638acbd7
[INFO] running `Command { std: "docker" "start" "-a" "fade64b0f54db5a653f55cc4e27700a9a114af08f8f0a70af395f4b1638acbd7", kill_on_drop: false }`
[INFO] [stderr]    Compiling libc v0.2.98
[INFO] [stderr]    Compiling futures-core v0.3.16
[INFO] [stderr]    Compiling pkg-config v0.3.19
[INFO] [stderr]    Compiling cc v1.0.69
[INFO] [stderr]    Compiling syn v1.0.74
[INFO] [stderr]    Compiling fnv v1.0.7
[INFO] [stderr]    Compiling itoa v0.4.7
[INFO] [stderr]    Compiling bytes v0.5.6
[INFO] [stderr]    Compiling pin-project-lite v0.1.12
[INFO] [stderr]    Compiling futures-task v0.3.16
[INFO] [stderr]    Compiling tinyvec_macros v0.1.0
[INFO] [stderr]    Compiling openssl v0.10.35
[INFO] [stderr]    Compiling bytes v1.0.1
[INFO] [stderr]    Compiling foreign-types-shared v0.1.1
[INFO] [stderr]    Compiling futures-channel v0.3.16
[INFO] [stderr]    Compiling getrandom v0.1.16
[INFO] [stderr]    Compiling httparse v1.4.1
[INFO] [stderr]    Compiling once_cell v1.8.0
[INFO] [stderr]    Compiling hashbrown v0.11.2
[INFO] [stderr]    Compiling native-tls v0.2.7
[INFO] [stderr]    Compiling ryu v1.0.5
[INFO] [stderr]    Compiling proc-macro2 v0.4.30
[INFO] [stderr]    Compiling futures-sink v0.3.16
[INFO] [stderr]    Compiling try-lock v0.2.3
[INFO] [stderr]    Compiling openssl-probe v0.1.4
[INFO] [stderr]    Compiling serde_json v1.0.66
[INFO] [stderr]    Compiling httpdate v0.3.2
[INFO] [stderr]    Compiling tower-service v0.3.1
[INFO] [stderr]    Compiling maybe-uninit v2.0.0
[INFO] [stderr]    Compiling syn v0.15.44
[INFO] [stderr]    Compiling encoding_rs v0.8.28
[INFO] [stderr]    Compiling ppv-lite86 v0.2.10
[INFO] [stderr]    Compiling ipnet v2.3.1
[INFO] [stderr]    Compiling base64 v0.13.0
[INFO] [stderr]    Compiling futures-util v0.3.16
[INFO] [stderr]    Compiling indexmap v1.7.0
[INFO] [stderr]    Compiling crossbeam-utils v0.7.2
[INFO] [stderr]    Compiling tracing-core v0.1.18
[INFO] [stderr]    Compiling unicase v2.6.0
[INFO] [stderr]    Compiling form_urlencoded v1.0.1
[INFO] [stderr]    Compiling unicode-bidi v0.3.5
[INFO] [stderr]    Compiling tinyvec v1.3.1
[INFO] [stderr]    Compiling foreign-types v0.3.2
[INFO] [stderr]    Compiling want v0.3.0
[INFO] [stderr]    Compiling tracing v0.1.26
[INFO] [stderr]    Compiling http v0.2.4
[INFO] [stderr]    Compiling serde_urlencoded v0.7.0
[INFO] [stderr]    Compiling unicode-normalization v0.1.19
[INFO] [stderr]    Compiling quote v0.6.13
[INFO] [stderr]    Compiling mime_guess v2.0.3
[INFO] [stderr]    Compiling net2 v0.2.37
[INFO] [stderr]    Compiling iovec v0.1.4
[INFO] [stderr]    Compiling num_cpus v1.13.0
[INFO] [stderr]    Compiling socket2 v0.3.19
[INFO] [stderr]    Compiling openssl-sys v0.9.65
[INFO] [stderr]    Compiling crossbeam-queue v0.2.3
[INFO] [stderr]    Compiling mio v0.6.23
[INFO] [stderr]    Compiling rand_core v0.5.1
[INFO] [stderr]    Compiling rand_chacha v0.2.2
[INFO] [stderr]    Compiling idna v0.2.3
[INFO] [stderr]    Compiling rand v0.7.3
[INFO] [stderr]    Compiling tokio v0.2.25
[INFO] [stderr]    Compiling http-body v0.3.1
[INFO] [stderr]    Compiling url v2.2.2
[INFO] [stderr]    Compiling serde_urlencoded v0.6.1
[INFO] [stderr]    Compiling derive_more v0.14.1
[INFO] [stderr]    Compiling tokio-util v0.3.1
[INFO] [stderr]    Compiling tang-rs v0.1.0
[INFO] [stderr]    Compiling tokio-tls v0.3.1
[INFO] [stderr]    Compiling pin-project-internal v1.0.8
[INFO] [stderr]    Compiling serde_derive v1.0.127
[INFO] [stderr]    Compiling pin-project v1.0.8
[INFO] [stderr]    Compiling tracing-futures v0.2.5
[INFO] [stderr]    Compiling h2 v0.2.7
[INFO] [stderr]    Compiling hyper v0.13.10
[INFO] [stderr]    Compiling hyper-tls v0.4.3
[INFO] [stderr]    Compiling reqwest v0.10.10
[INFO] [stderr]    Compiling psn_api_rs v0.3.0 (/opt/rustwide/workdir)
[INFO] [stderr]     Finished dev [unoptimized + debuginfo] target(s) in 34.19s
[INFO] running `Command { std: "docker" "inspect" "fade64b0f54db5a653f55cc4e27700a9a114af08f8f0a70af395f4b1638acbd7", kill_on_drop: false }`
[INFO] running `Command { std: "docker" "rm" "-f" "fade64b0f54db5a653f55cc4e27700a9a114af08f8f0a70af395f4b1638acbd7", kill_on_drop: false }`
[INFO] [stdout] fade64b0f54db5a653f55cc4e27700a9a114af08f8f0a70af395f4b1638acbd7
[INFO] running `Command { std: "docker" "create" "-v" "/var/lib/crater-agent-workspace/builds/worker-76/target:/opt/rustwide/target:rw,Z" "-v" "/var/lib/crater-agent-workspace/builds/worker-76/source:/opt/rustwide/workdir:ro,Z" "-v" "/var/lib/crater-agent-workspace/cargo-home:/opt/rustwide/cargo-home:ro,Z" "-v" "/var/lib/crater-agent-workspace/rustup-home:/opt/rustwide/rustup-home:ro,Z" "-e" "SOURCE_DIR=/opt/rustwide/workdir" "-e" "CARGO_TARGET_DIR=/opt/rustwide/target" "-e" "CARGO_INCREMENTAL=0" "-e" "RUST_BACKTRACE=full" "-e" "RUSTFLAGS=--cap-lints=warn" "-e" "CARGO_HOME=/opt/rustwide/cargo-home" "-e" "RUSTUP_HOME=/opt/rustwide/rustup-home" "-w" "/opt/rustwide/workdir" "-m" "1610612736" "--user" "0:0" "--network" "none" "ghcr.io/rust-lang/crates-build-env/linux@sha256:34b6a614d2c27851fe6cbf88fbd1137609cefab8b10d0615aaeb6fd47975d74e" "/opt/rustwide/cargo-home/bin/cargo" "+1.54.0" "test" "--frozen" "--no-run" "--message-format=json", kill_on_drop: false }`
[INFO] [stdout] 3b00b9f4e34fc7039cff25c191b08ca9b9f5200c1ae8a2b34c0183446651219b
[INFO] running `Command { std: "docker" "start" "-a" "3b00b9f4e34fc7039cff25c191b08ca9b9f5200c1ae8a2b34c0183446651219b", kill_on_drop: false }`
[INFO] [stderr]    Compiling psn_api_rs v0.3.0 (/opt/rustwide/workdir)
[INFO] [stderr]     Finished test [unoptimized + debuginfo] target(s) in 3.92s
[INFO] running `Command { std: "docker" "inspect" "3b00b9f4e34fc7039cff25c191b08ca9b9f5200c1ae8a2b34c0183446651219b", kill_on_drop: false }`
[INFO] running `Command { std: "docker" "rm" "-f" "3b00b9f4e34fc7039cff25c191b08ca9b9f5200c1ae8a2b34c0183446651219b", kill_on_drop: false }`
[INFO] [stdout] 3b00b9f4e34fc7039cff25c191b08ca9b9f5200c1ae8a2b34c0183446651219b
[INFO] running `Command { std: "docker" "create" "-v" "/var/lib/crater-agent-workspace/builds/worker-76/target:/opt/rustwide/target:rw,Z" "-v" "/var/lib/crater-agent-workspace/builds/worker-76/source:/opt/rustwide/workdir:ro,Z" "-v" "/var/lib/crater-agent-workspace/cargo-home:/opt/rustwide/cargo-home:ro,Z" "-v" "/var/lib/crater-agent-workspace/rustup-home:/opt/rustwide/rustup-home:ro,Z" "-e" "SOURCE_DIR=/opt/rustwide/workdir" "-e" "CARGO_TARGET_DIR=/opt/rustwide/target" "-e" "CARGO_INCREMENTAL=0" "-e" "RUST_BACKTRACE=full" "-e" "RUSTFLAGS=--cap-lints=warn" "-e" "CARGO_HOME=/opt/rustwide/cargo-home" "-e" "RUSTUP_HOME=/opt/rustwide/rustup-home" "-w" "/opt/rustwide/workdir" "-m" "1610612736" "--user" "0:0" "--network" "none" "ghcr.io/rust-lang/crates-build-env/linux@sha256:34b6a614d2c27851fe6cbf88fbd1137609cefab8b10d0615aaeb6fd47975d74e" "/opt/rustwide/cargo-home/bin/cargo" "+1.54.0" "test" "--frozen", kill_on_drop: false }`
[INFO] [stdout] 8811eb7fbf4c00b3816657e781bbddcaea0d8f3ca56a4846d1dbd06cff15c9ea
[INFO] running `Command { std: "docker" "start" "-a" "8811eb7fbf4c00b3816657e781bbddcaea0d8f3ca56a4846d1dbd06cff15c9ea", kill_on_drop: false }`
[INFO] [stderr]     Finished test [unoptimized + debuginfo] target(s) in 0.12s
[INFO] [stderr]      Running unittests (/opt/rustwide/target/debug/deps/psn_api_rs-7b5cd1efa7e3f6c1)
[INFO] [stderr]    Doc-tests psn_api_rs
[INFO] [stdout] 
[INFO] [stdout] running 0 tests
[INFO] [stdout] 
[INFO] [stdout] test result: ok. 0 passed; 0 failed; 0 ignored; 0 measured; 0 filtered out; finished in 0.00s
[INFO] [stdout] 
[INFO] [stdout] 
[INFO] [stdout] running 3 tests
[INFO] [stdout] test src/traits.rs - traits::EncodeUrl (line 259) ... ignored
[INFO] [stdout] test src/lib.rs - psn::PSN::init_proxy (line 256) - compile ... FAILED
[INFO] [stdout] test src/lib.rs - (line 15) - compile ... FAILED
[INFO] [stdout] 
[INFO] [stdout] failures:
[INFO] [stdout] 
[INFO] [stdout] ---- src/lib.rs - psn::PSN::init_proxy (line 256) stdout ----
[INFO] [stdout] error[E0433]: failed to resolve: could not find `main` in `tokio`
[INFO] [stdout]  --> src/lib.rs:259:10
[INFO] [stdout]   |
[INFO] [stdout] 5 | #[tokio::main]
[INFO] [stdout]   |          ^^^^ could not find `main` in `tokio`
[INFO] [stdout] 
[INFO] [stdout] error[E0061]: this function takes 1 argument but 0 arguments were supplied
[INFO] [stdout]   --> src/lib.rs:267:14
[INFO] [stdout]    |
[INFO] [stdout] 13 |             .auth()
[INFO] [stdout]    |              ^^^^- supplied 0 arguments
[INFO] [stdout]    |              |
[INFO] [stdout]    |              expected 1 argument
[INFO] [stdout]    |
[INFO] [stdout] note: associated function defined here
[INFO] [stdout]   --> /opt/rustwide/workdir/src/traits.rs:19:8
[INFO] [stdout]    |
[INFO] [stdout] 19 |     fn auth(
[INFO] [stdout]    |        ^^^^
[INFO] [stdout] 
[INFO] [stdout] error[E0752]: `main` function is not allowed to be `async`
[INFO] [stdout]  --> src/lib.rs:260:1
[INFO] [stdout]   |
[INFO] [stdout] 6 | async fn main() -> std::io::Result<()> {
[INFO] [stdout]   | ^^^^^^^^^^^^^^^^^^^^^^^^^^^^^^^^^^^^^^ `main` function is not allowed to be `async`
[INFO] [stdout] 
[INFO] [stdout] error: aborting due to 3 previous errors
[INFO] [stdout] 
[INFO] [stdout] Some errors have detailed explanations: E0061, E0433, E0752.
[INFO] [stdout] For more information about an error, try `rustc --explain E0061`.
[INFO] [stdout] Couldn't compile the test.
[INFO] [stdout] ---- src/lib.rs - (line 15) stdout ----
[INFO] [stdout] error[E0433]: failed to resolve: could not find `main` in `tokio`
[INFO] [stdout]  --> src/lib.rs:18:10
[INFO] [stdout]   |
[INFO] [stdout] 5 | #[tokio::main]
[INFO] [stdout]   |          ^^^^ could not find `main` in `tokio`
[INFO] [stdout] 
[INFO] [stdout] error[E0061]: this function takes 1 argument but 0 arguments were supplied
[INFO] [stdout]   --> src/lib.rs:34:14
[INFO] [stdout]    |
[INFO] [stdout] 21 |             .auth()
[INFO] [stdout]    |              ^^^^- supplied 0 arguments
[INFO] [stdout]    |              |
[INFO] [stdout]    |              expected 1 argument
[INFO] [stdout]    |
[INFO] [stdout] note: associated function defined here
[INFO] [stdout]   --> /opt/rustwide/workdir/src/traits.rs:19:8
[INFO] [stdout]    |
[INFO] [stdout] 19 |     fn auth(
[INFO] [stdout]    |        ^^^^
[INFO] [stdout] 
[INFO] [stdout] error[E0752]: `main` function is not allowed to be `async`
[INFO] [stdout]  --> src/lib.rs:19:1
[INFO] [stdout]   |
[INFO] [stdout] 6 | async fn main() -> std::io::Result<()> {
[INFO] [stdout]   | ^^^^^^^^^^^^^^^^^^^^^^^^^^^^^^^^^^^^^^ `main` function is not allowed to be `async`
[INFO] [stdout] 
[INFO] [stdout] error: aborting due to 3 previous errors
[INFO] [stdout] 
[INFO] [stdout] Some errors have detailed explanations: E0061, E0433, E0752.
[INFO] [stdout] For more information about an error, try `rustc --explain E0061`.
[INFO] [stdout] Couldn't compile the test.
[INFO] [stdout] 
[INFO] [stdout] failures:
[INFO] [stdout]     src/lib.rs - (line 15)
[INFO] [stdout]     src/lib.rs - psn::PSN::init_proxy (line 256)
[INFO] [stdout] 
[INFO] [stdout] test result: FAILED. 0 passed; 2 failed; 1 ignored; 0 measured; 0 filtered out; finished in 0.58s
[INFO] [stdout] 
[INFO] [stderr] error: test failed, to rerun pass '--doc'
[INFO] running `Command { std: "docker" "inspect" "8811eb7fbf4c00b3816657e781bbddcaea0d8f3ca56a4846d1dbd06cff15c9ea", kill_on_drop: false }`
[INFO] running `Command { std: "docker" "rm" "-f" "8811eb7fbf4c00b3816657e781bbddcaea0d8f3ca56a4846d1dbd06cff15c9ea", kill_on_drop: false }`
[INFO] [stdout] 8811eb7fbf4c00b3816657e781bbddcaea0d8f3ca56a4846d1dbd06cff15c9ea
