[INFO] fetching crate progress 0.2.0...
[INFO] testing progress-0.2.0 against 1.54.0 for beta-1.55-1
[INFO] extracting crate progress 0.2.0 into /workspace/builds/worker-85/source
[INFO] validating manifest of crates.io crate progress 0.2.0 on toolchain 1.54.0
[INFO] running `Command { std: "/workspace/cargo-home/bin/cargo" "+1.54.0" "metadata" "--manifest-path" "Cargo.toml" "--no-deps", kill_on_drop: false }`
[INFO] started tweaking crates.io crate progress 0.2.0
[INFO] finished tweaking crates.io crate progress 0.2.0
[INFO] tweaked toml for crates.io crate progress 0.2.0 written to /workspace/builds/worker-85/source/Cargo.toml
[INFO] running `Command { std: "/workspace/cargo-home/bin/cargo" "+1.54.0" "generate-lockfile" "--manifest-path" "Cargo.toml" "-Zno-index-update", kill_on_drop: false }`
[INFO] running `Command { std: "/workspace/cargo-home/bin/cargo" "+1.54.0" "fetch" "--manifest-path" "Cargo.toml", kill_on_drop: false }`
[INFO] running `Command { std: "docker" "create" "-v" "/var/lib/crater-agent-workspace/builds/worker-85/target:/opt/rustwide/target:rw,Z" "-v" "/var/lib/crater-agent-workspace/builds/worker-85/source:/opt/rustwide/workdir:ro,Z" "-v" "/var/lib/crater-agent-workspace/cargo-home:/opt/rustwide/cargo-home:ro,Z" "-v" "/var/lib/crater-agent-workspace/rustup-home:/opt/rustwide/rustup-home:ro,Z" "-e" "SOURCE_DIR=/opt/rustwide/workdir" "-e" "CARGO_TARGET_DIR=/opt/rustwide/target" "-e" "CARGO_HOME=/opt/rustwide/cargo-home" "-e" "RUSTUP_HOME=/opt/rustwide/rustup-home" "-w" "/opt/rustwide/workdir" "-m" "1610612736" "--user" "0:0" "--network" "none" "ghcr.io/rust-lang/crates-build-env/linux@sha256:34b6a614d2c27851fe6cbf88fbd1137609cefab8b10d0615aaeb6fd47975d74e" "/opt/rustwide/cargo-home/bin/cargo" "+1.54.0" "metadata" "--no-deps" "--format-version=1", kill_on_drop: false }`
[INFO] [stdout] 223b4feeb93c8bfa4ae0be1f04f11a0d7aae70fb5a650ba3deaf7e37c3b4a1b8
[INFO] running `Command { std: "docker" "start" "-a" "223b4feeb93c8bfa4ae0be1f04f11a0d7aae70fb5a650ba3deaf7e37c3b4a1b8", kill_on_drop: false }`
[INFO] running `Command { std: "docker" "inspect" "223b4feeb93c8bfa4ae0be1f04f11a0d7aae70fb5a650ba3deaf7e37c3b4a1b8", kill_on_drop: false }`
[INFO] running `Command { std: "docker" "rm" "-f" "223b4feeb93c8bfa4ae0be1f04f11a0d7aae70fb5a650ba3deaf7e37c3b4a1b8", kill_on_drop: false }`
[INFO] [stdout] 223b4feeb93c8bfa4ae0be1f04f11a0d7aae70fb5a650ba3deaf7e37c3b4a1b8
[INFO] running `Command { std: "docker" "create" "-v" "/var/lib/crater-agent-workspace/builds/worker-85/target:/opt/rustwide/target:rw,Z" "-v" "/var/lib/crater-agent-workspace/builds/worker-85/source:/opt/rustwide/workdir:ro,Z" "-v" "/var/lib/crater-agent-workspace/cargo-home:/opt/rustwide/cargo-home:ro,Z" "-v" "/var/lib/crater-agent-workspace/rustup-home:/opt/rustwide/rustup-home:ro,Z" "-e" "SOURCE_DIR=/opt/rustwide/workdir" "-e" "CARGO_TARGET_DIR=/opt/rustwide/target" "-e" "CARGO_INCREMENTAL=0" "-e" "RUST_BACKTRACE=full" "-e" "RUSTFLAGS=--cap-lints=warn" "-e" "CARGO_HOME=/opt/rustwide/cargo-home" "-e" "RUSTUP_HOME=/opt/rustwide/rustup-home" "-w" "/opt/rustwide/workdir" "-m" "1610612736" "--user" "0:0" "--network" "none" "ghcr.io/rust-lang/crates-build-env/linux@sha256:34b6a614d2c27851fe6cbf88fbd1137609cefab8b10d0615aaeb6fd47975d74e" "/opt/rustwide/cargo-home/bin/cargo" "+1.54.0" "build" "--frozen" "--message-format=json", kill_on_drop: false }`
[INFO] [stdout] e765405bd47af4497fd778702978ed57fa06e1c517d1fd9d622fe52385a14a62
[INFO] running `Command { std: "docker" "start" "-a" "e765405bd47af4497fd778702978ed57fa06e1c517d1fd9d622fe52385a14a62", kill_on_drop: false }`
[INFO] [stderr]    Compiling terminal_size v0.1.17
[INFO] [stderr]    Compiling progress v0.2.0 (/opt/rustwide/workdir)
[INFO] [stderr]     Finished dev [unoptimized + debuginfo] target(s) in 1.11s
[INFO] running `Command { std: "docker" "inspect" "e765405bd47af4497fd778702978ed57fa06e1c517d1fd9d622fe52385a14a62", kill_on_drop: false }`
[INFO] running `Command { std: "docker" "rm" "-f" "e765405bd47af4497fd778702978ed57fa06e1c517d1fd9d622fe52385a14a62", kill_on_drop: false }`
[INFO] [stdout] e765405bd47af4497fd778702978ed57fa06e1c517d1fd9d622fe52385a14a62
[INFO] running `Command { std: "docker" "create" "-v" "/var/lib/crater-agent-workspace/builds/worker-85/target:/opt/rustwide/target:rw,Z" "-v" "/var/lib/crater-agent-workspace/builds/worker-85/source:/opt/rustwide/workdir:ro,Z" "-v" "/var/lib/crater-agent-workspace/cargo-home:/opt/rustwide/cargo-home:ro,Z" "-v" "/var/lib/crater-agent-workspace/rustup-home:/opt/rustwide/rustup-home:ro,Z" "-e" "SOURCE_DIR=/opt/rustwide/workdir" "-e" "CARGO_TARGET_DIR=/opt/rustwide/target" "-e" "CARGO_INCREMENTAL=0" "-e" "RUST_BACKTRACE=full" "-e" "RUSTFLAGS=--cap-lints=warn" "-e" "CARGO_HOME=/opt/rustwide/cargo-home" "-e" "RUSTUP_HOME=/opt/rustwide/rustup-home" "-w" "/opt/rustwide/workdir" "-m" "1610612736" "--user" "0:0" "--network" "none" "ghcr.io/rust-lang/crates-build-env/linux@sha256:34b6a614d2c27851fe6cbf88fbd1137609cefab8b10d0615aaeb6fd47975d74e" "/opt/rustwide/cargo-home/bin/cargo" "+1.54.0" "test" "--frozen" "--no-run" "--message-format=json", kill_on_drop: false }`
[INFO] [stdout] 9cd26ab1ff558a9caf16db828152b7bac98a116b77ee33987dbe34a3c55a5375
[INFO] running `Command { std: "docker" "start" "-a" "9cd26ab1ff558a9caf16db828152b7bac98a116b77ee33987dbe34a3c55a5375", kill_on_drop: false }`
[INFO] [stderr]    Compiling progress v0.2.0 (/opt/rustwide/workdir)
[INFO] [stdout] warning: use of deprecated function `std::thread::sleep_ms`: replaced by `std::thread::sleep`
[INFO] [stdout]   --> examples/simple_examples.rs:12:9
[INFO] [stdout]    |
[INFO] [stdout] 12 |         thread::sleep_ms(1000);
[INFO] [stdout]    |         ^^^^^^^^^^^^^^^^
[INFO] [stdout]    |
[INFO] [stdout]    = note: `#[warn(deprecated)]` on by default
[INFO] [stdout] 
[INFO] [stdout] 
[INFO] [stdout] warning: use of deprecated function `std::thread::sleep_ms`: replaced by `std::thread::sleep`
[INFO] [stdout]   --> examples/simple_examples.rs:16:9
[INFO] [stdout]    |
[INFO] [stdout] 16 |         thread::sleep_ms(1000);
[INFO] [stdout]    |         ^^^^^^^^^^^^^^^^
[INFO] [stdout] 
[INFO] [stdout] 
[INFO] [stdout] warning: use of deprecated function `std::thread::sleep_ms`: replaced by `std::thread::sleep`
[INFO] [stdout]   --> examples/simple_examples.rs:20:9
[INFO] [stdout]    |
[INFO] [stdout] 20 |         thread::sleep_ms(1000);
[INFO] [stdout]    |         ^^^^^^^^^^^^^^^^
[INFO] [stdout] 
[INFO] [stdout] 
[INFO] [stdout] warning: use of deprecated function `std::thread::sleep_ms`: replaced by `std::thread::sleep`
[INFO] [stdout]   --> examples/simple_examples.rs:24:9
[INFO] [stdout]    |
[INFO] [stdout] 24 |         thread::sleep_ms(1000);
[INFO] [stdout]    |         ^^^^^^^^^^^^^^^^
[INFO] [stdout] 
[INFO] [stdout] 
[INFO] [stdout] warning: use of deprecated function `std::thread::sleep_ms`: replaced by `std::thread::sleep`
[INFO] [stdout]   --> examples/simple_examples.rs:28:9
[INFO] [stdout]    |
[INFO] [stdout] 28 |         thread::sleep_ms(1000);
[INFO] [stdout]    |         ^^^^^^^^^^^^^^^^
[INFO] [stdout] 
[INFO] [stdout] 
[INFO] [stdout] warning: use of deprecated function `std::thread::sleep_ms`: replaced by `std::thread::sleep`
[INFO] [stdout]   --> examples/simple_examples.rs:35:9
[INFO] [stdout]    |
[INFO] [stdout] 35 |         thread::sleep_ms(30);
[INFO] [stdout]    |         ^^^^^^^^^^^^^^^^
[INFO] [stdout] 
[INFO] [stdout] 
[INFO] [stdout] warning: use of deprecated function `std::thread::sleep_ms`: replaced by `std::thread::sleep`
[INFO] [stdout]   --> examples/simple_examples.rs:43:9
[INFO] [stdout]    |
[INFO] [stdout] 43 |         thread::sleep_ms(5);
[INFO] [stdout]    |         ^^^^^^^^^^^^^^^^
[INFO] [stdout] 
[INFO] [stdout] 
[INFO] [stdout] warning: 7 warnings emitted
[INFO] [stdout] 
[INFO] [stdout] 
[INFO] [stderr]     Finished test [unoptimized + debuginfo] target(s) in 0.66s
[INFO] running `Command { std: "docker" "inspect" "9cd26ab1ff558a9caf16db828152b7bac98a116b77ee33987dbe34a3c55a5375", kill_on_drop: false }`
[INFO] running `Command { std: "docker" "rm" "-f" "9cd26ab1ff558a9caf16db828152b7bac98a116b77ee33987dbe34a3c55a5375", kill_on_drop: false }`
[INFO] [stdout] 9cd26ab1ff558a9caf16db828152b7bac98a116b77ee33987dbe34a3c55a5375
[INFO] running `Command { std: "docker" "create" "-v" "/var/lib/crater-agent-workspace/builds/worker-85/target:/opt/rustwide/target:rw,Z" "-v" "/var/lib/crater-agent-workspace/builds/worker-85/source:/opt/rustwide/workdir:ro,Z" "-v" "/var/lib/crater-agent-workspace/cargo-home:/opt/rustwide/cargo-home:ro,Z" "-v" "/var/lib/crater-agent-workspace/rustup-home:/opt/rustwide/rustup-home:ro,Z" "-e" "SOURCE_DIR=/opt/rustwide/workdir" "-e" "CARGO_TARGET_DIR=/opt/rustwide/target" "-e" "CARGO_INCREMENTAL=0" "-e" "RUST_BACKTRACE=full" "-e" "RUSTFLAGS=--cap-lints=warn" "-e" "CARGO_HOME=/opt/rustwide/cargo-home" "-e" "RUSTUP_HOME=/opt/rustwide/rustup-home" "-w" "/opt/rustwide/workdir" "-m" "1610612736" "--user" "0:0" "--network" "none" "ghcr.io/rust-lang/crates-build-env/linux@sha256:34b6a614d2c27851fe6cbf88fbd1137609cefab8b10d0615aaeb6fd47975d74e" "/opt/rustwide/cargo-home/bin/cargo" "+1.54.0" "test" "--frozen", kill_on_drop: false }`
[INFO] [stdout] 2c610b2384f9341da0a84b3b68d0142278e54b2aec653668404fd32e82a0581f
[INFO] running `Command { std: "docker" "start" "-a" "2c610b2384f9341da0a84b3b68d0142278e54b2aec653668404fd32e82a0581f", kill_on_drop: false }`
[INFO] [stderr] warning: use of deprecated function `std::thread::sleep_ms`: replaced by `std::thread::sleep`
[INFO] [stderr]   --> examples/simple_examples.rs:12:9
[INFO] [stderr]    |
[INFO] [stderr] 12 |         thread::sleep_ms(1000);
[INFO] [stderr]    |         ^^^^^^^^^^^^^^^^
[INFO] [stderr]    |
[INFO] [stderr]    = note: `#[warn(deprecated)]` on by default
[INFO] [stderr] 
[INFO] [stderr] warning: use of deprecated function `std::thread::sleep_ms`: replaced by `std::thread::sleep`
[INFO] [stderr]   --> examples/simple_examples.rs:16:9
[INFO] [stderr]    |
[INFO] [stderr] 16 |         thread::sleep_ms(1000);
[INFO] [stderr]    |         ^^^^^^^^^^^^^^^^
[INFO] [stderr] 
[INFO] [stderr] warning: use of deprecated function `std::thread::sleep_ms`: replaced by `std::thread::sleep`
[INFO] [stderr]   --> examples/simple_examples.rs:20:9
[INFO] [stderr]    |
[INFO] [stderr] 20 |         thread::sleep_ms(1000);
[INFO] [stderr]    |         ^^^^^^^^^^^^^^^^
[INFO] [stderr] 
[INFO] [stderr] warning: use of deprecated function `std::thread::sleep_ms`: replaced by `std::thread::sleep`
[INFO] [stderr]   --> examples/simple_examples.rs:24:9
[INFO] [stderr]    |
[INFO] [stderr] 24 |         thread::sleep_ms(1000);
[INFO] [stderr]    |         ^^^^^^^^^^^^^^^^
[INFO] [stderr] 
[INFO] [stderr] warning: use of deprecated function `std::thread::sleep_ms`: replaced by `std::thread::sleep`
[INFO] [stderr]   --> examples/simple_examples.rs:28:9
[INFO] [stderr]    |
[INFO] [stderr] 28 |         thread::sleep_ms(1000);
[INFO] [stderr]    |         ^^^^^^^^^^^^^^^^
[INFO] [stderr] 
[INFO] [stderr] warning: use of deprecated function `std::thread::sleep_ms`: replaced by `std::thread::sleep`
[INFO] [stderr]   --> examples/simple_examples.rs:35:9
[INFO] [stderr]    |
[INFO] [stderr] 35 |         thread::sleep_ms(30);
[INFO] [stderr]    |         ^^^^^^^^^^^^^^^^
[INFO] [stderr] 
[INFO] [stderr] warning: use of deprecated function `std::thread::sleep_ms`: replaced by `std::thread::sleep`
[INFO] [stderr]   --> examples/simple_examples.rs:43:9
[INFO] [stderr]    |
[INFO] [stderr] 43 |         thread::sleep_ms(5);
[INFO] [stderr]    |         ^^^^^^^^^^^^^^^^
[INFO] [stderr] 
[INFO] [stderr] warning: 7 warnings emitted
[INFO] [stderr] 
[INFO] [stderr]     Finished test [unoptimized + debuginfo] target(s) in 0.02s
[INFO] [stderr]      Running unittests (/opt/rustwide/target/debug/deps/progress-9b0587482e7ae7e2)
[INFO] [stdout] 
[INFO] [stderr]    Doc-tests progress
[INFO] [stdout] running 0 tests
[INFO] [stdout] 
[INFO] [stdout] test result: ok. 0 passed; 0 failed; 0 ignored; 0 measured; 0 filtered out; finished in 0.00s
[INFO] [stdout] 
[INFO] [stdout] 
[INFO] [stdout] running 5 tests
[INFO] [stdout] test src/lib.rs - (line 14) ... FAILED
[INFO] [stdout] test src/lib.rs - Bar (line 167) ... FAILED
[INFO] [stdout] test src/lib.rs - Text (line 282) ... ok
[INFO] [stdout] test src/lib.rs - BarBuilder (line 60) ... ok
[INFO] [stdout] test src/lib.rs - SpinningCircle (line 352) ... ok
[INFO] [stdout] 
[INFO] [stdout] failures:
[INFO] [stdout] 
[INFO] [stdout] ---- src/lib.rs - (line 14) stdout ----
[INFO] [stdout] error: expected one of `.`, `;`, `?`, `}`, or an operator, found `progress`
[INFO] [stdout]  --> src/lib.rs:16:1
[INFO] [stdout]   |
[INFO] [stdout] 4 | [dependencies]
[INFO] [stdout]   |               - expected one of `.`, `;`, `?`, `}`, or an operator
[INFO] [stdout] 5 | progress = "0.1.0"
[INFO] [stdout]   | ^^^^^^^^ unexpected token
[INFO] [stdout] 
[INFO] [stdout] error: aborting due to previous error
[INFO] [stdout] 
[INFO] [stdout] Couldn't compile the test.
[INFO] [stdout] ---- src/lib.rs - Bar (line 167) stdout ----
[INFO] [stdout] warning: use of deprecated function `std::thread::sleep_ms`: replaced by `std::thread::sleep`
[INFO] [stdout]   --> src/lib.rs:178:9
[INFO] [stdout]    |
[INFO] [stdout] 12 |         thread::sleep_ms(100);
[INFO] [stdout]    |         ^^^^^^^^^^^^^^^^
[INFO] [stdout]    |
[INFO] [stdout]    = note: `#[warn(deprecated)]` on by default
[INFO] [stdout] 
[INFO] [stdout] error[E0596]: cannot borrow `bar` as mutable, as it is not declared as mutable
[INFO] [stdout]  --> src/lib.rs:175:5
[INFO] [stdout]   |
[INFO] [stdout] 7 |     let bar = progress::Bar::new();
[INFO] [stdout]   |         --- help: consider changing this to be mutable: `mut bar`
[INFO] [stdout] 8 | 
[INFO] [stdout] 9 |     bar.set_job_title("Working...");
[INFO] [stdout]   |     ^^^ cannot borrow as mutable
[INFO] [stdout] 
[INFO] [stdout] error[E0596]: cannot borrow `bar` as mutable, as it is not declared as mutable
[INFO] [stdout]   --> src/lib.rs:179:9
[INFO] [stdout]    |
[INFO] [stdout] 7  |     let bar = progress::Bar::new();
[INFO] [stdout]    |         --- help: consider changing this to be mutable: `mut bar`
[INFO] [stdout] ...
[INFO] [stdout] 13 |         bar.reach_percent(i * 10);
[INFO] [stdout]    |         ^^^ cannot borrow as mutable
[INFO] [stdout] 
[INFO] [stdout] error: aborting due to 2 previous errors; 1 warning emitted
[INFO] [stdout] 
[INFO] [stdout] For more information about this error, try `rustc --explain E0596`.
[INFO] [stdout] Couldn't compile the test.
[INFO] [stdout] 
[INFO] [stdout] failures:
[INFO] [stdout]     src/lib.rs - (line 14)
[INFO] [stdout]     src/lib.rs - Bar (line 167)
[INFO] [stdout] 
[INFO] [stdout] test result: FAILED. 3 passed; 2 failed; 0 ignored; 0 measured; 0 filtered out; finished in 7.84s
[INFO] [stdout] 
[INFO] [stderr] error: test failed, to rerun pass '--doc'
[INFO] running `Command { std: "docker" "inspect" "2c610b2384f9341da0a84b3b68d0142278e54b2aec653668404fd32e82a0581f", kill_on_drop: false }`
[INFO] running `Command { std: "docker" "rm" "-f" "2c610b2384f9341da0a84b3b68d0142278e54b2aec653668404fd32e82a0581f", kill_on_drop: false }`
[INFO] [stdout] 2c610b2384f9341da0a84b3b68d0142278e54b2aec653668404fd32e82a0581f
