[INFO] fetching crate proc_use 0.2.1...
[INFO] testing proc_use-0.2.1 against 1.54.0 for beta-1.55-1
[INFO] extracting crate proc_use 0.2.1 into /workspace/builds/worker-5/source
[INFO] validating manifest of crates.io crate proc_use 0.2.1 on toolchain 1.54.0
[INFO] running `Command { std: "/workspace/cargo-home/bin/cargo" "+1.54.0" "metadata" "--manifest-path" "Cargo.toml" "--no-deps", kill_on_drop: false }`
[INFO] started tweaking crates.io crate proc_use 0.2.1
[INFO] finished tweaking crates.io crate proc_use 0.2.1
[INFO] tweaked toml for crates.io crate proc_use 0.2.1 written to /workspace/builds/worker-5/source/Cargo.toml
[INFO] running `Command { std: "/workspace/cargo-home/bin/cargo" "+1.54.0" "generate-lockfile" "--manifest-path" "Cargo.toml" "-Zno-index-update", kill_on_drop: false }`
[INFO] running `Command { std: "/workspace/cargo-home/bin/cargo" "+1.54.0" "fetch" "--manifest-path" "Cargo.toml", kill_on_drop: false }`
[INFO] [stderr]     Blocking waiting for file lock on package cache
[INFO] running `Command { std: "docker" "create" "-v" "/var/lib/crater-agent-workspace/builds/worker-5/target:/opt/rustwide/target:rw,Z" "-v" "/var/lib/crater-agent-workspace/builds/worker-5/source:/opt/rustwide/workdir:ro,Z" "-v" "/var/lib/crater-agent-workspace/cargo-home:/opt/rustwide/cargo-home:ro,Z" "-v" "/var/lib/crater-agent-workspace/rustup-home:/opt/rustwide/rustup-home:ro,Z" "-e" "SOURCE_DIR=/opt/rustwide/workdir" "-e" "CARGO_TARGET_DIR=/opt/rustwide/target" "-e" "CARGO_HOME=/opt/rustwide/cargo-home" "-e" "RUSTUP_HOME=/opt/rustwide/rustup-home" "-w" "/opt/rustwide/workdir" "-m" "1610612736" "--user" "0:0" "--network" "none" "ghcr.io/rust-lang/crates-build-env/linux@sha256:34b6a614d2c27851fe6cbf88fbd1137609cefab8b10d0615aaeb6fd47975d74e" "/opt/rustwide/cargo-home/bin/cargo" "+1.54.0" "metadata" "--no-deps" "--format-version=1", kill_on_drop: false }`
[INFO] [stderr] WARNING: Your kernel does not support swap limit capabilities or the cgroup is not mounted. Memory limited without swap.
[INFO] [stdout] 62913af1299f684de5a0813c540aa1d8f2e59c6acc4bf98b10b491a76ef5780e
[INFO] running `Command { std: "docker" "start" "-a" "62913af1299f684de5a0813c540aa1d8f2e59c6acc4bf98b10b491a76ef5780e", kill_on_drop: false }`
[INFO] running `Command { std: "docker" "inspect" "62913af1299f684de5a0813c540aa1d8f2e59c6acc4bf98b10b491a76ef5780e", kill_on_drop: false }`
[INFO] running `Command { std: "docker" "rm" "-f" "62913af1299f684de5a0813c540aa1d8f2e59c6acc4bf98b10b491a76ef5780e", kill_on_drop: false }`
[INFO] [stdout] 62913af1299f684de5a0813c540aa1d8f2e59c6acc4bf98b10b491a76ef5780e
[INFO] running `Command { std: "docker" "create" "-v" "/var/lib/crater-agent-workspace/builds/worker-5/target:/opt/rustwide/target:rw,Z" "-v" "/var/lib/crater-agent-workspace/builds/worker-5/source:/opt/rustwide/workdir:ro,Z" "-v" "/var/lib/crater-agent-workspace/cargo-home:/opt/rustwide/cargo-home:ro,Z" "-v" "/var/lib/crater-agent-workspace/rustup-home:/opt/rustwide/rustup-home:ro,Z" "-e" "SOURCE_DIR=/opt/rustwide/workdir" "-e" "CARGO_TARGET_DIR=/opt/rustwide/target" "-e" "CARGO_INCREMENTAL=0" "-e" "RUST_BACKTRACE=full" "-e" "RUSTFLAGS=--cap-lints=warn" "-e" "CARGO_HOME=/opt/rustwide/cargo-home" "-e" "RUSTUP_HOME=/opt/rustwide/rustup-home" "-w" "/opt/rustwide/workdir" "-m" "1610612736" "--user" "0:0" "--network" "none" "ghcr.io/rust-lang/crates-build-env/linux@sha256:34b6a614d2c27851fe6cbf88fbd1137609cefab8b10d0615aaeb6fd47975d74e" "/opt/rustwide/cargo-home/bin/cargo" "+1.54.0" "build" "--frozen" "--message-format=json", kill_on_drop: false }`
[INFO] [stderr] WARNING: Your kernel does not support swap limit capabilities or the cgroup is not mounted. Memory limited without swap.
[INFO] [stdout] 19f4c5d56f61d54c57d6c264cecfead82d1f7fb5bd84fe82dfb9f7d554dbbe91
[INFO] running `Command { std: "docker" "start" "-a" "19f4c5d56f61d54c57d6c264cecfead82d1f7fb5bd84fe82dfb9f7d554dbbe91", kill_on_drop: false }`
[INFO] [stderr]    Compiling glob v0.3.0
[INFO] [stderr]    Compiling proc_use v0.2.1 (/opt/rustwide/workdir)
[INFO] [stderr]     Finished dev [unoptimized + debuginfo] target(s) in 0.78s
[INFO] running `Command { std: "docker" "inspect" "19f4c5d56f61d54c57d6c264cecfead82d1f7fb5bd84fe82dfb9f7d554dbbe91", kill_on_drop: false }`
[INFO] running `Command { std: "docker" "rm" "-f" "19f4c5d56f61d54c57d6c264cecfead82d1f7fb5bd84fe82dfb9f7d554dbbe91", kill_on_drop: false }`
[INFO] [stdout] 19f4c5d56f61d54c57d6c264cecfead82d1f7fb5bd84fe82dfb9f7d554dbbe91
[INFO] running `Command { std: "docker" "create" "-v" "/var/lib/crater-agent-workspace/builds/worker-5/target:/opt/rustwide/target:rw,Z" "-v" "/var/lib/crater-agent-workspace/builds/worker-5/source:/opt/rustwide/workdir:ro,Z" "-v" "/var/lib/crater-agent-workspace/cargo-home:/opt/rustwide/cargo-home:ro,Z" "-v" "/var/lib/crater-agent-workspace/rustup-home:/opt/rustwide/rustup-home:ro,Z" "-e" "SOURCE_DIR=/opt/rustwide/workdir" "-e" "CARGO_TARGET_DIR=/opt/rustwide/target" "-e" "CARGO_INCREMENTAL=0" "-e" "RUST_BACKTRACE=full" "-e" "RUSTFLAGS=--cap-lints=warn" "-e" "CARGO_HOME=/opt/rustwide/cargo-home" "-e" "RUSTUP_HOME=/opt/rustwide/rustup-home" "-w" "/opt/rustwide/workdir" "-m" "1610612736" "--user" "0:0" "--network" "none" "ghcr.io/rust-lang/crates-build-env/linux@sha256:34b6a614d2c27851fe6cbf88fbd1137609cefab8b10d0615aaeb6fd47975d74e" "/opt/rustwide/cargo-home/bin/cargo" "+1.54.0" "test" "--frozen" "--no-run" "--message-format=json", kill_on_drop: false }`
[INFO] [stdout] 8df516d3c0a8192722c9b4aeb1763ccb2b6d27331ce4f15168e024a8505df0c2
[INFO] [stderr] WARNING: Your kernel does not support swap limit capabilities or the cgroup is not mounted. Memory limited without swap.
[INFO] running `Command { std: "docker" "start" "-a" "8df516d3c0a8192722c9b4aeb1763ccb2b6d27331ce4f15168e024a8505df0c2", kill_on_drop: false }`
[INFO] [stderr]    Compiling proc_use v0.2.1 (/opt/rustwide/workdir)
[INFO] [stderr]     Finished test [unoptimized + debuginfo] target(s) in 0.56s
[INFO] running `Command { std: "docker" "inspect" "8df516d3c0a8192722c9b4aeb1763ccb2b6d27331ce4f15168e024a8505df0c2", kill_on_drop: false }`
[INFO] running `Command { std: "docker" "rm" "-f" "8df516d3c0a8192722c9b4aeb1763ccb2b6d27331ce4f15168e024a8505df0c2", kill_on_drop: false }`
[INFO] [stdout] 8df516d3c0a8192722c9b4aeb1763ccb2b6d27331ce4f15168e024a8505df0c2
[INFO] running `Command { std: "docker" "create" "-v" "/var/lib/crater-agent-workspace/builds/worker-5/target:/opt/rustwide/target:rw,Z" "-v" "/var/lib/crater-agent-workspace/builds/worker-5/source:/opt/rustwide/workdir:ro,Z" "-v" "/var/lib/crater-agent-workspace/cargo-home:/opt/rustwide/cargo-home:ro,Z" "-v" "/var/lib/crater-agent-workspace/rustup-home:/opt/rustwide/rustup-home:ro,Z" "-e" "SOURCE_DIR=/opt/rustwide/workdir" "-e" "CARGO_TARGET_DIR=/opt/rustwide/target" "-e" "CARGO_INCREMENTAL=0" "-e" "RUST_BACKTRACE=full" "-e" "RUSTFLAGS=--cap-lints=warn" "-e" "CARGO_HOME=/opt/rustwide/cargo-home" "-e" "RUSTUP_HOME=/opt/rustwide/rustup-home" "-w" "/opt/rustwide/workdir" "-m" "1610612736" "--user" "0:0" "--network" "none" "ghcr.io/rust-lang/crates-build-env/linux@sha256:34b6a614d2c27851fe6cbf88fbd1137609cefab8b10d0615aaeb6fd47975d74e" "/opt/rustwide/cargo-home/bin/cargo" "+1.54.0" "test" "--frozen", kill_on_drop: false }`
[INFO] [stdout] 742e7ca39ed6af463317f1fbf86be1d6eea05fe57c25504e74dff21cc022690f
[INFO] [stderr] WARNING: Your kernel does not support swap limit capabilities or the cgroup is not mounted. Memory limited without swap.
[INFO] running `Command { std: "docker" "start" "-a" "742e7ca39ed6af463317f1fbf86be1d6eea05fe57c25504e74dff21cc022690f", kill_on_drop: false }`
[INFO] [stderr]     Finished test [unoptimized + debuginfo] target(s) in 0.01s
[INFO] [stderr]      Running unittests (/opt/rustwide/target/debug/deps/proc_use-1ef73f913ffd7523)
[INFO] [stdout] 
[INFO] [stdout] running 0 tests
[INFO] [stdout] 
[INFO] [stdout] test result: ok. 0 passed; 0 failed; 0 ignored; 0 measured; 0 filtered out; finished in 0.00s
[INFO] [stdout] 
[INFO] [stderr]    Doc-tests proc_use
[INFO] [stdout] 
[INFO] [stdout] running 6 tests
[INFO] [stdout] test src/lib.rs - UseBuilder::mod_glob_alias (line 154) ... FAILED
[INFO] [stdout] test src/lib.rs - (line 12) ... FAILED
[INFO] [stdout] test src/lib.rs - UseBuilder::use_glob_alias (line 176) ... FAILED
[INFO] [stdout] test src/lib.rs - UseBuilder::use_glob (line 132) ... FAILED
[INFO] [stdout] test src/lib.rs - UseBuilder::mod_glob (line 110) ... FAILED
[INFO] [stdout] test src/lib.rs - (line 20) ... ok
[INFO] [stdout] 
[INFO] [stdout] failures:
[INFO] [stdout] 
[INFO] [stdout] ---- src/lib.rs - UseBuilder::mod_glob_alias (line 154) stdout ----
[INFO] [stdout] error[E0433]: failed to resolve: use of undeclared type `UseBuilder`
[INFO] [stdout]  --> src/lib.rs:155:15
[INFO] [stdout]   |
[INFO] [stdout] 3 | let builder = UseBuilder::new()
[INFO] [stdout]   |               ^^^^^^^^^^ not found in this scope
[INFO] [stdout]   |
[INFO] [stdout] help: consider importing this struct
[INFO] [stdout]   |
[INFO] [stdout] 2 | use proc_use::UseBuilder;
[INFO] [stdout]   |
[INFO] [stdout] 
[INFO] [stdout] error: aborting due to previous error
[INFO] [stdout] 
[INFO] [stdout] For more information about this error, try `rustc --explain E0433`.
[INFO] [stdout] Couldn't compile the test.
[INFO] [stdout] ---- src/lib.rs - (line 12) stdout ----
[INFO] [stdout] error: environment variable `OUT_DIR` not defined
[INFO] [stdout]  --> src/lib.rs:13:18
[INFO] [stdout]   |
[INFO] [stdout] 3 | include!(concat!(env!("OUT_DIR"), "/proc_use.rs"));
[INFO] [stdout]   |                  ^^^^^^^^^^^^^^^
[INFO] [stdout]   |
[INFO] [stdout]   = note: this error originates in the macro `env` (in Nightly builds, run with -Z macro-backtrace for more info)
[INFO] [stdout] 
[INFO] [stdout] error[E0425]: cannot find function `foo` in this scope
[INFO] [stdout]  --> src/lib.rs:15:5
[INFO] [stdout]   |
[INFO] [stdout] 5 |     foo();
[INFO] [stdout]   |     ^^^ not found in this scope
[INFO] [stdout] 
[INFO] [stdout] error: aborting due to 2 previous errors
[INFO] [stdout] 
[INFO] [stdout] For more information about this error, try `rustc --explain E0425`.
[INFO] [stdout] Couldn't compile the test.
[INFO] [stdout] ---- src/lib.rs - UseBuilder::use_glob_alias (line 176) stdout ----
[INFO] [stdout] error[E0433]: failed to resolve: use of undeclared type `UseBuilder`
[INFO] [stdout]  --> src/lib.rs:177:15
[INFO] [stdout]   |
[INFO] [stdout] 3 | let builder = UseBuilder::new()
[INFO] [stdout]   |               ^^^^^^^^^^ not found in this scope
[INFO] [stdout]   |
[INFO] [stdout] help: consider importing this struct
[INFO] [stdout]   |
[INFO] [stdout] 2 | use proc_use::UseBuilder;
[INFO] [stdout]   |
[INFO] [stdout] 
[INFO] [stdout] error: aborting due to previous error
[INFO] [stdout] 
[INFO] [stdout] For more information about this error, try `rustc --explain E0433`.
[INFO] [stdout] Couldn't compile the test.
[INFO] [stdout] ---- src/lib.rs - UseBuilder::use_glob (line 132) stdout ----
[INFO] [stdout] error[E0433]: failed to resolve: use of undeclared type `UseBuilder`
[INFO] [stdout]  --> src/lib.rs:133:15
[INFO] [stdout]   |
[INFO] [stdout] 3 | let builder = UseBuilder::new()
[INFO] [stdout]   |               ^^^^^^^^^^ not found in this scope
[INFO] [stdout]   |
[INFO] [stdout] help: consider importing this struct
[INFO] [stdout]   |
[INFO] [stdout] 2 | use proc_use::UseBuilder;
[INFO] [stdout]   |
[INFO] [stdout] 
[INFO] [stdout] error: aborting due to previous error
[INFO] [stdout] 
[INFO] [stdout] For more information about this error, try `rustc --explain E0433`.
[INFO] [stdout] Couldn't compile the test.
[INFO] [stdout] ---- src/lib.rs - UseBuilder::mod_glob (line 110) stdout ----
[INFO] [stdout] error[E0433]: failed to resolve: use of undeclared type `UseBuilder`
[INFO] [stdout]  --> src/lib.rs:111:15
[INFO] [stdout]   |
[INFO] [stdout] 3 | let builder = UseBuilder::new()
[INFO] [stdout]   |               ^^^^^^^^^^ not found in this scope
[INFO] [stdout]   |
[INFO] [stdout] help: consider importing this struct
[INFO] [stdout]   |
[INFO] [stdout] 2 | use proc_use::UseBuilder;
[INFO] [stdout]   |
[INFO] [stdout] 
[INFO] [stdout] error: aborting due to previous error
[INFO] [stdout] 
[INFO] [stdout] For more information about this error, try `rustc --explain E0433`.
[INFO] [stdout] Couldn't compile the test.
[INFO] [stdout] 
[INFO] [stdout] failures:
[INFO] [stdout]     src/lib.rs - (line 12)
[INFO] [stdout]     src/lib.rs - UseBuilder::mod_glob (line 110)
[INFO] [stdout]     src/lib.rs - UseBuilder::mod_glob_alias (line 154)
[INFO] [stdout]     src/lib.rs - UseBuilder::use_glob (line 132)
[INFO] [stdout]     src/lib.rs - UseBuilder::use_glob_alias (line 176)
[INFO] [stdout] 
[INFO] [stdout] test result: FAILED. 1 passed; 5 failed; 0 ignored; 0 measured; 0 filtered out; finished in 0.29s
[INFO] [stdout] 
[INFO] [stderr] error: test failed, to rerun pass '--doc'
[INFO] running `Command { std: "docker" "inspect" "742e7ca39ed6af463317f1fbf86be1d6eea05fe57c25504e74dff21cc022690f", kill_on_drop: false }`
[INFO] running `Command { std: "docker" "rm" "-f" "742e7ca39ed6af463317f1fbf86be1d6eea05fe57c25504e74dff21cc022690f", kill_on_drop: false }`
[INFO] [stdout] 742e7ca39ed6af463317f1fbf86be1d6eea05fe57c25504e74dff21cc022690f
