[INFO] fetching crate proc_getter 0.0.3...
[INFO] testing proc_getter-0.0.3 against beta-2021-08-01 for beta-1.55-1
[INFO] extracting crate proc_getter 0.0.3 into /workspace/builds/worker-8/source
[INFO] validating manifest of crates.io crate proc_getter 0.0.3 on toolchain beta-2021-08-01
[INFO] running `Command { std: "/workspace/cargo-home/bin/cargo" "+beta-2021-08-01" "metadata" "--manifest-path" "Cargo.toml" "--no-deps", kill_on_drop: false }`
[INFO] started tweaking crates.io crate proc_getter 0.0.3
[INFO] finished tweaking crates.io crate proc_getter 0.0.3
[INFO] tweaked toml for crates.io crate proc_getter 0.0.3 written to /workspace/builds/worker-8/source/Cargo.toml
[INFO] running `Command { std: "/workspace/cargo-home/bin/cargo" "+beta-2021-08-01" "generate-lockfile" "--manifest-path" "Cargo.toml" "-Zno-index-update", kill_on_drop: false }`
[INFO] running `Command { std: "/workspace/cargo-home/bin/cargo" "+beta-2021-08-01" "fetch" "--manifest-path" "Cargo.toml", kill_on_drop: false }`
[INFO] running `Command { std: "docker" "create" "-v" "/var/lib/crater-agent-workspace/builds/worker-8/target:/opt/rustwide/target:rw,Z" "-v" "/var/lib/crater-agent-workspace/builds/worker-8/source:/opt/rustwide/workdir:ro,Z" "-v" "/var/lib/crater-agent-workspace/cargo-home:/opt/rustwide/cargo-home:ro,Z" "-v" "/var/lib/crater-agent-workspace/rustup-home:/opt/rustwide/rustup-home:ro,Z" "-e" "SOURCE_DIR=/opt/rustwide/workdir" "-e" "CARGO_TARGET_DIR=/opt/rustwide/target" "-e" "CARGO_HOME=/opt/rustwide/cargo-home" "-e" "RUSTUP_HOME=/opt/rustwide/rustup-home" "-w" "/opt/rustwide/workdir" "-m" "1610612736" "--user" "0:0" "--network" "none" "ghcr.io/rust-lang/crates-build-env/linux@sha256:34b6a614d2c27851fe6cbf88fbd1137609cefab8b10d0615aaeb6fd47975d74e" "/opt/rustwide/cargo-home/bin/cargo" "+beta-2021-08-01" "metadata" "--no-deps" "--format-version=1", kill_on_drop: false }`
[INFO] [stderr] WARNING: Your kernel does not support swap limit capabilities or the cgroup is not mounted. Memory limited without swap.
[INFO] [stdout] 9f078aef54789c4f0f4743ebbbefcccf00370cffa8cc81c87cfa998c3e983586
[INFO] running `Command { std: "docker" "start" "-a" "9f078aef54789c4f0f4743ebbbefcccf00370cffa8cc81c87cfa998c3e983586", kill_on_drop: false }`
[INFO] running `Command { std: "docker" "inspect" "9f078aef54789c4f0f4743ebbbefcccf00370cffa8cc81c87cfa998c3e983586", kill_on_drop: false }`
[INFO] running `Command { std: "docker" "rm" "-f" "9f078aef54789c4f0f4743ebbbefcccf00370cffa8cc81c87cfa998c3e983586", kill_on_drop: false }`
[INFO] [stdout] 9f078aef54789c4f0f4743ebbbefcccf00370cffa8cc81c87cfa998c3e983586
[INFO] running `Command { std: "docker" "create" "-v" "/var/lib/crater-agent-workspace/builds/worker-8/target:/opt/rustwide/target:rw,Z" "-v" "/var/lib/crater-agent-workspace/builds/worker-8/source:/opt/rustwide/workdir:ro,Z" "-v" "/var/lib/crater-agent-workspace/cargo-home:/opt/rustwide/cargo-home:ro,Z" "-v" "/var/lib/crater-agent-workspace/rustup-home:/opt/rustwide/rustup-home:ro,Z" "-e" "SOURCE_DIR=/opt/rustwide/workdir" "-e" "CARGO_TARGET_DIR=/opt/rustwide/target" "-e" "CARGO_INCREMENTAL=0" "-e" "RUST_BACKTRACE=full" "-e" "RUSTFLAGS=--cap-lints=warn" "-e" "CARGO_HOME=/opt/rustwide/cargo-home" "-e" "RUSTUP_HOME=/opt/rustwide/rustup-home" "-w" "/opt/rustwide/workdir" "-m" "1610612736" "--user" "0:0" "--network" "none" "ghcr.io/rust-lang/crates-build-env/linux@sha256:34b6a614d2c27851fe6cbf88fbd1137609cefab8b10d0615aaeb6fd47975d74e" "/opt/rustwide/cargo-home/bin/cargo" "+beta-2021-08-01" "build" "--frozen" "--message-format=json", kill_on_drop: false }`
[INFO] [stdout] d8df3744f3a01a798e1136faa89292730b2bfbe4e3a2dd0d65b626cc94ee88fe
[INFO] [stderr] WARNING: Your kernel does not support swap limit capabilities or the cgroup is not mounted. Memory limited without swap.
[INFO] running `Command { std: "docker" "start" "-a" "d8df3744f3a01a798e1136faa89292730b2bfbe4e3a2dd0d65b626cc94ee88fe", kill_on_drop: false }`
[INFO] [stderr]    Compiling proc_getter v0.0.3 (/opt/rustwide/workdir)
[INFO] [stdout] warning: this attribute can only be applied to a `use` item
[INFO] [stdout]  --> src/proc/mod.rs:2:7
[INFO] [stdout]   |
[INFO] [stdout] 2 | #[doc(inline)]
[INFO] [stdout]   |       ^^^^^^ only applicable on `use` items
[INFO] [stdout] 3 | pub mod buddyinfo;
[INFO] [stdout]   | ------------------ not a `use` item
[INFO] [stdout]   |
[INFO] [stdout]   = note: `#[warn(invalid_doc_attributes)]` on by default
[INFO] [stdout]   = warning: this was previously accepted by the compiler but is being phased out; it will become a hard error in a future release!
[INFO] [stdout]   = note: for more information, see issue #82730 <https://github.com/rust-lang/rust/issues/82730>
[INFO] [stdout]   = note: read https://doc.rust-lang.org/nightly/rustdoc/the-doc-attribute.html#docno_inlinedocinline for more information
[INFO] [stdout] 
[INFO] [stdout] 
[INFO] [stdout] warning: 1 warning emitted
[INFO] [stdout] 
[INFO] [stdout] 
[INFO] [stderr]     Finished dev [unoptimized + debuginfo] target(s) in 2.47s
[INFO] running `Command { std: "docker" "inspect" "d8df3744f3a01a798e1136faa89292730b2bfbe4e3a2dd0d65b626cc94ee88fe", kill_on_drop: false }`
[INFO] running `Command { std: "docker" "rm" "-f" "d8df3744f3a01a798e1136faa89292730b2bfbe4e3a2dd0d65b626cc94ee88fe", kill_on_drop: false }`
[INFO] [stdout] d8df3744f3a01a798e1136faa89292730b2bfbe4e3a2dd0d65b626cc94ee88fe
[INFO] running `Command { std: "docker" "create" "-v" "/var/lib/crater-agent-workspace/builds/worker-8/target:/opt/rustwide/target:rw,Z" "-v" "/var/lib/crater-agent-workspace/builds/worker-8/source:/opt/rustwide/workdir:ro,Z" "-v" "/var/lib/crater-agent-workspace/cargo-home:/opt/rustwide/cargo-home:ro,Z" "-v" "/var/lib/crater-agent-workspace/rustup-home:/opt/rustwide/rustup-home:ro,Z" "-e" "SOURCE_DIR=/opt/rustwide/workdir" "-e" "CARGO_TARGET_DIR=/opt/rustwide/target" "-e" "CARGO_INCREMENTAL=0" "-e" "RUST_BACKTRACE=full" "-e" "RUSTFLAGS=--cap-lints=warn" "-e" "CARGO_HOME=/opt/rustwide/cargo-home" "-e" "RUSTUP_HOME=/opt/rustwide/rustup-home" "-w" "/opt/rustwide/workdir" "-m" "1610612736" "--user" "0:0" "--network" "none" "ghcr.io/rust-lang/crates-build-env/linux@sha256:34b6a614d2c27851fe6cbf88fbd1137609cefab8b10d0615aaeb6fd47975d74e" "/opt/rustwide/cargo-home/bin/cargo" "+beta-2021-08-01" "test" "--frozen" "--no-run" "--message-format=json", kill_on_drop: false }`
[INFO] [stdout] bf9ceccf070dae36e6ba0763eb2f50081a0a7506766a90eed3ea5ba7260c643e
[INFO] [stderr] WARNING: Your kernel does not support swap limit capabilities or the cgroup is not mounted. Memory limited without swap.
[INFO] running `Command { std: "docker" "start" "-a" "bf9ceccf070dae36e6ba0763eb2f50081a0a7506766a90eed3ea5ba7260c643e", kill_on_drop: false }`
[INFO] [stderr]     Blocking waiting for file lock on package cache
[INFO] [stdout] warning: this attribute can only be applied to a `use` item
[INFO] [stdout]  --> src/proc/mod.rs:2:7
[INFO] [stdout]   |
[INFO] [stdout] 2 | #[doc(inline)]
[INFO] [stdout]   |       ^^^^^^ only applicable on `use` items
[INFO] [stdout] 3 | pub mod buddyinfo;
[INFO] [stdout]   | ------------------ not a `use` item
[INFO] [stdout]   |
[INFO] [stdout]   = note: `#[warn(invalid_doc_attributes)]` on by default
[INFO] [stdout]   = warning: this was previously accepted by the compiler but is being phased out; it will become a hard error in a future release!
[INFO] [stdout]   = note: for more information, see issue #82730 <https://github.com/rust-lang/rust/issues/82730>
[INFO] [stdout]   = note: read https://doc.rust-lang.org/nightly/rustdoc/the-doc-attribute.html#docno_inlinedocinline for more information
[INFO] [stdout] 
[INFO] [stdout] 
[INFO] [stderr]    Compiling proc_getter v0.0.3 (/opt/rustwide/workdir)
[INFO] [stdout] warning: 1 warning emitted
[INFO] [stdout] 
[INFO] [stdout] 
[INFO] [stdout] warning: this attribute can only be applied to a `use` item
[INFO] [stdout]  --> src/proc/mod.rs:2:7
[INFO] [stdout]   |
[INFO] [stdout] 2 | #[doc(inline)]
[INFO] [stdout]   |       ^^^^^^ only applicable on `use` items
[INFO] [stdout] 3 | pub mod buddyinfo;
[INFO] [stdout]   | ------------------ not a `use` item
[INFO] [stdout]   |
[INFO] [stdout]   = note: `#[warn(invalid_doc_attributes)]` on by default
[INFO] [stdout]   = warning: this was previously accepted by the compiler but is being phased out; it will become a hard error in a future release!
[INFO] [stdout]   = note: for more information, see issue #82730 <https://github.com/rust-lang/rust/issues/82730>
[INFO] [stdout]   = note: read https://doc.rust-lang.org/nightly/rustdoc/the-doc-attribute.html#docno_inlinedocinline for more information
[INFO] [stdout] 
[INFO] [stdout] 
[INFO] [stdout] warning: 1 warning emitted
[INFO] [stdout] 
[INFO] [stdout] 
[INFO] [stderr]     Finished test [unoptimized + debuginfo] target(s) in 2.82s
[INFO] running `Command { std: "docker" "inspect" "bf9ceccf070dae36e6ba0763eb2f50081a0a7506766a90eed3ea5ba7260c643e", kill_on_drop: false }`
[INFO] running `Command { std: "docker" "rm" "-f" "bf9ceccf070dae36e6ba0763eb2f50081a0a7506766a90eed3ea5ba7260c643e", kill_on_drop: false }`
[INFO] [stdout] bf9ceccf070dae36e6ba0763eb2f50081a0a7506766a90eed3ea5ba7260c643e
[INFO] running `Command { std: "docker" "create" "-v" "/var/lib/crater-agent-workspace/builds/worker-8/target:/opt/rustwide/target:rw,Z" "-v" "/var/lib/crater-agent-workspace/builds/worker-8/source:/opt/rustwide/workdir:ro,Z" "-v" "/var/lib/crater-agent-workspace/cargo-home:/opt/rustwide/cargo-home:ro,Z" "-v" "/var/lib/crater-agent-workspace/rustup-home:/opt/rustwide/rustup-home:ro,Z" "-e" "SOURCE_DIR=/opt/rustwide/workdir" "-e" "CARGO_TARGET_DIR=/opt/rustwide/target" "-e" "CARGO_INCREMENTAL=0" "-e" "RUST_BACKTRACE=full" "-e" "RUSTFLAGS=--cap-lints=warn" "-e" "CARGO_HOME=/opt/rustwide/cargo-home" "-e" "RUSTUP_HOME=/opt/rustwide/rustup-home" "-w" "/opt/rustwide/workdir" "-m" "1610612736" "--user" "0:0" "--network" "none" "ghcr.io/rust-lang/crates-build-env/linux@sha256:34b6a614d2c27851fe6cbf88fbd1137609cefab8b10d0615aaeb6fd47975d74e" "/opt/rustwide/cargo-home/bin/cargo" "+beta-2021-08-01" "test" "--frozen", kill_on_drop: false }`
[INFO] [stderr] WARNING: Your kernel does not support swap limit capabilities or the cgroup is not mounted. Memory limited without swap.
[INFO] [stdout] 801249cf53935ee43a4a2009a37f0af24827b28d5751da9b573195175af03ddc
[INFO] running `Command { std: "docker" "start" "-a" "801249cf53935ee43a4a2009a37f0af24827b28d5751da9b573195175af03ddc", kill_on_drop: false }`
[INFO] [stderr] warning: this attribute can only be applied to a `use` item
[INFO] [stderr]  --> src/proc/mod.rs:2:7
[INFO] [stderr]   |
[INFO] [stderr] 2 | #[doc(inline)]
[INFO] [stderr]   |       ^^^^^^ only applicable on `use` items
[INFO] [stderr] 3 | pub mod buddyinfo;
[INFO] [stderr]   | ------------------ not a `use` item
[INFO] [stderr]   |
[INFO] [stderr]   = note: `#[warn(invalid_doc_attributes)]` on by default
[INFO] [stderr]   = warning: this was previously accepted by the compiler but is being phased out; it will become a hard error in a future release!
[INFO] [stderr]   = note: for more information, see issue #82730 <https://github.com/rust-lang/rust/issues/82730>
[INFO] [stderr]   = note: read https://doc.rust-lang.org/nightly/rustdoc/the-doc-attribute.html#docno_inlinedocinline for more information
[INFO] [stderr] 
[INFO] [stderr] warning: `proc_getter` (lib) generated 1 warning
[INFO] [stderr] warning: `proc_getter` (lib test) generated 1 warning (1 duplicate)
[INFO] [stderr]     Finished test [unoptimized + debuginfo] target(s) in 0.01s
[INFO] [stderr]      Running unittests (/opt/rustwide/target/debug/deps/proc_getter-d682a7b5564ad843)
[INFO] [stdout] 
[INFO] [stdout] running 6 tests
[INFO] [stdout] test proc::_self::test::test_self ... ok
[INFO] [stdout] test proc::net::route::test::test_parse ... ok
[INFO] [stdout] test proc::pid::task::test::test_stat_oft ... ok
[INFO] [stdout] test proc::pid::stat::test::test_stat ... ok
[INFO] [stdout] test proc::crypto::test::getter ... ok
[INFO] [stdout] test proc::net::arp::test::parse_arp ... ok
[INFO] [stdout] 
[INFO] [stdout] test result: ok. 6 passed; 0 failed; 0 ignored; 0 measured; 0 filtered out; finished in 0.00s
[INFO] [stdout] 
[INFO] [stderr]    Doc-tests proc_getter
[INFO] [stdout] 
[INFO] [stdout] running 9 tests
[INFO] [stdout] test src/proc/cpuinfo.rs - proc::cpuinfo::CpuInfo (line 11) ... ok
[INFO] [stdout] test src/proc/buddyinfo.rs - proc::buddyinfo::BuddyInfo (line 6) ... ok
[INFO] [stdout] test src/proc/crypto.rs - proc::crypto::Crypto (line 8) ... ok
[INFO] [stdout] test src/lib.rs - (line 15) ... ok
[INFO] [stdout] test src/proc/loadavg.rs - proc::loadavg::loadavg (line 57) ... ok
[INFO] [stdout] test src/proc/locks.rs - proc::locks::Lock (line 15) ... FAILED
[INFO] [stdout] test src/proc/meminfo.rs - proc::meminfo::MemInfo (line 8) ... ok
[INFO] [stdout] test src/proc/devices.rs - proc::devices::devices (line 37) ... ok
[INFO] [stdout] test src/proc/diskstats.rs - proc::diskstats::DiskStat (line 8) ... ok
[INFO] [stdout] 
[INFO] [stdout] failures:
[INFO] [stdout] 
[INFO] [stdout] ---- src/proc/locks.rs - proc::locks::Lock (line 15) stdout ----
[INFO] [stdout] Test executable failed (exit code 101).
[INFO] [stdout] 
[INFO] [stdout] stderr:
[INFO] [stdout] thread 'main' panicked at 'called `Result::unwrap()` on an `Err` value: ParseInt(ParseIntError { kind: InvalidDigit })', src/proc/locks.rs:6:21
[INFO] [stdout] stack backtrace:
[INFO] [stdout]    0:     0x56391dbb9630 - std::backtrace_rs::backtrace::libunwind::trace::hff4d1766e93f64f1
[INFO] [stdout]                                at /rustc/53fd98ca776cb875bc9e5514f56b52eb74f9e7a9/library/std/src/../../backtrace/src/backtrace/libunwind.rs:90:5
[INFO] [stdout]    1:     0x56391dbb9630 - std::backtrace_rs::backtrace::trace_unsynchronized::h56bbc8eb78770bcb
[INFO] [stdout]                                at /rustc/53fd98ca776cb875bc9e5514f56b52eb74f9e7a9/library/std/src/../../backtrace/src/backtrace/mod.rs:66:5
[INFO] [stdout]    2:     0x56391dbb9630 - std::sys_common::backtrace::_print_fmt::h5c8e75464faca780
[INFO] [stdout]                                at /rustc/53fd98ca776cb875bc9e5514f56b52eb74f9e7a9/library/std/src/sys_common/backtrace.rs:67:5
[INFO] [stdout]    3:     0x56391dbb9630 - <std::sys_common::backtrace::_print::DisplayBacktrace as core::fmt::Display>::fmt::h48b88277def8b362
[INFO] [stdout]                                at /rustc/53fd98ca776cb875bc9e5514f56b52eb74f9e7a9/library/std/src/sys_common/backtrace.rs:46:22
[INFO] [stdout]    4:     0x56391dbd348c - core::fmt::write::h3381b3176fe2b3d3
[INFO] [stdout]                                at /rustc/53fd98ca776cb875bc9e5514f56b52eb74f9e7a9/library/core/src/fmt/mod.rs:1115:17
[INFO] [stdout]    5:     0x56391dbb80c5 - std::io::Write::write_fmt::hd42607e5d8e44db0
[INFO] [stdout]                                at /rustc/53fd98ca776cb875bc9e5514f56b52eb74f9e7a9/library/std/src/io/mod.rs:1665:15
[INFO] [stdout]    6:     0x56391dbbb26b - std::sys_common::backtrace::_print::ha537687d6c17dd0d
[INFO] [stdout]                                at /rustc/53fd98ca776cb875bc9e5514f56b52eb74f9e7a9/library/std/src/sys_common/backtrace.rs:49:5
[INFO] [stdout]    7:     0x56391dbbb26b - std::sys_common::backtrace::print::h61376ae57d131d72
[INFO] [stdout]                                at /rustc/53fd98ca776cb875bc9e5514f56b52eb74f9e7a9/library/std/src/sys_common/backtrace.rs:36:9
[INFO] [stdout]    8:     0x56391dbbb26b - std::panicking::default_hook::{{closure}}::h0f7208c0b9644a54
[INFO] [stdout]                                at /rustc/53fd98ca776cb875bc9e5514f56b52eb74f9e7a9/library/std/src/panicking.rs:208:50
[INFO] [stdout]    9:     0x56391dbbad41 - std::panicking::default_hook::hdac7fc06578c14ce
[INFO] [stdout]                                at /rustc/53fd98ca776cb875bc9e5514f56b52eb74f9e7a9/library/std/src/panicking.rs:225:9
[INFO] [stdout]   10:     0x56391dbbb934 - std::panicking::rust_panic_with_hook::h72b21c283da3d1ef
[INFO] [stdout]                                at /rustc/53fd98ca776cb875bc9e5514f56b52eb74f9e7a9/library/std/src/panicking.rs:622:17
[INFO] [stdout]   11:     0x56391dbbb417 - std::panicking::begin_panic_handler::{{closure}}::he5778f1729cff84a
[INFO] [stdout]                                at /rustc/53fd98ca776cb875bc9e5514f56b52eb74f9e7a9/library/std/src/panicking.rs:519:13
[INFO] [stdout]   12:     0x56391dbb9b0c - std::sys_common::backtrace::__rust_end_short_backtrace::h2d11ca8b453b4b1d
[INFO] [stdout]                                at /rustc/53fd98ca776cb875bc9e5514f56b52eb74f9e7a9/library/std/src/sys_common/backtrace.rs:141:18
[INFO] [stdout]   13:     0x56391dbbb379 - rust_begin_unwind
[INFO] [stdout]                                at /rustc/53fd98ca776cb875bc9e5514f56b52eb74f9e7a9/library/std/src/panicking.rs:515:5
[INFO] [stdout]   14:     0x56391db9ae21 - core::panicking::panic_fmt::hf9de31d4acbce4db
[INFO] [stdout]                                at /rustc/53fd98ca776cb875bc9e5514f56b52eb74f9e7a9/library/core/src/panicking.rs:92:14
[INFO] [stdout]   15:     0x56391db9aeb3 - core::result::unwrap_failed::ha0c84e81219e5878
[INFO] [stdout]                                at /rustc/53fd98ca776cb875bc9e5514f56b52eb74f9e7a9/library/core/src/result.rs:1599:5
[INFO] [stdout]   16:     0x56391db9be8d - core::result::Result<T,E>::unwrap::h977a0746f426c366
[INFO] [stdout]   17:     0x56391db9c420 - rust_out::main::_doctest_main_src_proc_locks_rs_15_0::h913652f9b5baed44
[INFO] [stdout]   18:     0x56391db9c3e6 - rust_out::main::h61823b600df25383
[INFO] [stdout]   19:     0x56391db9bac3 - core::ops::function::FnOnce::call_once::h3d07824a44777914
[INFO] [stdout]   20:     0x56391db9b939 - std::sys_common::backtrace::__rust_begin_short_backtrace::h1ee1ba859d3174aa
[INFO] [stdout]   21:     0x56391db9b9b9 - std::rt::lang_start::{{closure}}::hee9719d6b6efb7fa
[INFO] [stdout]   22:     0x56391dbbbe3a - core::ops::function::impls::<impl core::ops::function::FnOnce<A> for &F>::call_once::ha88a7d1a4d24e549
[INFO] [stdout]                                at /rustc/53fd98ca776cb875bc9e5514f56b52eb74f9e7a9/library/core/src/ops/function.rs:259:13
[INFO] [stdout]   23:     0x56391dbbbe3a - std::panicking::try::do_call::hd3b1d7740607ccc7
[INFO] [stdout]                                at /rustc/53fd98ca776cb875bc9e5514f56b52eb74f9e7a9/library/std/src/panicking.rs:401:40
[INFO] [stdout]   24:     0x56391dbbbe3a - std::panicking::try::h0ee8c65ac7461507
[INFO] [stdout]                                at /rustc/53fd98ca776cb875bc9e5514f56b52eb74f9e7a9/library/std/src/panicking.rs:365:19
[INFO] [stdout]   25:     0x56391dbbbe3a - std::panic::catch_unwind::head47f0de4ccd838
[INFO] [stdout]                                at /rustc/53fd98ca776cb875bc9e5514f56b52eb74f9e7a9/library/std/src/panic.rs:434:14
[INFO] [stdout]   26:     0x56391dbbbe3a - std::rt::lang_start_internal::{{closure}}::hbc7de8ec820ac085
[INFO] [stdout]                                at /rustc/53fd98ca776cb875bc9e5514f56b52eb74f9e7a9/library/std/src/rt.rs:45:48
[INFO] [stdout]   27:     0x56391dbbbe3a - std::panicking::try::do_call::h2609e52e8bad4a7b
[INFO] [stdout]                                at /rustc/53fd98ca776cb875bc9e5514f56b52eb74f9e7a9/library/std/src/panicking.rs:401:40
[INFO] [stdout]   28:     0x56391dbbbe3a - std::panicking::try::hd0929f0b603e0389
[INFO] [stdout]                                at /rustc/53fd98ca776cb875bc9e5514f56b52eb74f9e7a9/library/std/src/panicking.rs:365:19
[INFO] [stdout]   29:     0x56391dbbbe3a - std::panic::catch_unwind::h27902b81c3e47571
[INFO] [stdout]                                at /rustc/53fd98ca776cb875bc9e5514f56b52eb74f9e7a9/library/std/src/panic.rs:434:14
[INFO] [stdout]   30:     0x56391dbbbe3a - std::rt::lang_start_internal::h3fb2d794dd391e3e
[INFO] [stdout]                                at /rustc/53fd98ca776cb875bc9e5514f56b52eb74f9e7a9/library/std/src/rt.rs:45:20
[INFO] [stdout]   31:     0x56391db9b991 - std::rt::lang_start::h0745d281d96e0cdb
[INFO] [stdout]   32:     0x56391db9c6f3 - main
[INFO] [stdout]   33:     0x7f24791270b3 - __libc_start_main
[INFO] [stdout]   34:     0x56391db9b57e - _start
[INFO] [stdout]   35:                0x0 - <unknown>
[INFO] [stdout] 
[INFO] [stdout] 
[INFO] [stdout] 
[INFO] [stdout] failures:
[INFO] [stdout]     src/proc/locks.rs - proc::locks::Lock (line 15)
[INFO] [stdout] 
[INFO] [stdout] test result: FAILED. 8 passed; 1 failed; 0 ignored; 0 measured; 0 filtered out; finished in 0.69s
[INFO] [stdout] 
[INFO] [stderr] error: test failed, to rerun pass '--doc'
[INFO] running `Command { std: "docker" "inspect" "801249cf53935ee43a4a2009a37f0af24827b28d5751da9b573195175af03ddc", kill_on_drop: false }`
[INFO] running `Command { std: "docker" "rm" "-f" "801249cf53935ee43a4a2009a37f0af24827b28d5751da9b573195175af03ddc", kill_on_drop: false }`
[INFO] [stdout] 801249cf53935ee43a4a2009a37f0af24827b28d5751da9b573195175af03ddc
