[INFO] fetching crate proc-macro2-next 1.0.0-rc4...
[INFO] testing proc-macro2-next-1.0.0-rc4 against 1.54.0 for beta-1.55-1
[INFO] extracting crate proc-macro2-next 1.0.0-rc4 into /workspace/builds/worker-5/source
[INFO] validating manifest of crates.io crate proc-macro2-next 1.0.0-rc4 on toolchain 1.54.0
[INFO] running `Command { std: "/workspace/cargo-home/bin/cargo" "+1.54.0" "metadata" "--manifest-path" "Cargo.toml" "--no-deps", kill_on_drop: false }`
[INFO] started tweaking crates.io crate proc-macro2-next 1.0.0-rc4
[INFO] finished tweaking crates.io crate proc-macro2-next 1.0.0-rc4
[INFO] tweaked toml for crates.io crate proc-macro2-next 1.0.0-rc4 written to /workspace/builds/worker-5/source/Cargo.toml
[INFO] running `Command { std: "/workspace/cargo-home/bin/cargo" "+1.54.0" "generate-lockfile" "--manifest-path" "Cargo.toml" "-Zno-index-update", kill_on_drop: false }`
[INFO] running `Command { std: "/workspace/cargo-home/bin/cargo" "+1.54.0" "fetch" "--manifest-path" "Cargo.toml", kill_on_drop: false }`
[INFO] [stderr]     Blocking waiting for file lock on package cache
[INFO] running `Command { std: "docker" "create" "-v" "/var/lib/crater-agent-workspace/builds/worker-5/target:/opt/rustwide/target:rw,Z" "-v" "/var/lib/crater-agent-workspace/builds/worker-5/source:/opt/rustwide/workdir:ro,Z" "-v" "/var/lib/crater-agent-workspace/cargo-home:/opt/rustwide/cargo-home:ro,Z" "-v" "/var/lib/crater-agent-workspace/rustup-home:/opt/rustwide/rustup-home:ro,Z" "-e" "SOURCE_DIR=/opt/rustwide/workdir" "-e" "CARGO_TARGET_DIR=/opt/rustwide/target" "-e" "CARGO_HOME=/opt/rustwide/cargo-home" "-e" "RUSTUP_HOME=/opt/rustwide/rustup-home" "-w" "/opt/rustwide/workdir" "-m" "1610612736" "--user" "0:0" "--network" "none" "ghcr.io/rust-lang/crates-build-env/linux@sha256:34b6a614d2c27851fe6cbf88fbd1137609cefab8b10d0615aaeb6fd47975d74e" "/opt/rustwide/cargo-home/bin/cargo" "+1.54.0" "metadata" "--no-deps" "--format-version=1", kill_on_drop: false }`
[INFO] [stdout] f4e5fabac65d69c6473baac299e25a6bc1ea3edef81dfd69c6615001c23b0630
[INFO] [stderr] WARNING: Your kernel does not support swap limit capabilities or the cgroup is not mounted. Memory limited without swap.
[INFO] running `Command { std: "docker" "start" "-a" "f4e5fabac65d69c6473baac299e25a6bc1ea3edef81dfd69c6615001c23b0630", kill_on_drop: false }`
[INFO] running `Command { std: "docker" "inspect" "f4e5fabac65d69c6473baac299e25a6bc1ea3edef81dfd69c6615001c23b0630", kill_on_drop: false }`
[INFO] running `Command { std: "docker" "rm" "-f" "f4e5fabac65d69c6473baac299e25a6bc1ea3edef81dfd69c6615001c23b0630", kill_on_drop: false }`
[INFO] [stdout] f4e5fabac65d69c6473baac299e25a6bc1ea3edef81dfd69c6615001c23b0630
[INFO] running `Command { std: "docker" "create" "-v" "/var/lib/crater-agent-workspace/builds/worker-5/target:/opt/rustwide/target:rw,Z" "-v" "/var/lib/crater-agent-workspace/builds/worker-5/source:/opt/rustwide/workdir:ro,Z" "-v" "/var/lib/crater-agent-workspace/cargo-home:/opt/rustwide/cargo-home:ro,Z" "-v" "/var/lib/crater-agent-workspace/rustup-home:/opt/rustwide/rustup-home:ro,Z" "-e" "SOURCE_DIR=/opt/rustwide/workdir" "-e" "CARGO_TARGET_DIR=/opt/rustwide/target" "-e" "CARGO_INCREMENTAL=0" "-e" "RUST_BACKTRACE=full" "-e" "RUSTFLAGS=--cap-lints=warn" "-e" "CARGO_HOME=/opt/rustwide/cargo-home" "-e" "RUSTUP_HOME=/opt/rustwide/rustup-home" "-w" "/opt/rustwide/workdir" "-m" "1610612736" "--user" "0:0" "--network" "none" "ghcr.io/rust-lang/crates-build-env/linux@sha256:34b6a614d2c27851fe6cbf88fbd1137609cefab8b10d0615aaeb6fd47975d74e" "/opt/rustwide/cargo-home/bin/cargo" "+1.54.0" "build" "--frozen" "--message-format=json", kill_on_drop: false }`
[INFO] [stderr] WARNING: Your kernel does not support swap limit capabilities or the cgroup is not mounted. Memory limited without swap.
[INFO] [stdout] cc8c28cf1b2029c925f0c368723226f7528a296c005f66b54ba9a1a59fb9711c
[INFO] running `Command { std: "docker" "start" "-a" "cc8c28cf1b2029c925f0c368723226f7528a296c005f66b54ba9a1a59fb9711c", kill_on_drop: false }`
[INFO] [stderr]    Compiling proc-macro2-next v1.0.0-rc4 (/opt/rustwide/workdir)
[INFO] [stderr]     Finished dev [unoptimized + debuginfo] target(s) in 3.50s
[INFO] running `Command { std: "docker" "inspect" "cc8c28cf1b2029c925f0c368723226f7528a296c005f66b54ba9a1a59fb9711c", kill_on_drop: false }`
[INFO] running `Command { std: "docker" "rm" "-f" "cc8c28cf1b2029c925f0c368723226f7528a296c005f66b54ba9a1a59fb9711c", kill_on_drop: false }`
[INFO] [stdout] cc8c28cf1b2029c925f0c368723226f7528a296c005f66b54ba9a1a59fb9711c
[INFO] running `Command { std: "docker" "create" "-v" "/var/lib/crater-agent-workspace/builds/worker-5/target:/opt/rustwide/target:rw,Z" "-v" "/var/lib/crater-agent-workspace/builds/worker-5/source:/opt/rustwide/workdir:ro,Z" "-v" "/var/lib/crater-agent-workspace/cargo-home:/opt/rustwide/cargo-home:ro,Z" "-v" "/var/lib/crater-agent-workspace/rustup-home:/opt/rustwide/rustup-home:ro,Z" "-e" "SOURCE_DIR=/opt/rustwide/workdir" "-e" "CARGO_TARGET_DIR=/opt/rustwide/target" "-e" "CARGO_INCREMENTAL=0" "-e" "RUST_BACKTRACE=full" "-e" "RUSTFLAGS=--cap-lints=warn" "-e" "CARGO_HOME=/opt/rustwide/cargo-home" "-e" "RUSTUP_HOME=/opt/rustwide/rustup-home" "-w" "/opt/rustwide/workdir" "-m" "1610612736" "--user" "0:0" "--network" "none" "ghcr.io/rust-lang/crates-build-env/linux@sha256:34b6a614d2c27851fe6cbf88fbd1137609cefab8b10d0615aaeb6fd47975d74e" "/opt/rustwide/cargo-home/bin/cargo" "+1.54.0" "test" "--frozen" "--no-run" "--message-format=json", kill_on_drop: false }`
[INFO] [stderr] WARNING: Your kernel does not support swap limit capabilities or the cgroup is not mounted. Memory limited without swap.
[INFO] [stdout] 55d0471ab92327c93a5d9ba09691fcf467d27112bdecd355d65c6aafb117ef44
[INFO] running `Command { std: "docker" "start" "-a" "55d0471ab92327c93a5d9ba09691fcf467d27112bdecd355d65c6aafb117ef44", kill_on_drop: false }`
[INFO] [stderr]    Compiling proc-macro2-next v1.0.0-rc4
[INFO] [stderr]    Compiling quote-next v1.0.0-rc3
[INFO] [stderr]    Compiling proc-macro2-next v1.0.0-rc4 (/opt/rustwide/workdir)
[INFO] [stderr]     Finished test [unoptimized + debuginfo] target(s) in 5.05s
[INFO] running `Command { std: "docker" "inspect" "55d0471ab92327c93a5d9ba09691fcf467d27112bdecd355d65c6aafb117ef44", kill_on_drop: false }`
[INFO] running `Command { std: "docker" "rm" "-f" "55d0471ab92327c93a5d9ba09691fcf467d27112bdecd355d65c6aafb117ef44", kill_on_drop: false }`
[INFO] [stdout] 55d0471ab92327c93a5d9ba09691fcf467d27112bdecd355d65c6aafb117ef44
[INFO] running `Command { std: "docker" "create" "-v" "/var/lib/crater-agent-workspace/builds/worker-5/target:/opt/rustwide/target:rw,Z" "-v" "/var/lib/crater-agent-workspace/builds/worker-5/source:/opt/rustwide/workdir:ro,Z" "-v" "/var/lib/crater-agent-workspace/cargo-home:/opt/rustwide/cargo-home:ro,Z" "-v" "/var/lib/crater-agent-workspace/rustup-home:/opt/rustwide/rustup-home:ro,Z" "-e" "SOURCE_DIR=/opt/rustwide/workdir" "-e" "CARGO_TARGET_DIR=/opt/rustwide/target" "-e" "CARGO_INCREMENTAL=0" "-e" "RUST_BACKTRACE=full" "-e" "RUSTFLAGS=--cap-lints=warn" "-e" "CARGO_HOME=/opt/rustwide/cargo-home" "-e" "RUSTUP_HOME=/opt/rustwide/rustup-home" "-w" "/opt/rustwide/workdir" "-m" "1610612736" "--user" "0:0" "--network" "none" "ghcr.io/rust-lang/crates-build-env/linux@sha256:34b6a614d2c27851fe6cbf88fbd1137609cefab8b10d0615aaeb6fd47975d74e" "/opt/rustwide/cargo-home/bin/cargo" "+1.54.0" "test" "--frozen", kill_on_drop: false }`
[INFO] [stdout] 383d2f12df0f8da09b143f562859da72348e61bd9942c7d9b1c81fb9225fb0e5
[INFO] [stderr] WARNING: Your kernel does not support swap limit capabilities or the cgroup is not mounted. Memory limited without swap.
[INFO] running `Command { std: "docker" "start" "-a" "383d2f12df0f8da09b143f562859da72348e61bd9942c7d9b1c81fb9225fb0e5", kill_on_drop: false }`
[INFO] [stderr]     Finished test [unoptimized + debuginfo] target(s) in 0.02s
[INFO] [stdout] 
[INFO] [stderr]      Running unittests (/opt/rustwide/target/debug/deps/proc_macro2-126fab29d29bf421)
[INFO] [stdout] running 0 tests
[INFO] [stderr]      Running tests/marker.rs (/opt/rustwide/target/debug/deps/marker-63eceba8abab3781)
[INFO] [stdout] 
[INFO] [stdout] test result: ok. 0 passed; 0 failed; 0 ignored; 0 measured; 0 filtered out; finished in 0.00s
[INFO] [stdout] 
[INFO] [stdout] 
[INFO] [stdout] running 10 tests
[INFO] [stdout] test Delimiter ... ok
[INFO] [stdout] test Spacing ... ok
[INFO] [stdout] test Punct ... ok
[INFO] [stdout] test Literal ... ok
[INFO] [stdout] test LexError ... ok
[INFO] [stderr]      Running tests/test.rs (/opt/rustwide/target/debug/deps/test-139e1be4a15bcc65)
[INFO] [stdout] test TokenStream ... ok
[INFO] [stdout] test TokenTree ... ok
[INFO] [stdout] test Group ... ok
[INFO] [stdout] test Ident ... ok
[INFO] [stdout] test Span ... ok
[INFO] [stdout] 
[INFO] [stdout] test result: ok. 10 passed; 0 failed; 0 ignored; 0 measured; 0 filtered out; finished in 0.01s
[INFO] [stdout] 
[INFO] [stdout] 
[INFO] [stdout] running 23 tests
[INFO] [stdout] test default_tokenstream_is_empty ... ok
[INFO] [stdout] test fail ... ok
[INFO] [stdout] test literal_character ... ok
[INFO] [stdout] test literal_string ... ok
[INFO] [stdout] test literal_float ... ok
[INFO] [stdout] test literal_suffix ... ok
[INFO] [stdout] test op_before_comment ... ok
[INFO] [stdout] test no_panic ... ok
[INFO] [stdout] test raw_identifier ... ok
[INFO] [stdout] test roundtrip ... ok
[INFO] [stdout] test test_debug_ident ... ok
[INFO] [stdout] test idents ... ok
[INFO] [stdout] test tricky_doc_comment ... ok
[INFO] [stdout] test test_debug_tokenstream ... ok
[INFO] [stderr] error: test failed, to rerun pass '--test test'
[INFO] [stdout] test raw_ident_number - should panic ... ok
[INFO] [stdout] test ident_empty - should panic ... ok
[INFO] [stdout] test lifetime_invalid - should panic ... FAILED
[INFO] [stdout] test lifetime_number - should panic ... ok
[INFO] [stdout] test lifetime_empty - should panic ... ok
[INFO] [stdout] test ident_number - should panic ... ok
[INFO] [stdout] test ident_invalid - should panic ... ok
[INFO] [stdout] test raw_ident_invalid - should panic ... ok
[INFO] [stdout] test raw_ident_empty - should panic ... ok
[INFO] [stdout] 
[INFO] [stdout] failures:
[INFO] [stdout] 
[INFO] [stdout] ---- lifetime_invalid stdout ----
[INFO] [stdout] thread 'lifetime_invalid' panicked at '"'a#" is not a valid Ident', src/fallback.rs:593:9
[INFO] [stdout] stack backtrace:
[INFO] [stdout]    0:     0x5578e42f04c0 - std::backtrace_rs::backtrace::libunwind::trace::h34055254b57d8e79
[INFO] [stdout]                                at /rustc/a178d0322ce20e33eac124758e837cbd80a6f633/library/std/src/../../backtrace/src/backtrace/libunwind.rs:90:5
[INFO] [stdout]    1:     0x5578e42f04c0 - std::backtrace_rs::backtrace::trace_unsynchronized::h8f1e3fbd9afff6ec
[INFO] [stdout]                                at /rustc/a178d0322ce20e33eac124758e837cbd80a6f633/library/std/src/../../backtrace/src/backtrace/mod.rs:66:5
[INFO] [stdout]    2:     0x5578e42f04c0 - std::sys_common::backtrace::_print_fmt::h3a99a796b770c360
[INFO] [stdout]                                at /rustc/a178d0322ce20e33eac124758e837cbd80a6f633/library/std/src/sys_common/backtrace.rs:67:5
[INFO] [stdout]    3:     0x5578e42f04c0 - <std::sys_common::backtrace::_print::DisplayBacktrace as core::fmt::Display>::fmt::h32d1f94a80615d18
[INFO] [stdout]                                at /rustc/a178d0322ce20e33eac124758e837cbd80a6f633/library/std/src/sys_common/backtrace.rs:46:22
[INFO] [stdout]    4:     0x5578e43138dc - core::fmt::write::h306731c068f7162c
[INFO] [stdout]                                at /rustc/a178d0322ce20e33eac124758e837cbd80a6f633/library/core/src/fmt/mod.rs:1110:17
[INFO] [stdout]    5:     0x5578e42ed3d5 - std::io::Write::write_fmt::h87f19b0a2cd190bc
[INFO] [stdout]                                at /rustc/a178d0322ce20e33eac124758e837cbd80a6f633/library/std/src/io/mod.rs:1588:15
[INFO] [stdout]    6:     0x5578e42f287b - std::sys_common::backtrace::_print::h5abaa2601a852287
[INFO] [stdout]                                at /rustc/a178d0322ce20e33eac124758e837cbd80a6f633/library/std/src/sys_common/backtrace.rs:49:5
[INFO] [stdout]    7:     0x5578e42f287b - std::sys_common::backtrace::print::h8d81445442bb638f
[INFO] [stdout]                                at /rustc/a178d0322ce20e33eac124758e837cbd80a6f633/library/std/src/sys_common/backtrace.rs:36:9
[INFO] [stdout]    8:     0x5578e42f287b - std::panicking::default_hook::{{closure}}::hcfe804496a9fa747
[INFO] [stdout]                                at /rustc/a178d0322ce20e33eac124758e837cbd80a6f633/library/std/src/panicking.rs:208:50
[INFO] [stdout]    9:     0x5578e42f238c - std::panicking::default_hook::hbea8e3ccf2ba8901
[INFO] [stdout]                                at /rustc/a178d0322ce20e33eac124758e837cbd80a6f633/library/std/src/panicking.rs:222:9
[INFO] [stdout]   10:     0x5578e42f2f69 - std::panicking::rust_panic_with_hook::h7ee9e1a2d0f8975a
[INFO] [stdout]                                at /rustc/a178d0322ce20e33eac124758e837cbd80a6f633/library/std/src/panicking.rs:626:17
[INFO] [stdout]   11:     0x5578e42f2a27 - std::panicking::begin_panic_handler::{{closure}}::h8ab3b4491718b2c7
[INFO] [stdout]                                at /rustc/a178d0322ce20e33eac124758e837cbd80a6f633/library/std/src/panicking.rs:519:13
[INFO] [stdout]   12:     0x5578e42f09bc - std::sys_common::backtrace::__rust_end_short_backtrace::hd489062ffa586a9f
[INFO] [stdout]                                at /rustc/a178d0322ce20e33eac124758e837cbd80a6f633/library/std/src/sys_common/backtrace.rs:141:18
[INFO] [stdout]   13:     0x5578e42f2989 - rust_begin_unwind
[INFO] [stdout]                                at /rustc/a178d0322ce20e33eac124758e837cbd80a6f633/library/std/src/panicking.rs:515:5
[INFO] [stdout]   14:     0x5578e4266ffb - std::panicking::begin_panic_fmt::h5479575e112541f8
[INFO] [stdout]                                at /rustc/a178d0322ce20e33eac124758e837cbd80a6f633/library/std/src/panicking.rs:457:5
[INFO] [stdout]   15:     0x5578e42bed76 - proc_macro2::fallback::validate_ident::hcf47ae136bd8b694
[INFO] [stdout]                                at /opt/rustwide/workdir/src/fallback.rs:593:9
[INFO] [stdout]   16:     0x5578e42be943 - proc_macro2::fallback::Ident::_new::h4687f2462ad146d5
[INFO] [stdout]                                at /opt/rustwide/workdir/src/fallback.rs:525:9
[INFO] [stdout]   17:     0x5578e42be9ad - proc_macro2::fallback::Ident::new::h95f3e82d7c09ff43
[INFO] [stdout]                                at /opt/rustwide/workdir/src/fallback.rs:535:9
[INFO] [stdout]   18:     0x5578e42bc855 - proc_macro2::imp::Ident::new::hfc12b47c9391f6da
[INFO] [stdout]                                at /opt/rustwide/workdir/src/wrapper.rs:659:50
[INFO] [stdout]   19:     0x5578e42ae329 - proc_macro2::Ident::new::h7ca7737fae30249d
[INFO] [stdout]                                at /opt/rustwide/workdir/src/lib.rs:859:21
[INFO] [stdout]   20:     0x5578e42687a1 - test::lifetime_invalid::h887584b1ea738c6e
[INFO] [stdout]                                at /opt/rustwide/workdir/tests/test.rs:77:5
[INFO] [stdout]   21:     0x5578e426875a - test::lifetime_invalid::{{closure}}::h8cb0b43bc565ba39
[INFO] [stdout]                                at /opt/rustwide/workdir/tests/test.rs:76:1
[INFO] [stdout]   22:     0x5578e426c6ae - core::ops::function::FnOnce::call_once::h255724c2147735b1
[INFO] [stdout]                                at /rustc/a178d0322ce20e33eac124758e837cbd80a6f633/library/core/src/ops/function.rs:227:5
[INFO] [stdout]   23:     0x5578e4297233 - core::ops::function::FnOnce::call_once::h152e7e439ff59e19
[INFO] [stdout]                                at /rustc/a178d0322ce20e33eac124758e837cbd80a6f633/library/core/src/ops/function.rs:227:5
[INFO] [stdout]   24:     0x5578e4297233 - test::__rust_begin_short_backtrace::h0908f3b1fdbb72ab
[INFO] [stdout]                                at /rustc/a178d0322ce20e33eac124758e837cbd80a6f633/library/test/src/lib.rs:577:5
[INFO] [stdout]   25:     0x5578e4295cf0 - <alloc::boxed::Box<F,A> as core::ops::function::FnOnce<Args>>::call_once::hf6d2a51e5587546c
[INFO] [stdout]                                at /rustc/a178d0322ce20e33eac124758e837cbd80a6f633/library/alloc/src/boxed.rs:1575:9
[INFO] [stdout]   26:     0x5578e4295cf0 - <std::panic::AssertUnwindSafe<F> as core::ops::function::FnOnce<()>>::call_once::h8af660f3a89ef593
[INFO] [stdout]                                at /rustc/a178d0322ce20e33eac124758e837cbd80a6f633/library/std/src/panic.rs:347:9
[INFO] [stdout]   27:     0x5578e4295cf0 - std::panicking::try::do_call::hd36aef60f84b6d36
[INFO] [stdout]                                at /rustc/a178d0322ce20e33eac124758e837cbd80a6f633/library/std/src/panicking.rs:401:40
[INFO] [stdout]   28:     0x5578e4295cf0 - std::panicking::try::h9932b4480e69817c
[INFO] [stdout]                                at /rustc/a178d0322ce20e33eac124758e837cbd80a6f633/library/std/src/panicking.rs:365:19
[INFO] [stdout]   29:     0x5578e4295cf0 - std::panic::catch_unwind::h6aa177099cfff5f8
[INFO] [stdout]                                at /rustc/a178d0322ce20e33eac124758e837cbd80a6f633/library/std/src/panic.rs:434:14
[INFO] [stdout]   30:     0x5578e4295cf0 - test::run_test_in_process::h5884d6f2d99e20c3
[INFO] [stdout]                                at /rustc/a178d0322ce20e33eac124758e837cbd80a6f633/library/test/src/lib.rs:600:18
[INFO] [stdout]   31:     0x5578e4295cf0 - test::run_test::run_test_inner::{{closure}}::h6fdc58c6d5f5b6e3
[INFO] [stdout]                                at /rustc/a178d0322ce20e33eac124758e837cbd80a6f633/library/test/src/lib.rs:492:39
[INFO] [stdout]   32:     0x5578e426f3a2 - test::run_test::run_test_inner::{{closure}}::h408365d67a78ade8
[INFO] [stdout]                                at /rustc/a178d0322ce20e33eac124758e837cbd80a6f633/library/test/src/lib.rs:519:37
[INFO] [stdout]   33:     0x5578e426f3a2 - std::sys_common::backtrace::__rust_begin_short_backtrace::hb560b77c4f701523
[INFO] [stdout]                                at /rustc/a178d0322ce20e33eac124758e837cbd80a6f633/library/std/src/sys_common/backtrace.rs:125:18
[INFO] [stdout]   34:     0x5578e4272f58 - std::thread::Builder::spawn_unchecked::{{closure}}::{{closure}}::hf2e7831dad93c597
[INFO] [stdout]                                at /rustc/a178d0322ce20e33eac124758e837cbd80a6f633/library/std/src/thread/mod.rs:481:17
[INFO] [stdout]   35:     0x5578e4272f58 - <std::panic::AssertUnwindSafe<F> as core::ops::function::FnOnce<()>>::call_once::hd2e08783d8be4d02
[INFO] [stdout]                                at /rustc/a178d0322ce20e33eac124758e837cbd80a6f633/library/std/src/panic.rs:347:9
[INFO] [stdout]   36:     0x5578e4272f58 - std::panicking::try::do_call::h062597b7acfd6b82
[INFO] [stdout]                                at /rustc/a178d0322ce20e33eac124758e837cbd80a6f633/library/std/src/panicking.rs:401:40
[INFO] [stdout]   37:     0x5578e4272f58 - std::panicking::try::h0d7b79db04c14552
[INFO] [stdout]                                at /rustc/a178d0322ce20e33eac124758e837cbd80a6f633/library/std/src/panicking.rs:365:19
[INFO] [stdout]   38:     0x5578e4272f58 - std::panic::catch_unwind::hb01a0b5e7c8cd43b
[INFO] [stdout]                                at /rustc/a178d0322ce20e33eac124758e837cbd80a6f633/library/std/src/panic.rs:434:14
[INFO] [stdout]   39:     0x5578e4272f58 - std::thread::Builder::spawn_unchecked::{{closure}}::h5bde48cc887e0d1e
[INFO] [stdout]                                at /rustc/a178d0322ce20e33eac124758e837cbd80a6f633/library/std/src/thread/mod.rs:480:30
[INFO] [stdout]   40:     0x5578e4272f58 - core::ops::function::FnOnce::call_once{{vtable.shim}}::h745ea30807a29e55
[INFO] [stdout]                                at /rustc/a178d0322ce20e33eac124758e837cbd80a6f633/library/core/src/ops/function.rs:227:5
[INFO] [stdout]   41:     0x5578e42f7b07 - <alloc::boxed::Box<F,A> as core::ops::function::FnOnce<Args>>::call_once::h7ece6cfefaff1005
[INFO] [stdout]                                at /rustc/a178d0322ce20e33eac124758e837cbd80a6f633/library/alloc/src/boxed.rs:1575:9
[INFO] [stdout]   42:     0x5578e42f7b07 - <alloc::boxed::Box<F,A> as core::ops::function::FnOnce<Args>>::call_once::hb8b48e55c21f193e
[INFO] [stdout]                                at /rustc/a178d0322ce20e33eac124758e837cbd80a6f633/library/alloc/src/boxed.rs:1575:9
[INFO] [stdout]   43:     0x5578e42f7b07 - std::sys::unix::thread::Thread::new::thread_start::h8c7c4450dba62914
[INFO] [stdout]                                at /rustc/a178d0322ce20e33eac124758e837cbd80a6f633/library/std/src/sys/unix/thread.rs:71:17
[INFO] [stdout]   44:     0x7f6463837609 - start_thread
[INFO] [stdout]   45:     0x7f6463609293 - clone
[INFO] [stdout]   46:                0x0 - <unknown>
[INFO] [stdout] note: panic did not contain expected string
[INFO] [stdout]       panic message: `"\"'a#\" is not a valid Ident"`,
[INFO] [stdout]  expected substring: `"\"\\'a#\" is not a valid Ident"`
[INFO] [stdout] 
[INFO] [stdout] failures:
[INFO] [stdout]     lifetime_invalid
[INFO] [stdout] 
[INFO] [stdout] test result: FAILED. 22 passed; 1 failed; 0 ignored; 0 measured; 0 filtered out; finished in 0.03s
[INFO] [stdout] 
[INFO] running `Command { std: "docker" "inspect" "383d2f12df0f8da09b143f562859da72348e61bd9942c7d9b1c81fb9225fb0e5", kill_on_drop: false }`
[INFO] running `Command { std: "docker" "rm" "-f" "383d2f12df0f8da09b143f562859da72348e61bd9942c7d9b1c81fb9225fb0e5", kill_on_drop: false }`
[INFO] [stdout] 383d2f12df0f8da09b143f562859da72348e61bd9942c7d9b1c81fb9225fb0e5
